[INFO] fetching crate rustsat-glucose 0.3.3...
[INFO] testing rustsat-glucose-0.3.3 against nightly-2024-10-28 for randomize-layout
[INFO] extracting crate rustsat-glucose 0.3.3 into /workspace/builds/worker-0-tc1/source
[INFO] validating manifest of crates.io crate rustsat-glucose 0.3.3 on toolchain nightly-2024-10-28
[INFO] running `Command { std: CARGO_HOME="/workspace/cargo-home" RUSTUP_HOME="/workspace/rustup-home" "/workspace/cargo-home/bin/cargo" "+nightly-2024-10-28" "metadata" "--manifest-path" "Cargo.toml" "--no-deps", kill_on_drop: false }`
[INFO] started tweaking crates.io crate rustsat-glucose 0.3.3
[INFO] removed 0 missing tests
[INFO] finished tweaking crates.io crate rustsat-glucose 0.3.3
[INFO] tweaked toml for crates.io crate rustsat-glucose 0.3.3 written to /workspace/builds/worker-0-tc1/source/Cargo.toml
[INFO] running `Command { std: CARGO_HOME="/workspace/cargo-home" RUSTUP_HOME="/workspace/rustup-home" "/workspace/cargo-home/bin/cargo" "+nightly-2024-10-28" "generate-lockfile" "--manifest-path" "Cargo.toml", kill_on_drop: false }`
[INFO] [stderr]     Updating crates.io index
[INFO] [stderr]      Locking 53 packages to latest compatible versions
[INFO] running `Command { std: CARGO_HOME="/workspace/cargo-home" RUSTUP_HOME="/workspace/rustup-home" "/workspace/cargo-home/bin/cargo" "+nightly-2024-10-28" "fetch" "--manifest-path" "Cargo.toml", kill_on_drop: false }`
[INFO] [stderr]  Downloading crates ...
[INFO] [stderr]   Downloaded visibility v0.1.1
[INFO] [stderr]   Downloaded rustsat v0.6.1
[INFO] running `Command { std: "docker" "create" "-v" "/var/lib/crater-agent-workspace/builds/worker-0-tc1/target:/opt/rustwide/target:rw,Z" "-v" "/var/lib/crater-agent-workspace/builds/worker-0-tc1/source:/opt/rustwide/workdir:ro,Z" "-v" "/var/lib/crater-agent-workspace/cargo-home:/opt/rustwide/cargo-home:ro,Z" "-v" "/var/lib/crater-agent-workspace/rustup-home:/opt/rustwide/rustup-home:ro,Z" "-e" "SOURCE_DIR=/opt/rustwide/workdir" "-e" "CARGO_TARGET_DIR=/opt/rustwide/target" "-e" "CARGO_HOME=/opt/rustwide/cargo-home" "-e" "RUSTUP_HOME=/opt/rustwide/rustup-home" "-w" "/opt/rustwide/workdir" "-m" "1610612736" "--user" "0:0" "--network" "none" "ghcr.io/rust-lang/crates-build-env/linux@sha256:4a844ea9eb2546a2d2c7022eacef16ef2e8229c7fbb2c7d4d55a9ceca922f72d" "/opt/rustwide/cargo-home/bin/cargo" "+nightly-2024-10-28" "metadata" "--no-deps" "--format-version=1", kill_on_drop: false }`
[INFO] [stdout] 19c900ffe184c6fe9e17f5d5000186753a1a9f011d1353cf6267ee7a58f2a820
[INFO] running `Command { std: "docker" "start" "-a" "19c900ffe184c6fe9e17f5d5000186753a1a9f011d1353cf6267ee7a58f2a820", kill_on_drop: false }`
[INFO] running `Command { std: "docker" "inspect" "19c900ffe184c6fe9e17f5d5000186753a1a9f011d1353cf6267ee7a58f2a820", kill_on_drop: false }`
[INFO] running `Command { std: "docker" "rm" "-f" "19c900ffe184c6fe9e17f5d5000186753a1a9f011d1353cf6267ee7a58f2a820", kill_on_drop: false }`
[INFO] [stdout] 19c900ffe184c6fe9e17f5d5000186753a1a9f011d1353cf6267ee7a58f2a820
[INFO] running `Command { std: "docker" "create" "-v" "/var/lib/crater-agent-workspace/builds/worker-0-tc1/target:/opt/rustwide/target:rw,Z" "-v" "/var/lib/crater-agent-workspace/builds/worker-0-tc1/source:/opt/rustwide/workdir:ro,Z" "-v" "/var/lib/crater-agent-workspace/cargo-home:/opt/rustwide/cargo-home:ro,Z" "-v" "/var/lib/crater-agent-workspace/rustup-home:/opt/rustwide/rustup-home:ro,Z" "-e" "SOURCE_DIR=/opt/rustwide/workdir" "-e" "CARGO_TARGET_DIR=/opt/rustwide/target" "-e" "CARGO_INCREMENTAL=0" "-e" "RUST_BACKTRACE=full" "-e" "RUSTFLAGS=--cap-lints=forbid" "-e" "RUSTDOCFLAGS=--cap-lints=forbid" "-e" "CARGO_HOME=/opt/rustwide/cargo-home" "-e" "RUSTUP_HOME=/opt/rustwide/rustup-home" "-w" "/opt/rustwide/workdir" "-m" "1610612736" "--user" "0:0" "--network" "none" "ghcr.io/rust-lang/crates-build-env/linux@sha256:4a844ea9eb2546a2d2c7022eacef16ef2e8229c7fbb2c7d4d55a9ceca922f72d" "/opt/rustwide/cargo-home/bin/cargo" "+nightly-2024-10-28" "build" "--frozen" "--message-format=json", kill_on_drop: false }`
[INFO] [stdout] 9069bcc14dc50d0f3e869cd51cbb9d32a1674b0c1ce267cff4a96e86e32d205e
[INFO] running `Command { std: "docker" "start" "-a" "9069bcc14dc50d0f3e869cd51cbb9d32a1674b0c1ce267cff4a96e86e32d205e", kill_on_drop: false }`
[INFO] [stderr]    Compiling minimal-lexical v0.2.1
[INFO] [stderr]    Compiling prettyplease v0.2.25
[INFO] [stderr]    Compiling regex-syntax v0.8.5
[INFO] [stderr]    Compiling bindgen v0.70.1
[INFO] [stderr]    Compiling syn v2.0.86
[INFO] [stderr]    Compiling either v1.13.0
[INFO] [stderr]    Compiling clang-sys v1.8.1
[INFO] [stderr]    Compiling bitflags v2.6.0
[INFO] [stderr]    Compiling linux-raw-sys v0.4.14
[INFO] [stderr]    Compiling anyhow v1.0.92
[INFO] [stderr]    Compiling itertools v0.13.0
[INFO] [stderr]    Compiling cmake v0.1.51
[INFO] [stderr]    Compiling nom v7.1.3
[INFO] [stderr]    Compiling cpu-time v1.0.0
[INFO] [stderr]    Compiling rustix v0.38.38
[INFO] [stderr]    Compiling regex-automata v0.4.8
[INFO] [stderr]    Compiling cexpr v0.6.0
[INFO] [stderr]    Compiling tempfile v3.13.0
[INFO] [stderr]    Compiling regex v1.11.1
[INFO] [stderr]    Compiling thiserror-impl v1.0.66
[INFO] [stderr]    Compiling visibility v0.1.1
[INFO] [stderr]    Compiling thiserror v1.0.66
[INFO] [stderr]    Compiling rustsat v0.6.1
[INFO] [stderr]    Compiling rustsat-glucose v0.3.3 (/opt/rustwide/workdir)
[INFO] [stderr]     Finished `dev` profile [unoptimized + debuginfo] target(s) in 10.06s
[INFO] running `Command { std: "docker" "inspect" "9069bcc14dc50d0f3e869cd51cbb9d32a1674b0c1ce267cff4a96e86e32d205e", kill_on_drop: false }`
[INFO] running `Command { std: "docker" "rm" "-f" "9069bcc14dc50d0f3e869cd51cbb9d32a1674b0c1ce267cff4a96e86e32d205e", kill_on_drop: false }`
[INFO] [stdout] 9069bcc14dc50d0f3e869cd51cbb9d32a1674b0c1ce267cff4a96e86e32d205e
[INFO] running `Command { std: "docker" "create" "-v" "/var/lib/crater-agent-workspace/builds/worker-0-tc1/target:/opt/rustwide/target:rw,Z" "-v" "/var/lib/crater-agent-workspace/builds/worker-0-tc1/source:/opt/rustwide/workdir:ro,Z" "-v" "/var/lib/crater-agent-workspace/cargo-home:/opt/rustwide/cargo-home:ro,Z" "-v" "/var/lib/crater-agent-workspace/rustup-home:/opt/rustwide/rustup-home:ro,Z" "-e" "SOURCE_DIR=/opt/rustwide/workdir" "-e" "CARGO_TARGET_DIR=/opt/rustwide/target" "-e" "CARGO_INCREMENTAL=0" "-e" "RUST_BACKTRACE=full" "-e" "RUSTFLAGS=--cap-lints=forbid" "-e" "RUSTDOCFLAGS=--cap-lints=forbid" "-e" "CARGO_HOME=/opt/rustwide/cargo-home" "-e" "RUSTUP_HOME=/opt/rustwide/rustup-home" "-w" "/opt/rustwide/workdir" "-m" "1610612736" "--user" "0:0" "--network" "none" "ghcr.io/rust-lang/crates-build-env/linux@sha256:4a844ea9eb2546a2d2c7022eacef16ef2e8229c7fbb2c7d4d55a9ceca922f72d" "/opt/rustwide/cargo-home/bin/cargo" "+nightly-2024-10-28" "test" "--frozen" "--no-run" "--message-format=json", kill_on_drop: false }`
[INFO] [stdout] afbabbac736058262b874b194bd1dc63ee89da66f8ddbf839d4b6c369c49b447
[INFO] running `Command { std: "docker" "start" "-a" "afbabbac736058262b874b194bd1dc63ee89da66f8ddbf839d4b6c369c49b447", kill_on_drop: false }`
[INFO] [stderr]    Compiling rustsat-glucose v0.3.3 (/opt/rustwide/workdir)
[INFO] [stdout] error[E0433]: failed to resolve: use of undeclared crate or module `rustsat_solvertests`
[INFO] [stdout]  --> tests/small.rs:6:5
[INFO] [stdout]   |
[INFO] [stdout] 6 |     rustsat_solvertests::base_tests!(rustsat_glucose::simp::Glucose, false, true);
[INFO] [stdout]   |     ^^^^^^^^^^^^^^^^^^^ use of undeclared crate or module `rustsat_solvertests`
[INFO] [stdout] 
[INFO] [stdout] 
[INFO] [stdout] error[E0433]: failed to resolve: use of undeclared crate or module `rustsat_solvertests`
[INFO] [stdout]  --> tests/small.rs:2:5
[INFO] [stdout]   |
[INFO] [stdout] 2 |     rustsat_solvertests::base_tests!(rustsat_glucose::core::Glucose, false, true);
[INFO] [stdout]   |     ^^^^^^^^^^^^^^^^^^^ use of undeclared crate or module `rustsat_solvertests`
[INFO] [stdout] 
[INFO] [stdout] 
[INFO] [stdout] error[E0433]: failed to resolve: use of undeclared crate or module `rustsat_solvertests`
[INFO] [stdout]  --> tests/incremental.rs:2:5
[INFO] [stdout]   |
[INFO] [stdout] 2 |     rustsat_solvertests::incremental_tests!(rustsat_glucose::core::Glucose);
[INFO] [stdout]   |     ^^^^^^^^^^^^^^^^^^^ use of undeclared crate or module `rustsat_solvertests`
[INFO] [stdout] 
[INFO] [stdout] 
[INFO] [stdout] error[E0433]: failed to resolve: use of undeclared crate or module `rustsat_solvertests`
[INFO] [stdout]  --> tests/phasing.rs:6:5
[INFO] [stdout]   |
[INFO] [stdout] 6 |     rustsat_solvertests::phasing_tests!(rustsat_glucose::simp::Glucose);
[INFO] [stdout]   |     ^^^^^^^^^^^^^^^^^^^ use of undeclared crate or module `rustsat_solvertests`
[INFO] [stdout] 
[INFO] [stdout] 
[INFO] [stdout] error[E0433]: failed to resolve: use of undeclared crate or module `rustsat_solvertests`
[INFO] [stdout]  --> tests/phasing.rs:2:5
[INFO] [stdout]   |
[INFO] [stdout] 2 |     rustsat_solvertests::phasing_tests!(rustsat_glucose::core::Glucose);
[INFO] [stdout]   |     ^^^^^^^^^^^^^^^^^^^ use of undeclared crate or module `rustsat_solvertests`
[INFO] [stdout] 
[INFO] [stdout] 
[INFO] [stdout] For more information about this error, try `rustc --explain E0433`.
[INFO] [stdout] 
[INFO] [stdout] For more information about this error, try `rustc --explain E0433`.
[INFO] [stdout] 
[INFO] [stdout] For more information about this error, try `rustc --explain E0433`.
[INFO] [stdout] 
[INFO] [stderr] error: could not compile `rustsat-glucose` (test "phasing") due to 2 previous errors
[INFO] [stderr] warning: build failed, waiting for other jobs to finish...
[INFO] [stderr] error: could not compile `rustsat-glucose` (test "small") due to 2 previous errors
[INFO] [stderr] error: could not compile `rustsat-glucose` (test "incremental") due to 1 previous error
[INFO] [stdout] error[E0433]: failed to resolve: use of undeclared crate or module `rustsat_solvertests`
[INFO] [stdout]    --> src/core.rs:408:5
[INFO] [stdout]     |
[INFO] [stdout] 408 |     rustsat_solvertests::basic_unittests!(Glucose);
[INFO] [stdout]     |     ^^^^^^^^^^^^^^^^^^^ use of undeclared crate or module `rustsat_solvertests`
[INFO] [stdout] 
[INFO] [stdout] 
[INFO] [stdout] error[E0433]: failed to resolve: use of undeclared crate or module `rustsat_solvertests`
[INFO] [stdout]    --> src/core.rs:409:5
[INFO] [stdout]     |
[INFO] [stdout] 409 |     rustsat_solvertests::propagating_unittests!(Glucose);
[INFO] [stdout]     |     ^^^^^^^^^^^^^^^^^^^ use of undeclared crate or module `rustsat_solvertests`
[INFO] [stdout] 
[INFO] [stdout] 
[INFO] [stdout] error[E0433]: failed to resolve: use of undeclared crate or module `rustsat_solvertests`
[INFO] [stdout]    --> src/simp.rs:435:5
[INFO] [stdout]     |
[INFO] [stdout] 435 |     rustsat_solvertests::basic_unittests!(Glucose);
[INFO] [stdout]     |     ^^^^^^^^^^^^^^^^^^^ use of undeclared crate or module `rustsat_solvertests`
[INFO] [stdout] 
[INFO] [stdout] 
[INFO] [stdout] error[E0433]: failed to resolve: use of undeclared crate or module `rustsat_solvertests`
[INFO] [stdout]    --> src/simp.rs:436:5
[INFO] [stdout]     |
[INFO] [stdout] 436 |     rustsat_solvertests::freezing_unittests!(Glucose);
[INFO] [stdout]     |     ^^^^^^^^^^^^^^^^^^^ use of undeclared crate or module `rustsat_solvertests`
[INFO] [stdout] 
[INFO] [stdout] 
[INFO] [stdout] error[E0433]: failed to resolve: use of undeclared crate or module `rustsat_solvertests`
[INFO] [stdout]    --> src/simp.rs:437:5
[INFO] [stdout]     |
[INFO] [stdout] 437 |     rustsat_solvertests::propagating_unittests!(Glucose);
[INFO] [stdout]     |     ^^^^^^^^^^^^^^^^^^^ use of undeclared crate or module `rustsat_solvertests`
[INFO] [stdout] 
[INFO] [stdout] 
[INFO] [stdout] For more information about this error, try `rustc --explain E0433`.
[INFO] [stdout] 
[INFO] [stderr] error: could not compile `rustsat-glucose` (lib test) due to 5 previous errors
[INFO] running `Command { std: "docker" "inspect" "afbabbac736058262b874b194bd1dc63ee89da66f8ddbf839d4b6c369c49b447", kill_on_drop: false }`
[INFO] running `Command { std: "docker" "rm" "-f" "afbabbac736058262b874b194bd1dc63ee89da66f8ddbf839d4b6c369c49b447", kill_on_drop: false }`
[INFO] [stdout] afbabbac736058262b874b194bd1dc63ee89da66f8ddbf839d4b6c369c49b447
