[INFO] fetching crate rustle_cli 0.1.3...
[INFO] testing rustle_cli-0.1.3 against nightly-2024-10-28 for randomize-layout
[INFO] extracting crate rustle_cli 0.1.3 into /workspace/builds/worker-4-tc1/source
[INFO] validating manifest of crates.io crate rustle_cli 0.1.3 on toolchain nightly-2024-10-28
[INFO] running `Command { std: CARGO_HOME="/workspace/cargo-home" RUSTUP_HOME="/workspace/rustup-home" "/workspace/cargo-home/bin/cargo" "+nightly-2024-10-28" "metadata" "--manifest-path" "Cargo.toml" "--no-deps", kill_on_drop: false }`
[INFO] started tweaking crates.io crate rustle_cli 0.1.3
[INFO] finished tweaking crates.io crate rustle_cli 0.1.3
[INFO] tweaked toml for crates.io crate rustle_cli 0.1.3 written to /workspace/builds/worker-4-tc1/source/Cargo.toml
[INFO] crate crates.io crate rustle_cli 0.1.3 already has a lockfile, it will not be regenerated
[INFO] running `Command { std: CARGO_HOME="/workspace/cargo-home" RUSTUP_HOME="/workspace/rustup-home" "/workspace/cargo-home/bin/cargo" "+nightly-2024-10-28" "fetch" "--manifest-path" "Cargo.toml", kill_on_drop: false }`
[INFO] [stderr]     Updating crates.io index
[INFO] [stderr]  Downloading crates ...
[INFO] [stderr]   Downloaded swc_css_ast v0.127.2
[INFO] [stderr]   Downloaded swc_ecma_transforms v0.198.56
[INFO] [stderr]   Downloaded swc_timer v0.17.15
[INFO] [stderr]   Downloaded swc_css_visit v0.126.2
[INFO] [stderr]   Downloaded swc_atoms v0.4.25
[INFO] [stderr]   Downloaded swc_fast_graph v0.17.16
[INFO] [stderr]   Downloaded swc_ecma_ext_transforms v0.91.36
[INFO] [stderr]   Downloaded swc_ecma_transforms_classes v0.100.51
[INFO] [stderr]   Downloaded swc_css_utils v0.124.2
[INFO] [stderr]   Downloaded swc_node_comments v0.16.15
[INFO] [stderr]   Downloaded swc_css_codegen_macros v0.2.0
[INFO] [stderr]   Downloaded rustle v0.1.5
[INFO] [stderr]   Downloaded swc_ecma_loader v0.41.16
[INFO] [stderr]   Downloaded os_str_bytes v6.4.0
[INFO] [stderr]   Downloaded crossbeam-utils v0.8.13
[INFO] [stderr]   Downloaded swc_ecma_preset_env v0.174.56
[INFO] [stderr]   Downloaded swc_common v0.29.15
[INFO] [stderr]   Downloaded swc_ecma_transforms_optimization v0.167.56
[INFO] [stderr]   Downloaded swc_ecma_transforms_compat v0.136.45
[INFO] [stderr]   Downloaded swc_ecma_lints v0.66.53
[INFO] [stderr]   Downloaded swc_ecma_transforms_base v0.111.52
[INFO] [stderr]   Downloaded swc v0.232.105
[INFO] [stderr]   Downloaded swc_ecma_minifier v0.159.91
[INFO] [stderr]   Downloaded crossbeam-epoch v0.9.12
[INFO] [stderr]   Downloaded swc_ecma_transforms_module v0.153.49
[INFO] [stderr]   Downloaded swc_ecma_transforms_react v0.155.49
[INFO] [stderr]   Downloaded swc_ecma_transforms_typescript v0.159.51
[INFO] [stderr]   Downloaded swc_ecma_utils v0.105.36
[INFO] [stderr]   Downloaded swc_error_reporters v0.13.15
[INFO] [stderr]   Downloaded swc_css_codegen v0.137.3
[INFO] [stderr]   Downloaded swc_css_parser v0.136.3
[INFO] [stderr]   Downloaded swc_ecma_codegen v0.127.34
[INFO] [stderr]   Downloaded swc_ecma_parser v0.122.28
[INFO] [stderr]   Downloaded swc_ecma_transforms_proposal v0.144.45
[INFO] [stderr]   Downloaded swc_ecma_visit v0.80.20
[INFO] [stderr]   Downloaded swc_ecma_ast v0.94.20
[INFO] running `Command { std: "docker" "create" "-v" "/var/lib/crater-agent-workspace/builds/worker-4-tc1/target:/opt/rustwide/target:rw,Z" "-v" "/var/lib/crater-agent-workspace/builds/worker-4-tc1/source:/opt/rustwide/workdir:ro,Z" "-v" "/var/lib/crater-agent-workspace/cargo-home:/opt/rustwide/cargo-home:ro,Z" "-v" "/var/lib/crater-agent-workspace/rustup-home:/opt/rustwide/rustup-home:ro,Z" "-e" "SOURCE_DIR=/opt/rustwide/workdir" "-e" "CARGO_TARGET_DIR=/opt/rustwide/target" "-e" "CARGO_HOME=/opt/rustwide/cargo-home" "-e" "RUSTUP_HOME=/opt/rustwide/rustup-home" "-w" "/opt/rustwide/workdir" "-m" "1610612736" "--user" "0:0" "--network" "none" "ghcr.io/rust-lang/crates-build-env/linux@sha256:4a844ea9eb2546a2d2c7022eacef16ef2e8229c7fbb2c7d4d55a9ceca922f72d" "/opt/rustwide/cargo-home/bin/cargo" "+nightly-2024-10-28" "metadata" "--no-deps" "--format-version=1", kill_on_drop: false }`
[INFO] [stdout] 943b95a8a1a2c295bee35822d3742f36b1d4d8363612d84cf4d9ef00dc228836
[INFO] running `Command { std: "docker" "start" "-a" "943b95a8a1a2c295bee35822d3742f36b1d4d8363612d84cf4d9ef00dc228836", kill_on_drop: false }`
[INFO] running `Command { std: "docker" "inspect" "943b95a8a1a2c295bee35822d3742f36b1d4d8363612d84cf4d9ef00dc228836", kill_on_drop: false }`
[INFO] running `Command { std: "docker" "rm" "-f" "943b95a8a1a2c295bee35822d3742f36b1d4d8363612d84cf4d9ef00dc228836", kill_on_drop: false }`
[INFO] [stdout] 943b95a8a1a2c295bee35822d3742f36b1d4d8363612d84cf4d9ef00dc228836
[INFO] running `Command { std: "docker" "create" "-v" "/var/lib/crater-agent-workspace/builds/worker-4-tc1/target:/opt/rustwide/target:rw,Z" "-v" "/var/lib/crater-agent-workspace/builds/worker-4-tc1/source:/opt/rustwide/workdir:ro,Z" "-v" "/var/lib/crater-agent-workspace/cargo-home:/opt/rustwide/cargo-home:ro,Z" "-v" "/var/lib/crater-agent-workspace/rustup-home:/opt/rustwide/rustup-home:ro,Z" "-e" "SOURCE_DIR=/opt/rustwide/workdir" "-e" "CARGO_TARGET_DIR=/opt/rustwide/target" "-e" "CARGO_INCREMENTAL=0" "-e" "RUST_BACKTRACE=full" "-e" "RUSTFLAGS=--cap-lints=forbid" "-e" "RUSTDOCFLAGS=--cap-lints=forbid" "-e" "CARGO_HOME=/opt/rustwide/cargo-home" "-e" "RUSTUP_HOME=/opt/rustwide/rustup-home" "-w" "/opt/rustwide/workdir" "-m" "1610612736" "--user" "0:0" "--network" "none" "ghcr.io/rust-lang/crates-build-env/linux@sha256:4a844ea9eb2546a2d2c7022eacef16ef2e8229c7fbb2c7d4d55a9ceca922f72d" "/opt/rustwide/cargo-home/bin/cargo" "+nightly-2024-10-28" "build" "--frozen" "--message-format=json", kill_on_drop: false }`
[INFO] [stdout] 6dd60841786557a1a80448c65e445cb15581360911bbdeefb50fe86d8ec00e6e
[INFO] running `Command { std: "docker" "start" "-a" "6dd60841786557a1a80448c65e445cb15581360911bbdeefb50fe86d8ec00e6e", kill_on_drop: false }`
[INFO] [stderr]    Compiling proc-macro2 v1.0.47
[INFO] [stderr]    Compiling quote v1.0.21
[INFO] [stderr]    Compiling unicode-ident v1.0.5
[INFO] [stderr]    Compiling syn v1.0.103
[INFO] [stderr]    Compiling libc v0.2.137
[INFO] [stderr]    Compiling serde_derive v1.0.147
[INFO] [stderr]    Compiling serde v1.0.147
[INFO] [stderr]    Compiling once_cell v1.16.0
[INFO] [stderr]    Compiling siphasher v0.3.10
[INFO] [stderr]    Compiling ppv-lite86 v0.2.17
[INFO] [stderr]    Compiling scopeguard v1.1.0
[INFO] [stderr]    Compiling regex-syntax v0.6.28
[INFO] [stderr]    Compiling ahash v0.7.6
[INFO] [stderr]    Compiling serde_json v1.0.88
[INFO] [stderr]    Compiling parking_lot_core v0.9.4
[INFO] [stderr]    Compiling aho-corasick v0.7.19
[INFO] [stderr]    Compiling lock_api v0.4.9
[INFO] [stderr]    Compiling ryu v1.0.11
[INFO] [stderr]    Compiling itoa v1.0.4
[INFO] [stderr]    Compiling phf_shared v0.10.0
[INFO] [stderr]    Compiling num-traits v0.2.15
[INFO] [stderr]    Compiling num-integer v0.1.45
[INFO] [stderr]    Compiling tinyvec_macros v0.1.0
[INFO] [stderr]    Compiling either v1.8.0
[INFO] [stderr]    Compiling strsim v0.10.0
[INFO] [stderr]    Compiling fnv v1.0.7
[INFO] [stderr]    Compiling ident_case v1.0.1
[INFO] [stderr]    Compiling precomputed-hash v0.1.1
[INFO] [stderr]    Compiling tinyvec v1.6.0
[INFO] [stderr]    Compiling new_debug_unreachable v1.0.4
[INFO] [stderr]    Compiling tracing-core v0.1.30
[INFO] [stderr]    Compiling unicode-bidi v0.3.8
[INFO] [stderr]    Compiling percent-encoding v2.2.0
[INFO] [stderr]    Compiling num-bigint v0.4.3
[INFO] [stdout] error[E0422]: cannot find struct, variant or union type `LineColumn` in crate `proc_macro`
[INFO] [stdout]    --> /opt/rustwide/cargo-home/registry/src/index.crates.io-6f17d22bba15001f/proc-macro2-1.0.47/src/wrapper.rs:479:33
[INFO] [stdout]     |
[INFO] [stdout] 479 |                 let proc_macro::LineColumn { line, column } = s.start();
[INFO] [stdout]     |                                 ^^^^^^^^^^ not found in `proc_macro`
[INFO] [stdout]     |
[INFO] [stdout] help: consider importing one of these structs
[INFO] [stdout]     |
[INFO] [stdout] 1   + use crate::LineColumn;
[INFO] [stdout]     |
[INFO] [stdout] 1   + use crate::fallback::LineColumn;
[INFO] [stdout]     |
[INFO] [stdout] help: if you import `LineColumn`, refer to it directly
[INFO] [stdout]     |
[INFO] [stdout] 479 -                 let proc_macro::LineColumn { line, column } = s.start();
[INFO] [stdout] 479 +                 let LineColumn { line, column } = s.start();
[INFO] [stdout]     |
[INFO] [stdout] 
[INFO] [stdout] 
[INFO] [stdout] error[E0422]: cannot find struct, variant or union type `LineColumn` in crate `proc_macro`
[INFO] [stdout]    --> /opt/rustwide/cargo-home/registry/src/index.crates.io-6f17d22bba15001f/proc-macro2-1.0.47/src/wrapper.rs:496:33
[INFO] [stdout]     |
[INFO] [stdout] 496 |                 let proc_macro::LineColumn { line, column } = s.end();
[INFO] [stdout]     |                                 ^^^^^^^^^^ not found in `proc_macro`
[INFO] [stdout]     |
[INFO] [stdout] help: consider importing one of these structs
[INFO] [stdout]     |
[INFO] [stdout] 1   + use crate::LineColumn;
[INFO] [stdout]     |
[INFO] [stdout] 1   + use crate::fallback::LineColumn;
[INFO] [stdout]     |
[INFO] [stdout] help: if you import `LineColumn`, refer to it directly
[INFO] [stdout]     |
[INFO] [stdout] 496 -                 let proc_macro::LineColumn { line, column } = s.end();
[INFO] [stdout] 496 +                 let LineColumn { line, column } = s.end();
[INFO] [stdout]     |
[INFO] [stdout] 
[INFO] [stdout] 
[INFO] [stderr]    Compiling stable_deref_trait v1.2.0
[INFO] [stderr]    Compiling scoped-tls v1.0.1
[INFO] [stdout] error[E0635]: unknown feature `proc_macro_span_shrink`
[INFO] [stdout]   --> /opt/rustwide/cargo-home/registry/src/index.crates.io-6f17d22bba15001f/proc-macro2-1.0.47/src/lib.rs:92:30
[INFO] [stdout]    |
[INFO] [stdout] 92 |     feature(proc_macro_span, proc_macro_span_shrink)
[INFO] [stdout]    |                              ^^^^^^^^^^^^^^^^^^^^^^
[INFO] [stdout] 
[INFO] [stdout] 
[INFO] [stderr]    Compiling if_chain v1.0.2
[INFO] [stderr]    Compiling rustc-hash v1.1.0
[INFO] [stderr]    Compiling lexical-util v0.8.5
[INFO] [stderr]    Compiling indexmap v1.9.2
[INFO] [stderr]    Compiling form_urlencoded v1.1.0
[INFO] [stderr]    Compiling better_scoped_tls v0.1.0
[INFO] [stderr]    Compiling swc_ecma_ast v0.94.20
[INFO] [stderr]    Compiling unicode-id v0.3.3
[INFO] [stderr]    Compiling proc-macro-hack v0.5.19
[INFO] [stderr]    Compiling anyhow v1.0.66
[INFO] [stderr]    Compiling typed-arena v2.0.1
[INFO] [stderr]    Compiling typenum v1.15.0
[INFO] [stderr]    Compiling generic-array v0.14.6
[INFO] [stdout] Some errors have detailed explanations: E0422, E0635.
[INFO] [stdout] 
[INFO] [stdout] For more information about an error, try `rustc --explain E0422`.
[INFO] [stdout] 
[INFO] [stderr]    Compiling proc-macro-error-attr v1.0.4
[INFO] [stderr] error: could not compile `proc-macro2` (lib) due to 3 previous errors
[INFO] [stderr] warning: build failed, waiting for other jobs to finish...
[INFO] running `Command { std: "docker" "inspect" "6dd60841786557a1a80448c65e445cb15581360911bbdeefb50fe86d8ec00e6e", kill_on_drop: false }`
[INFO] running `Command { std: "docker" "rm" "-f" "6dd60841786557a1a80448c65e445cb15581360911bbdeefb50fe86d8ec00e6e", kill_on_drop: false }`
[INFO] [stdout] 6dd60841786557a1a80448c65e445cb15581360911bbdeefb50fe86d8ec00e6e
