[INFO] fetching crate rust_transformers 0.2.0...
[INFO] testing rust_transformers-0.2.0 against nightly-2024-10-28 for randomize-layout
[INFO] extracting crate rust_transformers 0.2.0 into /workspace/builds/worker-6-tc1/source
[INFO] validating manifest of crates.io crate rust_transformers 0.2.0 on toolchain nightly-2024-10-28
[INFO] running `Command { std: CARGO_HOME="/workspace/cargo-home" RUSTUP_HOME="/workspace/rustup-home" "/workspace/cargo-home/bin/cargo" "+nightly-2024-10-28" "metadata" "--manifest-path" "Cargo.toml" "--no-deps", kill_on_drop: false }`
[INFO] started tweaking crates.io crate rust_transformers 0.2.0
[INFO] finished tweaking crates.io crate rust_transformers 0.2.0
[INFO] tweaked toml for crates.io crate rust_transformers 0.2.0 written to /workspace/builds/worker-6-tc1/source/Cargo.toml
[INFO] crate crates.io crate rust_transformers 0.2.0 already has a lockfile, it will not be regenerated
[INFO] running `Command { std: CARGO_HOME="/workspace/cargo-home" RUSTUP_HOME="/workspace/rustup-home" "/workspace/cargo-home/bin/cargo" "+nightly-2024-10-28" "fetch" "--manifest-path" "Cargo.toml", kill_on_drop: false }`
[INFO] [stderr]     Updating crates.io index
[INFO] [stderr]  Downloading crates ...
[INFO] [stderr]   Downloaded pyo3-derive-backend v0.8.3
[INFO] [stderr]   Downloaded paste-impl v0.1.6
[INFO] [stderr]   Downloaded pyo3cls v0.8.3
[INFO] [stderr]   Downloaded inventory-impl v0.1.4
[INFO] [stderr]   Downloaded unindent v0.1.5
[INFO] [stderr]   Downloaded indoc-impl v0.3.4
[INFO] [stderr]   Downloaded ctor v0.1.12
[INFO] [stderr]   Downloaded indoc v0.3.4
[INFO] [stderr]   Downloaded ghost v0.1.1
[INFO] [stderr]   Downloaded inventory v0.1.4
[INFO] [stderr]   Downloaded smallvec v1.0.0
[INFO] [stderr]   Downloaded rand v0.7.2
[INFO] [stderr]   Downloaded pyo3 v0.8.3
[INFO] [stderr]   Downloaded paste v0.1.6
[INFO] running `Command { std: "docker" "create" "-v" "/var/lib/crater-agent-workspace/builds/worker-6-tc1/target:/opt/rustwide/target:rw,Z" "-v" "/var/lib/crater-agent-workspace/builds/worker-6-tc1/source:/opt/rustwide/workdir:ro,Z" "-v" "/var/lib/crater-agent-workspace/cargo-home:/opt/rustwide/cargo-home:ro,Z" "-v" "/var/lib/crater-agent-workspace/rustup-home:/opt/rustwide/rustup-home:ro,Z" "-e" "SOURCE_DIR=/opt/rustwide/workdir" "-e" "CARGO_TARGET_DIR=/opt/rustwide/target" "-e" "CARGO_HOME=/opt/rustwide/cargo-home" "-e" "RUSTUP_HOME=/opt/rustwide/rustup-home" "-w" "/opt/rustwide/workdir" "-m" "1610612736" "--user" "0:0" "--network" "none" "ghcr.io/rust-lang/crates-build-env/linux@sha256:4a844ea9eb2546a2d2c7022eacef16ef2e8229c7fbb2c7d4d55a9ceca922f72d" "/opt/rustwide/cargo-home/bin/cargo" "+nightly-2024-10-28" "metadata" "--no-deps" "--format-version=1", kill_on_drop: false }`
[INFO] [stdout] a7b802569f8ead2623304d9e4a5e888f373e9f5a291ab85de2592e488abd6b29
[INFO] running `Command { std: "docker" "start" "-a" "a7b802569f8ead2623304d9e4a5e888f373e9f5a291ab85de2592e488abd6b29", kill_on_drop: false }`
[INFO] running `Command { std: "docker" "inspect" "a7b802569f8ead2623304d9e4a5e888f373e9f5a291ab85de2592e488abd6b29", kill_on_drop: false }`
[INFO] running `Command { std: "docker" "rm" "-f" "a7b802569f8ead2623304d9e4a5e888f373e9f5a291ab85de2592e488abd6b29", kill_on_drop: false }`
[INFO] [stdout] a7b802569f8ead2623304d9e4a5e888f373e9f5a291ab85de2592e488abd6b29
[INFO] running `Command { std: "docker" "create" "-v" "/var/lib/crater-agent-workspace/builds/worker-6-tc1/target:/opt/rustwide/target:rw,Z" "-v" "/var/lib/crater-agent-workspace/builds/worker-6-tc1/source:/opt/rustwide/workdir:ro,Z" "-v" "/var/lib/crater-agent-workspace/cargo-home:/opt/rustwide/cargo-home:ro,Z" "-v" "/var/lib/crater-agent-workspace/rustup-home:/opt/rustwide/rustup-home:ro,Z" "-e" "SOURCE_DIR=/opt/rustwide/workdir" "-e" "CARGO_TARGET_DIR=/opt/rustwide/target" "-e" "CARGO_INCREMENTAL=0" "-e" "RUST_BACKTRACE=full" "-e" "RUSTFLAGS=--cap-lints=forbid" "-e" "RUSTDOCFLAGS=--cap-lints=forbid" "-e" "CARGO_HOME=/opt/rustwide/cargo-home" "-e" "RUSTUP_HOME=/opt/rustwide/rustup-home" "-w" "/opt/rustwide/workdir" "-m" "1610612736" "--user" "0:0" "--network" "none" "ghcr.io/rust-lang/crates-build-env/linux@sha256:4a844ea9eb2546a2d2c7022eacef16ef2e8229c7fbb2c7d4d55a9ceca922f72d" "/opt/rustwide/cargo-home/bin/cargo" "+nightly-2024-10-28" "build" "--frozen" "--message-format=json", kill_on_drop: false }`
[INFO] [stdout] d7640cbcadfd8d06313a468ce80e1deb8894a8440364157226d0b1abacf639bd
[INFO] running `Command { std: "docker" "start" "-a" "d7640cbcadfd8d06313a468ce80e1deb8894a8440364157226d0b1abacf639bd", kill_on_drop: false }`
[INFO] [stderr]    Compiling proc-macro2 v1.0.6
[INFO] [stderr]    Compiling unicode-xid v0.2.0
[INFO] [stderr]    Compiling syn v1.0.11
[INFO] [stderr]    Compiling autocfg v0.1.7
[INFO] [stderr]    Compiling libc v0.2.65
[INFO] [stderr]    Compiling lazy_static v1.4.0
[INFO] [stderr]    Compiling memchr v2.2.1
[INFO] [stderr]    Compiling serde v1.0.102
[INFO] [stderr]    Compiling memoffset v0.5.3
[INFO] [stderr]    Compiling cfg-if v0.1.10
[INFO] [stderr]    Compiling itoa v0.4.4
[INFO] [stderr]    Compiling byteorder v1.3.2
[INFO] [stderr]    Compiling thread_local v0.3.6
[INFO] [stderr]    Compiling scopeguard v1.0.0
[INFO] [stderr]    Compiling regex-syntax v0.6.12
[INFO] [stderr]    Compiling rayon-core v1.6.1
[INFO] [stderr]    Compiling crossbeam-utils v0.7.0
[INFO] [stderr]    Compiling crossbeam-epoch v0.8.0
[INFO] [stderr]    Compiling num-traits v0.2.10
[INFO] [stderr]    Compiling unindent v0.1.5
[INFO] [stderr]    Compiling either v1.5.3
[INFO] [stderr]    Compiling regex-automata v0.1.8
[INFO] [stderr]    Compiling spin v0.5.2
[INFO] [stderr]    Compiling quote v1.0.2
[INFO] [stderr]    Compiling num_cpus v1.11.1
[INFO] [stderr]    Compiling aho-corasick v0.7.6
[INFO] [stderr]    Compiling crossbeam-queue v0.2.0
[INFO] [stderr]    Compiling csv-core v0.1.6
[INFO] [stderr]    Compiling smallvec v1.0.0
[INFO] [stderr]    Compiling crossbeam-deque v0.7.2
[INFO] [stderr]    Compiling unicode-normalization v0.1.11
[INFO] [stderr]    Compiling itertools v0.8.2
[INFO] [stderr]    Compiling rayon v1.2.1
[INFO] [stderr]    Compiling regex v1.3.1
[INFO] [stderr]    Compiling pyo3-derive-backend v0.8.3
[INFO] [stderr]    Compiling serde_derive v1.0.103
[INFO] [stderr]    Compiling proc-macro-hack v0.5.11
[INFO] [stderr]    Compiling ctor v0.1.12
[INFO] [stderr]    Compiling inventory-impl v0.1.4
[INFO] [stderr]    Compiling ghost v0.1.1
[INFO] [stderr]    Compiling inventory v0.1.4
[INFO] [stderr]    Compiling paste-impl v0.1.6
[INFO] [stderr]    Compiling indoc-impl v0.3.4
[INFO] [stderr]    Compiling pyo3cls v0.8.3
[INFO] [stderr]    Compiling indoc v0.3.4
[INFO] [stderr]    Compiling paste v0.1.6
[INFO] [stderr]    Compiling serde_json v1.0.44
[INFO] [stderr]    Compiling bstr v0.2.8
[INFO] [stderr]    Compiling csv v1.1.1
[INFO] [stderr]    Compiling pyo3 v0.8.3
[INFO] [stderr]    Compiling rust_transformers v0.2.0 (/opt/rustwide/workdir)
[INFO] [stdout] error: linking with `cc` failed: exit status: 1
[INFO] [stdout]   |
[INFO] [stdout]   = note: LC_ALL="C" PATH="/opt/rustwide/rustup-home/toolchains/nightly-2024-10-28-x86_64-unknown-linux-gnu/lib/rustlib/x86_64-unknown-linux-gnu/bin:/opt/rustwide/rustup-home/toolchains/nightly-2024-10-28-x86_64-unknown-linux-gnu/lib/rustlib/x86_64-unknown-linux-gnu/bin/self-contained:/opt/rustwide/cargo-home/bin:/usr/local/sbin:/usr/local/bin:/usr/sbin:/usr/bin:/sbin:/bin" VSLANG="1033" "cc" "-m64" "/tmp/rustckzhpRT/symbols.o" "/opt/rustwide/target/debug/deps/rust_transformers_bin-4dcbb97237eeccb9.rust_transformers_bin.bab0659e7286ff0b-cgu.0.rcgu.o" "/opt/rustwide/target/debug/deps/rust_transformers_bin-4dcbb97237eeccb9.cfc66bbrohmktin2jri8tbd6v.rcgu.o" "-Wl,--as-needed" "-Wl,-Bstatic" "/opt/rustwide/target/debug/deps/librust_transformers.rlib" "/opt/rustwide/target/debug/deps/libcsv-4e35259966acaa2d.rlib" "/opt/rustwide/target/debug/deps/libcsv_core-79c9758360e545c8.rlib" "/opt/rustwide/target/debug/deps/libbstr-230dffe948335939.rlib" "/opt/rustwide/target/debug/deps/libregex_automata-24e9d0c3d1f694bc.rlib" "/opt/rustwide/target/debug/deps/libbyteorder-d9d92fe422aabc00.rlib" "/opt/rustwide/target/debug/deps/libserde_json-13b71b00630c2ace.rlib" "/opt/rustwide/target/debug/deps/libryu-4110fff4b29be1a1.rlib" "/opt/rustwide/target/debug/deps/libitoa-49876a9142f55064.rlib" "/opt/rustwide/target/debug/deps/libserde-00ce3086550168ac.rlib" "/opt/rustwide/target/debug/deps/libunicode_normalization-9ef02a9b84e29f94.rlib" "/opt/rustwide/target/debug/deps/libsmallvec-2f0389cc965a24cd.rlib" "/opt/rustwide/target/debug/deps/libregex-f49dc059868c55fb.rlib" "/opt/rustwide/target/debug/deps/libthread_local-0e4a66ed3177e55e.rlib" "/opt/rustwide/target/debug/deps/libregex_syntax-2db96bbf81c5263b.rlib" "/opt/rustwide/target/debug/deps/libaho_corasick-d99a6d33d9a01a25.rlib" "/opt/rustwide/target/debug/deps/libmemchr-904f58f840543502.rlib" "/opt/rustwide/target/debug/deps/libpyo3-fb71d44abeb44585.rlib" "/opt/rustwide/target/debug/deps/libnum_traits-3707fafe2e4c3f62.rlib" "/opt/rustwide/target/debug/deps/libspin-aba4c1570e9c644e.rlib" "/opt/rustwide/target/debug/deps/libunindent-dac1b462cad8eae5.rlib" "/opt/rustwide/target/debug/deps/libinventory-e5e9fb542d77a07b.rlib" "/opt/rustwide/target/debug/deps/libindoc-f08c4c60f192f8c1.rlib" "/opt/rustwide/target/debug/deps/libpaste-cb514f706a6e2d0d.rlib" "/opt/rustwide/target/debug/deps/libitertools-acc17ff376833759.rlib" "/opt/rustwide/target/debug/deps/librayon-411f5bcd6a32a43f.rlib" "/opt/rustwide/target/debug/deps/librayon_core-bc9395a67a136d90.rlib" "/opt/rustwide/target/debug/deps/libnum_cpus-7b322e1973572619.rlib" "/opt/rustwide/target/debug/deps/liblibc-7a3c919e3f682a20.rlib" "/opt/rustwide/target/debug/deps/libcrossbeam_queue-afacb0e4bd9e85eb.rlib" "/opt/rustwide/target/debug/deps/libeither-5cfaeae07c065988.rlib" "/opt/rustwide/target/debug/deps/libcrossbeam_deque-3c484afd579d2d95.rlib" "/opt/rustwide/target/debug/deps/libcrossbeam_epoch-438daaa792a1296a.rlib" "/opt/rustwide/target/debug/deps/libscopeguard-f9d12082f011eedc.rlib" "/opt/rustwide/target/debug/deps/libmemoffset-25dfd9c1d5299df2.rlib" "/opt/rustwide/target/debug/deps/libcrossbeam_utils-3220ef66d42ef04e.rlib" "/opt/rustwide/target/debug/deps/libcfg_if-6065b8815e149626.rlib" "/opt/rustwide/target/debug/deps/liblazy_static-b82c15677deef9e2.rlib" "/opt/rustwide/rustup-home/toolchains/nightly-2024-10-28-x86_64-unknown-linux-gnu/lib/rustlib/x86_64-unknown-linux-gnu/lib/libstd-fb8c387236db3c10.rlib" "/opt/rustwide/rustup-home/toolchains/nightly-2024-10-28-x86_64-unknown-linux-gnu/lib/rustlib/x86_64-unknown-linux-gnu/lib/libpanic_unwind-b251837809b2f64b.rlib" "/opt/rustwide/rustup-home/toolchains/nightly-2024-10-28-x86_64-unknown-linux-gnu/lib/rustlib/x86_64-unknown-linux-gnu/lib/libobject-cbef83eaa4e01f04.rlib" "/opt/rustwide/rustup-home/toolchains/nightly-2024-10-28-x86_64-unknown-linux-gnu/lib/rustlib/x86_64-unknown-linux-gnu/lib/libmemchr-12a772286de2fca7.rlib" "/opt/rustwide/rustup-home/toolchains/nightly-2024-10-28-x86_64-unknown-linux-gnu/lib/rustlib/x86_64-unknown-linux-gnu/lib/libaddr2line-023bbe5ada7abfc3.rlib" "/opt/rustwide/rustup-home/toolchains/nightly-2024-10-28-x86_64-unknown-linux-gnu/lib/rustlib/x86_64-unknown-linux-gnu/lib/libgimli-de2bcdf10ec69c2b.rlib" "/opt/rustwide/rustup-home/toolchains/nightly-2024-10-28-x86_64-unknown-linux-gnu/lib/rustlib/x86_64-unknown-linux-gnu/lib/librustc_demangle-8e1754df350800fd.rlib" "/opt/rustwide/rustup-home/toolchains/nightly-2024-10-28-x86_64-unknown-linux-gnu/lib/rustlib/x86_64-unknown-linux-gnu/lib/libstd_detect-06c2ab7b9c32e037.rlib" "/opt/rustwide/rustup-home/toolchains/nightly-2024-10-28-x86_64-unknown-linux-gnu/lib/rustlib/x86_64-unknown-linux-gnu/lib/libhashbrown-51d2621fc57a281b.rlib" "/opt/rustwide/rustup-home/toolchains/nightly-2024-10-28-x86_64-unknown-linux-gnu/lib/rustlib/x86_64-unknown-linux-gnu/lib/librustc_std_workspace_alloc-54a930408793772f.rlib" "/opt/rustwide/rustup-home/toolchains/nightly-2024-10-28-x86_64-unknown-linux-gnu/lib/rustlib/x86_64-unknown-linux-gnu/lib/libminiz_oxide-0c7d01cba400dcb2.rlib" "/opt/rustwide/rustup-home/toolchains/nightly-2024-10-28-x86_64-unknown-linux-gnu/lib/rustlib/x86_64-unknown-linux-gnu/lib/libadler-b9f84d69e331b75b.rlib" "/opt/rustwide/rustup-home/toolchains/nightly-2024-10-28-x86_64-unknown-linux-gnu/lib/rustlib/x86_64-unknown-linux-gnu/lib/libunwind-eec95493246aae39.rlib" "/opt/rustwide/rustup-home/toolchains/nightly-2024-10-28-x86_64-unknown-linux-gnu/lib/rustlib/x86_64-unknown-linux-gnu/lib/libcfg_if-6f6676c475e08ab0.rlib" "/opt/rustwide/rustup-home/toolchains/nightly-2024-10-28-x86_64-unknown-linux-gnu/lib/rustlib/x86_64-unknown-linux-gnu/lib/liblibc-799d520624f8b2e0.rlib" "/opt/rustwide/rustup-home/toolchains/nightly-2024-10-28-x86_64-unknown-linux-gnu/lib/rustlib/x86_64-unknown-linux-gnu/lib/liballoc-fcf93d4842acd9a9.rlib" "/opt/rustwide/rustup-home/toolchains/nightly-2024-10-28-x86_64-unknown-linux-gnu/lib/rustlib/x86_64-unknown-linux-gnu/lib/librustc_std_workspace_core-395a38b8e0851c9b.rlib" "/opt/rustwide/rustup-home/toolchains/nightly-2024-10-28-x86_64-unknown-linux-gnu/lib/rustlib/x86_64-unknown-linux-gnu/lib/libcore-d453bab70303062c.rlib" "/opt/rustwide/rustup-home/toolchains/nightly-2024-10-28-x86_64-unknown-linux-gnu/lib/rustlib/x86_64-unknown-linux-gnu/lib/libcompiler_builtins-0e6386368b0a24e8.rlib" "-Wl,-Bdynamic" "-lutil" "-lgcc_s" "-lutil" "-lrt" "-lpthread" "-lm" "-ldl" "-lc" "-B/opt/rustwide/rustup-home/toolchains/nightly-2024-10-28-x86_64-unknown-linux-gnu/lib/rustlib/x86_64-unknown-linux-gnu/bin/gcc-ld" "-fuse-ld=lld" "-Wl,--eh-frame-hdr" "-Wl,-z,noexecstack" "-L" "/opt/rustwide/rustup-home/toolchains/nightly-2024-10-28-x86_64-unknown-linux-gnu/lib/rustlib/x86_64-unknown-linux-gnu/lib" "-o" "/opt/rustwide/target/debug/deps/rust_transformers_bin-4dcbb97237eeccb9" "-Wl,--gc-sections" "-pie" "-Wl,-z,relro,-z,now" "-nodefaultlibs"
[INFO] [stdout]   = note: rust-lld: error: undefined symbol: PyList_New
[INFO] [stdout]           >>> referenced by list.rs:196 (/opt/rustwide/cargo-home/registry/src/index.crates.io-6f17d22bba15001f/pyo3-0.8.3/src/types/list.rs:196)
[INFO] [stdout]           >>>               rust_transformers.rust_transformers.e51767af2a976594-cgu.00.rcgu.o:(pyo3::types::list::_$LT$impl$u20$pyo3..conversion..IntoPy$LT$pyo3..object..PyObject$GT$$u20$for$u20$alloc..vec..Vec$LT$T$GT$$GT$::into_py::h72a010bc28c541c4) in archive /opt/rustwide/target/debug/deps/librust_transformers.rlib
[INFO] [stdout]           >>> referenced by list.rs:196 (/opt/rustwide/cargo-home/registry/src/index.crates.io-6f17d22bba15001f/pyo3-0.8.3/src/types/list.rs:196)
[INFO] [stdout]           >>>               rust_transformers.rust_transformers.e51767af2a976594-cgu.00.rcgu.o:(pyo3::types::list::_$LT$impl$u20$pyo3..conversion..IntoPy$LT$pyo3..object..PyObject$GT$$u20$for$u20$alloc..vec..Vec$LT$T$GT$$GT$::into_py::h780fa4a29302061c) in archive /opt/rustwide/target/debug/deps/librust_transformers.rlib
[INFO] [stdout]           >>> referenced by list.rs:196 (/opt/rustwide/cargo-home/registry/src/index.crates.io-6f17d22bba15001f/pyo3-0.8.3/src/types/list.rs:196)
[INFO] [stdout]           >>>               rust_transformers.rust_transformers.e51767af2a976594-cgu.00.rcgu.o:(pyo3::types::list::_$LT$impl$u20$pyo3..conversion..IntoPy$LT$pyo3..object..PyObject$GT$$u20$for$u20$alloc..vec..Vec$LT$T$GT$$GT$::into_py::h9650b7eb6a358f98) in archive /opt/rustwide/target/debug/deps/librust_transformers.rlib
[INFO] [stdout]           >>> referenced 2 more times
[INFO] [stdout]           
[INFO] [stdout]           rust-lld: error: undefined symbol: PyList_SetItem
[INFO] [stdout]           >>> referenced by list.rs:199 (/opt/rustwide/cargo-home/registry/src/index.crates.io-6f17d22bba15001f/pyo3-0.8.3/src/types/list.rs:199)
[INFO] [stdout]           >>>               rust_transformers.rust_transformers.e51767af2a976594-cgu.00.rcgu.o:(pyo3::types::list::_$LT$impl$u20$pyo3..conversion..IntoPy$LT$pyo3..object..PyObject$GT$$u20$for$u20$alloc..vec..Vec$LT$T$GT$$GT$::into_py::h72a010bc28c541c4) in archive /opt/rustwide/target/debug/deps/librust_transformers.rlib
[INFO] [stdout]           >>> referenced by list.rs:199 (/opt/rustwide/cargo-home/registry/src/index.crates.io-6f17d22bba15001f/pyo3-0.8.3/src/types/list.rs:199)
[INFO] [stdout]           >>>               rust_transformers.rust_transformers.e51767af2a976594-cgu.00.rcgu.o:(pyo3::types::list::_$LT$impl$u20$pyo3..conversion..IntoPy$LT$pyo3..object..PyObject$GT$$u20$for$u20$alloc..vec..Vec$LT$T$GT$$GT$::into_py::h780fa4a29302061c) in archive /opt/rustwide/target/debug/deps/librust_transformers.rlib
[INFO] [stdout]           >>> referenced by list.rs:199 (/opt/rustwide/cargo-home/registry/src/index.crates.io-6f17d22bba15001f/pyo3-0.8.3/src/types/list.rs:199)
[INFO] [stdout]           >>>               rust_transformers.rust_transformers.e51767af2a976594-cgu.00.rcgu.o:(pyo3::types::list::_$LT$impl$u20$pyo3..conversion..IntoPy$LT$pyo3..object..PyObject$GT$$u20$for$u20$alloc..vec..Vec$LT$T$GT$$GT$::into_py::h9650b7eb6a358f98) in archive /opt/rustwide/target/debug/deps/librust_transformers.rlib
[INFO] [stdout]           >>> referenced 2 more times
[INFO] [stdout]           
[INFO] [stdout]           rust-lld: error: undefined symbol: PyType_Ready
[INFO] [stdout]           >>> referenced by type_object.rs:402 (/opt/rustwide/cargo-home/registry/src/index.crates.io-6f17d22bba15001f/pyo3-0.8.3/src/type_object.rs:402)
[INFO] [stdout]           >>>               rust_transformers.rust_transformers.e51767af2a976594-cgu.06.rcgu.o:(pyo3::type_object::initialize_type::h109c436e291a39cb) in archive /opt/rustwide/target/debug/deps/librust_transformers.rlib
[INFO] [stdout]           
[INFO] [stdout]           rust-lld: error: undefined symbol: PyObject_GetIter
[INFO] [stdout]           >>> referenced by iterator.rs:42 (/opt/rustwide/cargo-home/registry/src/index.crates.io-6f17d22bba15001f/pyo3-0.8.3/src/types/iterator.rs:42)
[INFO] [stdout]           >>>               rust_transformers.rust_transformers.e51767af2a976594-cgu.06.rcgu.o:(pyo3::types::iterator::PyIterator::from_object::h098f5e6e64924889) in archive /opt/rustwide/target/debug/deps/librust_transformers.rlib
[INFO] [stdout]           
[INFO] [stdout]           rust-lld: error: undefined symbol: PyLong_FromLong
[INFO] [stdout]           >>> referenced by num.rs:144 (src/types/num.rs:144)
[INFO] [stdout]           >>>               pyo3-fb71d44abeb44585.pyo3.80aab87bf71dfddf-cgu.5.rcgu.o:(pyo3::types::num::_$LT$impl$u20$pyo3..conversion..IntoPy$LT$pyo3..object..PyObject$GT$$u20$for$u20$i8$GT$::into_py::h822b993d1e186e6e) in archive /opt/rustwide/target/debug/deps/libpyo3-fb71d44abeb44585.rlib
[INFO] [stdout]           >>> referenced by num.rs:144 (src/types/num.rs:144)
[INFO] [stdout]           >>>               pyo3-fb71d44abeb44585.pyo3.80aab87bf71dfddf-cgu.5.rcgu.o:(pyo3::types::num::_$LT$impl$u20$pyo3..conversion..IntoPy$LT$pyo3..object..PyObject$GT$$u20$for$u20$i64$GT$::into_py::h0875b3762f422098) in archive /opt/rustwide/target/debug/deps/libpyo3-fb71d44abeb44585.rlib
[INFO] [stdout]           
[INFO] [stdout]           rust-lld: error: undefined symbol: PyLong_FromUnsignedLongLong
[INFO] [stdout]           >>> referenced by num.rs:182 (src/types/num.rs:182)
[INFO] [stdout]           >>>               pyo3-fb71d44abeb44585.pyo3.80aab87bf71dfddf-cgu.5.rcgu.o:(pyo3::types::num::_$LT$impl$u20$pyo3..conversion..IntoPy$LT$pyo3..object..PyObject$GT$$u20$for$u20$u64$GT$::into_py::h349cc5c1e8488431) in archive /opt/rustwide/target/debug/deps/libpyo3-fb71d44abeb44585.rlib
[INFO] [stdout]           
[INFO] [stdout]           rust-lld: error: undefined symbol: PyNumber_Index
[INFO] [stdout]           >>> referenced by num.rs:189 (src/types/num.rs:189)
[INFO] [stdout]           >>>               pyo3-fb71d44abeb44585.pyo3.80aab87bf71dfddf-cgu.5.rcgu.o:(pyo3::types::num::_$LT$impl$u20$pyo3..conversion..FromPyObject$u20$for$u20$u64$GT$::extract::h3f617536996cc2c5) in archive /opt/rustwide/target/debug/deps/libpyo3-fb71d44abeb44585.rlib
[INFO] [stdout]           
[INFO] [stdout]           rust-lld: error: undefined symbol: PyLong_AsUnsignedLongLong
[INFO] [stdout]           >>> referenced by num.rs:193 (src/types/num.rs:193)
[INFO] [stdout]           >>>               pyo3-fb71d44abeb44585.pyo3.80aab87bf71dfddf-cgu.5.rcgu.o:(pyo3::types::num::_$LT$impl$u20$pyo3..conversion..FromPyObject$u20$for$u20$u64$GT$::extract::h3f617536996cc2c5) in archive /opt/rustwide/target/debug/deps/libpyo3-fb71d44abeb44585.rlib
[INFO] [stdout]           
[INFO] [stdout]           rust-lld: error: undefined symbol: PyDict_Copy
[INFO] [stdout]           >>> referenced by dict.rs:52 (src/types/dict.rs:52)
[INFO] [stdout]           >>>               pyo3-fb71d44abeb44585.pyo3.80aab87bf71dfddf-cgu.7.rcgu.o:(pyo3::types::dict::PyDict::copy::h1f05e306c2dec7b9) in archive /opt/rustwide/target/debug/deps/libpyo3-fb71d44abeb44585.rlib
[INFO] [stdout]           
[INFO] [stdout]           rust-lld: error: undefined symbol: PyDict_Size
[INFO] [stdout]           >>> referenced by dict.rs:64 (src/types/dict.rs:64)
[INFO] [stdout]           >>>               pyo3-fb71d44abeb44585.pyo3.80aab87bf71dfddf-cgu.7.rcgu.o:(pyo3::types::dict::PyDict::len::h875944b09749d94f) in archive /opt/rustwide/target/debug/deps/libpyo3-fb71d44abeb44585.rlib
[INFO] [stdout]           
[INFO] [stdout]           rust-lld: error: undefined symbol: PyDict_GetItem
[INFO] [stdout]           >>> referenced by dict.rs:95 (src/types/dict.rs:95)
[INFO] [stdout]           >>>               pyo3-fb71d44abeb44585.pyo3.80aab87bf71dfddf-cgu.7.rcgu.o:(pyo3::types::dict::PyDict::get_item::_$u7b$$u7b$closure$u7d$$u7d$::h81a207ce79654cf5) in archive /opt/rustwide/target/debug/deps/libpyo3-fb71d44abeb44585.rlib
[INFO] [stdout]           
[INFO] [stdout]           rust-lld: error: undefined symbol: PyDict_DelItem
[INFO] [stdout]           >>> referenced by dict.rs:120 (src/types/dict.rs:120)
[INFO] [stdout]           >>>               pyo3-fb71d44abeb44585.pyo3.80aab87bf71dfddf-cgu.7.rcgu.o:(pyo3::types::dict::PyDict::del_item::_$u7b$$u7b$closure$u7d$$u7d$::h0bfb0b994a8cbb52) in archive /opt/rustwide/target/debug/deps/libpyo3-fb71d44abeb44585.rlib
[INFO] [stdout]           
[INFO] [stdout]           rust-lld: error: undefined symbol: PyDict_Next
[INFO] [stdout]           >>> referenced by dict.rs:178 (src/types/dict.rs:178)
[INFO] [stdout]           >>>               pyo3-fb71d44abeb44585.pyo3.80aab87bf71dfddf-cgu.7.rcgu.o:(_$LT$pyo3..types..dict..PyDictIterator$u20$as$u20$core..iter..traits..iterator..Iterator$GT$::next::h6aecade3c3c4e9c2) in archive /opt/rustwide/target/debug/deps/libpyo3-fb71d44abeb44585.rlib
[INFO] [stdout]           
[INFO] [stdout]           rust-lld: error: undefined symbol: _Py_Dealloc
[INFO] [stdout]           >>> referenced by object.rs:933 (src/ffi/object.rs:933)
[INFO] [stdout]           >>>               pyo3-fb71d44abeb44585.pyo3.80aab87bf71dfddf-cgu.6.rcgu.o:(pyo3::ffi::object::Py_DECREF::h58def15d52d618a0) in archive /opt/rustwide/target/debug/deps/libpyo3-fb71d44abeb44585.rlib
[INFO] [stdout]           >>> referenced by object.rs:933 (/opt/rustwide/cargo-home/registry/src/index.crates.io-6f17d22bba15001f/pyo3-0.8.3/src/ffi/object.rs:933)
[INFO] [stdout]           >>>               rust_transformers.rust_transformers.e51767af2a976594-cgu.10.rcgu.o:(pyo3::ffi::object::Py_DECREF::h69e33f174a5a61ed) in archive /opt/rustwide/target/debug/deps/librust_transformers.rlib
[INFO] [stdout]           
[INFO] [stdout]           rust-lld: error: undefined symbol: _Py_NoneStruct
[INFO] [stdout]           >>> referenced by object.rs:977 (src/ffi/object.rs:977)
[INFO] [stdout]           >>>               pyo3-fb71d44abeb44585.pyo3.80aab87bf71dfddf-cgu.6.rcgu.o:(pyo3::ffi::object::Py_None::h3e844900ead25db2) in archive /opt/rustwide/target/debug/deps/libpyo3-fb71d44abeb44585.rlib
[INFO] [stdout]           
[INFO] [stdout]           rust-lld: error: undefined symbol: PyIter_Next
[INFO] [stdout]           >>> referenced by iterator.rs:69 (src/types/iterator.rs:69)
[INFO] [stdout]           >>>               pyo3-fb71d44abeb44585.pyo3.80aab87bf71dfddf-cgu.6.rcgu.o:(_$LT$pyo3..types..iterator..PyIterator$u20$as$u20$core..iter..traits..iterator..Iterator$GT$::next::h37419c102dd8210a) in archive /opt/rustwide/target/debug/deps/libpyo3-fb71d44abeb44585.rlib
[INFO] [stdout]           
[INFO] [stdout]           rust-lld: error: undefined symbol: PyObject_Str
[INFO] [stdout]           >>> referenced by objectprotocol.rs:318 (src/objectprotocol.rs:318)
[INFO] [stdout]           >>>               pyo3-fb71d44abeb44585.pyo3.80aab87bf71dfddf-cgu.4.rcgu.o:(_$LT$T$u20$as$u20$pyo3..objectprotocol..ObjectProtocol$GT$::str::h1e9d91745feeb6e4) in archive /opt/rustwide/target/debug/deps/libpyo3-fb71d44abeb44585.rlib
[INFO] [stdout]           
[INFO] [stdout]           rust-lld: error: undefined symbol: PyType_GenericAlloc
[INFO] [stdout]           >>> referenced by type_object.rs:112 (src/type_object.rs:112)
[INFO] [stdout]           >>>               pyo3-fb71d44abeb44585.pyo3.80aab87bf71dfddf-cgu.4.rcgu.o:(pyo3::type_object::PyRawObject::new::h1d2e1d233d675c2e) in archive /opt/rustwide/target/debug/deps/libpyo3-fb71d44abeb44585.rlib
[INFO] [stdout]           >>> referenced by type_object.rs:195 (/opt/rustwide/cargo-home/registry/src/index.crates.io-6f17d22bba15001f/pyo3-0.8.3/src/type_object.rs:195)
[INFO] [stdout]           >>>               rust_transformers.rust_transformers.e51767af2a976594-cgu.05.rcgu.o:(pyo3::type_object::PyObjectAlloc::alloc::h3fb0365f5f3d0fb9) in archive /opt/rustwide/target/debug/deps/librust_transformers.rlib
[INFO] [stdout]           
[INFO] [stdout]           rust-lld: error: undefined symbol: PyTuple_GetSlice
[INFO] [stdout]           >>> referenced by tuple.rs:61 (src/types/tuple.rs:61)
[INFO] [stdout]           >>>               pyo3-fb71d44abeb44585.pyo3.80aab87bf71dfddf-cgu.4.rcgu.o:(pyo3::types::tuple::PyTuple::slice::hdd19d4d0d345ade1) in archive /opt/rustwide/target/debug/deps/libpyo3-fb71d44abeb44585.rlib
[INFO] [stdout]           
[INFO] [stdout]           rust-lld: error: undefined symbol: PyUnicode_FromStringAndSize
[INFO] [stdout]           >>> referenced by string.rs:36 (src/types/string.rs:36)
[INFO] [stdout]           >>>               pyo3-fb71d44abeb44585.pyo3.80aab87bf71dfddf-cgu.2.rcgu.o:(pyo3::types::string::PyString::new::h068382673e1ac7f3) in archive /opt/rustwide/target/debug/deps/libpyo3-fb71d44abeb44585.rlib
[INFO] [stdout]           
[INFO] [stdout]           rust-lld: error: too many errors emitted, stopping now (use --error-limit=0 to see all errors)
[INFO] [stdout]           collect2: error: ld returned 1 exit status
[INFO] [stdout]           
[INFO] [stdout] 
[INFO] [stdout] 
[INFO] [stderr] error: could not compile `rust_transformers` (bin "rust_transformers_bin") due to 1 previous error
[INFO] running `Command { std: "docker" "inspect" "d7640cbcadfd8d06313a468ce80e1deb8894a8440364157226d0b1abacf639bd", kill_on_drop: false }`
[INFO] running `Command { std: "docker" "rm" "-f" "d7640cbcadfd8d06313a468ce80e1deb8894a8440364157226d0b1abacf639bd", kill_on_drop: false }`
[INFO] [stdout] d7640cbcadfd8d06313a468ce80e1deb8894a8440364157226d0b1abacf639bd
