[INFO] fetching crate rust-witness 0.1.0...
[INFO] testing rust-witness-0.1.0 against nightly-2024-10-28 for randomize-layout
[INFO] extracting crate rust-witness 0.1.0 into /workspace/builds/worker-7-tc1/source
[INFO] validating manifest of crates.io crate rust-witness 0.1.0 on toolchain nightly-2024-10-28
[INFO] running `Command { std: CARGO_HOME="/workspace/cargo-home" RUSTUP_HOME="/workspace/rustup-home" "/workspace/cargo-home/bin/cargo" "+nightly-2024-10-28" "metadata" "--manifest-path" "Cargo.toml" "--no-deps", kill_on_drop: false }`
[INFO] removed /workspace/builds/worker-7-tc1/source/.cargo/config.toml
[INFO] started tweaking crates.io crate rust-witness 0.1.0
[INFO] finished tweaking crates.io crate rust-witness 0.1.0
[INFO] tweaked toml for crates.io crate rust-witness 0.1.0 written to /workspace/builds/worker-7-tc1/source/Cargo.toml
[INFO] running `Command { std: CARGO_HOME="/workspace/cargo-home" RUSTUP_HOME="/workspace/rustup-home" "/workspace/cargo-home/bin/cargo" "+nightly-2024-10-28" "generate-lockfile" "--manifest-path" "Cargo.toml", kill_on_drop: false }`
[INFO] [stderr]     Updating crates.io index
[INFO] [stderr]      Locking 21 packages to latest compatible versions
[INFO] running `Command { std: CARGO_HOME="/workspace/cargo-home" RUSTUP_HOME="/workspace/rustup-home" "/workspace/cargo-home/bin/cargo" "+nightly-2024-10-28" "fetch" "--manifest-path" "Cargo.toml", kill_on_drop: false }`
[INFO] running `Command { std: "docker" "create" "-v" "/var/lib/crater-agent-workspace/builds/worker-7-tc1/target:/opt/rustwide/target:rw,Z" "-v" "/var/lib/crater-agent-workspace/builds/worker-7-tc1/source:/opt/rustwide/workdir:ro,Z" "-v" "/var/lib/crater-agent-workspace/cargo-home:/opt/rustwide/cargo-home:ro,Z" "-v" "/var/lib/crater-agent-workspace/rustup-home:/opt/rustwide/rustup-home:ro,Z" "-e" "SOURCE_DIR=/opt/rustwide/workdir" "-e" "CARGO_TARGET_DIR=/opt/rustwide/target" "-e" "CARGO_HOME=/opt/rustwide/cargo-home" "-e" "RUSTUP_HOME=/opt/rustwide/rustup-home" "-w" "/opt/rustwide/workdir" "-m" "1610612736" "--user" "0:0" "--network" "none" "ghcr.io/rust-lang/crates-build-env/linux@sha256:4a844ea9eb2546a2d2c7022eacef16ef2e8229c7fbb2c7d4d55a9ceca922f72d" "/opt/rustwide/cargo-home/bin/cargo" "+nightly-2024-10-28" "metadata" "--no-deps" "--format-version=1", kill_on_drop: false }`
[INFO] [stdout] 142e3ed27033ae5d48d1ce8b7254ba17636e4626c12b442489cfc8d3818e3c93
[INFO] running `Command { std: "docker" "start" "-a" "142e3ed27033ae5d48d1ce8b7254ba17636e4626c12b442489cfc8d3818e3c93", kill_on_drop: false }`
[INFO] running `Command { std: "docker" "inspect" "142e3ed27033ae5d48d1ce8b7254ba17636e4626c12b442489cfc8d3818e3c93", kill_on_drop: false }`
[INFO] running `Command { std: "docker" "rm" "-f" "142e3ed27033ae5d48d1ce8b7254ba17636e4626c12b442489cfc8d3818e3c93", kill_on_drop: false }`
[INFO] [stdout] 142e3ed27033ae5d48d1ce8b7254ba17636e4626c12b442489cfc8d3818e3c93
[INFO] running `Command { std: "docker" "create" "-v" "/var/lib/crater-agent-workspace/builds/worker-7-tc1/target:/opt/rustwide/target:rw,Z" "-v" "/var/lib/crater-agent-workspace/builds/worker-7-tc1/source:/opt/rustwide/workdir:ro,Z" "-v" "/var/lib/crater-agent-workspace/cargo-home:/opt/rustwide/cargo-home:ro,Z" "-v" "/var/lib/crater-agent-workspace/rustup-home:/opt/rustwide/rustup-home:ro,Z" "-e" "SOURCE_DIR=/opt/rustwide/workdir" "-e" "CARGO_TARGET_DIR=/opt/rustwide/target" "-e" "CARGO_INCREMENTAL=0" "-e" "RUST_BACKTRACE=full" "-e" "RUSTFLAGS=--cap-lints=forbid" "-e" "RUSTDOCFLAGS=--cap-lints=forbid" "-e" "CARGO_HOME=/opt/rustwide/cargo-home" "-e" "RUSTUP_HOME=/opt/rustwide/rustup-home" "-w" "/opt/rustwide/workdir" "-m" "1610612736" "--user" "0:0" "--network" "none" "ghcr.io/rust-lang/crates-build-env/linux@sha256:4a844ea9eb2546a2d2c7022eacef16ef2e8229c7fbb2c7d4d55a9ceca922f72d" "/opt/rustwide/cargo-home/bin/cargo" "+nightly-2024-10-28" "build" "--frozen" "--message-format=json", kill_on_drop: false }`
[INFO] [stdout] 36d21d1982b4c1b418e556410092922abe4728fb520bd2bbd31bff6e5bb1d856
[INFO] running `Command { std: "docker" "start" "-a" "36d21d1982b4c1b418e556410092922abe4728fb520bd2bbd31bff6e5bb1d856", kill_on_drop: false }`
[INFO] [stderr]    Compiling num-traits v0.2.19
[INFO] [stderr]    Compiling same-file v1.0.6
[INFO] [stderr]    Compiling shlex v1.3.0
[INFO] [stderr]    Compiling fnv v1.0.7
[INFO] [stderr]    Compiling walkdir v2.5.0
[INFO] [stderr]    Compiling cc v1.1.31
[INFO] [stderr]    Compiling num-integer v0.1.46
[INFO] [stderr]    Compiling num-bigint v0.4.6
[INFO] [stderr]    Compiling rust-witness v0.1.0 (/opt/rustwide/workdir)
[INFO] [stderr]     Finished `dev` profile [unoptimized + debuginfo] target(s) in 1.68s
[INFO] running `Command { std: "docker" "inspect" "36d21d1982b4c1b418e556410092922abe4728fb520bd2bbd31bff6e5bb1d856", kill_on_drop: false }`
[INFO] running `Command { std: "docker" "rm" "-f" "36d21d1982b4c1b418e556410092922abe4728fb520bd2bbd31bff6e5bb1d856", kill_on_drop: false }`
[INFO] [stdout] 36d21d1982b4c1b418e556410092922abe4728fb520bd2bbd31bff6e5bb1d856
[INFO] running `Command { std: "docker" "create" "-v" "/var/lib/crater-agent-workspace/builds/worker-7-tc1/target:/opt/rustwide/target:rw,Z" "-v" "/var/lib/crater-agent-workspace/builds/worker-7-tc1/source:/opt/rustwide/workdir:ro,Z" "-v" "/var/lib/crater-agent-workspace/cargo-home:/opt/rustwide/cargo-home:ro,Z" "-v" "/var/lib/crater-agent-workspace/rustup-home:/opt/rustwide/rustup-home:ro,Z" "-e" "SOURCE_DIR=/opt/rustwide/workdir" "-e" "CARGO_TARGET_DIR=/opt/rustwide/target" "-e" "CARGO_INCREMENTAL=0" "-e" "RUST_BACKTRACE=full" "-e" "RUSTFLAGS=--cap-lints=forbid" "-e" "RUSTDOCFLAGS=--cap-lints=forbid" "-e" "CARGO_HOME=/opt/rustwide/cargo-home" "-e" "RUSTUP_HOME=/opt/rustwide/rustup-home" "-w" "/opt/rustwide/workdir" "-m" "1610612736" "--user" "0:0" "--network" "none" "ghcr.io/rust-lang/crates-build-env/linux@sha256:4a844ea9eb2546a2d2c7022eacef16ef2e8229c7fbb2c7d4d55a9ceca922f72d" "/opt/rustwide/cargo-home/bin/cargo" "+nightly-2024-10-28" "test" "--frozen" "--no-run" "--message-format=json", kill_on_drop: false }`
[INFO] [stdout] 44ea910e65e02a31289503e13cc11561af976b45e93b3f3bdfc08d98a04a0a8c
[INFO] running `Command { std: "docker" "start" "-a" "44ea910e65e02a31289503e13cc11561af976b45e93b3f3bdfc08d98a04a0a8c", kill_on_drop: false }`
[INFO] [stderr]    Compiling rust-witness v0.1.0 (/opt/rustwide/workdir)
[INFO] [stdout] error: linking with `cc` failed: exit status: 1
[INFO] [stdout]   |
[INFO] [stdout]   = note: LC_ALL="C" PATH="/opt/rustwide/rustup-home/toolchains/nightly-2024-10-28-x86_64-unknown-linux-gnu/lib/rustlib/x86_64-unknown-linux-gnu/bin:/opt/rustwide/rustup-home/toolchains/nightly-2024-10-28-x86_64-unknown-linux-gnu/lib/rustlib/x86_64-unknown-linux-gnu/bin/self-contained:/opt/rustwide/cargo-home/bin:/usr/local/sbin:/usr/local/bin:/usr/sbin:/usr/bin:/sbin:/bin" VSLANG="1033" "cc" "-m64" "/tmp/rustcMwqY67/symbols.o" "/opt/rustwide/target/debug/deps/main-b5d8e0e51711eddf.main.ef9c970d3d757bc5-cgu.0.rcgu.o" "/opt/rustwide/target/debug/deps/main-b5d8e0e51711eddf.main.ef9c970d3d757bc5-cgu.1.rcgu.o" "/opt/rustwide/target/debug/deps/main-b5d8e0e51711eddf.2ig6vks4qo56fyikms3hsp7jm.rcgu.o" "-Wl,--as-needed" "-Wl,-Bstatic" "/opt/rustwide/rustup-home/toolchains/nightly-2024-10-28-x86_64-unknown-linux-gnu/lib/rustlib/x86_64-unknown-linux-gnu/lib/libtest-a09fad3b5321e7d6.rlib" "/opt/rustwide/rustup-home/toolchains/nightly-2024-10-28-x86_64-unknown-linux-gnu/lib/rustlib/x86_64-unknown-linux-gnu/lib/libgetopts-f9c3dff41ad42661.rlib" "/opt/rustwide/rustup-home/toolchains/nightly-2024-10-28-x86_64-unknown-linux-gnu/lib/rustlib/x86_64-unknown-linux-gnu/lib/libunicode_width-ad2aef31af6addd3.rlib" "/opt/rustwide/rustup-home/toolchains/nightly-2024-10-28-x86_64-unknown-linux-gnu/lib/rustlib/x86_64-unknown-linux-gnu/lib/librustc_std_workspace_std-e3f907dc03deb913.rlib" "/opt/rustwide/target/debug/deps/librust_witness-7215c70acadd11ae.rlib" "/opt/rustwide/target/debug/deps/libcc-efc6752a35f1f13a.rlib" "/opt/rustwide/target/debug/deps/libshlex-655cc32f79200f17.rlib" "/opt/rustwide/target/debug/deps/libwalkdir-099221edb7b94a9e.rlib" "/opt/rustwide/target/debug/deps/libsame_file-3c36b17025d91add.rlib" "/opt/rustwide/target/debug/deps/libfnv-574dedeaa4c89e1d.rlib" "/opt/rustwide/target/debug/deps/libnum_bigint-0df7d231df4cf0b5.rlib" "/opt/rustwide/target/debug/deps/libnum_integer-26245b01e72bc27d.rlib" "/opt/rustwide/target/debug/deps/libnum_traits-f4156d1e802a5c62.rlib" "/opt/rustwide/rustup-home/toolchains/nightly-2024-10-28-x86_64-unknown-linux-gnu/lib/rustlib/x86_64-unknown-linux-gnu/lib/libstd-fb8c387236db3c10.rlib" "/opt/rustwide/rustup-home/toolchains/nightly-2024-10-28-x86_64-unknown-linux-gnu/lib/rustlib/x86_64-unknown-linux-gnu/lib/libpanic_unwind-b251837809b2f64b.rlib" "/opt/rustwide/rustup-home/toolchains/nightly-2024-10-28-x86_64-unknown-linux-gnu/lib/rustlib/x86_64-unknown-linux-gnu/lib/libobject-cbef83eaa4e01f04.rlib" "/opt/rustwide/rustup-home/toolchains/nightly-2024-10-28-x86_64-unknown-linux-gnu/lib/rustlib/x86_64-unknown-linux-gnu/lib/libmemchr-12a772286de2fca7.rlib" "/opt/rustwide/rustup-home/toolchains/nightly-2024-10-28-x86_64-unknown-linux-gnu/lib/rustlib/x86_64-unknown-linux-gnu/lib/libaddr2line-023bbe5ada7abfc3.rlib" "/opt/rustwide/rustup-home/toolchains/nightly-2024-10-28-x86_64-unknown-linux-gnu/lib/rustlib/x86_64-unknown-linux-gnu/lib/libgimli-de2bcdf10ec69c2b.rlib" "/opt/rustwide/rustup-home/toolchains/nightly-2024-10-28-x86_64-unknown-linux-gnu/lib/rustlib/x86_64-unknown-linux-gnu/lib/librustc_demangle-8e1754df350800fd.rlib" "/opt/rustwide/rustup-home/toolchains/nightly-2024-10-28-x86_64-unknown-linux-gnu/lib/rustlib/x86_64-unknown-linux-gnu/lib/libstd_detect-06c2ab7b9c32e037.rlib" "/opt/rustwide/rustup-home/toolchains/nightly-2024-10-28-x86_64-unknown-linux-gnu/lib/rustlib/x86_64-unknown-linux-gnu/lib/libhashbrown-51d2621fc57a281b.rlib" "/opt/rustwide/rustup-home/toolchains/nightly-2024-10-28-x86_64-unknown-linux-gnu/lib/rustlib/x86_64-unknown-linux-gnu/lib/librustc_std_workspace_alloc-54a930408793772f.rlib" "/opt/rustwide/rustup-home/toolchains/nightly-2024-10-28-x86_64-unknown-linux-gnu/lib/rustlib/x86_64-unknown-linux-gnu/lib/libminiz_oxide-0c7d01cba400dcb2.rlib" "/opt/rustwide/rustup-home/toolchains/nightly-2024-10-28-x86_64-unknown-linux-gnu/lib/rustlib/x86_64-unknown-linux-gnu/lib/libadler-b9f84d69e331b75b.rlib" "/opt/rustwide/rustup-home/toolchains/nightly-2024-10-28-x86_64-unknown-linux-gnu/lib/rustlib/x86_64-unknown-linux-gnu/lib/libunwind-eec95493246aae39.rlib" "/opt/rustwide/rustup-home/toolchains/nightly-2024-10-28-x86_64-unknown-linux-gnu/lib/rustlib/x86_64-unknown-linux-gnu/lib/libcfg_if-6f6676c475e08ab0.rlib" "/opt/rustwide/rustup-home/toolchains/nightly-2024-10-28-x86_64-unknown-linux-gnu/lib/rustlib/x86_64-unknown-linux-gnu/lib/liblibc-799d520624f8b2e0.rlib" "/opt/rustwide/rustup-home/toolchains/nightly-2024-10-28-x86_64-unknown-linux-gnu/lib/rustlib/x86_64-unknown-linux-gnu/lib/liballoc-fcf93d4842acd9a9.rlib" "/opt/rustwide/rustup-home/toolchains/nightly-2024-10-28-x86_64-unknown-linux-gnu/lib/rustlib/x86_64-unknown-linux-gnu/lib/librustc_std_workspace_core-395a38b8e0851c9b.rlib" "/opt/rustwide/rustup-home/toolchains/nightly-2024-10-28-x86_64-unknown-linux-gnu/lib/rustlib/x86_64-unknown-linux-gnu/lib/libcore-d453bab70303062c.rlib" "/opt/rustwide/rustup-home/toolchains/nightly-2024-10-28-x86_64-unknown-linux-gnu/lib/rustlib/x86_64-unknown-linux-gnu/lib/libcompiler_builtins-0e6386368b0a24e8.rlib" "-Wl,-Bdynamic" "-lgcc_s" "-lutil" "-lrt" "-lpthread" "-lm" "-ldl" "-lc" "-B/opt/rustwide/rustup-home/toolchains/nightly-2024-10-28-x86_64-unknown-linux-gnu/lib/rustlib/x86_64-unknown-linux-gnu/bin/gcc-ld" "-fuse-ld=lld" "-Wl,--eh-frame-hdr" "-Wl,-z,noexecstack" "-L" "/opt/rustwide/rustup-home/toolchains/nightly-2024-10-28-x86_64-unknown-linux-gnu/lib/rustlib/x86_64-unknown-linux-gnu/lib" "-o" "/opt/rustwide/target/debug/deps/main-b5d8e0e51711eddf" "-Wl,--gc-sections" "-pie" "-Wl,-z,relro,-z,now" "-nodefaultlibs"
[INFO] [stdout]   = note: rust-lld: error: undefined symbol: witness_c_init
[INFO] [stdout]           >>> referenced by lib.rs:118 (src/lib.rs:118)
[INFO] [stdout]           >>>               rust_witness-7215c70acadd11ae.rust_witness.3f12b5d2f2cf9d10-cgu.0.rcgu.o:(rust_witness::c_init::hfb9125cf51969065) in archive /opt/rustwide/target/debug/deps/librust_witness-7215c70acadd11ae.rlib
[INFO] [stdout]           
[INFO] [stdout]           rust-lld: error: undefined symbol: witness_c_resolver
[INFO] [stdout]           >>> referenced by lib.rs:122 (src/lib.rs:122)
[INFO] [stdout]           >>>               rust_witness-7215c70acadd11ae.rust_witness.3f12b5d2f2cf9d10-cgu.0.rcgu.o:(rust_witness::c_resolver::ha115f127b6fd7ac1) in archive /opt/rustwide/target/debug/deps/librust_witness-7215c70acadd11ae.rlib
[INFO] [stdout]           
[INFO] [stdout]           rust-lld: error: undefined symbol: witness_c_cleanup
[INFO] [stdout]           >>> referenced by lib.rs:127 (src/lib.rs:127)
[INFO] [stdout]           >>>               rust_witness-7215c70acadd11ae.rust_witness.3f12b5d2f2cf9d10-cgu.0.rcgu.o:(rust_witness::c_cleanup::haf1786b593802746) in archive /opt/rustwide/target/debug/deps/librust_witness-7215c70acadd11ae.rlib
[INFO] [stdout]           
[INFO] [stdout]           rust-lld: error: undefined symbol: keccak256256testInstantiate
[INFO] [stdout]           >>> referenced by lib.rs:34 (src/lib.rs:34)
[INFO] [stdout]           >>>               /opt/rustwide/target/debug/deps/main-b5d8e0e51711eddf.main.ef9c970d3d757bc5-cgu.0.rcgu.o:(main::keccak256256test_witness::h5c9e07a71fd7d12f)
[INFO] [stdout]           
[INFO] [stdout]           rust-lld: error: undefined symbol: keccak256256test_getFieldNumLen32
[INFO] [stdout]           >>> referenced by lib.rs:38 (src/lib.rs:38)
[INFO] [stdout]           >>>               /opt/rustwide/target/debug/deps/main-b5d8e0e51711eddf.main.ef9c970d3d757bc5-cgu.0.rcgu.o:(main::keccak256256test_witness::h5c9e07a71fd7d12f)
[INFO] [stdout]           
[INFO] [stdout]           rust-lld: error: undefined symbol: keccak256256test_getRawPrime
[INFO] [stdout]           >>> referenced by lib.rs:39 (src/lib.rs:39)
[INFO] [stdout]           >>>               /opt/rustwide/target/debug/deps/main-b5d8e0e51711eddf.main.ef9c970d3d757bc5-cgu.0.rcgu.o:(main::keccak256256test_witness::h5c9e07a71fd7d12f)
[INFO] [stdout]           
[INFO] [stdout]           rust-lld: error: undefined symbol: keccak256256test_init
[INFO] [stdout]           >>> referenced by lib.rs:49 (src/lib.rs:49)
[INFO] [stdout]           >>>               /opt/rustwide/target/debug/deps/main-b5d8e0e51711eddf.main.ef9c970d3d757bc5-cgu.0.rcgu.o:(main::keccak256256test_witness::h5c9e07a71fd7d12f)
[INFO] [stdout]           
[INFO] [stdout]           rust-lld: error: undefined symbol: keccak256256test_readSharedRWMemory
[INFO] [stdout]           >>> referenced by lib.rs:42 (src/lib.rs:42)
[INFO] [stdout]           >>>               /opt/rustwide/target/debug/deps/main-b5d8e0e51711eddf.main.ef9c970d3d757bc5-cgu.0.rcgu.o:(main::keccak256256test_witness::h5c9e07a71fd7d12f)
[INFO] [stdout]           >>> referenced by lib.rs:76 (src/lib.rs:76)
[INFO] [stdout]           >>>               /opt/rustwide/target/debug/deps/main-b5d8e0e51711eddf.main.ef9c970d3d757bc5-cgu.0.rcgu.o:(main::keccak256256test_witness::h5c9e07a71fd7d12f)
[INFO] [stdout]           
[INFO] [stdout]           rust-lld: error: undefined symbol: keccak256256test_getWitnessSize
[INFO] [stdout]           >>> referenced by lib.rs:70 (src/lib.rs:70)
[INFO] [stdout]           >>>               /opt/rustwide/target/debug/deps/main-b5d8e0e51711eddf.main.ef9c970d3d757bc5-cgu.0.rcgu.o:(main::keccak256256test_witness::h5c9e07a71fd7d12f)
[INFO] [stdout]           
[INFO] [stdout]           rust-lld: error: undefined symbol: keccak256256testFreeInstance
[INFO] [stdout]           >>> referenced by lib.rs:82 (src/lib.rs:82)
[INFO] [stdout]           >>>               /opt/rustwide/target/debug/deps/main-b5d8e0e51711eddf.main.ef9c970d3d757bc5-cgu.0.rcgu.o:(main::keccak256256test_witness::h5c9e07a71fd7d12f)
[INFO] [stdout]           
[INFO] [stdout]           rust-lld: error: undefined symbol: keccak256256test_getWitness
[INFO] [stdout]           >>> referenced by lib.rs:72 (src/lib.rs:72)
[INFO] [stdout]           >>>               /opt/rustwide/target/debug/deps/main-b5d8e0e51711eddf.main.ef9c970d3d757bc5-cgu.0.rcgu.o:(main::keccak256256test_witness::h5c9e07a71fd7d12f)
[INFO] [stdout]           
[INFO] [stdout]           rust-lld: error: undefined symbol: keccak256256test_setInputSignal
[INFO] [stdout]           >>> referenced by lib.rs:64 (src/lib.rs:64)
[INFO] [stdout]           >>>               /opt/rustwide/target/debug/deps/main-b5d8e0e51711eddf.main.ef9c970d3d757bc5-cgu.0.rcgu.o:(main::keccak256256test_witness::h5c9e07a71fd7d12f)
[INFO] [stdout]           
[INFO] [stdout]           rust-lld: error: undefined symbol: keccak256256test_writeSharedRWMemory
[INFO] [stdout]           >>> referenced by lib.rs:58 (src/lib.rs:58)
[INFO] [stdout]           >>>               /opt/rustwide/target/debug/deps/main-b5d8e0e51711eddf.main.ef9c970d3d757bc5-cgu.0.rcgu.o:(main::keccak256256test_witness::h5c9e07a71fd7d12f)
[INFO] [stdout]           
[INFO] [stdout]           rust-lld: error: undefined symbol: multiplier2Instantiate
[INFO] [stdout]           >>> referenced by lib.rs:34 (src/lib.rs:34)
[INFO] [stdout]           >>>               /opt/rustwide/target/debug/deps/main-b5d8e0e51711eddf.main.ef9c970d3d757bc5-cgu.0.rcgu.o:(main::multiplier2_witness::hf40b2d69d45d5c36)
[INFO] [stdout]           
[INFO] [stdout]           rust-lld: error: undefined symbol: multiplier2_getFieldNumLen32
[INFO] [stdout]           >>> referenced by lib.rs:38 (src/lib.rs:38)
[INFO] [stdout]           >>>               /opt/rustwide/target/debug/deps/main-b5d8e0e51711eddf.main.ef9c970d3d757bc5-cgu.0.rcgu.o:(main::multiplier2_witness::hf40b2d69d45d5c36)
[INFO] [stdout]           
[INFO] [stdout]           rust-lld: error: undefined symbol: multiplier2_getRawPrime
[INFO] [stdout]           >>> referenced by lib.rs:39 (src/lib.rs:39)
[INFO] [stdout]           >>>               /opt/rustwide/target/debug/deps/main-b5d8e0e51711eddf.main.ef9c970d3d757bc5-cgu.0.rcgu.o:(main::multiplier2_witness::hf40b2d69d45d5c36)
[INFO] [stdout]           
[INFO] [stdout]           rust-lld: error: undefined symbol: multiplier2_init
[INFO] [stdout]           >>> referenced by lib.rs:49 (src/lib.rs:49)
[INFO] [stdout]           >>>               /opt/rustwide/target/debug/deps/main-b5d8e0e51711eddf.main.ef9c970d3d757bc5-cgu.0.rcgu.o:(main::multiplier2_witness::hf40b2d69d45d5c36)
[INFO] [stdout]           
[INFO] [stdout]           rust-lld: error: undefined symbol: multiplier2_readSharedRWMemory
[INFO] [stdout]           >>> referenced by lib.rs:42 (src/lib.rs:42)
[INFO] [stdout]           >>>               /opt/rustwide/target/debug/deps/main-b5d8e0e51711eddf.main.ef9c970d3d757bc5-cgu.0.rcgu.o:(main::multiplier2_witness::hf40b2d69d45d5c36)
[INFO] [stdout]           >>> referenced by lib.rs:76 (src/lib.rs:76)
[INFO] [stdout]           >>>               /opt/rustwide/target/debug/deps/main-b5d8e0e51711eddf.main.ef9c970d3d757bc5-cgu.0.rcgu.o:(main::multiplier2_witness::hf40b2d69d45d5c36)
[INFO] [stdout]           
[INFO] [stdout]           rust-lld: error: undefined symbol: multiplier2_getWitnessSize
[INFO] [stdout]           >>> referenced by lib.rs:70 (src/lib.rs:70)
[INFO] [stdout]           >>>               /opt/rustwide/target/debug/deps/main-b5d8e0e51711eddf.main.ef9c970d3d757bc5-cgu.0.rcgu.o:(main::multiplier2_witness::hf40b2d69d45d5c36)
[INFO] [stdout]           
[INFO] [stdout]           rust-lld: error: undefined symbol: multiplier2FreeInstance
[INFO] [stdout]           >>> referenced by lib.rs:82 (src/lib.rs:82)
[INFO] [stdout]           >>>               /opt/rustwide/target/debug/deps/main-b5d8e0e51711eddf.main.ef9c970d3d757bc5-cgu.0.rcgu.o:(main::multiplier2_witness::hf40b2d69d45d5c36)
[INFO] [stdout]           
[INFO] [stdout]           rust-lld: error: too many errors emitted, stopping now (use --error-limit=0 to see all errors)
[INFO] [stdout]           collect2: error: ld returned 1 exit status
[INFO] [stdout]           
[INFO] [stdout] 
[INFO] [stdout] 
[INFO] [stderr] error: could not compile `rust-witness` (test "main") due to 1 previous error
[INFO] running `Command { std: "docker" "inspect" "44ea910e65e02a31289503e13cc11561af976b45e93b3f3bdfc08d98a04a0a8c", kill_on_drop: false }`
[INFO] running `Command { std: "docker" "rm" "-f" "44ea910e65e02a31289503e13cc11561af976b45e93b3f3bdfc08d98a04a0a8c", kill_on_drop: false }`
[INFO] [stdout] 44ea910e65e02a31289503e13cc11561af976b45e93b3f3bdfc08d98a04a0a8c
