[INFO] fetching crate rust-ukf 0.1.0...
[INFO] testing rust-ukf-0.1.0 against nightly-2024-10-28+rustflags=-Zrandomize-layout for randomize-layout
[INFO] extracting crate rust-ukf 0.1.0 into /workspace/builds/worker-2-tc2/source
[INFO] validating manifest of crates.io crate rust-ukf 0.1.0 on toolchain nightly-2024-10-28
[INFO] running `Command { std: CARGO_HOME="/workspace/cargo-home" RUSTUP_HOME="/workspace/rustup-home" "/workspace/cargo-home/bin/cargo" "+nightly-2024-10-28" "metadata" "--manifest-path" "Cargo.toml" "--no-deps", kill_on_drop: false }`
[INFO] started tweaking crates.io crate rust-ukf 0.1.0
[INFO] finished tweaking crates.io crate rust-ukf 0.1.0
[INFO] tweaked toml for crates.io crate rust-ukf 0.1.0 written to /workspace/builds/worker-2-tc2/source/Cargo.toml
[INFO] crate crates.io crate rust-ukf 0.1.0 already has a lockfile, it will not be regenerated
[INFO] running `Command { std: CARGO_HOME="/workspace/cargo-home" RUSTUP_HOME="/workspace/rustup-home" "/workspace/cargo-home/bin/cargo" "+nightly-2024-10-28" "fetch" "--manifest-path" "Cargo.toml", kill_on_drop: false }`
[INFO] running `Command { std: "docker" "create" "-v" "/var/lib/crater-agent-workspace/builds/worker-2-tc2/target:/opt/rustwide/target:rw,Z" "-v" "/var/lib/crater-agent-workspace/builds/worker-2-tc2/source:/opt/rustwide/workdir:ro,Z" "-v" "/var/lib/crater-agent-workspace/cargo-home:/opt/rustwide/cargo-home:ro,Z" "-v" "/var/lib/crater-agent-workspace/rustup-home:/opt/rustwide/rustup-home:ro,Z" "-e" "SOURCE_DIR=/opt/rustwide/workdir" "-e" "CARGO_TARGET_DIR=/opt/rustwide/target" "-e" "CARGO_HOME=/opt/rustwide/cargo-home" "-e" "RUSTUP_HOME=/opt/rustwide/rustup-home" "-w" "/opt/rustwide/workdir" "-m" "1610612736" "--user" "0:0" "--network" "none" "ghcr.io/rust-lang/crates-build-env/linux@sha256:4a844ea9eb2546a2d2c7022eacef16ef2e8229c7fbb2c7d4d55a9ceca922f72d" "/opt/rustwide/cargo-home/bin/cargo" "+nightly-2024-10-28" "metadata" "--no-deps" "--format-version=1", kill_on_drop: false }`
[INFO] [stdout] 6a059f513b8fa4bbca5b03417a2d4db57911f31b02ff64301c2a24297fc8a732
[INFO] running `Command { std: "docker" "start" "-a" "6a059f513b8fa4bbca5b03417a2d4db57911f31b02ff64301c2a24297fc8a732", kill_on_drop: false }`
[INFO] running `Command { std: "docker" "inspect" "6a059f513b8fa4bbca5b03417a2d4db57911f31b02ff64301c2a24297fc8a732", kill_on_drop: false }`
[INFO] running `Command { std: "docker" "rm" "-f" "6a059f513b8fa4bbca5b03417a2d4db57911f31b02ff64301c2a24297fc8a732", kill_on_drop: false }`
[INFO] [stdout] 6a059f513b8fa4bbca5b03417a2d4db57911f31b02ff64301c2a24297fc8a732
[INFO] running `Command { std: "docker" "create" "-v" "/var/lib/crater-agent-workspace/builds/worker-2-tc2/target:/opt/rustwide/target:rw,Z" "-v" "/var/lib/crater-agent-workspace/builds/worker-2-tc2/source:/opt/rustwide/workdir:ro,Z" "-v" "/var/lib/crater-agent-workspace/cargo-home:/opt/rustwide/cargo-home:ro,Z" "-v" "/var/lib/crater-agent-workspace/rustup-home:/opt/rustwide/rustup-home:ro,Z" "-e" "SOURCE_DIR=/opt/rustwide/workdir" "-e" "CARGO_TARGET_DIR=/opt/rustwide/target" "-e" "CARGO_INCREMENTAL=0" "-e" "RUST_BACKTRACE=full" "-e" "RUSTFLAGS=--cap-lints=forbid -Zrandomize-layout" "-e" "RUSTDOCFLAGS=--cap-lints=forbid" "-e" "CARGO_HOME=/opt/rustwide/cargo-home" "-e" "RUSTUP_HOME=/opt/rustwide/rustup-home" "-w" "/opt/rustwide/workdir" "-m" "1610612736" "--user" "0:0" "--network" "none" "ghcr.io/rust-lang/crates-build-env/linux@sha256:4a844ea9eb2546a2d2c7022eacef16ef2e8229c7fbb2c7d4d55a9ceca922f72d" "/opt/rustwide/cargo-home/bin/cargo" "+nightly-2024-10-28" "build" "--frozen" "--message-format=json", kill_on_drop: false }`
[INFO] [stdout] a987609c69ae2fd00f14074f92abf80bbfe7f82db7f1ff016cb35cd124839273
[INFO] running `Command { std: "docker" "start" "-a" "a987609c69ae2fd00f14074f92abf80bbfe7f82db7f1ff016cb35cd124839273", kill_on_drop: false }`
[INFO] [stderr]    Compiling num-traits v0.2.15
[INFO] [stderr]    Compiling proc-macro2 v1.0.43
[INFO] [stderr]    Compiling unicode-ident v1.0.3
[INFO] [stderr]    Compiling num-integer v0.1.45
[INFO] [stderr]    Compiling bytemuck v1.12.1
[INFO] [stderr]    Compiling syn v1.0.99
[INFO] [stderr]    Compiling num-rational v0.4.1
[INFO] [stderr]    Compiling typenum v1.15.0
[INFO] [stderr]    Compiling rawpointer v0.2.1
[INFO] [stderr]    Compiling paste v1.0.9
[INFO] [stderr]    Compiling matrixmultiply v0.3.2
[INFO] [stderr]    Compiling safe_arch v0.6.0
[INFO] [stderr]    Compiling wide v0.7.4
[INFO] [stderr]    Compiling quote v1.0.21
[INFO] [stderr]    Compiling num-complex v0.4.2
[INFO] [stderr]    Compiling approx v0.5.1
[INFO] [stderr]    Compiling simba v0.7.2
[INFO] [stderr]    Compiling nalgebra-macros v0.1.0
[INFO] [stderr]    Compiling nalgebra v0.30.1
[INFO] [stderr]    Compiling rust-ukf v0.1.0 (/opt/rustwide/workdir)
[INFO] [stdout] warning: the feature `generic_const_exprs` is incomplete and may not be safe to use and/or cause compiler crashes
[INFO] [stdout]   --> src/lib.rs:14:12
[INFO] [stdout]    |
[INFO] [stdout] 14 | #![feature(generic_const_exprs)]
[INFO] [stdout]    |            ^^^^^^^^^^^^^^^^^^^
[INFO] [stdout]    |
[INFO] [stdout]    = note: see issue #76560 <https://github.com/rust-lang/rust/issues/76560> for more information
[INFO] [stdout]    = note: `#[warn(incomplete_features)]` on by default
[INFO] [stdout] 
[INFO] [stdout] 
[INFO] [stderr]     Finished `dev` profile [unoptimized + debuginfo] target(s) in 9.77s
[INFO] running `Command { std: "docker" "inspect" "a987609c69ae2fd00f14074f92abf80bbfe7f82db7f1ff016cb35cd124839273", kill_on_drop: false }`
[INFO] running `Command { std: "docker" "rm" "-f" "a987609c69ae2fd00f14074f92abf80bbfe7f82db7f1ff016cb35cd124839273", kill_on_drop: false }`
[INFO] [stdout] a987609c69ae2fd00f14074f92abf80bbfe7f82db7f1ff016cb35cd124839273
[INFO] running `Command { std: "docker" "create" "-v" "/var/lib/crater-agent-workspace/builds/worker-2-tc2/target:/opt/rustwide/target:rw,Z" "-v" "/var/lib/crater-agent-workspace/builds/worker-2-tc2/source:/opt/rustwide/workdir:ro,Z" "-v" "/var/lib/crater-agent-workspace/cargo-home:/opt/rustwide/cargo-home:ro,Z" "-v" "/var/lib/crater-agent-workspace/rustup-home:/opt/rustwide/rustup-home:ro,Z" "-e" "SOURCE_DIR=/opt/rustwide/workdir" "-e" "CARGO_TARGET_DIR=/opt/rustwide/target" "-e" "CARGO_INCREMENTAL=0" "-e" "RUST_BACKTRACE=full" "-e" "RUSTFLAGS=--cap-lints=forbid -Zrandomize-layout" "-e" "RUSTDOCFLAGS=--cap-lints=forbid" "-e" "CARGO_HOME=/opt/rustwide/cargo-home" "-e" "RUSTUP_HOME=/opt/rustwide/rustup-home" "-w" "/opt/rustwide/workdir" "-m" "1610612736" "--user" "0:0" "--network" "none" "ghcr.io/rust-lang/crates-build-env/linux@sha256:4a844ea9eb2546a2d2c7022eacef16ef2e8229c7fbb2c7d4d55a9ceca922f72d" "/opt/rustwide/cargo-home/bin/cargo" "+nightly-2024-10-28" "test" "--frozen" "--no-run" "--message-format=json", kill_on_drop: false }`
[INFO] [stdout] 5324132f39148374d0ea76adf5eca782a8fdcd140a20ea406bf2f0a69c2ebc36
[INFO] running `Command { std: "docker" "start" "-a" "5324132f39148374d0ea76adf5eca782a8fdcd140a20ea406bf2f0a69c2ebc36", kill_on_drop: false }`
[INFO] [stderr]    Compiling libm v0.2.5
[INFO] [stderr]    Compiling num-traits v0.2.15
[INFO] [stderr]    Compiling libc v0.2.132
[INFO] [stderr]    Compiling ppv-lite86 v0.2.16
[INFO] [stderr]    Compiling thiserror-impl v1.0.34
[INFO] [stderr]    Compiling getrandom v0.2.7
[INFO] [stderr]    Compiling thiserror v1.0.34
[INFO] [stderr]    Compiling rand_core v0.6.3
[INFO] [stderr]    Compiling rand_chacha v0.3.1
[INFO] [stderr]    Compiling rand v0.8.5
[INFO] [stderr]    Compiling approx v0.5.1
[INFO] [stderr]    Compiling num-complex v0.4.2
[INFO] [stderr]    Compiling num-integer v0.1.45
[INFO] [stderr]    Compiling num-rational v0.4.1
[INFO] [stderr]    Compiling simba v0.7.2
[INFO] [stderr]    Compiling simba v0.5.1
[INFO] [stderr]    Compiling rand_distr v0.4.3
[INFO] [stderr]    Compiling nalgebra v0.27.1
[INFO] [stderr]    Compiling nalgebra v0.31.1
[INFO] [stderr]    Compiling nalgebra v0.30.1
[INFO] [stderr]    Compiling ode_solvers v0.3.7
[INFO] [stderr]    Compiling statrs v0.15.0
[INFO] [stderr]    Compiling rust-ukf v0.1.0 (/opt/rustwide/workdir)
[INFO] [stdout] warning: the feature `generic_const_exprs` is incomplete and may not be safe to use and/or cause compiler crashes
[INFO] [stdout]   --> src/lib.rs:14:12
[INFO] [stdout]    |
[INFO] [stdout] 14 | #![feature(generic_const_exprs)]
[INFO] [stdout]    |            ^^^^^^^^^^^^^^^^^^^
[INFO] [stdout]    |
[INFO] [stdout]    = note: see issue #76560 <https://github.com/rust-lang/rust/issues/76560> for more information
[INFO] [stdout]    = note: `#[warn(incomplete_features)]` on by default
[INFO] [stdout] 
[INFO] [stdout] 
[INFO] [stdout] error[E0432]: unresolved import `ukf`
[INFO] [stdout]   --> examples/db_integrator_vis.rs:10:5
[INFO] [stdout]    |
[INFO] [stdout] 10 | use ukf::{Control, Covariance, Output, State, UnscentedKalmanFilter};
[INFO] [stdout]    |     ^^^ use of undeclared crate or module `ukf`
[INFO] [stdout] 
[INFO] [stdout] 
[INFO] [stdout] warning: the feature `generic_const_exprs` is incomplete and may not be safe to use and/or cause compiler crashes
[INFO] [stdout]   --> src/lib.rs:14:12
[INFO] [stdout]    |
[INFO] [stdout] 14 | #![feature(generic_const_exprs)]
[INFO] [stdout]    |            ^^^^^^^^^^^^^^^^^^^
[INFO] [stdout]    |
[INFO] [stdout]    = note: see issue #76560 <https://github.com/rust-lang/rust/issues/76560> for more information
[INFO] [stdout]    = note: `#[warn(incomplete_features)]` on by default
[INFO] [stdout] 
[INFO] [stdout] 
[INFO] [stdout] error[E0277]: the trait bound `DoubleIntegratorWithViscosity: ode_solvers::System<nalgebra::base::matrix::Matrix<_, _, nalgebra::base::dimension::Const<1>, _>>` is not satisfied
[INFO] [stdout]   --> examples/db_integrator_vis.rs:99:39
[INFO] [stdout]    |
[INFO] [stdout] 99 |         let mut stepper = Dop853::new(*self, 0.0, *dt, *dt, *x, 1e-4, 1e-4);
[INFO] [stdout]    |                           ----------- ^^^^^ the trait `ode_solvers::System<nalgebra::base::matrix::Matrix<_, _, nalgebra::base::dimension::Const<1>, _>>` is not implemented for `DoubleIntegratorWithViscosity`
[INFO] [stdout]    |                           |
[INFO] [stdout]    |                           required by a bound introduced by this call
[INFO] [stdout]    |
[INFO] [stdout] note: required by a bound in `ode_solvers::Dop853::<nalgebra::base::matrix::Matrix<T, D, nalgebra::base::dimension::Const<1>, <nalgebra::base::default_allocator::DefaultAllocator as nalgebra::base::allocator::Allocator<T, D>>::Buffer>, F>::new`
[INFO] [stdout]   --> /opt/rustwide/cargo-home/registry/src/index.crates.io-6f17d22bba15001f/ode_solvers-0.3.7/src/dop853.rs:54:8
[INFO] [stdout]    |
[INFO] [stdout] 54 |     F: System<OVector<T, D>>,
[INFO] [stdout]    |        ^^^^^^^^^^^^^^^^^^^^^ required by this bound in `Dop853::<Matrix<T, D, Const<1>, <DefaultAllocator as Allocator<T, D>>::Buffer>, F>::new`
[INFO] [stdout] ...
[INFO] [stdout] 69 |     pub fn new(f: F, x: f64, x_end: f64, dx: f64, y: OVector<T, D>, rtol: f64, atol: f64) -> Self {
[INFO] [stdout]    |            --- required by a bound in this associated function
[INFO] [stdout] 
[INFO] [stdout] 
[INFO] [stdout] error[E0277]: the trait bound `DoubleIntegratorWithViscosity: ode_solvers::System<nalgebra::base::matrix::Matrix<_, _, nalgebra::base::dimension::Const<1>, _>>` is not satisfied
[INFO] [stdout]   --> examples/db_integrator_vis.rs:99:27
[INFO] [stdout]    |
[INFO] [stdout] 99 |         let mut stepper = Dop853::new(*self, 0.0, *dt, *dt, *x, 1e-4, 1e-4);
[INFO] [stdout]    |                           ^^^^^^ the trait `ode_solvers::System<nalgebra::base::matrix::Matrix<_, _, nalgebra::base::dimension::Const<1>, _>>` is not implemented for `DoubleIntegratorWithViscosity`
[INFO] [stdout]    |
[INFO] [stdout] note: required by a bound in `ode_solvers::Dop853`
[INFO] [stdout]   --> /opt/rustwide/cargo-home/registry/src/index.crates.io-6f17d22bba15001f/ode_solvers-0.3.7/src/dop853.rs:24:8
[INFO] [stdout]    |
[INFO] [stdout] 22 | pub struct Dop853<V, F>
[INFO] [stdout]    |            ------ required by a bound in this struct
[INFO] [stdout] 23 | where
[INFO] [stdout] 24 |     F: System<V>,
[INFO] [stdout]    |        ^^^^^^^^^ required by this bound in `Dop853`
[INFO] [stdout] 
[INFO] [stdout] 
[INFO] [stdout] error[E0277]: the trait bound `DoubleIntegratorWithViscosity: ode_solvers::System<nalgebra::base::matrix::Matrix<_, _, nalgebra::base::dimension::Const<1>, _>>` is not satisfied
[INFO] [stdout]   --> examples/db_integrator_vis.rs:99:27
[INFO] [stdout]    |
[INFO] [stdout] 99 |         let mut stepper = Dop853::new(*self, 0.0, *dt, *dt, *x, 1e-4, 1e-4);
[INFO] [stdout]    |                           ^^^^^^^^^^^^^^^^^^^^^^^^^^^^^^^^^^^^^^^^^^^^^^^^^ the trait `ode_solvers::System<nalgebra::base::matrix::Matrix<_, _, nalgebra::base::dimension::Const<1>, _>>` is not implemented for `DoubleIntegratorWithViscosity`
[INFO] [stdout]    |
[INFO] [stdout] note: required by a bound in `ode_solvers::Dop853`
[INFO] [stdout]   --> /opt/rustwide/cargo-home/registry/src/index.crates.io-6f17d22bba15001f/ode_solvers-0.3.7/src/dop853.rs:24:8
[INFO] [stdout]    |
[INFO] [stdout] 22 | pub struct Dop853<V, F>
[INFO] [stdout]    |            ------ required by a bound in this struct
[INFO] [stdout] 23 | where
[INFO] [stdout] 24 |     F: System<V>,
[INFO] [stdout]    |        ^^^^^^^^^ required by this bound in `Dop853`
[INFO] [stdout] 
[INFO] [stdout] 
[INFO] [stdout] error[E0599]: the method `integrate` exists for struct `Dop853<Matrix<_, _, Const<1>, _>, DoubleIntegratorWithViscosity>`, but its trait bounds were not satisfied
[INFO] [stdout]    --> examples/db_integrator_vis.rs:100:27
[INFO] [stdout]     |
[INFO] [stdout] 67  | struct DoubleIntegratorWithViscosity {
[INFO] [stdout]     | ------------------------------------ doesn't satisfy `DoubleIntegratorWithViscosity: Sized` or `_: System<Matrix<_, _, Const<1>, _>>`
[INFO] [stdout] ...
[INFO] [stdout] 100 |         let res = stepper.integrate();
[INFO] [stdout]     |                           ^^^^^^^^^ method cannot be called due to unsatisfied trait bounds
[INFO] [stdout]     |
[INFO] [stdout]     = note: the following trait bounds were not satisfied:
[INFO] [stdout]             `DoubleIntegratorWithViscosity: ode_solvers::System<nalgebra::base::matrix::Matrix<_, _, nalgebra::base::dimension::Const<1>, _>>`
[INFO] [stdout]             `{type error}: Sized`
[INFO] [stdout]             which is required by `DoubleIntegratorWithViscosity: Sized`
[INFO] [stdout] note: the trait `ode_solvers::System` must be implemented
[INFO] [stdout]    --> /opt/rustwide/cargo-home/registry/src/index.crates.io-6f17d22bba15001f/ode_solvers-0.3.7/src/dop_shared.rs:7:1
[INFO] [stdout]     |
[INFO] [stdout] 7   | pub trait System<V> {
[INFO] [stdout]     | ^^^^^^^^^^^^^^^^^^^
[INFO] [stdout] 
[INFO] [stdout] 
[INFO] [stdout] error[E0599]: the method `y_out` exists for struct `Dop853<Matrix<_, _, Const<1>, _>, DoubleIntegratorWithViscosity>`, but its trait bounds were not satisfied
[INFO] [stdout]    --> examples/db_integrator_vis.rs:105:26
[INFO] [stdout]     |
[INFO] [stdout] 67  | struct DoubleIntegratorWithViscosity {
[INFO] [stdout]     | ------------------------------------ doesn't satisfy `DoubleIntegratorWithViscosity: Sized` or `_: System<Matrix<_, _, Const<1>, _>>`
[INFO] [stdout] ...
[INFO] [stdout] 105 |                 *stepper.y_out().last().unwrap()
[INFO] [stdout]     |                          ^^^^^ private field, not a method
[INFO] [stdout]     |
[INFO] [stdout]     = note: the following trait bounds were not satisfied:
[INFO] [stdout]             `DoubleIntegratorWithViscosity: ode_solvers::System<nalgebra::base::matrix::Matrix<_, _, nalgebra::base::dimension::Const<1>, _>>`
[INFO] [stdout]             `{type error}: Sized`
[INFO] [stdout]             which is required by `DoubleIntegratorWithViscosity: Sized`
[INFO] [stdout] note: the trait `ode_solvers::System` must be implemented
[INFO] [stdout]    --> /opt/rustwide/cargo-home/registry/src/index.crates.io-6f17d22bba15001f/ode_solvers-0.3.7/src/dop_shared.rs:7:1
[INFO] [stdout]     |
[INFO] [stdout] 7   | pub trait System<V> {
[INFO] [stdout]     | ^^^^^^^^^^^^^^^^^^^
[INFO] [stdout] 
[INFO] [stdout] 
[INFO] [stdout] Some errors have detailed explanations: E0277, E0432, E0599.
[INFO] [stdout] 
[INFO] [stdout] For more information about an error, try `rustc --explain E0277`.
[INFO] [stdout] 
[INFO] [stderr] error: could not compile `rust-ukf` (example "db_integrator_vis") due to 6 previous errors
[INFO] [stderr] warning: build failed, waiting for other jobs to finish...
[INFO] running `Command { std: "docker" "inspect" "5324132f39148374d0ea76adf5eca782a8fdcd140a20ea406bf2f0a69c2ebc36", kill_on_drop: false }`
[INFO] running `Command { std: "docker" "rm" "-f" "5324132f39148374d0ea76adf5eca782a8fdcd140a20ea406bf2f0a69c2ebc36", kill_on_drop: false }`
[INFO] [stdout] 5324132f39148374d0ea76adf5eca782a8fdcd140a20ea406bf2f0a69c2ebc36
