[INFO] fetching crate rust-regex-dsl_derive 0.1.8...
[INFO] testing rust-regex-dsl_derive-0.1.8 against nightly-2024-10-28 for randomize-layout
[INFO] extracting crate rust-regex-dsl_derive 0.1.8 into /workspace/builds/worker-6-tc1/source
[INFO] validating manifest of crates.io crate rust-regex-dsl_derive 0.1.8 on toolchain nightly-2024-10-28
[INFO] running `Command { std: CARGO_HOME="/workspace/cargo-home" RUSTUP_HOME="/workspace/rustup-home" "/workspace/cargo-home/bin/cargo" "+nightly-2024-10-28" "metadata" "--manifest-path" "Cargo.toml" "--no-deps", kill_on_drop: false }`
[INFO] started tweaking crates.io crate rust-regex-dsl_derive 0.1.8
[INFO] removed 0 missing tests
[INFO] finished tweaking crates.io crate rust-regex-dsl_derive 0.1.8
[INFO] tweaked toml for crates.io crate rust-regex-dsl_derive 0.1.8 written to /workspace/builds/worker-6-tc1/source/Cargo.toml
[INFO] running `Command { std: CARGO_HOME="/workspace/cargo-home" RUSTUP_HOME="/workspace/rustup-home" "/workspace/cargo-home/bin/cargo" "+nightly-2024-10-28" "generate-lockfile" "--manifest-path" "Cargo.toml", kill_on_drop: false }`
[INFO] [stderr]     Updating crates.io index
[INFO] [stderr]      Locking 41 packages to latest compatible versions
[INFO] running `Command { std: CARGO_HOME="/workspace/cargo-home" RUSTUP_HOME="/workspace/rustup-home" "/workspace/cargo-home/bin/cargo" "+nightly-2024-10-28" "fetch" "--manifest-path" "Cargo.toml", kill_on_drop: false }`
[INFO] running `Command { std: "docker" "create" "-v" "/var/lib/crater-agent-workspace/builds/worker-6-tc1/target:/opt/rustwide/target:rw,Z" "-v" "/var/lib/crater-agent-workspace/builds/worker-6-tc1/source:/opt/rustwide/workdir:ro,Z" "-v" "/var/lib/crater-agent-workspace/cargo-home:/opt/rustwide/cargo-home:ro,Z" "-v" "/var/lib/crater-agent-workspace/rustup-home:/opt/rustwide/rustup-home:ro,Z" "-e" "SOURCE_DIR=/opt/rustwide/workdir" "-e" "CARGO_TARGET_DIR=/opt/rustwide/target" "-e" "CARGO_HOME=/opt/rustwide/cargo-home" "-e" "RUSTUP_HOME=/opt/rustwide/rustup-home" "-w" "/opt/rustwide/workdir" "-m" "1610612736" "--user" "0:0" "--network" "none" "ghcr.io/rust-lang/crates-build-env/linux@sha256:4a844ea9eb2546a2d2c7022eacef16ef2e8229c7fbb2c7d4d55a9ceca922f72d" "/opt/rustwide/cargo-home/bin/cargo" "+nightly-2024-10-28" "metadata" "--no-deps" "--format-version=1", kill_on_drop: false }`
[INFO] [stdout] f5f6f9361d738884f80825b229d951eebd35d7b5c4c73c008f1554491b57190f
[INFO] running `Command { std: "docker" "start" "-a" "f5f6f9361d738884f80825b229d951eebd35d7b5c4c73c008f1554491b57190f", kill_on_drop: false }`
[INFO] running `Command { std: "docker" "inspect" "f5f6f9361d738884f80825b229d951eebd35d7b5c4c73c008f1554491b57190f", kill_on_drop: false }`
[INFO] running `Command { std: "docker" "rm" "-f" "f5f6f9361d738884f80825b229d951eebd35d7b5c4c73c008f1554491b57190f", kill_on_drop: false }`
[INFO] [stdout] f5f6f9361d738884f80825b229d951eebd35d7b5c4c73c008f1554491b57190f
[INFO] running `Command { std: "docker" "create" "-v" "/var/lib/crater-agent-workspace/builds/worker-6-tc1/target:/opt/rustwide/target:rw,Z" "-v" "/var/lib/crater-agent-workspace/builds/worker-6-tc1/source:/opt/rustwide/workdir:ro,Z" "-v" "/var/lib/crater-agent-workspace/cargo-home:/opt/rustwide/cargo-home:ro,Z" "-v" "/var/lib/crater-agent-workspace/rustup-home:/opt/rustwide/rustup-home:ro,Z" "-e" "SOURCE_DIR=/opt/rustwide/workdir" "-e" "CARGO_TARGET_DIR=/opt/rustwide/target" "-e" "CARGO_INCREMENTAL=0" "-e" "RUST_BACKTRACE=full" "-e" "RUSTFLAGS=--cap-lints=forbid" "-e" "RUSTDOCFLAGS=--cap-lints=forbid" "-e" "CARGO_HOME=/opt/rustwide/cargo-home" "-e" "RUSTUP_HOME=/opt/rustwide/rustup-home" "-w" "/opt/rustwide/workdir" "-m" "1610612736" "--user" "0:0" "--network" "none" "ghcr.io/rust-lang/crates-build-env/linux@sha256:4a844ea9eb2546a2d2c7022eacef16ef2e8229c7fbb2c7d4d55a9ceca922f72d" "/opt/rustwide/cargo-home/bin/cargo" "+nightly-2024-10-28" "build" "--frozen" "--message-format=json", kill_on_drop: false }`
[INFO] [stdout] 6e25a8442ee47d1f21b01213d96ac8dcabd9e24a5c989db7dff6cf9acf8656fd
[INFO] running `Command { std: "docker" "start" "-a" "6e25a8442ee47d1f21b01213d96ac8dcabd9e24a5c989db7dff6cf9acf8656fd", kill_on_drop: false }`
[INFO] [stderr]    Compiling unicode-segmentation v1.12.0
[INFO] [stderr]    Compiling either v1.13.0
[INFO] [stderr]    Compiling syn v2.0.86
[INFO] [stderr]    Compiling itertools v0.13.0
[INFO] [stderr]    Compiling convert_case v0.6.0
[INFO] [stderr]    Compiling rust-regex-dsl_derive v0.1.8 (/opt/rustwide/workdir)
[INFO] [stderr]     Finished `dev` profile [unoptimized + debuginfo] target(s) in 4.06s
[INFO] running `Command { std: "docker" "inspect" "6e25a8442ee47d1f21b01213d96ac8dcabd9e24a5c989db7dff6cf9acf8656fd", kill_on_drop: false }`
[INFO] running `Command { std: "docker" "rm" "-f" "6e25a8442ee47d1f21b01213d96ac8dcabd9e24a5c989db7dff6cf9acf8656fd", kill_on_drop: false }`
[INFO] [stdout] 6e25a8442ee47d1f21b01213d96ac8dcabd9e24a5c989db7dff6cf9acf8656fd
[INFO] running `Command { std: "docker" "create" "-v" "/var/lib/crater-agent-workspace/builds/worker-6-tc1/target:/opt/rustwide/target:rw,Z" "-v" "/var/lib/crater-agent-workspace/builds/worker-6-tc1/source:/opt/rustwide/workdir:ro,Z" "-v" "/var/lib/crater-agent-workspace/cargo-home:/opt/rustwide/cargo-home:ro,Z" "-v" "/var/lib/crater-agent-workspace/rustup-home:/opt/rustwide/rustup-home:ro,Z" "-e" "SOURCE_DIR=/opt/rustwide/workdir" "-e" "CARGO_TARGET_DIR=/opt/rustwide/target" "-e" "CARGO_INCREMENTAL=0" "-e" "RUST_BACKTRACE=full" "-e" "RUSTFLAGS=--cap-lints=forbid" "-e" "RUSTDOCFLAGS=--cap-lints=forbid" "-e" "CARGO_HOME=/opt/rustwide/cargo-home" "-e" "RUSTUP_HOME=/opt/rustwide/rustup-home" "-w" "/opt/rustwide/workdir" "-m" "1610612736" "--user" "0:0" "--network" "none" "ghcr.io/rust-lang/crates-build-env/linux@sha256:4a844ea9eb2546a2d2c7022eacef16ef2e8229c7fbb2c7d4d55a9ceca922f72d" "/opt/rustwide/cargo-home/bin/cargo" "+nightly-2024-10-28" "test" "--frozen" "--no-run" "--message-format=json", kill_on_drop: false }`
[INFO] [stdout] 4cefac93ef7ab12d7680112f8a9265efe4260cac9e4b3ec6d2eb49d2d69b88ea
[INFO] running `Command { std: "docker" "start" "-a" "4cefac93ef7ab12d7680112f8a9265efe4260cac9e4b3ec6d2eb49d2d69b88ea", kill_on_drop: false }`
[INFO] [stderr]    Compiling serde v1.0.214
[INFO] [stderr]    Compiling unicode-ident v1.0.13
[INFO] [stderr]    Compiling proc-macro2 v1.0.89
[INFO] [stderr]    Compiling winnow v0.6.20
[INFO] [stderr]    Compiling target-triple v0.1.3
[INFO] [stderr]    Compiling unicode-segmentation v1.12.0
[INFO] [stderr]    Compiling itertools v0.13.0
[INFO] [stderr]    Compiling glob v0.3.1
[INFO] [stderr]    Compiling convert_case v0.6.0
[INFO] [stderr]    Compiling quote v1.0.37
[INFO] [stderr]    Compiling syn v2.0.86
[INFO] [stderr]    Compiling serde_spanned v0.6.8
[INFO] [stderr]    Compiling toml_datetime v0.6.8
[INFO] [stderr]    Compiling serde_json v1.0.132
[INFO] [stderr]    Compiling toml_edit v0.22.22
[INFO] [stderr]    Compiling serde_derive v1.0.214
[INFO] [stderr]    Compiling rust-regex-dsl_derive v0.1.8 (/opt/rustwide/workdir)
[INFO] [stderr]    Compiling toml v0.8.19
[INFO] [stderr]    Compiling trybuild v1.0.101
[INFO] [stdout] error[E0432]: unresolved import `rust_regex_dsl`
[INFO] [stdout]  --> tests/eq_tests.rs:1:9
[INFO] [stdout]   |
[INFO] [stdout] 1 | pub use rust_regex_dsl::regex_dsl;
[INFO] [stdout]   |         ^^^^^^^^^^^^^^ use of undeclared crate or module `rust_regex_dsl`
[INFO] [stdout] 
[INFO] [stdout] 
[INFO] [stdout] error[E0432]: unresolved import `rust_regex_dsl`
[INFO] [stdout]  --> tests/repeat_tests.rs:1:9
[INFO] [stdout]   |
[INFO] [stdout] 1 | pub use rust_regex_dsl::regex_dsl;
[INFO] [stdout]   |         ^^^^^^^^^^^^^^ use of undeclared crate or module `rust_regex_dsl`
[INFO] [stdout] 
[INFO] [stdout] 
[INFO] [stdout] error[E0432]: unresolved import `rust_regex_dsl`
[INFO] [stdout]  --> tests/any_tests.rs:1:9
[INFO] [stdout]   |
[INFO] [stdout] 1 | pub use rust_regex_dsl::regex_dsl;
[INFO] [stdout]   |         ^^^^^^^^^^^^^^ use of undeclared crate or module `rust_regex_dsl`
[INFO] [stdout] 
[INFO] [stdout] 
[INFO] [stdout] error[E0432]: unresolved import `rust_regex_dsl`
[INFO] [stdout]  --> tests/regex_tests.rs:1:5
[INFO] [stdout]   |
[INFO] [stdout] 1 | use rust_regex_dsl::regex;
[INFO] [stdout]   |     ^^^^^^^^^^^^^^ use of undeclared crate or module `rust_regex_dsl`
[INFO] [stdout] 
[INFO] [stdout] 
[INFO] [stdout] error[E0432]: unresolved import `rust_regex_dsl`
[INFO] [stdout]  --> tests/capture_groups_tests.rs:1:5
[INFO] [stdout]   |
[INFO] [stdout] 1 | use rust_regex_dsl::create_capture;
[INFO] [stdout]   |     ^^^^^^^^^^^^^^ use of undeclared crate or module `rust_regex_dsl`
[INFO] [stdout] 
[INFO] [stdout] 
[INFO] [stdout] error[E0432]: unresolved import `rust_regex_dsl`
[INFO] [stdout]  --> tests/predefined_class.rs:1:9
[INFO] [stdout]   |
[INFO] [stdout] 1 | pub use rust_regex_dsl::regex_dsl;
[INFO] [stdout]   |         ^^^^^^^^^^^^^^ use of undeclared crate or module `rust_regex_dsl`
[INFO] [stdout] 
[INFO] [stdout] 
[INFO] [stdout] error[E0432]: unresolved import `rust_regex_dsl`
[INFO] [stdout]  --> tests/test_any_of.rs:1:9
[INFO] [stdout]   |
[INFO] [stdout] 1 | pub use rust_regex_dsl::regex_dsl;
[INFO] [stdout]   |         ^^^^^^^^^^^^^^ use of undeclared crate or module `rust_regex_dsl`
[INFO] [stdout] 
[INFO] [stdout] 
[INFO] [stdout] For more information about this error, try `rustc --explain E0432`.
[INFO] [stdout] 
[INFO] [stderr] error: could not compile `rust-regex-dsl_derive` (test "regex_tests") due to 1 previous error
[INFO] [stderr] warning: build failed, waiting for other jobs to finish...
[INFO] [stdout] For more information about this error, try `rustc --explain E0432`.
[INFO] [stdout] 
[INFO] [stdout] For more information about this error, try `rustc --explain E0432`.
[INFO] [stdout] 
[INFO] [stdout] For more information about this error, try `rustc --explain E0432`.
[INFO] [stdout] 
[INFO] [stderr] error: could not compile `rust-regex-dsl_derive` (test "eq_tests") due to 1 previous error
[INFO] [stderr] error: could not compile `rust-regex-dsl_derive` (test "repeat_tests") due to 1 previous error
[INFO] [stdout] For more information about this error, try `rustc --explain E0432`.
[INFO] [stdout] 
[INFO] [stderr] error: could not compile `rust-regex-dsl_derive` (test "any_tests") due to 1 previous error
[INFO] [stdout] For more information about this error, try `rustc --explain E0432`.
[INFO] [stdout] 
[INFO] [stderr] error: could not compile `rust-regex-dsl_derive` (test "predefined_class") due to 1 previous error
[INFO] [stderr] error: could not compile `rust-regex-dsl_derive` (test "test_any_of") due to 1 previous error
[INFO] [stdout] error[E0433]: failed to resolve: use of undeclared type `NoGroupName`
[INFO] [stdout]  --> tests/capture_groups_tests.rs:6:15
[INFO] [stdout]   |
[INFO] [stdout] 6 |     let one = NoGroupName::catch("1234,").unwrap();
[INFO] [stdout]   |               ^^^^^^^^^^^ use of undeclared type `NoGroupName`
[INFO] [stdout] 
[INFO] [stdout] 
[INFO] [stdout] error[E0433]: failed to resolve: use of undeclared type `NoGroupName`
[INFO] [stdout]   --> tests/capture_groups_tests.rs:10:15
[INFO] [stdout]    |
[INFO] [stdout] 10 |     let two = NoGroupName::catch("ABC");
[INFO] [stdout]    |               ^^^^^^^^^^^ use of undeclared type `NoGroupName`
[INFO] [stdout] 
[INFO] [stdout] 
[INFO] [stdout] error[E0433]: failed to resolve: use of undeclared type `NoGroupName`
[INFO] [stdout]   --> tests/capture_groups_tests.rs:13:25
[INFO] [stdout]    |
[INFO] [stdout] 13 |     let three: Vec<_> = NoGroupName::catch_all("1,2,3,4,").collect();
[INFO] [stdout]    |                         ^^^^^^^^^^^ use of undeclared type `NoGroupName`
[INFO] [stdout] 
[INFO] [stdout] 
[INFO] [stdout] error[E0433]: failed to resolve: use of undeclared type `ThreeGroups`
[INFO] [stdout]   --> tests/capture_groups_tests.rs:25:15
[INFO] [stdout]    |
[INFO] [stdout] 25 |     let one = ThreeGroups::catch("123abc").unwrap();
[INFO] [stdout]    |               ^^^^^^^^^^^ use of undeclared type `ThreeGroups`
[INFO] [stdout] 
[INFO] [stdout] 
[INFO] [stdout] error[E0433]: failed to resolve: use of undeclared type `ThreeGroups`
[INFO] [stdout]   --> tests/capture_groups_tests.rs:32:15
[INFO] [stdout]    |
[INFO] [stdout] 32 |     let two = ThreeGroups::catch("ABC");
[INFO] [stdout]    |               ^^^^^^^^^^^ use of undeclared type `ThreeGroups`
[INFO] [stdout] 
[INFO] [stdout] 
[INFO] [stdout] error[E0433]: failed to resolve: use of undeclared type `ThreeGroups`
[INFO] [stdout]   --> tests/capture_groups_tests.rs:35:25
[INFO] [stdout]    |
[INFO] [stdout] 35 |     let three: Vec<_> = ThreeGroups::catch_all("1a22bb33cc").collect();
[INFO] [stdout]    |                         ^^^^^^^^^^^ use of undeclared type `ThreeGroups`
[INFO] [stdout] 
[INFO] [stdout] 
[INFO] [stdout] error[E0433]: failed to resolve: use of undeclared type `MyRegexCapture`
[INFO] [stdout]   --> tests/capture_groups_tests.rs:46:15
[INFO] [stdout]    |
[INFO] [stdout] 46 |     let one = MyRegexCapture::catch("one abcd").unwrap();
[INFO] [stdout]    |               ^^^^^^^^^^^^^^ use of undeclared type `MyRegexCapture`
[INFO] [stdout] 
[INFO] [stdout] 
[INFO] [stdout] error[E0433]: failed to resolve: use of undeclared type `MyRegexCapture`
[INFO] [stdout]   --> tests/capture_groups_tests.rs:52:15
[INFO] [stdout]    |
[INFO] [stdout] 52 |     let two = MyRegexCapture::catch("ABC");
[INFO] [stdout]    |               ^^^^^^^^^^^^^^ use of undeclared type `MyRegexCapture`
[INFO] [stdout] 
[INFO] [stdout] 
[INFO] [stdout] error[E0433]: failed to resolve: use of undeclared type `MyRegexCapture`
[INFO] [stdout]   --> tests/capture_groups_tests.rs:55:25
[INFO] [stdout]    |
[INFO] [stdout] 55 |     let three: Vec<_> = MyRegexCapture::catch_all("one a").collect();
[INFO] [stdout]    |                         ^^^^^^^^^^^^^^ use of undeclared type `MyRegexCapture`
[INFO] [stdout] 
[INFO] [stdout] 
[INFO] [stdout] error[E0433]: failed to resolve: use of undeclared type `MyRegexCapture`
[INFO] [stdout]   --> tests/capture_groups_tests.rs:75:15
[INFO] [stdout]    |
[INFO] [stdout] 75 |     let one = MyRegexCapture::catch("Letters ").unwrap();
[INFO] [stdout]    |               ^^^^^^^^^^^^^^ use of undeclared type `MyRegexCapture`
[INFO] [stdout] 
[INFO] [stdout] 
[INFO] [stdout] error[E0433]: failed to resolve: use of undeclared type `MyRegexCapture`
[INFO] [stdout]   --> tests/capture_groups_tests.rs:84:15
[INFO] [stdout]    |
[INFO] [stdout] 84 |     let two = MyRegexCapture::catch("1234").unwrap();
[INFO] [stdout]    |               ^^^^^^^^^^^^^^ use of undeclared type `MyRegexCapture`
[INFO] [stdout] 
[INFO] [stdout] 
[INFO] [stdout] error[E0433]: failed to resolve: use of undeclared type `MyRegexCapture`
[INFO] [stdout]   --> tests/capture_groups_tests.rs:92:25
[INFO] [stdout]    |
[INFO] [stdout] 92 |     let three: Vec<_> = MyRegexCapture::catch_all("abc 1234 def 33").collect();
[INFO] [stdout]    |                         ^^^^^^^^^^^^^^ use of undeclared type `MyRegexCapture`
[INFO] [stdout] 
[INFO] [stdout] 
[INFO] [stdout] error[E0433]: failed to resolve: use of undeclared type `MyRegexCapture`
[INFO] [stdout]    --> tests/capture_groups_tests.rs:103:17
[INFO] [stdout]     |
[INFO] [stdout] 103 |     let regex = MyRegexCapture::regex();
[INFO] [stdout]     |                 ^^^^^^^^^^^^^^ use of undeclared type `MyRegexCapture`
[INFO] [stdout] 
[INFO] [stdout] 
[INFO] [stdout] Some errors have detailed explanations: E0432, E0433.
[INFO] [stdout] 
[INFO] [stdout] For more information about an error, try `rustc --explain E0432`.
[INFO] [stdout] 
[INFO] [stderr] error: could not compile `rust-regex-dsl_derive` (test "capture_groups_tests") due to 14 previous errors
[INFO] running `Command { std: "docker" "inspect" "4cefac93ef7ab12d7680112f8a9265efe4260cac9e4b3ec6d2eb49d2d69b88ea", kill_on_drop: false }`
[INFO] running `Command { std: "docker" "rm" "-f" "4cefac93ef7ab12d7680112f8a9265efe4260cac9e4b3ec6d2eb49d2d69b88ea", kill_on_drop: false }`
[INFO] [stdout] 4cefac93ef7ab12d7680112f8a9265efe4260cac9e4b3ec6d2eb49d2d69b88ea
