[INFO] fetching crate rust-query 0.2.0...
[INFO] testing rust-query-0.2.0 against nightly-2024-10-28+rustflags=-Zrandomize-layout for randomize-layout
[INFO] extracting crate rust-query 0.2.0 into /workspace/builds/worker-2-tc2/source
[INFO] validating manifest of crates.io crate rust-query 0.2.0 on toolchain nightly-2024-10-28
[INFO] running `Command { std: CARGO_HOME="/workspace/cargo-home" RUSTUP_HOME="/workspace/rustup-home" "/workspace/cargo-home/bin/cargo" "+nightly-2024-10-28" "metadata" "--manifest-path" "Cargo.toml" "--no-deps", kill_on_drop: false }`
[INFO] started tweaking crates.io crate rust-query 0.2.0
[INFO] removed 0 missing examples
[INFO] removed 0 missing tests
[INFO] finished tweaking crates.io crate rust-query 0.2.0
[INFO] tweaked toml for crates.io crate rust-query 0.2.0 written to /workspace/builds/worker-2-tc2/source/Cargo.toml
[INFO] crate crates.io crate rust-query 0.2.0 already has a lockfile, it will not be regenerated
[INFO] running `Command { std: CARGO_HOME="/workspace/cargo-home" RUSTUP_HOME="/workspace/rustup-home" "/workspace/cargo-home/bin/cargo" "+nightly-2024-10-28" "fetch" "--manifest-path" "Cargo.toml", kill_on_drop: false }`
[INFO] running `Command { std: "docker" "create" "-v" "/var/lib/crater-agent-workspace/builds/worker-2-tc2/target:/opt/rustwide/target:rw,Z" "-v" "/var/lib/crater-agent-workspace/builds/worker-2-tc2/source:/opt/rustwide/workdir:ro,Z" "-v" "/var/lib/crater-agent-workspace/cargo-home:/opt/rustwide/cargo-home:ro,Z" "-v" "/var/lib/crater-agent-workspace/rustup-home:/opt/rustwide/rustup-home:ro,Z" "-e" "SOURCE_DIR=/opt/rustwide/workdir" "-e" "CARGO_TARGET_DIR=/opt/rustwide/target" "-e" "CARGO_HOME=/opt/rustwide/cargo-home" "-e" "RUSTUP_HOME=/opt/rustwide/rustup-home" "-w" "/opt/rustwide/workdir" "-m" "1610612736" "--user" "0:0" "--network" "none" "ghcr.io/rust-lang/crates-build-env/linux@sha256:4a844ea9eb2546a2d2c7022eacef16ef2e8229c7fbb2c7d4d55a9ceca922f72d" "/opt/rustwide/cargo-home/bin/cargo" "+nightly-2024-10-28" "metadata" "--no-deps" "--format-version=1", kill_on_drop: false }`
[INFO] [stdout] f7d9a5e39b28b5898fe877aa8d3135a7a8b7bfab16cbf935718f4e79a895ce2f
[INFO] running `Command { std: "docker" "start" "-a" "f7d9a5e39b28b5898fe877aa8d3135a7a8b7bfab16cbf935718f4e79a895ce2f", kill_on_drop: false }`
[INFO] running `Command { std: "docker" "inspect" "f7d9a5e39b28b5898fe877aa8d3135a7a8b7bfab16cbf935718f4e79a895ce2f", kill_on_drop: false }`
[INFO] running `Command { std: "docker" "rm" "-f" "f7d9a5e39b28b5898fe877aa8d3135a7a8b7bfab16cbf935718f4e79a895ce2f", kill_on_drop: false }`
[INFO] [stdout] f7d9a5e39b28b5898fe877aa8d3135a7a8b7bfab16cbf935718f4e79a895ce2f
[INFO] running `Command { std: "docker" "create" "-v" "/var/lib/crater-agent-workspace/builds/worker-2-tc2/target:/opt/rustwide/target:rw,Z" "-v" "/var/lib/crater-agent-workspace/builds/worker-2-tc2/source:/opt/rustwide/workdir:ro,Z" "-v" "/var/lib/crater-agent-workspace/cargo-home:/opt/rustwide/cargo-home:ro,Z" "-v" "/var/lib/crater-agent-workspace/rustup-home:/opt/rustwide/rustup-home:ro,Z" "-e" "SOURCE_DIR=/opt/rustwide/workdir" "-e" "CARGO_TARGET_DIR=/opt/rustwide/target" "-e" "CARGO_INCREMENTAL=0" "-e" "RUST_BACKTRACE=full" "-e" "RUSTFLAGS=--cap-lints=forbid -Zrandomize-layout" "-e" "RUSTDOCFLAGS=--cap-lints=forbid" "-e" "CARGO_HOME=/opt/rustwide/cargo-home" "-e" "RUSTUP_HOME=/opt/rustwide/rustup-home" "-w" "/opt/rustwide/workdir" "-m" "1610612736" "--user" "0:0" "--network" "none" "ghcr.io/rust-lang/crates-build-env/linux@sha256:4a844ea9eb2546a2d2c7022eacef16ef2e8229c7fbb2c7d4d55a9ceca922f72d" "/opt/rustwide/cargo-home/bin/cargo" "+nightly-2024-10-28" "build" "--frozen" "--message-format=json", kill_on_drop: false }`
[INFO] [stdout] 3843ddeb065da39f37145d639ae0e0a12fabdfae988060531168294e2fa825ff
[INFO] running `Command { std: "docker" "start" "-a" "3843ddeb065da39f37145d639ae0e0a12fabdfae988060531168294e2fa825ff", kill_on_drop: false }`
[INFO] [stderr]    Compiling proc-macro2 v1.0.86
[INFO] [stderr]    Compiling unicode-ident v1.0.12
[INFO] [stderr]    Compiling libc v0.2.158
[INFO] [stderr]    Compiling smallvec v1.13.2
[INFO] [stderr]    Compiling generic-array v0.14.7
[INFO] [stderr]    Compiling autocfg v1.3.0
[INFO] [stderr]    Compiling once_cell v1.19.0
[INFO] [stderr]    Compiling pkg-config v0.3.30
[INFO] [stderr]    Compiling thiserror v1.0.63
[INFO] [stderr]    Compiling heck v0.4.1
[INFO] [stderr]    Compiling proc-macro2-diagnostics v0.10.1
[INFO] [stderr]    Compiling fallible-iterator v0.3.0
[INFO] [stderr]    Compiling lock_api v0.4.12
[INFO] [stderr]    Compiling fallible-streaming-iterator v0.1.9
[INFO] [stderr]    Compiling yansi v1.0.1
[INFO] [stderr]    Compiling either v1.13.0
[INFO] [stderr]    Compiling libsqlite3-sys v0.28.0
[INFO] [stderr]    Compiling bitflags v2.6.0
[INFO] [stderr]    Compiling itertools v0.12.1
[INFO] [stderr]    Compiling quote v1.0.37
[INFO] [stderr]    Compiling keccak v0.1.5
[INFO] [stderr]    Compiling crypto-common v0.1.6
[INFO] [stderr]    Compiling block-buffer v0.10.4
[INFO] [stderr]    Compiling ref-cast v1.0.23
[INFO] [stderr]    Compiling syn v2.0.75
[INFO] [stderr]    Compiling getrandom v0.2.15
[INFO] [stderr]    Compiling parking_lot_core v0.9.10
[INFO] [stderr]    Compiling digest v0.10.7
[INFO] [stderr]    Compiling aliasable v0.1.3
[INFO] [stderr]    Compiling diff v0.1.13
[INFO] [stderr]    Compiling rand_core v0.6.4
[INFO] [stderr]    Compiling sha3 v0.10.8
[INFO] [stderr]    Compiling yansi v0.5.1
[INFO] [stderr]    Compiling parking_lot v0.12.3
[INFO] [stderr]    Compiling heck v0.5.0
[INFO] [stderr]    Compiling dissimilar v1.0.9
[INFO] [stderr]    Compiling pretty_assertions v1.4.0
[INFO] [stderr]    Compiling k12 v0.3.0
[INFO] [stderr]    Compiling scheduled-thread-pool v0.2.7
[INFO] [stderr]    Compiling expect-test v1.5.0
[INFO] [stderr]    Compiling elsa v1.10.0
[INFO] [stderr]    Compiling r2d2 v0.8.10
[INFO] [stderr]    Compiling zerocopy-derive v0.7.35
[INFO] [stderr]    Compiling thiserror-impl v1.0.63
[INFO] [stderr]    Compiling inherent v1.0.11
[INFO] [stderr]    Compiling ouroboros_macro v0.18.4
[INFO] [stderr]    Compiling ref-cast-impl v1.0.23
[INFO] [stderr]    Compiling rust-query-macros v0.2.0
[INFO] [stderr]    Compiling zerocopy v0.7.35
[INFO] [stderr]    Compiling sea-query-derive v0.4.1
[INFO] [stderr]    Compiling ouroboros v0.18.4
[INFO] [stderr]    Compiling ahash v0.8.11
[INFO] [stderr]    Compiling ppv-lite86 v0.2.20
[INFO] [stderr]    Compiling sea-query v0.31.0
[INFO] [stderr]    Compiling hashbrown v0.14.5
[INFO] [stderr]    Compiling rand_chacha v0.3.1
[INFO] [stderr]    Compiling rand v0.8.5
[INFO] [stderr]    Compiling hashlink v0.9.1
[INFO] [stderr]    Compiling rusqlite v0.31.0
[INFO] [stderr]    Compiling uuid v1.10.0
[INFO] [stderr]    Compiling sea-query-rusqlite v0.6.0
[INFO] [stderr]    Compiling r2d2_sqlite v0.24.0
[INFO] [stderr]    Compiling rust-query v0.2.0 (/opt/rustwide/workdir)
[INFO] [stderr]     Finished `dev` profile [unoptimized + debuginfo] target(s) in 6.05s
[INFO] running `Command { std: "docker" "inspect" "3843ddeb065da39f37145d639ae0e0a12fabdfae988060531168294e2fa825ff", kill_on_drop: false }`
[INFO] running `Command { std: "docker" "rm" "-f" "3843ddeb065da39f37145d639ae0e0a12fabdfae988060531168294e2fa825ff", kill_on_drop: false }`
[INFO] [stdout] 3843ddeb065da39f37145d639ae0e0a12fabdfae988060531168294e2fa825ff
[INFO] running `Command { std: "docker" "create" "-v" "/var/lib/crater-agent-workspace/builds/worker-2-tc2/target:/opt/rustwide/target:rw,Z" "-v" "/var/lib/crater-agent-workspace/builds/worker-2-tc2/source:/opt/rustwide/workdir:ro,Z" "-v" "/var/lib/crater-agent-workspace/cargo-home:/opt/rustwide/cargo-home:ro,Z" "-v" "/var/lib/crater-agent-workspace/rustup-home:/opt/rustwide/rustup-home:ro,Z" "-e" "SOURCE_DIR=/opt/rustwide/workdir" "-e" "CARGO_TARGET_DIR=/opt/rustwide/target" "-e" "CARGO_INCREMENTAL=0" "-e" "RUST_BACKTRACE=full" "-e" "RUSTFLAGS=--cap-lints=forbid -Zrandomize-layout" "-e" "RUSTDOCFLAGS=--cap-lints=forbid" "-e" "CARGO_HOME=/opt/rustwide/cargo-home" "-e" "RUSTUP_HOME=/opt/rustwide/rustup-home" "-w" "/opt/rustwide/workdir" "-m" "1610612736" "--user" "0:0" "--network" "none" "ghcr.io/rust-lang/crates-build-env/linux@sha256:4a844ea9eb2546a2d2c7022eacef16ef2e8229c7fbb2c7d4d55a9ceca922f72d" "/opt/rustwide/cargo-home/bin/cargo" "+nightly-2024-10-28" "test" "--frozen" "--no-run" "--message-format=json", kill_on_drop: false }`
[INFO] [stdout] cc4afcab29d428a0676ec8a73968577e9140e0ec92d4d76f5a5cee13daa34893
[INFO] running `Command { std: "docker" "start" "-a" "cc4afcab29d428a0676ec8a73968577e9140e0ec92d4d76f5a5cee13daa34893", kill_on_drop: false }`
[INFO] [stderr]    Compiling serde v1.0.208
[INFO] [stderr]    Compiling hashbrown v0.14.5
[INFO] [stderr]    Compiling serde_json v1.0.125
[INFO] [stderr]    Compiling winnow v0.6.18
[INFO] [stderr]    Compiling trybuild v1.0.99
[INFO] [stderr]    Compiling serde_derive v1.0.208
[INFO] [stderr]    Compiling glob v0.3.1
[INFO] [stderr]    Compiling hashlink v0.9.1
[INFO] [stderr]    Compiling indexmap v2.4.0
[INFO] [stderr]    Compiling rusqlite v0.31.0
[INFO] [stderr]    Compiling r2d2_sqlite v0.24.0
[INFO] [stderr]    Compiling sea-query-rusqlite v0.6.0
[INFO] [stderr]    Compiling rust-query v0.2.0 (/opt/rustwide/workdir)
[INFO] [stderr]    Compiling toml_datetime v0.6.8
[INFO] [stderr]    Compiling serde_spanned v0.6.7
[INFO] [stderr]    Compiling toml_edit v0.22.20
[INFO] [stderr]    Compiling toml v0.8.19
[INFO] [stdout] error: linking with `cc` failed: exit status: 1
[INFO] [stdout]   |
[INFO] [stdout]   = note: LC_ALL="C" PATH="/opt/rustwide/rustup-home/toolchains/nightly-2024-10-28-x86_64-unknown-linux-gnu/lib/rustlib/x86_64-unknown-linux-gnu/bin:/opt/rustwide/rustup-home/toolchains/nightly-2024-10-28-x86_64-unknown-linux-gnu/lib/rustlib/x86_64-unknown-linux-gnu/bin/self-contained:/opt/rustwide/cargo-home/bin:/usr/local/sbin:/usr/local/bin:/usr/sbin:/usr/bin:/sbin:/bin" VSLANG="1033" "cc" "-m64" "/tmp/rustcdSvs2v/symbols.o" "/opt/rustwide/target/debug/examples/insert_and_select-ccf5618b3949a60a.insert_and_select.6ca370e11b7e8383-cgu.0.rcgu.o" "/opt/rustwide/target/debug/examples/insert_and_select-ccf5618b3949a60a.insert_and_select.6ca370e11b7e8383-cgu.1.rcgu.o" "/opt/rustwide/target/debug/examples/insert_and_select-ccf5618b3949a60a.insert_and_select.6ca370e11b7e8383-cgu.2.rcgu.o" "/opt/rustwide/target/debug/examples/insert_and_select-ccf5618b3949a60a.insert_and_select.6ca370e11b7e8383-cgu.3.rcgu.o" "/opt/rustwide/target/debug/examples/insert_and_select-ccf5618b3949a60a.4eqxgz2znsykr8engft1tb1zc.rcgu.o" "-Wl,--as-needed" "-Wl,-Bstatic" "/opt/rustwide/target/debug/deps/librust_query-ea82a227b469c773.rlib" "/opt/rustwide/target/debug/deps/libr2d2_sqlite-27fa0fc42e199d91.rlib" "/opt/rustwide/target/debug/deps/libuuid-e1939579ed66f53e.rlib" "/opt/rustwide/target/debug/deps/librand-9659fe3a0392928d.rlib" "/opt/rustwide/target/debug/deps/librand_chacha-481804b60b560fee.rlib" "/opt/rustwide/target/debug/deps/libppv_lite86-59d6a5b55e7108dc.rlib" "/opt/rustwide/target/debug/deps/librand_core-c519ca1e5ddae942.rlib" "/opt/rustwide/target/debug/deps/libgetrandom-42f5be9757156226.rlib" "/opt/rustwide/target/debug/deps/libpretty_assertions-66b37039eeda5eff.rlib" "/opt/rustwide/target/debug/deps/libdiff-1ad714bf5767b22f.rlib" "/opt/rustwide/target/debug/deps/libyansi-9acd1cf0bc164769.rlib" "/opt/rustwide/target/debug/deps/libexpect_test-4e4327cc9f245f62.rlib" "/opt/rustwide/target/debug/deps/libdissimilar-3588e8ab2380dfd0.rlib" "/opt/rustwide/target/debug/deps/libr2d2-86b2cb0036c77067.rlib" "/opt/rustwide/target/debug/deps/libscheduled_thread_pool-7b7e23d2cfeae19c.rlib" "/opt/rustwide/target/debug/deps/libparking_lot-1e76626cdf25ae45.rlib" "/opt/rustwide/target/debug/deps/libparking_lot_core-b75aedb32f8bd0d1.rlib" "/opt/rustwide/target/debug/deps/liblibc-6ae5d59cfeabc89e.rlib" "/opt/rustwide/target/debug/deps/liblock_api-4bfa6e5802bfd45b.rlib" "/opt/rustwide/target/debug/deps/libscopeguard-003ee3b9b09cebdb.rlib" "/opt/rustwide/target/debug/deps/liblog-b6b1a89bf87ced53.rlib" "/opt/rustwide/target/debug/deps/libouroboros-b30cb0fc3113083d.rlib" "/opt/rustwide/target/debug/deps/libstatic_assertions-14a197ae77f98fdb.rlib" "/opt/rustwide/target/debug/deps/libaliasable-3a1c24d264cdb3e8.rlib" "/opt/rustwide/target/debug/deps/libk12-c0de7d0b23d52252.rlib" "/opt/rustwide/target/debug/deps/libsha3-66645b01516e83c7.rlib" "/opt/rustwide/target/debug/deps/libkeccak-d71113c6ace34008.rlib" "/opt/rustwide/target/debug/deps/libdigest-ad270720b64b56a0.rlib" "/opt/rustwide/target/debug/deps/libblock_buffer-90f91f4f164fc7ea.rlib" "/opt/rustwide/target/debug/deps/libcrypto_common-b04de5b5712dc49f.rlib" "/opt/rustwide/target/debug/deps/libgeneric_array-d2a92b2da2a24109.rlib" "/opt/rustwide/target/debug/deps/libtypenum-5326f72807cfe834.rlib" "/opt/rustwide/target/debug/deps/libsea_query_rusqlite-dc2b96ed6e2a8144.rlib" "/opt/rustwide/target/debug/deps/librusqlite-de7a6f3a9cf83746.rlib" "/opt/rustwide/target/debug/deps/libbitflags-37f44213647a4ace.rlib" "/opt/rustwide/target/debug/deps/libsmallvec-756ee87804f0eec5.rlib" "/opt/rustwide/target/debug/deps/libfallible_streaming_iterator-ac88a3c4e3fecec2.rlib" "/opt/rustwide/target/debug/deps/libfallible_iterator-efe28d51c77cad9e.rlib" "/opt/rustwide/target/debug/deps/libhashlink-87c0015bfce55b8d.rlib" "/opt/rustwide/target/debug/deps/libhashbrown-6b3f1394ac146c80.rlib" "/opt/rustwide/target/debug/deps/libahash-c3bff01d71534f87.rlib" "/opt/rustwide/target/debug/deps/libonce_cell-795d6939e3fe8636.rlib" "/opt/rustwide/target/debug/deps/libcfg_if-57bf25c23e31efdb.rlib" "/opt/rustwide/target/debug/deps/libzerocopy-47abd4aa4a30ba37.rlib" "/opt/rustwide/target/debug/deps/libbyteorder-7817d47eb31dfb0c.rlib" "/opt/rustwide/target/debug/deps/liblibsqlite3_sys-4393e1d6fc9a6c1d.rlib" "/opt/rustwide/target/debug/deps/libelsa-1750543741962b19.rlib" "/opt/rustwide/target/debug/deps/libstable_deref_trait-1235d2fbdcbb29e5.rlib" "/opt/rustwide/target/debug/deps/libsea_query-70731eadde4687fb.rlib" "/opt/rustwide/target/debug/deps/libref_cast-a2b355cda5641700.rlib" "/opt/rustwide/rustup-home/toolchains/nightly-2024-10-28-x86_64-unknown-linux-gnu/lib/rustlib/x86_64-unknown-linux-gnu/lib/libstd-fb8c387236db3c10.rlib" "/opt/rustwide/rustup-home/toolchains/nightly-2024-10-28-x86_64-unknown-linux-gnu/lib/rustlib/x86_64-unknown-linux-gnu/lib/libpanic_unwind-b251837809b2f64b.rlib" "/opt/rustwide/rustup-home/toolchains/nightly-2024-10-28-x86_64-unknown-linux-gnu/lib/rustlib/x86_64-unknown-linux-gnu/lib/libobject-cbef83eaa4e01f04.rlib" "/opt/rustwide/rustup-home/toolchains/nightly-2024-10-28-x86_64-unknown-linux-gnu/lib/rustlib/x86_64-unknown-linux-gnu/lib/libmemchr-12a772286de2fca7.rlib" "/opt/rustwide/rustup-home/toolchains/nightly-2024-10-28-x86_64-unknown-linux-gnu/lib/rustlib/x86_64-unknown-linux-gnu/lib/libaddr2line-023bbe5ada7abfc3.rlib" "/opt/rustwide/rustup-home/toolchains/nightly-2024-10-28-x86_64-unknown-linux-gnu/lib/rustlib/x86_64-unknown-linux-gnu/lib/libgimli-de2bcdf10ec69c2b.rlib" "/opt/rustwide/rustup-home/toolchains/nightly-2024-10-28-x86_64-unknown-linux-gnu/lib/rustlib/x86_64-unknown-linux-gnu/lib/librustc_demangle-8e1754df350800fd.rlib" "/opt/rustwide/rustup-home/toolchains/nightly-2024-10-28-x86_64-unknown-linux-gnu/lib/rustlib/x86_64-unknown-linux-gnu/lib/libstd_detect-06c2ab7b9c32e037.rlib" "/opt/rustwide/rustup-home/toolchains/nightly-2024-10-28-x86_64-unknown-linux-gnu/lib/rustlib/x86_64-unknown-linux-gnu/lib/libhashbrown-51d2621fc57a281b.rlib" "/opt/rustwide/rustup-home/toolchains/nightly-2024-10-28-x86_64-unknown-linux-gnu/lib/rustlib/x86_64-unknown-linux-gnu/lib/librustc_std_workspace_alloc-54a930408793772f.rlib" "/opt/rustwide/rustup-home/toolchains/nightly-2024-10-28-x86_64-unknown-linux-gnu/lib/rustlib/x86_64-unknown-linux-gnu/lib/libminiz_oxide-0c7d01cba400dcb2.rlib" "/opt/rustwide/rustup-home/toolchains/nightly-2024-10-28-x86_64-unknown-linux-gnu/lib/rustlib/x86_64-unknown-linux-gnu/lib/libadler-b9f84d69e331b75b.rlib" "/opt/rustwide/rustup-home/toolchains/nightly-2024-10-28-x86_64-unknown-linux-gnu/lib/rustlib/x86_64-unknown-linux-gnu/lib/libunwind-eec95493246aae39.rlib" "/opt/rustwide/rustup-home/toolchains/nightly-2024-10-28-x86_64-unknown-linux-gnu/lib/rustlib/x86_64-unknown-linux-gnu/lib/libcfg_if-6f6676c475e08ab0.rlib" "/opt/rustwide/rustup-home/toolchains/nightly-2024-10-28-x86_64-unknown-linux-gnu/lib/rustlib/x86_64-unknown-linux-gnu/lib/liblibc-799d520624f8b2e0.rlib" "/opt/rustwide/rustup-home/toolchains/nightly-2024-10-28-x86_64-unknown-linux-gnu/lib/rustlib/x86_64-unknown-linux-gnu/lib/liballoc-fcf93d4842acd9a9.rlib" "/opt/rustwide/rustup-home/toolchains/nightly-2024-10-28-x86_64-unknown-linux-gnu/lib/rustlib/x86_64-unknown-linux-gnu/lib/librustc_std_workspace_core-395a38b8e0851c9b.rlib" "/opt/rustwide/rustup-home/toolchains/nightly-2024-10-28-x86_64-unknown-linux-gnu/lib/rustlib/x86_64-unknown-linux-gnu/lib/libcore-d453bab70303062c.rlib" "/opt/rustwide/rustup-home/toolchains/nightly-2024-10-28-x86_64-unknown-linux-gnu/lib/rustlib/x86_64-unknown-linux-gnu/lib/libcompiler_builtins-0e6386368b0a24e8.rlib" "-Wl,-Bdynamic" "-lsqlite3" "-lgcc_s" "-lutil" "-lrt" "-lpthread" "-lm" "-ldl" "-lc" "-B/opt/rustwide/rustup-home/toolchains/nightly-2024-10-28-x86_64-unknown-linux-gnu/lib/rustlib/x86_64-unknown-linux-gnu/bin/gcc-ld" "-fuse-ld=lld" "-Wl,--eh-frame-hdr" "-Wl,-z,noexecstack" "-L" "/opt/rustwide/rustup-home/toolchains/nightly-2024-10-28-x86_64-unknown-linux-gnu/lib/rustlib/x86_64-unknown-linux-gnu/lib" "-o" "/opt/rustwide/target/debug/examples/insert_and_select-ccf5618b3949a60a" "-Wl,--gc-sections" "-pie" "-Wl,-z,relro,-z,now" "-nodefaultlibs"
[INFO] [stdout]   = note: rust-lld: error: undefined symbol: sqlite3_error_offset
[INFO] [stdout]           >>> referenced by error.rs:437 (src/error.rs:437)
[INFO] [stdout]           >>>               rusqlite-de7a6f3a9cf83746.rusqlite.8499443a0bc3b393-cgu.5.rcgu.o:(rusqlite::error::error_with_offset::hf3ccf8043e0ff2c6) in archive /opt/rustwide/target/debug/deps/librusqlite-de7a6f3a9cf83746.rlib
[INFO] [stdout]           collect2: error: ld returned 1 exit status
[INFO] [stdout]           
[INFO] [stdout] 
[INFO] [stdout] 
[INFO] [stderr] error: could not compile `rust-query` (example "insert_and_select") due to 1 previous error
[INFO] [stderr] warning: build failed, waiting for other jobs to finish...
[INFO] [stdout] warning: function `customer_spending_by_email` is never used
[INFO] [stdout]    --> tests/chinook.rs:206:4
[INFO] [stdout]     |
[INFO] [stdout] 206 | fn customer_spending_by_email(db: &Transaction<Schema>, email: &str) -> Option<f64> {
[INFO] [stdout]     |    ^^^^^^^^^^^^^^^^^^^^^^^^^^
[INFO] [stdout]     |
[INFO] [stdout]     = note: `#[warn(dead_code)]` on by default
[INFO] [stdout] 
[INFO] [stdout] 
[INFO] [stdout] warning: fields `avg_len_milis`, `max_len_milis`, and `genre_count` are never read
[INFO] [stdout]    --> tests/chinook.rs:224:5
[INFO] [stdout]     |
[INFO] [stdout] 223 | struct TrackStats {
[INFO] [stdout]     |        ---------- fields in this struct
[INFO] [stdout] 224 |     avg_len_milis: Option<f64>,
[INFO] [stdout]     |     ^^^^^^^^^^^^^
[INFO] [stdout] 225 |     max_len_milis: Option<i64>,
[INFO] [stdout]     |     ^^^^^^^^^^^^^
[INFO] [stdout] 226 |     genre_count: i64,
[INFO] [stdout]     |     ^^^^^^^^^^^
[INFO] [stdout] 
[INFO] [stdout] 
[INFO] [stdout] warning: fields `name`, `album_count`, and `track_stats` are never read
[INFO] [stdout]    --> tests/chinook.rs:231:5
[INFO] [stdout]     |
[INFO] [stdout] 230 | struct ArtistDetails {
[INFO] [stdout]     |        ------------- fields in this struct
[INFO] [stdout] 231 |     name: String,
[INFO] [stdout]     |     ^^^^
[INFO] [stdout] 232 |     album_count: i64,
[INFO] [stdout]     |     ^^^^^^^^^^^
[INFO] [stdout] 233 |     track_stats: TrackStats,
[INFO] [stdout]     |     ^^^^^^^^^^^
[INFO] [stdout] 
[INFO] [stdout] 
[INFO] [stdout] warning: function `artist_details` is never used
[INFO] [stdout]    --> tests/chinook.rs:236:4
[INFO] [stdout]     |
[INFO] [stdout] 236 | fn artist_details(db: &Transaction<Schema>, artist: TableRow<Artist>) -> ArtistDetails {
[INFO] [stdout]     |    ^^^^^^^^^^^^^^
[INFO] [stdout] 
[INFO] [stdout] 
[INFO] [stdout] error: linking with `cc` failed: exit status: 1
[INFO] [stdout]   |
[INFO] [stdout]   = note: LC_ALL="C" PATH="/opt/rustwide/rustup-home/toolchains/nightly-2024-10-28-x86_64-unknown-linux-gnu/lib/rustlib/x86_64-unknown-linux-gnu/bin:/opt/rustwide/rustup-home/toolchains/nightly-2024-10-28-x86_64-unknown-linux-gnu/lib/rustlib/x86_64-unknown-linux-gnu/bin/self-contained:/opt/rustwide/cargo-home/bin:/usr/local/sbin:/usr/local/bin:/usr/sbin:/usr/bin:/sbin:/bin" VSLANG="1033" "cc" "-m64" "/tmp/rustc2gCSTV/symbols.o" "/opt/rustwide/target/debug/deps/chinook-1bbf42164bf52d33.chinook.8c0a14ecbd5011ca-cgu.00.rcgu.o" "/opt/rustwide/target/debug/deps/chinook-1bbf42164bf52d33.chinook.8c0a14ecbd5011ca-cgu.01.rcgu.o" "/opt/rustwide/target/debug/deps/chinook-1bbf42164bf52d33.chinook.8c0a14ecbd5011ca-cgu.02.rcgu.o" "/opt/rustwide/target/debug/deps/chinook-1bbf42164bf52d33.chinook.8c0a14ecbd5011ca-cgu.03.rcgu.o" "/opt/rustwide/target/debug/deps/chinook-1bbf42164bf52d33.chinook.8c0a14ecbd5011ca-cgu.04.rcgu.o" "/opt/rustwide/target/debug/deps/chinook-1bbf42164bf52d33.chinook.8c0a14ecbd5011ca-cgu.05.rcgu.o" "/opt/rustwide/target/debug/deps/chinook-1bbf42164bf52d33.chinook.8c0a14ecbd5011ca-cgu.06.rcgu.o" "/opt/rustwide/target/debug/deps/chinook-1bbf42164bf52d33.chinook.8c0a14ecbd5011ca-cgu.07.rcgu.o" "/opt/rustwide/target/debug/deps/chinook-1bbf42164bf52d33.chinook.8c0a14ecbd5011ca-cgu.08.rcgu.o" "/opt/rustwide/target/debug/deps/chinook-1bbf42164bf52d33.chinook.8c0a14ecbd5011ca-cgu.09.rcgu.o" "/opt/rustwide/target/debug/deps/chinook-1bbf42164bf52d33.chinook.8c0a14ecbd5011ca-cgu.10.rcgu.o" "/opt/rustwide/target/debug/deps/chinook-1bbf42164bf52d33.chinook.8c0a14ecbd5011ca-cgu.11.rcgu.o" "/opt/rustwide/target/debug/deps/chinook-1bbf42164bf52d33.chinook.8c0a14ecbd5011ca-cgu.12.rcgu.o" "/opt/rustwide/target/debug/deps/chinook-1bbf42164bf52d33.chinook.8c0a14ecbd5011ca-cgu.13.rcgu.o" "/opt/rustwide/target/debug/deps/chinook-1bbf42164bf52d33.chinook.8c0a14ecbd5011ca-cgu.14.rcgu.o" "/opt/rustwide/target/debug/deps/chinook-1bbf42164bf52d33.chinook.8c0a14ecbd5011ca-cgu.15.rcgu.o" "/opt/rustwide/target/debug/deps/chinook-1bbf42164bf52d33.7je3abiwe61l4tjwb3c8lu66a.rcgu.o" "-Wl,--as-needed" "-Wl,-Bstatic" "/opt/rustwide/rustup-home/toolchains/nightly-2024-10-28-x86_64-unknown-linux-gnu/lib/rustlib/x86_64-unknown-linux-gnu/lib/libtest-a09fad3b5321e7d6.rlib" "/opt/rustwide/rustup-home/toolchains/nightly-2024-10-28-x86_64-unknown-linux-gnu/lib/rustlib/x86_64-unknown-linux-gnu/lib/libgetopts-f9c3dff41ad42661.rlib" "/opt/rustwide/rustup-home/toolchains/nightly-2024-10-28-x86_64-unknown-linux-gnu/lib/rustlib/x86_64-unknown-linux-gnu/lib/libunicode_width-ad2aef31af6addd3.rlib" "/opt/rustwide/rustup-home/toolchains/nightly-2024-10-28-x86_64-unknown-linux-gnu/lib/rustlib/x86_64-unknown-linux-gnu/lib/librustc_std_workspace_std-e3f907dc03deb913.rlib" "/opt/rustwide/target/debug/deps/librust_query-ea82a227b469c773.rlib" "/opt/rustwide/target/debug/deps/libr2d2_sqlite-27fa0fc42e199d91.rlib" "/opt/rustwide/target/debug/deps/libuuid-e1939579ed66f53e.rlib" "/opt/rustwide/target/debug/deps/librand-9659fe3a0392928d.rlib" "/opt/rustwide/target/debug/deps/librand_chacha-481804b60b560fee.rlib" "/opt/rustwide/target/debug/deps/libppv_lite86-59d6a5b55e7108dc.rlib" "/opt/rustwide/target/debug/deps/librand_core-c519ca1e5ddae942.rlib" "/opt/rustwide/target/debug/deps/libgetrandom-42f5be9757156226.rlib" "/opt/rustwide/target/debug/deps/libpretty_assertions-66b37039eeda5eff.rlib" "/opt/rustwide/target/debug/deps/libdiff-1ad714bf5767b22f.rlib" "/opt/rustwide/target/debug/deps/libyansi-9acd1cf0bc164769.rlib" "/opt/rustwide/target/debug/deps/libexpect_test-4e4327cc9f245f62.rlib" "/opt/rustwide/target/debug/deps/libdissimilar-3588e8ab2380dfd0.rlib" "/opt/rustwide/target/debug/deps/libr2d2-86b2cb0036c77067.rlib" "/opt/rustwide/target/debug/deps/libscheduled_thread_pool-7b7e23d2cfeae19c.rlib" "/opt/rustwide/target/debug/deps/libparking_lot-1e76626cdf25ae45.rlib" "/opt/rustwide/target/debug/deps/libparking_lot_core-b75aedb32f8bd0d1.rlib" "/opt/rustwide/target/debug/deps/liblibc-6ae5d59cfeabc89e.rlib" "/opt/rustwide/target/debug/deps/liblock_api-4bfa6e5802bfd45b.rlib" "/opt/rustwide/target/debug/deps/libscopeguard-003ee3b9b09cebdb.rlib" "/opt/rustwide/target/debug/deps/liblog-b6b1a89bf87ced53.rlib" "/opt/rustwide/target/debug/deps/libouroboros-b30cb0fc3113083d.rlib" "/opt/rustwide/target/debug/deps/libstatic_assertions-14a197ae77f98fdb.rlib" "/opt/rustwide/target/debug/deps/libaliasable-3a1c24d264cdb3e8.rlib" "/opt/rustwide/target/debug/deps/libk12-c0de7d0b23d52252.rlib" "/opt/rustwide/target/debug/deps/libsha3-66645b01516e83c7.rlib" "/opt/rustwide/target/debug/deps/libkeccak-d71113c6ace34008.rlib" "/opt/rustwide/target/debug/deps/libdigest-ad270720b64b56a0.rlib" "/opt/rustwide/target/debug/deps/libblock_buffer-90f91f4f164fc7ea.rlib" "/opt/rustwide/target/debug/deps/libcrypto_common-b04de5b5712dc49f.rlib" "/opt/rustwide/target/debug/deps/libgeneric_array-d2a92b2da2a24109.rlib" "/opt/rustwide/target/debug/deps/libtypenum-5326f72807cfe834.rlib" "/opt/rustwide/target/debug/deps/libsea_query_rusqlite-dc2b96ed6e2a8144.rlib" "/opt/rustwide/target/debug/deps/librusqlite-de7a6f3a9cf83746.rlib" "/opt/rustwide/target/debug/deps/libbitflags-37f44213647a4ace.rlib" "/opt/rustwide/target/debug/deps/libsmallvec-756ee87804f0eec5.rlib" "/opt/rustwide/target/debug/deps/libfallible_streaming_iterator-ac88a3c4e3fecec2.rlib" "/opt/rustwide/target/debug/deps/libfallible_iterator-efe28d51c77cad9e.rlib" "/opt/rustwide/target/debug/deps/libhashlink-87c0015bfce55b8d.rlib" "/opt/rustwide/target/debug/deps/libhashbrown-6b3f1394ac146c80.rlib" "/opt/rustwide/target/debug/deps/libahash-c3bff01d71534f87.rlib" "/opt/rustwide/target/debug/deps/libonce_cell-795d6939e3fe8636.rlib" "/opt/rustwide/target/debug/deps/libcfg_if-57bf25c23e31efdb.rlib" "/opt/rustwide/target/debug/deps/libzerocopy-47abd4aa4a30ba37.rlib" "/opt/rustwide/target/debug/deps/libbyteorder-7817d47eb31dfb0c.rlib" "/opt/rustwide/target/debug/deps/liblibsqlite3_sys-4393e1d6fc9a6c1d.rlib" "/opt/rustwide/target/debug/deps/libelsa-1750543741962b19.rlib" "/opt/rustwide/target/debug/deps/libstable_deref_trait-1235d2fbdcbb29e5.rlib" "/opt/rustwide/target/debug/deps/libsea_query-70731eadde4687fb.rlib" "/opt/rustwide/target/debug/deps/libref_cast-a2b355cda5641700.rlib" "/opt/rustwide/rustup-home/toolchains/nightly-2024-10-28-x86_64-unknown-linux-gnu/lib/rustlib/x86_64-unknown-linux-gnu/lib/libstd-fb8c387236db3c10.rlib" "/opt/rustwide/rustup-home/toolchains/nightly-2024-10-28-x86_64-unknown-linux-gnu/lib/rustlib/x86_64-unknown-linux-gnu/lib/libpanic_unwind-b251837809b2f64b.rlib" "/opt/rustwide/rustup-home/toolchains/nightly-2024-10-28-x86_64-unknown-linux-gnu/lib/rustlib/x86_64-unknown-linux-gnu/lib/libobject-cbef83eaa4e01f04.rlib" "/opt/rustwide/rustup-home/toolchains/nightly-2024-10-28-x86_64-unknown-linux-gnu/lib/rustlib/x86_64-unknown-linux-gnu/lib/libmemchr-12a772286de2fca7.rlib" "/opt/rustwide/rustup-home/toolchains/nightly-2024-10-28-x86_64-unknown-linux-gnu/lib/rustlib/x86_64-unknown-linux-gnu/lib/libaddr2line-023bbe5ada7abfc3.rlib" "/opt/rustwide/rustup-home/toolchains/nightly-2024-10-28-x86_64-unknown-linux-gnu/lib/rustlib/x86_64-unknown-linux-gnu/lib/libgimli-de2bcdf10ec69c2b.rlib" "/opt/rustwide/rustup-home/toolchains/nightly-2024-10-28-x86_64-unknown-linux-gnu/lib/rustlib/x86_64-unknown-linux-gnu/lib/librustc_demangle-8e1754df350800fd.rlib" "/opt/rustwide/rustup-home/toolchains/nightly-2024-10-28-x86_64-unknown-linux-gnu/lib/rustlib/x86_64-unknown-linux-gnu/lib/libstd_detect-06c2ab7b9c32e037.rlib" "/opt/rustwide/rustup-home/toolchains/nightly-2024-10-28-x86_64-unknown-linux-gnu/lib/rustlib/x86_64-unknown-linux-gnu/lib/libhashbrown-51d2621fc57a281b.rlib" "/opt/rustwide/rustup-home/toolchains/nightly-2024-10-28-x86_64-unknown-linux-gnu/lib/rustlib/x86_64-unknown-linux-gnu/lib/librustc_std_workspace_alloc-54a930408793772f.rlib" "/opt/rustwide/rustup-home/toolchains/nightly-2024-10-28-x86_64-unknown-linux-gnu/lib/rustlib/x86_64-unknown-linux-gnu/lib/libminiz_oxide-0c7d01cba400dcb2.rlib" "/opt/rustwide/rustup-home/toolchains/nightly-2024-10-28-x86_64-unknown-linux-gnu/lib/rustlib/x86_64-unknown-linux-gnu/lib/libadler-b9f84d69e331b75b.rlib" "/opt/rustwide/rustup-home/toolchains/nightly-2024-10-28-x86_64-unknown-linux-gnu/lib/rustlib/x86_64-unknown-linux-gnu/lib/libunwind-eec95493246aae39.rlib" "/opt/rustwide/rustup-home/toolchains/nightly-2024-10-28-x86_64-unknown-linux-gnu/lib/rustlib/x86_64-unknown-linux-gnu/lib/libcfg_if-6f6676c475e08ab0.rlib" "/opt/rustwide/rustup-home/toolchains/nightly-2024-10-28-x86_64-unknown-linux-gnu/lib/rustlib/x86_64-unknown-linux-gnu/lib/liblibc-799d520624f8b2e0.rlib" "/opt/rustwide/rustup-home/toolchains/nightly-2024-10-28-x86_64-unknown-linux-gnu/lib/rustlib/x86_64-unknown-linux-gnu/lib/liballoc-fcf93d4842acd9a9.rlib" "/opt/rustwide/rustup-home/toolchains/nightly-2024-10-28-x86_64-unknown-linux-gnu/lib/rustlib/x86_64-unknown-linux-gnu/lib/librustc_std_workspace_core-395a38b8e0851c9b.rlib" "/opt/rustwide/rustup-home/toolchains/nightly-2024-10-28-x86_64-unknown-linux-gnu/lib/rustlib/x86_64-unknown-linux-gnu/lib/libcore-d453bab70303062c.rlib" "/opt/rustwide/rustup-home/toolchains/nightly-2024-10-28-x86_64-unknown-linux-gnu/lib/rustlib/x86_64-unknown-linux-gnu/lib/libcompiler_builtins-0e6386368b0a24e8.rlib" "-Wl,-Bdynamic" "-lsqlite3" "-lgcc_s" "-lutil" "-lrt" "-lpthread" "-lm" "-ldl" "-lc" "-B/opt/rustwide/rustup-home/toolchains/nightly-2024-10-28-x86_64-unknown-linux-gnu/lib/rustlib/x86_64-unknown-linux-gnu/bin/gcc-ld" "-fuse-ld=lld" "-Wl,--eh-frame-hdr" "-Wl,-z,noexecstack" "-L" "/opt/rustwide/rustup-home/toolchains/nightly-2024-10-28-x86_64-unknown-linux-gnu/lib/rustlib/x86_64-unknown-linux-gnu/lib" "-o" "/opt/rustwide/target/debug/deps/chinook-1bbf42164bf52d33" "-Wl,--gc-sections" "-pie" "-Wl,-z,relro,-z,now" "-nodefaultlibs"
[INFO] [stdout]   = note: rust-lld: error: undefined symbol: sqlite3_error_offset
[INFO] [stdout]           >>> referenced by error.rs:437 (src/error.rs:437)
[INFO] [stdout]           >>>               rusqlite-de7a6f3a9cf83746.rusqlite.8499443a0bc3b393-cgu.5.rcgu.o:(rusqlite::error::error_with_offset::hf3ccf8043e0ff2c6) in archive /opt/rustwide/target/debug/deps/librusqlite-de7a6f3a9cf83746.rlib
[INFO] [stdout]           collect2: error: ld returned 1 exit status
[INFO] [stdout]           
[INFO] [stdout] 
[INFO] [stdout] 
[INFO] [stderr] error: could not compile `rust-query` (test "chinook") due to 1 previous error; 4 warnings emitted
[INFO] running `Command { std: "docker" "inspect" "cc4afcab29d428a0676ec8a73968577e9140e0ec92d4d76f5a5cee13daa34893", kill_on_drop: false }`
[INFO] running `Command { std: "docker" "rm" "-f" "cc4afcab29d428a0676ec8a73968577e9140e0ec92d4d76f5a5cee13daa34893", kill_on_drop: false }`
[INFO] [stdout] cc4afcab29d428a0676ec8a73968577e9140e0ec92d4d76f5a5cee13daa34893
