[INFO] fetching crate ruspiro-gpio 0.4.3...
[INFO] testing ruspiro-gpio-0.4.3 against nightly-2024-10-28 for randomize-layout
[INFO] extracting crate ruspiro-gpio 0.4.3 into /workspace/builds/worker-1-tc1/source
[INFO] validating manifest of crates.io crate ruspiro-gpio 0.4.3 on toolchain nightly-2024-10-28
[INFO] running `Command { std: CARGO_HOME="/workspace/cargo-home" RUSTUP_HOME="/workspace/rustup-home" "/workspace/cargo-home/bin/cargo" "+nightly-2024-10-28" "metadata" "--manifest-path" "Cargo.toml" "--no-deps", kill_on_drop: false }`
[INFO] removed /workspace/builds/worker-1-tc1/source/rust-toolchain.toml
[INFO] started tweaking crates.io crate ruspiro-gpio 0.4.3
[INFO] finished tweaking crates.io crate ruspiro-gpio 0.4.3
[INFO] tweaked toml for crates.io crate ruspiro-gpio 0.4.3 written to /workspace/builds/worker-1-tc1/source/Cargo.toml
[INFO] running `Command { std: CARGO_HOME="/workspace/cargo-home" RUSTUP_HOME="/workspace/rustup-home" "/workspace/cargo-home/bin/cargo" "+nightly-2024-10-28" "generate-lockfile" "--manifest-path" "Cargo.toml", kill_on_drop: false }`
[INFO] [stderr]     Updating crates.io index
[INFO] [stderr]      Locking 13 packages to latest compatible versions
[INFO] [stderr]       Adding ruspiro-interrupt v0.4.3 (available: v0.5.0)
[INFO] running `Command { std: CARGO_HOME="/workspace/cargo-home" RUSTUP_HOME="/workspace/rustup-home" "/workspace/cargo-home/bin/cargo" "+nightly-2024-10-28" "fetch" "--manifest-path" "Cargo.toml", kill_on_drop: false }`
[INFO] [stderr]  Downloading crates ...
[INFO] [stderr]   Downloaded ruspiro-interrupt v0.4.3
[INFO] [stderr]   Downloaded ruspiro-register v0.5.5
[INFO] [stderr]   Downloaded ruspiro-singleton v0.4.3
[INFO] [stderr]   Downloaded ruspiro-arch-aarch64 v0.1.7
[INFO] [stderr]   Downloaded ruspiro-lock v0.4.3
[INFO] [stderr]   Downloaded ruspiro-channel v0.1.1
[INFO] [stderr]   Downloaded ruspiro-interrupt-macros v0.3.2
[INFO] [stderr]   Downloaded ruspiro-mmio-register v0.1.4
[INFO] running `Command { std: "docker" "create" "-v" "/var/lib/crater-agent-workspace/builds/worker-1-tc1/target:/opt/rustwide/target:rw,Z" "-v" "/var/lib/crater-agent-workspace/builds/worker-1-tc1/source:/opt/rustwide/workdir:ro,Z" "-v" "/var/lib/crater-agent-workspace/cargo-home:/opt/rustwide/cargo-home:ro,Z" "-v" "/var/lib/crater-agent-workspace/rustup-home:/opt/rustwide/rustup-home:ro,Z" "-e" "SOURCE_DIR=/opt/rustwide/workdir" "-e" "CARGO_TARGET_DIR=/opt/rustwide/target" "-e" "CARGO_HOME=/opt/rustwide/cargo-home" "-e" "RUSTUP_HOME=/opt/rustwide/rustup-home" "-w" "/opt/rustwide/workdir" "-m" "1610612736" "--user" "0:0" "--network" "none" "ghcr.io/rust-lang/crates-build-env/linux@sha256:4a844ea9eb2546a2d2c7022eacef16ef2e8229c7fbb2c7d4d55a9ceca922f72d" "/opt/rustwide/cargo-home/bin/cargo" "+nightly-2024-10-28" "metadata" "--no-deps" "--format-version=1", kill_on_drop: false }`
[INFO] [stdout] 235f577e25323b57088e8c1aeab6d45e0b43c92a0f314e98af239bfa912fd373
[INFO] running `Command { std: "docker" "start" "-a" "235f577e25323b57088e8c1aeab6d45e0b43c92a0f314e98af239bfa912fd373", kill_on_drop: false }`
[INFO] running `Command { std: "docker" "inspect" "235f577e25323b57088e8c1aeab6d45e0b43c92a0f314e98af239bfa912fd373", kill_on_drop: false }`
[INFO] running `Command { std: "docker" "rm" "-f" "235f577e25323b57088e8c1aeab6d45e0b43c92a0f314e98af239bfa912fd373", kill_on_drop: false }`
[INFO] [stdout] 235f577e25323b57088e8c1aeab6d45e0b43c92a0f314e98af239bfa912fd373
[INFO] running `Command { std: "docker" "create" "-v" "/var/lib/crater-agent-workspace/builds/worker-1-tc1/target:/opt/rustwide/target:rw,Z" "-v" "/var/lib/crater-agent-workspace/builds/worker-1-tc1/source:/opt/rustwide/workdir:ro,Z" "-v" "/var/lib/crater-agent-workspace/cargo-home:/opt/rustwide/cargo-home:ro,Z" "-v" "/var/lib/crater-agent-workspace/rustup-home:/opt/rustwide/rustup-home:ro,Z" "-e" "SOURCE_DIR=/opt/rustwide/workdir" "-e" "CARGO_TARGET_DIR=/opt/rustwide/target" "-e" "CARGO_INCREMENTAL=0" "-e" "RUST_BACKTRACE=full" "-e" "RUSTFLAGS=--cap-lints=forbid" "-e" "RUSTDOCFLAGS=--cap-lints=forbid" "-e" "CARGO_HOME=/opt/rustwide/cargo-home" "-e" "RUSTUP_HOME=/opt/rustwide/rustup-home" "-w" "/opt/rustwide/workdir" "-m" "1610612736" "--user" "0:0" "--network" "none" "ghcr.io/rust-lang/crates-build-env/linux@sha256:4a844ea9eb2546a2d2c7022eacef16ef2e8229c7fbb2c7d4d55a9ceca922f72d" "/opt/rustwide/cargo-home/bin/cargo" "+nightly-2024-10-28" "build" "--frozen" "--message-format=json", kill_on_drop: false }`
[INFO] [stdout] 34cea691574fc55abf122f12feaf447f17e9bf109dd5dfa3a9504e691796734a
[INFO] running `Command { std: "docker" "start" "-a" "34cea691574fc55abf122f12feaf447f17e9bf109dd5dfa3a9504e691796734a", kill_on_drop: false }`
[INFO] [stderr]    Compiling proc-macro2 v1.0.89
[INFO] [stderr]    Compiling unicode-ident v1.0.13
[INFO] [stderr]    Compiling syn v1.0.109
[INFO] [stderr]    Compiling ruspiro-register v0.5.5
[INFO] [stderr]    Compiling paste v1.0.15
[INFO] [stderr]    Compiling ruspiro-interrupt v0.4.3
[INFO] [stderr]    Compiling ruspiro-lock v0.4.3
[INFO] [stderr]    Compiling ruspiro-singleton v0.4.3
[INFO] [stderr]    Compiling ruspiro-arch-aarch64 v0.1.7
[INFO] [stderr]    Compiling ruspiro-mmio-register v0.1.4
[INFO] [stderr]    Compiling ruspiro-channel v0.1.1
[INFO] [stderr]    Compiling quote v1.0.37
[INFO] [stderr]    Compiling ruspiro-interrupt-macros v0.3.2
[INFO] [stdout] error[E0425]: cannot find value `PERIPHERAL_BASE` in this scope
[INFO] [stdout]   --> /opt/rustwide/cargo-home/registry/src/index.crates.io-6f17d22bba15001f/ruspiro-interrupt-0.4.3/src/auxhandler.rs:73:29
[INFO] [stdout]    |
[INFO] [stdout] 73 |     AUX_IRQ<ReadWrite<u32>@(PERIPHERAL_BASE + 0x0021_5000)> {
[INFO] [stdout]    |                             ^^^^^^^^^^^^^^^ not found in this scope
[INFO] [stdout] 
[INFO] [stdout] 
[INFO] [stdout] error[E0425]: cannot find value `PERIPHERAL_BASE` in this scope
[INFO] [stdout]   --> /opt/rustwide/cargo-home/registry/src/index.crates.io-6f17d22bba15001f/ruspiro-interrupt-0.4.3/src/interface.rs:20:29
[INFO] [stdout]    |
[INFO] [stdout] 20 | const ARM_IRQ_BASE: usize = PERIPHERAL_BASE + 0x0000_B000;
[INFO] [stdout]    |                             ^^^^^^^^^^^^^^^ not found in this scope
[INFO] [stdout] 
[INFO] [stdout] 
[INFO] [stdout] error[E0425]: cannot find value `ARM_CORE_BASE` in this scope
[INFO] [stdout]    --> /opt/rustwide/cargo-home/registry/src/index.crates.io-6f17d22bba15001f/ruspiro-interrupt-0.4.3/src/interface.rs:218:37
[INFO] [stdout]     |
[INFO] [stdout] 20  | const ARM_IRQ_BASE: usize = PERIPHERAL_BASE + 0x0000_B000;
[INFO] [stdout]     | ---------------------------------------------------------- similarly named constant `ARM_IRQ_BASE` defined here
[INFO] [stdout] ...
[INFO] [stdout] 218 |     GPU_INT_ROUTING<ReadWrite<u32>@(ARM_CORE_BASE + 0x00C)>,
[INFO] [stdout]     |                                     ^^^^^^^^^^^^^ help: a constant with a similar name exists: `ARM_IRQ_BASE`
[INFO] [stdout] 
[INFO] [stdout] 
[INFO] [stdout] error[E0425]: cannot find value `ARM_CORE_BASE` in this scope
[INFO] [stdout]    --> /opt/rustwide/cargo-home/registry/src/index.crates.io-6f17d22bba15001f/ruspiro-interrupt-0.4.3/src/interface.rs:220:42
[INFO] [stdout]     |
[INFO] [stdout] 20  | const ARM_IRQ_BASE: usize = PERIPHERAL_BASE + 0x0000_B000;
[INFO] [stdout]     | ---------------------------------------------------------- similarly named constant `ARM_IRQ_BASE` defined here
[INFO] [stdout] ...
[INFO] [stdout] 220 |     CORE_MB_INT_CONTROL0<ReadWrite<u32>@(ARM_CORE_BASE + 0x050)>,
[INFO] [stdout]     |                                          ^^^^^^^^^^^^^ help: a constant with a similar name exists: `ARM_IRQ_BASE`
[INFO] [stdout] 
[INFO] [stdout] 
[INFO] [stdout] error[E0425]: cannot find value `ARM_CORE_BASE` in this scope
[INFO] [stdout]    --> /opt/rustwide/cargo-home/registry/src/index.crates.io-6f17d22bba15001f/ruspiro-interrupt-0.4.3/src/interface.rs:221:42
[INFO] [stdout]     |
[INFO] [stdout] 20  | const ARM_IRQ_BASE: usize = PERIPHERAL_BASE + 0x0000_B000;
[INFO] [stdout]     | ---------------------------------------------------------- similarly named constant `ARM_IRQ_BASE` defined here
[INFO] [stdout] ...
[INFO] [stdout] 221 |     CORE_MB_INT_CONTROL1<ReadWrite<u32>@(ARM_CORE_BASE + 0x054)>,
[INFO] [stdout]     |                                          ^^^^^^^^^^^^^ help: a constant with a similar name exists: `ARM_IRQ_BASE`
[INFO] [stdout] 
[INFO] [stdout] 
[INFO] [stdout] error[E0425]: cannot find value `ARM_CORE_BASE` in this scope
[INFO] [stdout]    --> /opt/rustwide/cargo-home/registry/src/index.crates.io-6f17d22bba15001f/ruspiro-interrupt-0.4.3/src/interface.rs:222:42
[INFO] [stdout]     |
[INFO] [stdout] 20  | const ARM_IRQ_BASE: usize = PERIPHERAL_BASE + 0x0000_B000;
[INFO] [stdout]     | ---------------------------------------------------------- similarly named constant `ARM_IRQ_BASE` defined here
[INFO] [stdout] ...
[INFO] [stdout] 222 |     CORE_MB_INT_CONTROL2<ReadWrite<u32>@(ARM_CORE_BASE + 0x058)>,
[INFO] [stdout]     |                                          ^^^^^^^^^^^^^ help: a constant with a similar name exists: `ARM_IRQ_BASE`
[INFO] [stdout] 
[INFO] [stdout] 
[INFO] [stdout] error[E0425]: cannot find value `ARM_CORE_BASE` in this scope
[INFO] [stdout]    --> /opt/rustwide/cargo-home/registry/src/index.crates.io-6f17d22bba15001f/ruspiro-interrupt-0.4.3/src/interface.rs:223:42
[INFO] [stdout]     |
[INFO] [stdout] 20  | const ARM_IRQ_BASE: usize = PERIPHERAL_BASE + 0x0000_B000;
[INFO] [stdout]     | ---------------------------------------------------------- similarly named constant `ARM_IRQ_BASE` defined here
[INFO] [stdout] ...
[INFO] [stdout] 223 |     CORE_MB_INT_CONTROL3<ReadWrite<u32>@(ARM_CORE_BASE + 0x05C)>,
[INFO] [stdout]     |                                          ^^^^^^^^^^^^^ help: a constant with a similar name exists: `ARM_IRQ_BASE`
[INFO] [stdout] 
[INFO] [stdout] 
[INFO] [stdout] error[E0425]: cannot find value `ARM_CORE_BASE` in this scope
[INFO] [stdout]    --> /opt/rustwide/cargo-home/registry/src/index.crates.io-6f17d22bba15001f/ruspiro-interrupt-0.4.3/src/interface.rs:225:39
[INFO] [stdout]     |
[INFO] [stdout] 20  | const ARM_IRQ_BASE: usize = PERIPHERAL_BASE + 0x0000_B000;
[INFO] [stdout]     | ---------------------------------------------------------- similarly named constant `ARM_IRQ_BASE` defined here
[INFO] [stdout] ...
[INFO] [stdout] 225 |     CORE0_IRQ_PENDING<ReadWrite<u32>@(ARM_CORE_BASE + 0x060)> {
[INFO] [stdout]     |                                       ^^^^^^^^^^^^^ help: a constant with a similar name exists: `ARM_IRQ_BASE`
[INFO] [stdout] 
[INFO] [stdout] 
[INFO] [stdout] error[E0425]: cannot find value `ARM_CORE_BASE` in this scope
[INFO] [stdout]    --> /opt/rustwide/cargo-home/registry/src/index.crates.io-6f17d22bba15001f/ruspiro-interrupt-0.4.3/src/interface.rs:228:39
[INFO] [stdout]     |
[INFO] [stdout] 20  | const ARM_IRQ_BASE: usize = PERIPHERAL_BASE + 0x0000_B000;
[INFO] [stdout]     | ---------------------------------------------------------- similarly named constant `ARM_IRQ_BASE` defined here
[INFO] [stdout] ...
[INFO] [stdout] 228 |     CORE1_IRQ_PENDING<ReadWrite<u32>@(ARM_CORE_BASE + 0x064)> {
[INFO] [stdout]     |                                       ^^^^^^^^^^^^^ help: a constant with a similar name exists: `ARM_IRQ_BASE`
[INFO] [stdout] 
[INFO] [stdout] 
[INFO] [stdout] error[E0425]: cannot find value `ARM_CORE_BASE` in this scope
[INFO] [stdout]    --> /opt/rustwide/cargo-home/registry/src/index.crates.io-6f17d22bba15001f/ruspiro-interrupt-0.4.3/src/interface.rs:231:39
[INFO] [stdout]     |
[INFO] [stdout] 20  | const ARM_IRQ_BASE: usize = PERIPHERAL_BASE + 0x0000_B000;
[INFO] [stdout]     | ---------------------------------------------------------- similarly named constant `ARM_IRQ_BASE` defined here
[INFO] [stdout] ...
[INFO] [stdout] 231 |     CORE2_IRQ_PENDING<ReadWrite<u32>@(ARM_CORE_BASE + 0x068)> {
[INFO] [stdout]     |                                       ^^^^^^^^^^^^^ help: a constant with a similar name exists: `ARM_IRQ_BASE`
[INFO] [stdout] 
[INFO] [stdout] 
[INFO] [stdout] error[E0425]: cannot find value `ARM_CORE_BASE` in this scope
[INFO] [stdout]    --> /opt/rustwide/cargo-home/registry/src/index.crates.io-6f17d22bba15001f/ruspiro-interrupt-0.4.3/src/interface.rs:234:39
[INFO] [stdout]     |
[INFO] [stdout] 20  | const ARM_IRQ_BASE: usize = PERIPHERAL_BASE + 0x0000_B000;
[INFO] [stdout]     | ---------------------------------------------------------- similarly named constant `ARM_IRQ_BASE` defined here
[INFO] [stdout] ...
[INFO] [stdout] 234 |     CORE3_IRQ_PENDING<ReadWrite<u32>@(ARM_CORE_BASE + 0x06C)> {
[INFO] [stdout]     |                                       ^^^^^^^^^^^^^ help: a constant with a similar name exists: `ARM_IRQ_BASE`
[INFO] [stdout] 
[INFO] [stdout] 
[INFO] [stdout] error[E0425]: cannot find value `ARM_CORE_BASE` in this scope
[INFO] [stdout]    --> /opt/rustwide/cargo-home/registry/src/index.crates.io-6f17d22bba15001f/ruspiro-interrupt-0.4.3/src/interface.rs:257:37
[INFO] [stdout]     |
[INFO] [stdout] 20  | const ARM_IRQ_BASE: usize = PERIPHERAL_BASE + 0x0000_B000;
[INFO] [stdout]     | ---------------------------------------------------------- similarly named constant `ARM_IRQ_BASE` defined here
[INFO] [stdout] ...
[INFO] [stdout] 257 |     CORE0_TIMER_IRQ<ReadWrite<u32>@(ARM_CORE_BASE + 0x040)> {
[INFO] [stdout]     |                                     ^^^^^^^^^^^^^ help: a constant with a similar name exists: `ARM_IRQ_BASE`
[INFO] [stdout] 
[INFO] [stdout] 
[INFO] [stdout] error[E0425]: cannot find value `ARM_CORE_BASE` in this scope
[INFO] [stdout]    --> /opt/rustwide/cargo-home/registry/src/index.crates.io-6f17d22bba15001f/ruspiro-interrupt-0.4.3/src/interface.rs:281:39
[INFO] [stdout]     |
[INFO] [stdout] 20  | const ARM_IRQ_BASE: usize = PERIPHERAL_BASE + 0x0000_B000;
[INFO] [stdout]     | ---------------------------------------------------------- similarly named constant `ARM_IRQ_BASE` defined here
[INFO] [stdout] ...
[INFO] [stdout] 281 |     CORE0_MAILBOX_IRQ<ReadWrite<u32>@(ARM_CORE_BASE + 0x050)> {
[INFO] [stdout]     |                                       ^^^^^^^^^^^^^ help: a constant with a similar name exists: `ARM_IRQ_BASE`
[INFO] [stdout] 
[INFO] [stdout] 
[INFO] [stdout] error[E0425]: cannot find value `ARM_CORE_BASE` in this scope
[INFO] [stdout]    --> /opt/rustwide/cargo-home/registry/src/index.crates.io-6f17d22bba15001f/ruspiro-interrupt-0.4.3/src/interface.rs:287:39
[INFO] [stdout]     |
[INFO] [stdout] 20  | const ARM_IRQ_BASE: usize = PERIPHERAL_BASE + 0x0000_B000;
[INFO] [stdout]     | ---------------------------------------------------------- similarly named constant `ARM_IRQ_BASE` defined here
[INFO] [stdout] ...
[INFO] [stdout] 287 |     CORE1_MAILBOX_IRQ<ReadWrite<u32>@(ARM_CORE_BASE + 0x054)> {
[INFO] [stdout]     |                                       ^^^^^^^^^^^^^ help: a constant with a similar name exists: `ARM_IRQ_BASE`
[INFO] [stdout] 
[INFO] [stdout] 
[INFO] [stdout] error[E0425]: cannot find value `ARM_CORE_BASE` in this scope
[INFO] [stdout]    --> /opt/rustwide/cargo-home/registry/src/index.crates.io-6f17d22bba15001f/ruspiro-interrupt-0.4.3/src/interface.rs:293:39
[INFO] [stdout]     |
[INFO] [stdout] 20  | const ARM_IRQ_BASE: usize = PERIPHERAL_BASE + 0x0000_B000;
[INFO] [stdout]     | ---------------------------------------------------------- similarly named constant `ARM_IRQ_BASE` defined here
[INFO] [stdout] ...
[INFO] [stdout] 293 |     CORE2_MAILBOX_IRQ<ReadWrite<u32>@(ARM_CORE_BASE + 0x058)> {
[INFO] [stdout]     |                                       ^^^^^^^^^^^^^ help: a constant with a similar name exists: `ARM_IRQ_BASE`
[INFO] [stdout] 
[INFO] [stdout] 
[INFO] [stdout] error[E0425]: cannot find value `ARM_CORE_BASE` in this scope
[INFO] [stdout]    --> /opt/rustwide/cargo-home/registry/src/index.crates.io-6f17d22bba15001f/ruspiro-interrupt-0.4.3/src/interface.rs:299:39
[INFO] [stdout]     |
[INFO] [stdout] 20  | const ARM_IRQ_BASE: usize = PERIPHERAL_BASE + 0x0000_B000;
[INFO] [stdout]     | ---------------------------------------------------------- similarly named constant `ARM_IRQ_BASE` defined here
[INFO] [stdout] ...
[INFO] [stdout] 299 |     CORE3_MAILBOX_IRQ<ReadWrite<u32>@(ARM_CORE_BASE + 0x05C)> {
[INFO] [stdout]     |                                       ^^^^^^^^^^^^^ help: a constant with a similar name exists: `ARM_IRQ_BASE`
[INFO] [stdout] 
[INFO] [stdout] 
[INFO] [stdout] error[E0425]: cannot find value `ARM_CORE_BASE` in this scope
[INFO] [stdout]    --> /opt/rustwide/cargo-home/registry/src/index.crates.io-6f17d22bba15001f/ruspiro-interrupt-0.4.3/src/interface.rs:306:38
[INFO] [stdout]     |
[INFO] [stdout] 20  | const ARM_IRQ_BASE: usize = PERIPHERAL_BASE + 0x0000_B000;
[INFO] [stdout]     | ---------------------------------------------------------- similarly named constant `ARM_IRQ_BASE` defined here
[INFO] [stdout] ...
[INFO] [stdout] 306 |     LOCAL_TIMER_CTRL<ReadWrite<u32>@(ARM_CORE_BASE + 0x034)> {
[INFO] [stdout]     |                                      ^^^^^^^^^^^^^ help: a constant with a similar name exists: `ARM_IRQ_BASE`
[INFO] [stdout] 
[INFO] [stdout] 
[INFO] [stdout] error[E0635]: unknown feature `llvm_asm`
[INFO] [stdout]  --> /opt/rustwide/cargo-home/registry/src/index.crates.io-6f17d22bba15001f/ruspiro-interrupt-0.4.3/src/lib.rs:9:12
[INFO] [stdout]   |
[INFO] [stdout] 9 | #![feature(llvm_asm)]
[INFO] [stdout]   |            ^^^^^^^^
[INFO] [stdout] 
[INFO] [stdout] 
[INFO] [stdout] Some errors have detailed explanations: E0425, E0635.
[INFO] [stdout] 
[INFO] [stdout] For more information about an error, try `rustc --explain E0425`.
[INFO] [stdout] 
[INFO] [stderr] error: could not compile `ruspiro-interrupt` (lib) due to 18 previous errors
[INFO] running `Command { std: "docker" "inspect" "34cea691574fc55abf122f12feaf447f17e9bf109dd5dfa3a9504e691796734a", kill_on_drop: false }`
[INFO] running `Command { std: "docker" "rm" "-f" "34cea691574fc55abf122f12feaf447f17e9bf109dd5dfa3a9504e691796734a", kill_on_drop: false }`
[INFO] [stdout] 34cea691574fc55abf122f12feaf447f17e9bf109dd5dfa3a9504e691796734a
