[INFO] fetching crate rumqttc-dev-patched 0.24.0-devpatch+9109f87...
[INFO] testing rumqttc-dev-patched-0.24.0-devpatch+9109f87 against nightly-2024-10-28+rustflags=-Zrandomize-layout for randomize-layout
[INFO] extracting crate rumqttc-dev-patched 0.24.0-devpatch+9109f87 into /workspace/builds/worker-6-tc2/source
[INFO] validating manifest of crates.io crate rumqttc-dev-patched 0.24.0-devpatch+9109f87 on toolchain nightly-2024-10-28
[INFO] running `Command { std: CARGO_HOME="/workspace/cargo-home" RUSTUP_HOME="/workspace/rustup-home" "/workspace/cargo-home/bin/cargo" "+nightly-2024-10-28" "metadata" "--manifest-path" "Cargo.toml" "--no-deps", kill_on_drop: false }`
[INFO] started tweaking crates.io crate rumqttc-dev-patched 0.24.0-devpatch+9109f87
[INFO] removed 0 missing examples
[INFO] removed 0 missing tests
[INFO] finished tweaking crates.io crate rumqttc-dev-patched 0.24.0-devpatch+9109f87
[INFO] tweaked toml for crates.io crate rumqttc-dev-patched 0.24.0-devpatch+9109f87 written to /workspace/builds/worker-6-tc2/source/Cargo.toml
[INFO] crate crates.io crate rumqttc-dev-patched 0.24.0-devpatch+9109f87 already has a lockfile, it will not be regenerated
[INFO] running `Command { std: CARGO_HOME="/workspace/cargo-home" RUSTUP_HOME="/workspace/rustup-home" "/workspace/cargo-home/bin/cargo" "+nightly-2024-10-28" "fetch" "--manifest-path" "Cargo.toml", kill_on_drop: false }`
[INFO] [stderr] warning: `default_features` is deprecated in favor of `default-features` and will not work in the 2024 edition
[INFO] [stderr] (in the `futures-util` dependency)
[INFO] running `Command { std: "docker" "create" "-v" "/var/lib/crater-agent-workspace/builds/worker-6-tc2/target:/opt/rustwide/target:rw,Z" "-v" "/var/lib/crater-agent-workspace/builds/worker-6-tc2/source:/opt/rustwide/workdir:ro,Z" "-v" "/var/lib/crater-agent-workspace/cargo-home:/opt/rustwide/cargo-home:ro,Z" "-v" "/var/lib/crater-agent-workspace/rustup-home:/opt/rustwide/rustup-home:ro,Z" "-e" "SOURCE_DIR=/opt/rustwide/workdir" "-e" "CARGO_TARGET_DIR=/opt/rustwide/target" "-e" "CARGO_HOME=/opt/rustwide/cargo-home" "-e" "RUSTUP_HOME=/opt/rustwide/rustup-home" "-w" "/opt/rustwide/workdir" "-m" "1610612736" "--user" "0:0" "--network" "none" "ghcr.io/rust-lang/crates-build-env/linux@sha256:4a844ea9eb2546a2d2c7022eacef16ef2e8229c7fbb2c7d4d55a9ceca922f72d" "/opt/rustwide/cargo-home/bin/cargo" "+nightly-2024-10-28" "metadata" "--no-deps" "--format-version=1", kill_on_drop: false }`
[INFO] [stdout] 8c8c4a7f081b95c43f67f9194b60569796368d1e20bd8daa9ac7fdb155435ae0
[INFO] running `Command { std: "docker" "start" "-a" "8c8c4a7f081b95c43f67f9194b60569796368d1e20bd8daa9ac7fdb155435ae0", kill_on_drop: false }`
[INFO] running `Command { std: "docker" "inspect" "8c8c4a7f081b95c43f67f9194b60569796368d1e20bd8daa9ac7fdb155435ae0", kill_on_drop: false }`
[INFO] running `Command { std: "docker" "rm" "-f" "8c8c4a7f081b95c43f67f9194b60569796368d1e20bd8daa9ac7fdb155435ae0", kill_on_drop: false }`
[INFO] [stdout] 8c8c4a7f081b95c43f67f9194b60569796368d1e20bd8daa9ac7fdb155435ae0
[INFO] running `Command { std: "docker" "create" "-v" "/var/lib/crater-agent-workspace/builds/worker-6-tc2/target:/opt/rustwide/target:rw,Z" "-v" "/var/lib/crater-agent-workspace/builds/worker-6-tc2/source:/opt/rustwide/workdir:ro,Z" "-v" "/var/lib/crater-agent-workspace/cargo-home:/opt/rustwide/cargo-home:ro,Z" "-v" "/var/lib/crater-agent-workspace/rustup-home:/opt/rustwide/rustup-home:ro,Z" "-e" "SOURCE_DIR=/opt/rustwide/workdir" "-e" "CARGO_TARGET_DIR=/opt/rustwide/target" "-e" "CARGO_INCREMENTAL=0" "-e" "RUST_BACKTRACE=full" "-e" "RUSTFLAGS=--cap-lints=forbid -Zrandomize-layout" "-e" "RUSTDOCFLAGS=--cap-lints=forbid" "-e" "CARGO_HOME=/opt/rustwide/cargo-home" "-e" "RUSTUP_HOME=/opt/rustwide/rustup-home" "-w" "/opt/rustwide/workdir" "-m" "1610612736" "--user" "0:0" "--network" "none" "ghcr.io/rust-lang/crates-build-env/linux@sha256:4a844ea9eb2546a2d2c7022eacef16ef2e8229c7fbb2c7d4d55a9ceca922f72d" "/opt/rustwide/cargo-home/bin/cargo" "+nightly-2024-10-28" "build" "--frozen" "--message-format=json", kill_on_drop: false }`
[INFO] [stdout] 0d7c7ec1f875be9eaa8531776f47b64056c7a8d4c66b132d00da4425c671790a
[INFO] running `Command { std: "docker" "start" "-a" "0d7c7ec1f875be9eaa8531776f47b64056c7a8d4c66b132d00da4425c671790a", kill_on_drop: false }`
[INFO] [stderr] warning: `default_features` is deprecated in favor of `default-features` and will not work in the 2024 edition
[INFO] [stderr] (in the `futures-util` dependency)
[INFO] [stderr]    Compiling libc v0.2.153
[INFO] [stderr]    Compiling proc-macro2 v1.0.78
[INFO] [stderr]    Compiling lock_api v0.4.11
[INFO] [stderr]    Compiling scopeguard v1.2.0
[INFO] [stderr]    Compiling cc v1.0.88
[INFO] [stderr]    Compiling pin-project-lite v0.2.13
[INFO] [stderr]    Compiling rustls-pki-types v1.3.1
[INFO] [stderr]    Compiling bytes v1.5.0
[INFO] [stderr]    Compiling untrusted v0.9.0
[INFO] [stderr]    Compiling slab v0.4.9
[INFO] [stderr]    Compiling rustls v0.22.2
[INFO] [stderr]    Compiling thiserror v1.0.57
[INFO] [stderr]    Compiling base64 v0.21.7
[INFO] [stderr]    Compiling zeroize v1.7.0
[INFO] [stderr]    Compiling log v0.4.20
[INFO] [stderr]    Compiling subtle v2.5.0
[INFO] [stderr]    Compiling tracing v0.1.40
[INFO] [stderr]    Compiling linked-hash-map v0.5.6
[INFO] [stderr]    Compiling rustls-pemfile v2.1.0
[INFO] [stderr]    Compiling futures-util v0.3.30
[INFO] [stderr]    Compiling spin v0.9.8
[INFO] [stderr]    Compiling rustls-native-certs v0.7.0
[INFO] [stderr]    Compiling flume v0.11.0
[INFO] [stderr]    Compiling quote v1.0.35
[INFO] [stderr]    Compiling ring v0.17.8
[INFO] [stderr]    Compiling mio v0.8.11
[INFO] [stderr]    Compiling getrandom v0.2.12
[INFO] [stderr]    Compiling socket2 v0.5.6
[INFO] [stderr]    Compiling syn v2.0.51
[INFO] [stderr]    Compiling tokio-macros v2.2.0
[INFO] [stderr]    Compiling thiserror-impl v1.0.57
[INFO] [stderr]    Compiling tokio v1.36.0
[INFO] [stderr]    Compiling rustls-webpki v0.102.2
[INFO] [stderr]    Compiling tokio-rustls v0.25.0
[INFO] [stderr]    Compiling tokio-stream v0.1.15
[INFO] [stderr]    Compiling tokio-util v0.7.10
[INFO] [stderr]    Compiling rumqttc-dev-patched v0.24.0-devpatch+9109f87 (/opt/rustwide/workdir)
[INFO] [stderr]     Finished `dev` profile [unoptimized + debuginfo] target(s) in 10.30s
[INFO] running `Command { std: "docker" "inspect" "0d7c7ec1f875be9eaa8531776f47b64056c7a8d4c66b132d00da4425c671790a", kill_on_drop: false }`
[INFO] running `Command { std: "docker" "rm" "-f" "0d7c7ec1f875be9eaa8531776f47b64056c7a8d4c66b132d00da4425c671790a", kill_on_drop: false }`
[INFO] [stdout] 0d7c7ec1f875be9eaa8531776f47b64056c7a8d4c66b132d00da4425c671790a
[INFO] running `Command { std: "docker" "create" "-v" "/var/lib/crater-agent-workspace/builds/worker-6-tc2/target:/opt/rustwide/target:rw,Z" "-v" "/var/lib/crater-agent-workspace/builds/worker-6-tc2/source:/opt/rustwide/workdir:ro,Z" "-v" "/var/lib/crater-agent-workspace/cargo-home:/opt/rustwide/cargo-home:ro,Z" "-v" "/var/lib/crater-agent-workspace/rustup-home:/opt/rustwide/rustup-home:ro,Z" "-e" "SOURCE_DIR=/opt/rustwide/workdir" "-e" "CARGO_TARGET_DIR=/opt/rustwide/target" "-e" "CARGO_INCREMENTAL=0" "-e" "RUST_BACKTRACE=full" "-e" "RUSTFLAGS=--cap-lints=forbid -Zrandomize-layout" "-e" "RUSTDOCFLAGS=--cap-lints=forbid" "-e" "CARGO_HOME=/opt/rustwide/cargo-home" "-e" "RUSTUP_HOME=/opt/rustwide/rustup-home" "-w" "/opt/rustwide/workdir" "-m" "1610612736" "--user" "0:0" "--network" "none" "ghcr.io/rust-lang/crates-build-env/linux@sha256:4a844ea9eb2546a2d2c7022eacef16ef2e8229c7fbb2c7d4d55a9ceca922f72d" "/opt/rustwide/cargo-home/bin/cargo" "+nightly-2024-10-28" "test" "--frozen" "--no-run" "--message-format=json", kill_on_drop: false }`
[INFO] [stdout] ef81e49bf233ac35a7c7205a61f966f0954cc2c7fa0d82d509539d24121f4e93
[INFO] running `Command { std: "docker" "start" "-a" "ef81e49bf233ac35a7c7205a61f966f0954cc2c7fa0d82d509539d24121f4e93", kill_on_drop: false }`
[INFO] [stderr] warning: `default_features` is deprecated in favor of `default-features` and will not work in the 2024 edition
[INFO] [stderr] (in the `futures-util` dependency)
[INFO] [stderr]    Compiling memchr v2.7.1
[INFO] [stderr]    Compiling log v0.4.20
[INFO] [stderr]    Compiling regex-syntax v0.8.2
[INFO] [stderr]    Compiling backtrace v0.3.69
[INFO] [stderr]    Compiling gimli v0.28.1
[INFO] [stderr]    Compiling termcolor v1.4.1
[INFO] [stderr]    Compiling adler v1.0.2
[INFO] [stderr]    Compiling serde v1.0.197
[INFO] [stderr]    Compiling is-terminal v0.4.12
[INFO] [stderr]    Compiling rustc-demangle v0.1.23
[INFO] [stderr]    Compiling humantime v2.1.0
[INFO] [stderr]    Compiling serde_derive v1.0.197
[INFO] [stderr]    Compiling tokio-util v0.7.10
[INFO] [stderr]    Compiling atty v0.2.14
[INFO] [stderr]    Compiling diff v0.1.13
[INFO] [stderr]    Compiling yansi v0.5.1
[INFO] [stderr]    Compiling miniz_oxide v0.7.2
[INFO] [stderr]    Compiling rustls v0.22.2
[INFO] [stderr]    Compiling pretty_assertions v1.4.0
[INFO] [stderr]    Compiling aho-corasick v1.1.2
[INFO] [stderr]    Compiling object v0.32.2
[INFO] [stderr]    Compiling regex-automata v0.4.5
[INFO] [stderr]    Compiling addr2line v0.21.0
[INFO] [stderr]    Compiling tokio-rustls v0.25.0
[INFO] [stderr]    Compiling rumqttc-dev-patched v0.24.0-devpatch+9109f87 (/opt/rustwide/workdir)
[INFO] [stderr]    Compiling regex v1.10.3
[INFO] [stderr]    Compiling color-backtrace v0.5.1
[INFO] [stderr]    Compiling env_logger v0.10.2
[INFO] [stderr]    Compiling pretty_env_logger v0.5.0
[INFO] [stderr]    Compiling bincode v1.3.3
[INFO] [stdout] error[E0433]: failed to resolve: use of undeclared crate or module `rumqttc`
[INFO] [stdout]  --> examples/syncpubsub_v5.rs:1:5
[INFO] [stdout]   |
[INFO] [stdout] 1 | use rumqttc::v5::mqttbytes::{v5::LastWill, QoS};
[INFO] [stdout]   |     ^^^^^^^ use of undeclared crate or module `rumqttc`
[INFO] [stdout] 
[INFO] [stdout] 
[INFO] [stdout] error[E0433]: failed to resolve: use of undeclared crate or module `rumqttc`
[INFO] [stdout]  --> examples/syncpubsub_v5.rs:2:5
[INFO] [stdout]   |
[INFO] [stdout] 2 | use rumqttc::v5::{Client, ConnectionError, MqttOptions};
[INFO] [stdout]   |     ^^^^^^^ use of undeclared crate or module `rumqttc`
[INFO] [stdout] 
[INFO] [stdout] 
[INFO] [stdout] error[E0433]: failed to resolve: use of undeclared crate or module `rumqttc`
[INFO] [stdout]  --> examples/syncrecv_v5.rs:1:5
[INFO] [stdout]   |
[INFO] [stdout] 1 | use rumqttc::v5::mqttbytes::{v5::LastWill, QoS};
[INFO] [stdout]   |     ^^^^^^^ use of undeclared crate or module `rumqttc`
[INFO] [stdout] 
[INFO] [stdout] 
[INFO] [stdout] error[E0433]: failed to resolve: use of undeclared crate or module `rumqttc`
[INFO] [stdout]  --> examples/syncrecv_v5.rs:2:5
[INFO] [stdout]   |
[INFO] [stdout] 2 | use rumqttc::v5::{Client, MqttOptions};
[INFO] [stdout]   |     ^^^^^^^ use of undeclared crate or module `rumqttc`
[INFO] [stdout] 
[INFO] [stdout] 
[INFO] [stdout] For more information about this error, try `rustc --explain E0433`.
[INFO] [stdout] 
[INFO] [stderr] error: could not compile `rumqttc-dev-patched` (example "syncpubsub_v5") due to 2 previous errors
[INFO] [stderr] warning: build failed, waiting for other jobs to finish...
[INFO] [stdout] For more information about this error, try `rustc --explain E0433`.
[INFO] [stdout] 
[INFO] [stdout] error[E0433]: failed to resolve: use of undeclared crate or module `rumqttc`
[INFO] [stdout]  --> examples/asyncpubsub_v5.rs:1:5
[INFO] [stdout]   |
[INFO] [stdout] 1 | use rumqttc::v5::mqttbytes::QoS;
[INFO] [stdout]   |     ^^^^^^^ use of undeclared crate or module `rumqttc`
[INFO] [stdout] 
[INFO] [stdout] 
[INFO] [stdout] error[E0433]: failed to resolve: use of undeclared crate or module `rumqttc`
[INFO] [stdout]  --> examples/subscription_ids.rs:1:5
[INFO] [stdout]   |
[INFO] [stdout] 1 | use rumqttc::v5::mqttbytes::v5::SubscribeProperties;
[INFO] [stdout]   |     ^^^^^^^ use of undeclared crate or module `rumqttc`
[INFO] [stdout] 
[INFO] [stdout] 
[INFO] [stdout] error[E0433]: failed to resolve: use of undeclared crate or module `rumqttc`
[INFO] [stdout]  --> examples/asyncpubsub_v5.rs:4:5
[INFO] [stdout]   |
[INFO] [stdout] 4 | use rumqttc::v5::{AsyncClient, MqttOptions};
[INFO] [stdout]   |     ^^^^^^^ use of undeclared crate or module `rumqttc`
[INFO] [stdout] 
[INFO] [stdout] 
[INFO] [stdout] error[E0433]: failed to resolve: use of undeclared crate or module `rumqttc`
[INFO] [stdout]  --> examples/subscription_ids.rs:2:5
[INFO] [stdout]   |
[INFO] [stdout] 2 | use rumqttc::v5::mqttbytes::QoS;
[INFO] [stdout]   |     ^^^^^^^ use of undeclared crate or module `rumqttc`
[INFO] [stdout] 
[INFO] [stdout] 
[INFO] [stdout] error[E0433]: failed to resolve: use of undeclared crate or module `rumqttc`
[INFO] [stdout]  --> examples/subscription_ids.rs:5:5
[INFO] [stdout]   |
[INFO] [stdout] 5 | use rumqttc::v5::{AsyncClient, MqttOptions};
[INFO] [stdout]   |     ^^^^^^^ use of undeclared crate or module `rumqttc`
[INFO] [stdout] 
[INFO] [stdout] 
[INFO] [stdout] error[E0433]: failed to resolve: use of undeclared crate or module `rumqttc`
[INFO] [stdout]  --> examples/topic_alias.rs:1:5
[INFO] [stdout]   |
[INFO] [stdout] 1 | use rumqttc::v5::mqttbytes::{v5::PublishProperties, QoS};
[INFO] [stdout]   |     ^^^^^^^ use of undeclared crate or module `rumqttc`
[INFO] [stdout] 
[INFO] [stdout] 
[INFO] [stdout] error[E0433]: failed to resolve: use of undeclared crate or module `rumqttc`
[INFO] [stdout]  --> examples/topic_alias.rs:4:5
[INFO] [stdout]   |
[INFO] [stdout] 4 | use rumqttc::v5::{AsyncClient, MqttOptions};
[INFO] [stdout]   |     ^^^^^^^ use of undeclared crate or module `rumqttc`
[INFO] [stdout] 
[INFO] [stdout] 
[INFO] [stderr] error: could not compile `rumqttc-dev-patched` (example "syncrecv_v5") due to 2 previous errors
[INFO] [stdout] error[E0433]: failed to resolve: use of undeclared crate or module `rumqttc`
[INFO] [stdout]  --> examples/async_manual_acks_v5.rs:1:5
[INFO] [stdout]   |
[INFO] [stdout] 1 | use rumqttc::v5::mqttbytes::v5::Packet;
[INFO] [stdout]   |     ^^^^^^^ use of undeclared crate or module `rumqttc`
[INFO] [stdout] 
[INFO] [stdout] 
[INFO] [stdout] error[E0433]: failed to resolve: use of undeclared crate or module `rumqttc`
[INFO] [stdout]  --> examples/async_manual_acks_v5.rs:2:5
[INFO] [stdout]   |
[INFO] [stdout] 2 | use rumqttc::v5::mqttbytes::QoS;
[INFO] [stdout]   |     ^^^^^^^ use of undeclared crate or module `rumqttc`
[INFO] [stdout] 
[INFO] [stdout] 
[INFO] [stdout] error[E0433]: failed to resolve: use of undeclared crate or module `rumqttc`
[INFO] [stdout]  --> examples/async_manual_acks_v5.rs:5:5
[INFO] [stdout]   |
[INFO] [stdout] 5 | use rumqttc::v5::{AsyncClient, Event, EventLoop, MqttOptions};
[INFO] [stdout]   |     ^^^^^^^ use of undeclared crate or module `rumqttc`
[INFO] [stdout] 
[INFO] [stdout] 
[INFO] [stdout] error[E0433]: failed to resolve: use of undeclared crate or module `rumqttc`
[INFO] [stdout]  --> examples/ack_notif_v5.rs:3:5
[INFO] [stdout]   |
[INFO] [stdout] 3 | use rumqttc::v5::{AsyncClient, MqttOptions, mqttbytes::QoS};
[INFO] [stdout]   |     ^^^^^^^ use of undeclared crate or module `rumqttc`
[INFO] [stdout] 
[INFO] [stdout] 
[INFO] [stdout] error[E0433]: failed to resolve: use of undeclared crate or module `rumqttc`
[INFO] [stdout]  --> tests/broker.rs:1:5
[INFO] [stdout]   |
[INFO] [stdout] 1 | use rumqttc::mqttbytes::v4::*;
[INFO] [stdout]   |     ^^^^^^^ use of undeclared crate or module `rumqttc`
[INFO] [stdout] 
[INFO] [stdout] 
[INFO] [stdout] error[E0433]: failed to resolve: use of undeclared crate or module `rumqttc`
[INFO] [stdout]  --> tests/broker.rs:2:5
[INFO] [stdout]   |
[INFO] [stdout] 2 | use rumqttc::mqttbytes::*;
[INFO] [stdout]   |     ^^^^^^^ use of undeclared crate or module `rumqttc`
[INFO] [stdout] 
[INFO] [stdout] 
[INFO] [stdout] For more information about this error, try `rustc --explain E0433`.
[INFO] [stdout] 
[INFO] [stdout] For more information about this error, try `rustc --explain E0433`.
[INFO] [stdout] 
[INFO] [stdout] For more information about this error, try `rustc --explain E0433`.
[INFO] [stdout] 
[INFO] [stdout] For more information about this error, try `rustc --explain E0433`.
[INFO] [stdout] 
[INFO] [stderr] error: could not compile `rumqttc-dev-patched` (example "asyncpubsub_v5") due to 2 previous errors
[INFO] [stderr] error: could not compile `rumqttc-dev-patched` (example "subscription_ids") due to 3 previous errors
[INFO] [stderr] error: could not compile `rumqttc-dev-patched` (example "async_manual_acks_v5") due to 3 previous errors
[INFO] [stderr] error: could not compile `rumqttc-dev-patched` (example "topic_alias") due to 2 previous errors
[INFO] [stdout] error[E0433]: failed to resolve: use of undeclared crate or module `rumqttc`
[INFO] [stdout]  --> tests/broker.rs:1:5
[INFO] [stdout]   |
[INFO] [stdout] 1 | use rumqttc::mqttbytes::v4::*;
[INFO] [stdout]   |     ^^^^^^^ use of undeclared crate or module `rumqttc`
[INFO] [stdout] 
[INFO] [stdout] 
[INFO] [stdout] error[E0433]: failed to resolve: use of undeclared crate or module `rumqttc`
[INFO] [stdout]  --> tests/broker.rs:2:5
[INFO] [stdout]   |
[INFO] [stdout] 2 | use rumqttc::mqttbytes::*;
[INFO] [stdout]   |     ^^^^^^^ use of undeclared crate or module `rumqttc`
[INFO] [stdout] 
[INFO] [stdout] 
[INFO] [stdout] error[E0432]: unresolved import `rumqttc`
[INFO] [stdout]  --> tests/reliability.rs:8:5
[INFO] [stdout]   |
[INFO] [stdout] 8 | use rumqttc::*;
[INFO] [stdout]   |     ^^^^^^^ use of undeclared crate or module `rumqttc`
[INFO] [stdout] 
[INFO] [stdout] 
[INFO] [stdout] error[E0432]: unresolved import `rumqttc`
[INFO] [stdout]   --> tests/broker.rs:12:5
[INFO] [stdout]    |
[INFO] [stdout] 12 | use rumqttc::{Event, Incoming, Outgoing, Packet};
[INFO] [stdout]    |     ^^^^^^^ use of undeclared crate or module `rumqttc`
[INFO] [stdout] 
[INFO] [stdout] 
[INFO] [stdout] error[E0432]: unresolved import `rumqttc`
[INFO] [stdout]   --> tests/broker.rs:12:5
[INFO] [stdout]    |
[INFO] [stdout] 12 | use rumqttc::{Event, Incoming, Outgoing, Packet};
[INFO] [stdout]    |     ^^^^^^^ use of undeclared crate or module `rumqttc`
[INFO] [stdout] 
[INFO] [stdout] 
[INFO] [stdout] error[E0432]: unresolved import `rumqttc`
[INFO] [stdout]  --> examples/serde.rs:2:5
[INFO] [stdout]   |
[INFO] [stdout] 2 | use rumqttc::{Client, Event, Incoming, MqttOptions, QoS};
[INFO] [stdout]   |     ^^^^^^^ use of undeclared crate or module `rumqttc`
[INFO] [stdout] 
[INFO] [stdout] 
[INFO] [stdout] error[E0432]: unresolved import `rumqttc`
[INFO] [stdout]  --> examples/syncrecv.rs:1:5
[INFO] [stdout]   |
[INFO] [stdout] 1 | use rumqttc::{Client, LastWill, MqttOptions, QoS};
[INFO] [stdout]   |     ^^^^^^^ use of undeclared crate or module `rumqttc`
[INFO] [stdout] 
[INFO] [stdout] 
[INFO] [stdout] error[E0432]: unresolved import `rumqttc`
[INFO] [stdout]  --> examples/tls2.rs:4:5
[INFO] [stdout]   |
[INFO] [stdout] 4 | use rumqttc::{AsyncClient, MqttOptions, TlsConfiguration, Transport};
[INFO] [stdout]   |     ^^^^^^^ use of undeclared crate or module `rumqttc`
[INFO] [stdout] 
[INFO] [stdout] 
[INFO] [stdout] error[E0432]: unresolved import `rumqttc`
[INFO] [stdout]  --> examples/async_manual_acks.rs:3:5
[INFO] [stdout]   |
[INFO] [stdout] 3 | use rumqttc::{AsyncClient, Event, EventLoop, Incoming, MqttOptions, QoS};
[INFO] [stdout]   |     ^^^^^^^ use of undeclared crate or module `rumqttc`
[INFO] [stdout] 
[INFO] [stdout] 
[INFO] [stdout] error[E0432]: unresolved import `rumqttc`
[INFO] [stdout]  --> examples/syncpubsub.rs:1:5
[INFO] [stdout]   |
[INFO] [stdout] 1 | use rumqttc::{Client, LastWill, MqttOptions, QoS};
[INFO] [stdout]   |     ^^^^^^^ use of undeclared crate or module `rumqttc`
[INFO] [stdout] 
[INFO] [stdout] 
[INFO] [stdout] error[E0432]: unresolved import `rumqttc`
[INFO] [stdout]  --> examples/tls.rs:4:5
[INFO] [stdout]   |
[INFO] [stdout] 4 | use rumqttc::{AsyncClient, Event, Incoming, MqttOptions, Transport};
[INFO] [stdout]   |     ^^^^^^^ use of undeclared crate or module `rumqttc`
[INFO] [stdout] 
[INFO] [stdout] 
[INFO] [stdout] error[E0432]: unresolved import `rumqttc`
[INFO] [stdout]  --> examples/asyncpubsub.rs:3:5
[INFO] [stdout]   |
[INFO] [stdout] 3 | use rumqttc::{AsyncClient, MqttOptions, QoS};
[INFO] [stdout]   |     ^^^^^^^ use of undeclared crate or module `rumqttc`
[INFO] [stdout] 
[INFO] [stdout] 
[INFO] [stdout] For more information about this error, try `rustc --explain E0433`.
[INFO] [stdout] 
[INFO] [stderr] error: could not compile `rumqttc-dev-patched` (example "ack_notif_v5") due to 1 previous error
[INFO] [stdout] For more information about this error, try `rustc --explain E0432`.
[INFO] [stdout] 
[INFO] [stdout] For more information about this error, try `rustc --explain E0432`.
[INFO] [stdout] 
[INFO] [stdout] For more information about this error, try `rustc --explain E0432`.
[INFO] [stdout] 
[INFO] [stderr] error: could not compile `rumqttc-dev-patched` (example "tls2") due to 1 previous error
[INFO] [stderr] error: could not compile `rumqttc-dev-patched` (example "tls") due to 1 previous error
[INFO] [stderr] error: could not compile `rumqttc-dev-patched` (example "syncrecv") due to 1 previous error
[INFO] [stdout] For more information about this error, try `rustc --explain E0432`.
[INFO] [stdout] 
[INFO] [stdout] For more information about this error, try `rustc --explain E0432`.
[INFO] [stdout] 
[INFO] [stdout] For more information about this error, try `rustc --explain E0432`.
[INFO] [stdout] 
[INFO] [stderr] error: could not compile `rumqttc-dev-patched` (example "syncpubsub") due to 1 previous error
[INFO] [stderr] error: could not compile `rumqttc-dev-patched` (example "asyncpubsub") due to 1 previous error
[INFO] [stderr] error: could not compile `rumqttc-dev-patched` (example "async_manual_acks") due to 1 previous error
[INFO] [stdout] error[E0433]: failed to resolve: use of undeclared type `ConnAck`
[INFO] [stdout]   --> tests/broker.rs:37:26
[INFO] [stdout]    |
[INFO] [stdout] 37 |                     0 => ConnAck::new(ConnectReturnCode::Success, false),
[INFO] [stdout]    |                          ^^^^^^^ use of undeclared type `ConnAck`
[INFO] [stdout]    |
[INFO] [stdout] help: consider importing one of these structs
[INFO] [stdout]    |
[INFO] [stdout] 1  + use rumqttc_dev_patched::ConnAck;
[INFO] [stdout]    |
[INFO] [stdout] 1  + use rumqttc_dev_patched::v5::mqttbytes::v5::ConnAck;
[INFO] [stdout]    |
[INFO] [stdout] 
[INFO] [stdout] 
[INFO] [stdout] error[E0433]: failed to resolve: use of undeclared type `ConnectReturnCode`
[INFO] [stdout]   --> tests/broker.rs:37:39
[INFO] [stdout]    |
[INFO] [stdout] 37 |                     0 => ConnAck::new(ConnectReturnCode::Success, false),
[INFO] [stdout]    |                                       ^^^^^^^^^^^^^^^^^ use of undeclared type `ConnectReturnCode`
[INFO] [stdout]    |
[INFO] [stdout] help: consider importing one of these enums
[INFO] [stdout]    |
[INFO] [stdout] 1  + use rumqttc_dev_patched::ConnectReturnCode;
[INFO] [stdout]    |
[INFO] [stdout] 1  + use rumqttc_dev_patched::v5::mqttbytes::v5::ConnectReturnCode;
[INFO] [stdout]    |
[INFO] [stdout] 
[INFO] [stdout] 
[INFO] [stdout] error[E0433]: failed to resolve: use of undeclared type `ConnAck`
[INFO] [stdout]   --> tests/broker.rs:38:26
[INFO] [stdout]    |
[INFO] [stdout] 38 |                     1 => ConnAck::new(ConnectReturnCode::BadUserNamePassword, false),
[INFO] [stdout]    |                          ^^^^^^^ use of undeclared type `ConnAck`
[INFO] [stdout]    |
[INFO] [stdout] help: consider importing one of these structs
[INFO] [stdout]    |
[INFO] [stdout] 1  + use rumqttc_dev_patched::ConnAck;
[INFO] [stdout]    |
[INFO] [stdout] 1  + use rumqttc_dev_patched::v5::mqttbytes::v5::ConnAck;
[INFO] [stdout]    |
[INFO] [stdout] 
[INFO] [stdout] 
[INFO] [stdout] error[E0433]: failed to resolve: use of undeclared type `ConnectReturnCode`
[INFO] [stdout]   --> tests/broker.rs:38:39
[INFO] [stdout]    |
[INFO] [stdout] 38 |                     1 => ConnAck::new(ConnectReturnCode::BadUserNamePassword, false),
[INFO] [stdout]    |                                       ^^^^^^^^^^^^^^^^^ use of undeclared type `ConnectReturnCode`
[INFO] [stdout]    |
[INFO] [stdout] help: consider importing one of these enums
[INFO] [stdout]    |
[INFO] [stdout] 1  + use rumqttc_dev_patched::ConnectReturnCode;
[INFO] [stdout]    |
[INFO] [stdout] 1  + use rumqttc_dev_patched::v5::mqttbytes::v5::ConnectReturnCode;
[INFO] [stdout]    |
[INFO] [stdout] 
[INFO] [stdout] 
[INFO] [stdout] error[E0412]: cannot find type `Publish` in this scope
[INFO] [stdout]   --> tests/broker.rs:65:52
[INFO] [stdout]    |
[INFO] [stdout] 65 |     pub async fn read_publish(&mut self) -> Option<Publish> {
[INFO] [stdout]    |                                                    ^^^^^^^ not found in this scope
[INFO] [stdout]    |
[INFO] [stdout] help: consider importing one of these structs
[INFO] [stdout]    |
[INFO] [stdout] 1  + use rumqttc_dev_patched::Publish;
[INFO] [stdout]    |
[INFO] [stdout] 1  + use rumqttc_dev_patched::v5::mqttbytes::v5::Publish;
[INFO] [stdout]    |
[INFO] [stdout] 
[INFO] [stdout] 
[INFO] [stdout] error[E0433]: failed to resolve: use of undeclared type `PubAck`
[INFO] [stdout]    --> tests/broker.rs:118:37
[INFO] [stdout]     |
[INFO] [stdout] 118 |         let packet = Packet::PubAck(PubAck::new(pkid));
[INFO] [stdout]     |                                     ^^^^^^ use of undeclared type `PubAck`
[INFO] [stdout]     |
[INFO] [stdout] help: consider importing one of these structs
[INFO] [stdout]     |
[INFO] [stdout] 1   + use rumqttc_dev_patched::PubAck;
[INFO] [stdout]     |
[INFO] [stdout] 1   + use rumqttc_dev_patched::v5::mqttbytes::v5::PubAck;
[INFO] [stdout]     |
[INFO] [stdout] 
[INFO] [stdout] 
[INFO] [stdout] error[E0412]: cannot find type `QoS` in this scope
[INFO] [stdout]    --> tests/broker.rs:128:61
[INFO] [stdout]     |
[INFO] [stdout] 128 |     pub async fn spawn_publishes(&mut self, count: u8, qos: QoS, delay: u64) {
[INFO] [stdout]     |                                                             ^^^ not found in this scope
[INFO] [stdout]     |
[INFO] [stdout] help: consider importing one of these enums
[INFO] [stdout]     |
[INFO] [stdout] 1   + use rumqttc_dev_patched::QoS;
[INFO] [stdout]     |
[INFO] [stdout] 1   + use rumqttc_dev_patched::v5::mqttbytes::QoS;
[INFO] [stdout]     |
[INFO] [stdout] 
[INFO] [stdout] 
[INFO] [stdout] error[E0433]: failed to resolve: use of undeclared type `Publish`
[INFO] [stdout]    --> tests/broker.rs:135:35
[INFO] [stdout]     |
[INFO] [stdout] 135 |                 let mut publish = Publish::new(topic, qos, payload);
[INFO] [stdout]     |                                   ^^^^^^^ use of undeclared type `Publish`
[INFO] [stdout]     |
[INFO] [stdout] help: consider importing one of these structs
[INFO] [stdout]     |
[INFO] [stdout] 1   + use rumqttc_dev_patched::Publish;
[INFO] [stdout]     |
[INFO] [stdout] 1   + use rumqttc_dev_patched::v5::mqttbytes::v5::Publish;
[INFO] [stdout]     |
[INFO] [stdout] 
[INFO] [stdout] 
[INFO] [stdout] error[E0412]: cannot find type `ConnAck` in this scope
[INFO] [stdout]    --> tests/broker.rs:219:46
[INFO] [stdout]     |
[INFO] [stdout] 219 |     pub async fn connack(&mut self, connack: ConnAck) -> io::Result<usize> {
[INFO] [stdout]     |                                              ^^^^^^^ not found in this scope
[INFO] [stdout]     |
[INFO] [stdout] help: consider importing one of these structs
[INFO] [stdout]     |
[INFO] [stdout] 1   + use rumqttc_dev_patched::ConnAck;
[INFO] [stdout]     |
[INFO] [stdout] 1   + use rumqttc_dev_patched::v5::mqttbytes::v5::ConnAck;
[INFO] [stdout]     |
[INFO] [stdout] 
[INFO] [stdout] 
[INFO] [stdout] error[E0433]: failed to resolve: use of undeclared type `Error`
[INFO] [stdout]    --> tests/broker.rs:244:21
[INFO] [stdout]     |
[INFO] [stdout] 244 |                 Err(Error::InsufficientBytes(_)) if count > 0 => return Ok(()),
[INFO] [stdout]     |                     ^^^^^ use of undeclared type `Error`
[INFO] [stdout]     |
[INFO] [stdout] help: consider importing one of these items
[INFO] [stdout]     |
[INFO] [stdout] 1   + use crate::io::Error;
[INFO] [stdout]     |
[INFO] [stdout] 1   + use crate::time::error::Error;
[INFO] [stdout]     |
[INFO] [stdout] 1   + use std::error::Error;
[INFO] [stdout]     |
[INFO] [stdout] 1   + use std::fmt::Error;
[INFO] [stdout]     |
[INFO] [stdout]       and 13 other candidates
[INFO] [stdout] 
[INFO] [stdout] 
[INFO] [stdout] error[E0433]: failed to resolve: use of undeclared type `Error`
[INFO] [stdout]    --> tests/broker.rs:246:21
[INFO] [stdout]     |
[INFO] [stdout] 246 |                 Err(Error::InsufficientBytes(required)) => {
[INFO] [stdout]     |                     ^^^^^ use of undeclared type `Error`
[INFO] [stdout]     |
[INFO] [stdout] help: consider importing one of these items
[INFO] [stdout]     |
[INFO] [stdout] 1   + use crate::io::Error;
[INFO] [stdout]     |
[INFO] [stdout] 1   + use crate::time::error::Error;
[INFO] [stdout]     |
[INFO] [stdout] 1   + use std::error::Error;
[INFO] [stdout]     |
[INFO] [stdout] 1   + use std::fmt::Error;
[INFO] [stdout]     |
[INFO] [stdout]       and 13 other candidates
[INFO] [stdout] 
[INFO] [stdout] 
[INFO] [stdout] error[E0412]: cannot find type `Error` in this scope
[INFO] [stdout]    --> tests/broker.rs:255:67
[INFO] [stdout]     |
[INFO] [stdout] 255 |     async fn write(&mut self, packet: Packet) -> Result<Outgoing, Error> {
[INFO] [stdout]     |                                                                   ^^^^^ not found in this scope
[INFO] [stdout]     |
[INFO] [stdout] help: consider importing one of these items
[INFO] [stdout]     |
[INFO] [stdout] 1   + use crate::io::Error;
[INFO] [stdout]     |
[INFO] [stdout] 1   + use crate::time::error::Error;
[INFO] [stdout]     |
[INFO] [stdout] 1   + use std::error::Error;
[INFO] [stdout]     |
[INFO] [stdout] 1   + use std::fmt::Error;
[INFO] [stdout]     |
[INFO] [stdout]       and 13 other candidates
[INFO] [stdout] 
[INFO] [stdout] 
[INFO] [stdout] error[E0425]: cannot find value `PingReq` in this scope
[INFO] [stdout]    --> tests/broker.rs:261:30
[INFO] [stdout]     |
[INFO] [stdout] 261 |                 let packet = PingReq;
[INFO] [stdout]     |                              ^^^^^^^ not found in this scope
[INFO] [stdout]     |
[INFO] [stdout] help: consider importing one of these items
[INFO] [stdout]     |
[INFO] [stdout] 1   + use rumqttc_dev_patched::Outgoing::PingReq;
[INFO] [stdout]     |
[INFO] [stdout] 1   + use rumqttc_dev_patched::Packet::PingReq;
[INFO] [stdout]     |
[INFO] [stdout] 1   + use rumqttc_dev_patched::PacketType::PingReq;
[INFO] [stdout]     |
[INFO] [stdout] 1   + use rumqttc_dev_patched::PingReq;
[INFO] [stdout]     |
[INFO] [stdout]       and 5 other candidates
[INFO] [stdout] 
[INFO] [stdout] 
[INFO] [stdout] error[E0425]: cannot find value `PingResp` in this scope
[INFO] [stdout]    --> tests/broker.rs:265:30
[INFO] [stdout]     |
[INFO] [stdout] 265 |                 let packet = PingResp;
[INFO] [stdout]     |                              ^^^^^^^^ not found in this scope
[INFO] [stdout]     |
[INFO] [stdout] help: consider importing one of these items
[INFO] [stdout]     |
[INFO] [stdout] 1   + use rumqttc_dev_patched::Outgoing::PingResp;
[INFO] [stdout]     |
[INFO] [stdout] 1   + use rumqttc_dev_patched::Packet::PingResp;
[INFO] [stdout]     |
[INFO] [stdout] 1   + use rumqttc_dev_patched::PacketType::PingResp;
[INFO] [stdout]     |
[INFO] [stdout] 1   + use rumqttc_dev_patched::PingResp;
[INFO] [stdout]     |
[INFO] [stdout]       and 5 other candidates
[INFO] [stdout] 
[INFO] [stdout] 
[INFO] [stdout] error[E0425]: cannot find value `Disconnect` in this scope
[INFO] [stdout]    --> tests/broker.rs:273:30
[INFO] [stdout]     |
[INFO] [stdout] 273 |                 let packet = Disconnect;
[INFO] [stdout]     |                              ^^^^^^^^^^ not found in this scope
[INFO] [stdout]     |
[INFO] [stdout] help: consider importing one of these items
[INFO] [stdout]     |
[INFO] [stdout] 1   + use rumqttc_dev_patched::Disconnect;
[INFO] [stdout]     |
[INFO] [stdout] 1   + use rumqttc_dev_patched::Outgoing::Disconnect;
[INFO] [stdout]     |
[INFO] [stdout] 1   + use rumqttc_dev_patched::Packet::Disconnect;
[INFO] [stdout]     |
[INFO] [stdout] 1   + use rumqttc_dev_patched::PacketType::Disconnect;
[INFO] [stdout]     |
[INFO] [stdout]       and 4 other candidates
[INFO] [stdout] 
[INFO] [stdout] 
[INFO] [stdout] For more information about this error, try `rustc --explain E0432`.
[INFO] [stdout] 
[INFO] [stderr] error: could not compile `rumqttc-dev-patched` (example "serde") due to 1 previous error
[INFO] [stdout] Some errors have detailed explanations: E0412, E0425, E0432, E0433.
[INFO] [stdout] 
[INFO] [stdout] For more information about an error, try `rustc --explain E0412`.
[INFO] [stdout] 
[INFO] [stderr] error: could not compile `rumqttc-dev-patched` (test "broker") due to 18 previous errors
[INFO] [stdout] Some errors have detailed explanations: E0432, E0433.
[INFO] [stdout] 
[INFO] [stdout] For more information about an error, try `rustc --explain E0432`.
[INFO] [stdout] 
[INFO] [stderr] error: could not compile `rumqttc-dev-patched` (test "reliability") due to 4 previous errors
[INFO] running `Command { std: "docker" "inspect" "ef81e49bf233ac35a7c7205a61f966f0954cc2c7fa0d82d509539d24121f4e93", kill_on_drop: false }`
[INFO] running `Command { std: "docker" "rm" "-f" "ef81e49bf233ac35a7c7205a61f966f0954cc2c7fa0d82d509539d24121f4e93", kill_on_drop: false }`
[INFO] [stdout] ef81e49bf233ac35a7c7205a61f966f0954cc2c7fa0d82d509539d24121f4e93
