[INFO] fetching crate rudof 0.1.12...
[INFO] testing rudof-0.1.12 against nightly-2024-10-28+rustflags=-Zrandomize-layout for randomize-layout
[INFO] extracting crate rudof 0.1.12 into /workspace/builds/worker-1-tc2/source
[INFO] validating manifest of crates.io crate rudof 0.1.12 on toolchain nightly-2024-10-28
[INFO] running `Command { std: CARGO_HOME="/workspace/cargo-home" RUSTUP_HOME="/workspace/rustup-home" "/workspace/cargo-home/bin/cargo" "+nightly-2024-10-28" "metadata" "--manifest-path" "Cargo.toml" "--no-deps", kill_on_drop: false }`
[INFO] started tweaking crates.io crate rudof 0.1.12
[INFO] finished tweaking crates.io crate rudof 0.1.12
[INFO] tweaked toml for crates.io crate rudof 0.1.12 written to /workspace/builds/worker-1-tc2/source/Cargo.toml
[INFO] running `Command { std: CARGO_HOME="/workspace/cargo-home" RUSTUP_HOME="/workspace/rustup-home" "/workspace/cargo-home/bin/cargo" "+nightly-2024-10-28" "generate-lockfile" "--manifest-path" "Cargo.toml", kill_on_drop: false }`
[INFO] [stderr]     Updating crates.io index
[INFO] [stderr]      Locking 272 packages to latest compatible versions
[INFO] running `Command { std: CARGO_HOME="/workspace/cargo-home" RUSTUP_HOME="/workspace/rustup-home" "/workspace/cargo-home/bin/cargo" "+nightly-2024-10-28" "fetch" "--manifest-path" "Cargo.toml", kill_on_drop: false }`
[INFO] running `Command { std: "docker" "create" "-v" "/var/lib/crater-agent-workspace/builds/worker-1-tc2/target:/opt/rustwide/target:rw,Z" "-v" "/var/lib/crater-agent-workspace/builds/worker-1-tc2/source:/opt/rustwide/workdir:ro,Z" "-v" "/var/lib/crater-agent-workspace/cargo-home:/opt/rustwide/cargo-home:ro,Z" "-v" "/var/lib/crater-agent-workspace/rustup-home:/opt/rustwide/rustup-home:ro,Z" "-e" "SOURCE_DIR=/opt/rustwide/workdir" "-e" "CARGO_TARGET_DIR=/opt/rustwide/target" "-e" "CARGO_HOME=/opt/rustwide/cargo-home" "-e" "RUSTUP_HOME=/opt/rustwide/rustup-home" "-w" "/opt/rustwide/workdir" "-m" "1610612736" "--user" "0:0" "--network" "none" "ghcr.io/rust-lang/crates-build-env/linux@sha256:4a844ea9eb2546a2d2c7022eacef16ef2e8229c7fbb2c7d4d55a9ceca922f72d" "/opt/rustwide/cargo-home/bin/cargo" "+nightly-2024-10-28" "metadata" "--no-deps" "--format-version=1", kill_on_drop: false }`
[INFO] [stdout] 89e09d27fd0263cd8afa0a3f51c9d073ba05beb0924c60f31454f1b36abee540
[INFO] running `Command { std: "docker" "start" "-a" "89e09d27fd0263cd8afa0a3f51c9d073ba05beb0924c60f31454f1b36abee540", kill_on_drop: false }`
[INFO] running `Command { std: "docker" "inspect" "89e09d27fd0263cd8afa0a3f51c9d073ba05beb0924c60f31454f1b36abee540", kill_on_drop: false }`
[INFO] running `Command { std: "docker" "rm" "-f" "89e09d27fd0263cd8afa0a3f51c9d073ba05beb0924c60f31454f1b36abee540", kill_on_drop: false }`
[INFO] [stdout] 89e09d27fd0263cd8afa0a3f51c9d073ba05beb0924c60f31454f1b36abee540
[INFO] running `Command { std: "docker" "create" "-v" "/var/lib/crater-agent-workspace/builds/worker-1-tc2/target:/opt/rustwide/target:rw,Z" "-v" "/var/lib/crater-agent-workspace/builds/worker-1-tc2/source:/opt/rustwide/workdir:ro,Z" "-v" "/var/lib/crater-agent-workspace/cargo-home:/opt/rustwide/cargo-home:ro,Z" "-v" "/var/lib/crater-agent-workspace/rustup-home:/opt/rustwide/rustup-home:ro,Z" "-e" "SOURCE_DIR=/opt/rustwide/workdir" "-e" "CARGO_TARGET_DIR=/opt/rustwide/target" "-e" "CARGO_INCREMENTAL=0" "-e" "RUST_BACKTRACE=full" "-e" "RUSTFLAGS=--cap-lints=forbid -Zrandomize-layout" "-e" "RUSTDOCFLAGS=--cap-lints=forbid" "-e" "CARGO_HOME=/opt/rustwide/cargo-home" "-e" "RUSTUP_HOME=/opt/rustwide/rustup-home" "-w" "/opt/rustwide/workdir" "-m" "1610612736" "--user" "0:0" "--network" "none" "ghcr.io/rust-lang/crates-build-env/linux@sha256:4a844ea9eb2546a2d2c7022eacef16ef2e8229c7fbb2c7d4d55a9ceca922f72d" "/opt/rustwide/cargo-home/bin/cargo" "+nightly-2024-10-28" "build" "--frozen" "--message-format=json", kill_on_drop: false }`
[INFO] [stdout] c4439af9d2f285885899798c2bb29730305db13a6bcc638774f5beccbcc4ca6d
[INFO] running `Command { std: "docker" "start" "-a" "c4439af9d2f285885899798c2bb29730305db13a6bcc638774f5beccbcc4ca6d", kill_on_drop: false }`
[INFO] [stderr]    Compiling byteorder v1.5.0
[INFO] [stderr]    Compiling smallvec v1.13.2
[INFO] [stderr]    Compiling serde v1.0.214
[INFO] [stderr]    Compiling bytes v1.8.0
[INFO] [stderr]    Compiling futures-core v0.3.31
[INFO] [stderr]    Compiling pkg-config v0.3.31
[INFO] [stderr]    Compiling vcpkg v0.2.15
[INFO] [stderr]    Compiling target-lexicon v0.12.16
[INFO] [stderr]    Compiling openssl-src v300.4.0+3.4.0
[INFO] [stderr]    Compiling futures-sink v0.3.31
[INFO] [stderr]    Compiling oxilangtag v0.1.5
[INFO] [stderr]    Compiling syn v2.0.86
[INFO] [stderr]    Compiling getrandom v0.2.15
[INFO] [stderr]    Compiling socket2 v0.5.7
[INFO] [stderr]    Compiling mio v1.0.2
[INFO] [stderr]    Compiling signal-hook-registry v1.4.2
[INFO] [stderr]    Compiling oxiri v0.2.8
[INFO] [stderr]    Compiling futures-io v0.3.31
[INFO] [stderr]    Compiling openssl v0.10.68
[INFO] [stderr]    Compiling rand_core v0.6.4
[INFO] [stderr]    Compiling parking_lot_core v0.9.10
[INFO] [stderr]    Compiling foreign-types-shared v0.1.1
[INFO] [stderr]    Compiling futures-util v0.3.31
[INFO] [stderr]    Compiling foreign-types v0.3.2
[INFO] [stderr]    Compiling try-lock v0.2.5
[INFO] [stderr]    Compiling atomic-waker v1.1.2
[INFO] [stderr]    Compiling native-tls v0.2.12
[INFO] [stderr]    Compiling futures-channel v0.3.31
[INFO] [stderr]    Compiling want v0.3.1
[INFO] [stderr]    Compiling openssl-probe v0.1.5
[INFO] [stderr]    Compiling num-traits v0.2.19
[INFO] [stderr]    Compiling parking_lot v0.12.3
[INFO] [stderr]    Compiling http v1.1.0
[INFO] [stderr]    Compiling tower-service v0.3.3
[INFO] [stderr]    Compiling anyhow v1.0.92
[INFO] [stderr]    Compiling quick-xml v0.37.0
[INFO] [stderr]    Compiling rustls-pki-types v1.10.0
[INFO] [stderr]    Compiling sync_wrapper v1.0.1
[INFO] [stderr]    Compiling serde_yml v0.0.12
[INFO] [stderr]    Compiling encoding_rs v0.8.35
[INFO] [stderr]    Compiling base64 v0.22.1
[INFO] [stderr]    Compiling ipnet v2.10.1
[INFO] [stderr]    Compiling peg-runtime v0.8.3
[INFO] [stderr]    Compiling rust_decimal v1.36.0
[INFO] [stderr]    Compiling arrayvec v0.7.6
[INFO] [stderr]    Compiling pyo3-build-config v0.22.5
[INFO] [stderr]    Compiling openssl-sys v0.9.104
[INFO] [stderr]    Compiling rustls-pemfile v2.2.0
[INFO] [stderr]    Compiling libyml v0.0.5
[INFO] [stderr]    Compiling peg-macros v0.8.4
[INFO] [stderr]    Compiling heck v0.5.0
[INFO] [stderr]    Compiling json-event-parser v0.2.0
[INFO] [stderr]    Compiling const_format_proc_macros v0.2.33
[INFO] [stderr]    Compiling regex v1.11.1
[INFO] [stderr]    Compiling http-body v1.0.1
[INFO] [stderr]    Compiling colored v2.1.0
[INFO] [stderr]    Compiling either v1.13.0
[INFO] [stderr]    Compiling maplit v1.0.2
[INFO] [stderr]    Compiling utf8parse v0.2.2
[INFO] [stderr]    Compiling hashbag v0.1.12
[INFO] [stderr]    Compiling itertools v0.13.0
[INFO] [stderr]    Compiling anstyle-parse v0.2.6
[INFO] [stderr]    Compiling anstyle v1.0.10
[INFO] [stderr]    Compiling colorchoice v1.0.3
[INFO] [stderr]    Compiling is_terminal_polyfill v1.70.1
[INFO] [stderr]    Compiling anstyle-query v1.1.2
[INFO] [stderr]    Compiling hashbrown v0.14.5
[INFO] [stderr]    Compiling sha2 v0.10.8
[INFO] [stderr]    Compiling md-5 v0.10.6
[INFO] [stderr]    Compiling memoffset v0.9.1
[INFO] [stderr]    Compiling anstream v0.6.17
[INFO] [stderr]    Compiling strsim v0.11.1
[INFO] [stderr]    Compiling siphasher v1.0.1
[INFO] [stderr]    Compiling clap_lex v0.7.2
[INFO] [stderr]    Compiling const_format v0.2.33
[INFO] [stderr]    Compiling hex v0.4.3
[INFO] [stderr]    Compiling rustc-hash v2.0.0
[INFO] [stderr]    Compiling clap_builder v4.5.20
[INFO] [stderr]    Compiling rust_decimal_macros v1.36.0
[INFO] [stderr]    Compiling void v1.0.2
[INFO] [stderr]    Compiling indoc v2.0.5
[INFO] [stderr]    Compiling dashmap v6.1.0
[INFO] [stderr]    Compiling unindent v0.2.3
[INFO] [stderr]    Compiling pyo3-ffi v0.22.5
[INFO] [stderr]    Compiling pyo3-macros-backend v0.22.5
[INFO] [stderr]    Compiling pyo3 v0.22.5
[INFO] [stderr]    Compiling peg v0.8.4
[INFO] [stderr]    Compiling http-body-util v0.1.2
[INFO] [stderr]    Compiling serde_derive v1.0.214
[INFO] [stderr]    Compiling zerocopy-derive v0.7.35
[INFO] [stderr]    Compiling thiserror-impl v1.0.66
[INFO] [stderr]    Compiling tokio-macros v2.4.0
[INFO] [stderr]    Compiling tracing-attributes v0.1.27
[INFO] [stderr]    Compiling openssl-macros v0.1.1
[INFO] [stderr]    Compiling async-trait v0.1.83
[INFO] [stderr]    Compiling clap_derive v4.5.18
[INFO] [stderr]    Compiling tokio v1.41.0
[INFO] [stderr]    Compiling zerocopy v0.7.35
[INFO] [stderr]    Compiling thiserror v1.0.66
[INFO] [stderr]    Compiling oxsdatatypes v0.2.0
[INFO] [stderr]    Compiling tracing v0.1.40
[INFO] [stderr]    Compiling ppv-lite86 v0.2.20
[INFO] [stderr]    Compiling rand_chacha v0.3.1
[INFO] [stderr]    Compiling clap v4.5.20
[INFO] [stderr]    Compiling rand v0.8.5
[INFO] [stderr]    Compiling oxrdf v0.2.2
[INFO] [stderr]    Compiling pyo3-macros v0.22.5
[INFO] [stderr]    Compiling oxttl v0.1.2
[INFO] [stderr]    Compiling oxrdfxml v0.1.2
[INFO] [stderr]    Compiling sparesults v0.2.2
[INFO] [stderr]    Compiling spargebra v0.3.2
[INFO] [stderr]    Compiling oxrdfio v0.1.2
[INFO] [stderr]    Compiling tokio-util v0.7.12
[INFO] [stderr]    Compiling indexmap v2.6.0
[INFO] [stderr]    Compiling serde_json v1.0.132
[INFO] [stderr]    Compiling serde_urlencoded v0.7.1
[INFO] [stderr]    Compiling sparopt v0.1.2
[INFO] [stderr]    Compiling oxigraph v0.4.2
[INFO] [stderr]    Compiling h2 v0.4.6
[INFO] [stderr]    Compiling rbe v0.1.29
[INFO] [stderr]    Compiling hyper v1.5.0
[INFO] [stderr]    Compiling hyper-util v0.1.10
[INFO] [stderr]    Compiling tokio-native-tls v0.3.1
[INFO] [stderr]    Compiling hyper-tls v0.6.0
[INFO] [stderr]    Compiling reqwest v0.12.9
[INFO] [stderr]    Compiling iri_s v0.1.32
[INFO] [stderr]    Compiling prefixmap v0.1.52
[INFO] [stderr]    Compiling srdf v0.1.52
[INFO] [stderr]    Compiling shacl_ast v0.1.49
[INFO] [stderr]    Compiling sparql_service v0.1.52
[INFO] [stderr]    Compiling shacl_validation v0.1.52
[INFO] [stderr]    Compiling rudof v0.1.12 (/opt/rustwide/workdir)
[INFO] [stdout] error[E0432]: unresolved import `shacl_validation::validate`
[INFO] [stdout]  --> src/shacl.rs:4:23
[INFO] [stdout]   |
[INFO] [stdout] 4 | use shacl_validation::validate::GraphValidator;
[INFO] [stdout]   |                       ^^^^^^^^ could not find `validate` in `shacl_validation`
[INFO] [stdout] 
[INFO] [stdout] 
[INFO] [stdout] error[E0432]: unresolved import `shacl_validation::validate`
[INFO] [stdout]  --> src/shacl.rs:5:23
[INFO] [stdout]   |
[INFO] [stdout] 5 | use shacl_validation::validate::ShaclValidationMode;
[INFO] [stdout]   |                       ^^^^^^^^ could not find `validate` in `shacl_validation`
[INFO] [stdout] 
[INFO] [stdout] 
[INFO] [stdout] error[E0432]: unresolved import `shacl_validation::validate`
[INFO] [stdout]  --> src/shacl.rs:6:23
[INFO] [stdout]   |
[INFO] [stdout] 6 | use shacl_validation::validate::Validator;
[INFO] [stdout]   |                       ^^^^^^^^ could not find `validate` in `shacl_validation`
[INFO] [stdout] 
[INFO] [stdout] 
[INFO] [stdout] error[E0061]: this function takes 4 arguments but 3 arguments were supplied
[INFO] [stdout]    --> src/shacl.rs:21:27
[INFO] [stdout]     |
[INFO] [stdout] 21  |         let graph = match SRDFGraph::from_path(input, &input_format, None) {
[INFO] [stdout]     |                           ^^^^^^^^^^^^^^^^^^^^---------------------------- argument #4 of type `&ReaderMode` is missing
[INFO] [stdout]     |
[INFO] [stdout] note: associated function defined here
[INFO] [stdout]    --> /opt/rustwide/cargo-home/registry/src/index.crates.io-6f17d22bba15001f/srdf-0.1.52/src/srdf_graph/srdfgraph.rs:203:12
[INFO] [stdout]     |
[INFO] [stdout] 203 |     pub fn from_path<P: AsRef<Path>>(
[INFO] [stdout]     |            ^^^^^^^^^
[INFO] [stdout] help: provide the argument
[INFO] [stdout]     |
[INFO] [stdout] 21  |         let graph = match SRDFGraph::from_path(input, &input_format, None, /* &ReaderMode */) {
[INFO] [stdout]     |                                               ~~~~~~~~~~~~~~~~~~~~~~~~~~~~~~~~~~~~~~~~~~~~~~~
[INFO] [stdout] 
[INFO] [stdout] 
[INFO] [stdout] error[E0308]: mismatched types
[INFO] [stdout]   --> src/shacl.rs:45:67
[INFO] [stdout]    |
[INFO] [stdout] 45 |         if let Err(error) = shacl_writer.serialize(output_format, writer) {
[INFO] [stdout]    |                                          ---------                ^^^^^^ expected `&mut _`, found `BufWriter<File>`
[INFO] [stdout]    |                                          |
[INFO] [stdout]    |                                          arguments to this method are incorrect
[INFO] [stdout]    |
[INFO] [stdout]    = note: expected mutable reference `&mut _`
[INFO] [stdout]                          found struct `BufWriter<File>`
[INFO] [stdout] note: method defined here
[INFO] [stdout]   --> /opt/rustwide/cargo-home/registry/src/index.crates.io-6f17d22bba15001f/shacl_ast-0.1.49/src/converter/shacl_to_rdf/shacl_writer.rs:38:12
[INFO] [stdout]    |
[INFO] [stdout] 38 |     pub fn serialize<W: Write>(&self, format: RDFFormat, writer: &mut W) -> Result<(), RDF::Err> {
[INFO] [stdout]    |            ^^^^^^^^^
[INFO] [stdout] help: consider mutably borrowing here
[INFO] [stdout]    |
[INFO] [stdout] 45 |         if let Err(error) = shacl_writer.serialize(output_format, &mut writer) {
[INFO] [stdout]    |                                                                   ++++
[INFO] [stdout] 
[INFO] [stdout] 
[INFO] [stdout] Some errors have detailed explanations: E0061, E0308, E0432.
[INFO] [stdout] 
[INFO] [stdout] For more information about an error, try `rustc --explain E0061`.
[INFO] [stdout] 
[INFO] [stderr] error: could not compile `rudof` (lib) due to 5 previous errors
[INFO] running `Command { std: "docker" "inspect" "c4439af9d2f285885899798c2bb29730305db13a6bcc638774f5beccbcc4ca6d", kill_on_drop: false }`
[INFO] running `Command { std: "docker" "rm" "-f" "c4439af9d2f285885899798c2bb29730305db13a6bcc638774f5beccbcc4ca6d", kill_on_drop: false }`
[INFO] [stdout] c4439af9d2f285885899798c2bb29730305db13a6bcc638774f5beccbcc4ca6d
