[INFO] fetching crate rubbl_casatables_impl 0.4.35000...
[INFO] testing rubbl_casatables_impl-0.4.35000 against nightly-2024-10-28+rustflags=-Zrandomize-layout for randomize-layout
[INFO] extracting crate rubbl_casatables_impl 0.4.35000 into /workspace/builds/worker-0-tc2/source
[INFO] validating manifest of crates.io crate rubbl_casatables_impl 0.4.35000 on toolchain nightly-2024-10-28
[INFO] running `Command { std: CARGO_HOME="/workspace/cargo-home" RUSTUP_HOME="/workspace/rustup-home" "/workspace/cargo-home/bin/cargo" "+nightly-2024-10-28" "metadata" "--manifest-path" "Cargo.toml" "--no-deps", kill_on_drop: false }`
[INFO] started tweaking crates.io crate rubbl_casatables_impl 0.4.35000
[INFO] finished tweaking crates.io crate rubbl_casatables_impl 0.4.35000
[INFO] tweaked toml for crates.io crate rubbl_casatables_impl 0.4.35000 written to /workspace/builds/worker-0-tc2/source/Cargo.toml
[INFO] running `Command { std: CARGO_HOME="/workspace/cargo-home" RUSTUP_HOME="/workspace/rustup-home" "/workspace/cargo-home/bin/cargo" "+nightly-2024-10-28" "generate-lockfile" "--manifest-path" "Cargo.toml", kill_on_drop: false }`
[INFO] [stderr]     Updating crates.io index
[INFO] [stderr]      Locking 4 packages to latest compatible versions
[INFO] running `Command { std: CARGO_HOME="/workspace/cargo-home" RUSTUP_HOME="/workspace/rustup-home" "/workspace/cargo-home/bin/cargo" "+nightly-2024-10-28" "fetch" "--manifest-path" "Cargo.toml", kill_on_drop: false }`
[INFO] running `Command { std: "docker" "create" "-v" "/var/lib/crater-agent-workspace/builds/worker-0-tc2/target:/opt/rustwide/target:rw,Z" "-v" "/var/lib/crater-agent-workspace/builds/worker-0-tc2/source:/opt/rustwide/workdir:ro,Z" "-v" "/var/lib/crater-agent-workspace/cargo-home:/opt/rustwide/cargo-home:ro,Z" "-v" "/var/lib/crater-agent-workspace/rustup-home:/opt/rustwide/rustup-home:ro,Z" "-e" "SOURCE_DIR=/opt/rustwide/workdir" "-e" "CARGO_TARGET_DIR=/opt/rustwide/target" "-e" "CARGO_HOME=/opt/rustwide/cargo-home" "-e" "RUSTUP_HOME=/opt/rustwide/rustup-home" "-w" "/opt/rustwide/workdir" "-m" "1610612736" "--user" "0:0" "--network" "none" "ghcr.io/rust-lang/crates-build-env/linux@sha256:4a844ea9eb2546a2d2c7022eacef16ef2e8229c7fbb2c7d4d55a9ceca922f72d" "/opt/rustwide/cargo-home/bin/cargo" "+nightly-2024-10-28" "metadata" "--no-deps" "--format-version=1", kill_on_drop: false }`
[INFO] [stdout] 9e44301a86ae5c57ecdc3ee86afac28eadda382df1a7b9dc2b9c41d44efa4666
[INFO] running `Command { std: "docker" "start" "-a" "9e44301a86ae5c57ecdc3ee86afac28eadda382df1a7b9dc2b9c41d44efa4666", kill_on_drop: false }`
[INFO] running `Command { std: "docker" "inspect" "9e44301a86ae5c57ecdc3ee86afac28eadda382df1a7b9dc2b9c41d44efa4666", kill_on_drop: false }`
[INFO] running `Command { std: "docker" "rm" "-f" "9e44301a86ae5c57ecdc3ee86afac28eadda382df1a7b9dc2b9c41d44efa4666", kill_on_drop: false }`
[INFO] [stdout] 9e44301a86ae5c57ecdc3ee86afac28eadda382df1a7b9dc2b9c41d44efa4666
[INFO] running `Command { std: "docker" "create" "-v" "/var/lib/crater-agent-workspace/builds/worker-0-tc2/target:/opt/rustwide/target:rw,Z" "-v" "/var/lib/crater-agent-workspace/builds/worker-0-tc2/source:/opt/rustwide/workdir:ro,Z" "-v" "/var/lib/crater-agent-workspace/cargo-home:/opt/rustwide/cargo-home:ro,Z" "-v" "/var/lib/crater-agent-workspace/rustup-home:/opt/rustwide/rustup-home:ro,Z" "-e" "SOURCE_DIR=/opt/rustwide/workdir" "-e" "CARGO_TARGET_DIR=/opt/rustwide/target" "-e" "CARGO_INCREMENTAL=0" "-e" "RUST_BACKTRACE=full" "-e" "RUSTFLAGS=--cap-lints=forbid -Zrandomize-layout" "-e" "RUSTDOCFLAGS=--cap-lints=forbid" "-e" "CARGO_HOME=/opt/rustwide/cargo-home" "-e" "RUSTUP_HOME=/opt/rustwide/rustup-home" "-w" "/opt/rustwide/workdir" "-m" "1610612736" "--user" "0:0" "--network" "none" "ghcr.io/rust-lang/crates-build-env/linux@sha256:4a844ea9eb2546a2d2c7022eacef16ef2e8229c7fbb2c7d4d55a9ceca922f72d" "/opt/rustwide/cargo-home/bin/cargo" "+nightly-2024-10-28" "build" "--frozen" "--message-format=json", kill_on_drop: false }`
[INFO] [stdout] 78e4a835cb7dff09f1458387e4d66bf442aaba0dd323e2289af6fc36c646c1f9
[INFO] running `Command { std: "docker" "start" "-a" "78e4a835cb7dff09f1458387e4d66bf442aaba0dd323e2289af6fc36c646c1f9", kill_on_drop: false }`
[INFO] [stderr]    Compiling libc v0.2.161
[INFO] [stderr]    Compiling jobserver v0.1.32
[INFO] [stderr]    Compiling cc v1.1.31
[INFO] [stderr]    Compiling rubbl_casatables_impl v0.4.35000 (/opt/rustwide/workdir)
[INFO] [stderr] The following warnings were emitted during compilation:
[INFO] [stderr] 
[INFO] [stderr] warning: rubbl_casatables_impl@0.4.35000: c++: fatal error: Killed signal terminated program cc1plus
[INFO] [stderr] warning: rubbl_casatables_impl@0.4.35000: compilation terminated.
[INFO] [stderr] warning: rubbl_casatables_impl@0.4.35000: ToolExecError: Command "c++" "-O0" "-ffunction-sections" "-fdata-sections" "-fPIC" "-gdwarf-4" "-fno-omit-frame-pointer" "-m64" "-I" "." "-Wall" "-Wextra" "-std=c++11" "-Wno-deprecated-declarations" "-Dcasacore=rubbl_casacore" "-DUSE_THREADS=1" "-o" "/opt/rustwide/target/debug/build/rubbl_casatables_impl-67e0bfd9a9ad0068/out/b34bbcc899d85421-Array_tmpl.o" "-c" "casacore/casa/Arrays/Array_tmpl.cc" with args c++ did not execute successfully (status code exit status: 1).cargo:warning=c++: fatal error: Killed signal terminated program cc1plus
[INFO] [stderr] warning: rubbl_casatables_impl@0.4.35000: compilation terminated.
[INFO] [stderr] warning: rubbl_casatables_impl@0.4.35000: ToolExecError: Command "c++" "-O0" "-ffunction-sections" "-fdata-sections" "-fPIC" "-gdwarf-4" "-fno-omit-frame-pointer" "-m64" "-I" "." "-Wall" "-Wextra" "-std=c++11" "-Wno-deprecated-declarations" "-Dcasacore=rubbl_casacore" "-DUSE_THREADS=1" "-o" "/opt/rustwide/target/debug/build/rubbl_casatables_impl-67e0bfd9a9ad0068/out/b34bbcc899d85421-Vector_tmpl.o" "-c" "casacore/casa/Arrays/Vector_tmpl.cc" with args c++ did not execute successfully (status code exit status: 1).cargo:warning=c++: fatal error: Killed signal terminated program cc1plus
[INFO] [stderr] warning: rubbl_casatables_impl@0.4.35000: compilation terminated.
[INFO] [stderr] warning: rubbl_casatables_impl@0.4.35000: ToolExecError: Command "c++" "-O0" "-ffunction-sections" "-fdata-sections" "-fPIC" "-gdwarf-4" "-fno-omit-frame-pointer" "-m64" "-I" "." "-Wall" "-Wextra" "-std=c++11" "-Wno-deprecated-declarations" "-Dcasacore=rubbl_casacore" "-DUSE_THREADS=1" "-o" "/opt/rustwide/target/debug/build/rubbl_casatables_impl-67e0bfd9a9ad0068/out/723b6b2a6ed87c4a-Record2Interface.o" "-c" "casacore/casa/Containers/Record2Interface.cc" with args c++ did not execute successfully (status code exit status: 1).cargo:warning=c++: fatal error: Killed signal terminated program cc1plus
[INFO] [stderr] warning: rubbl_casatables_impl@0.4.35000: compilation terminated.
[INFO] [stderr] warning: rubbl_casatables_impl@0.4.35000: ToolExecError: Command "c++" "-O0" "-ffunction-sections" "-fdata-sections" "-fPIC" "-gdwarf-4" "-fno-omit-frame-pointer" "-m64" "-I" "." "-Wall" "-Wextra" "-std=c++11" "-Wno-deprecated-declarations" "-Dcasacore=rubbl_casacore" "-DUSE_THREADS=1" "-o" "/opt/rustwide/target/debug/build/rubbl_casatables_impl-67e0bfd9a9ad0068/out/723b6b2a6ed87c4a-RecordDesc.o" "-c" "casacore/casa/Containers/RecordDesc.cc" with args c++ did not execute successfully (status code exit status: 1).
[INFO] [stderr] warning: rubbl_casatables_impl@0.4.35000: c++: fatal error: Killed signal terminated program cc1plus
[INFO] [stderr] warning: rubbl_casatables_impl@0.4.35000: compilation terminated.
[INFO] [stderr] warning: rubbl_casatables_impl@0.4.35000: ToolExecError: Command "c++" "-O0" "-ffunction-sections" "-fdata-sections" "-fPIC" "-gdwarf-4" "-fno-omit-frame-pointer" "-m64" "-I" "." "-Wall" "-Wextra" "-std=c++11" "-Wno-deprecated-declarations" "-Dcasacore=rubbl_casacore" "-DUSE_THREADS=1" "-o" "/opt/rustwide/target/debug/build/rubbl_casatables_impl-67e0bfd9a9ad0068/out/af519fe93404a867-Path.o" "-c" "casacore/casa/OS/Path.cc" with args c++ did not execute successfully (status code exit status: 1).cargo:warning=c++: fatal error: Killed signal terminated program cc1plus
[INFO] [stderr] warning: rubbl_casatables_impl@0.4.35000: compilation terminated.
[INFO] [stderr] warning: rubbl_casatables_impl@0.4.35000: ToolExecError: Command "c++" "-O0" "-ffunction-sections" "-fdata-sections" "-fPIC" "-gdwarf-4" "-fno-omit-frame-pointer" "-m64" "-I" "." "-Wall" "-Wextra" "-std=c++11" "-Wno-deprecated-declarations" "-Dcasacore=rubbl_casacore" "-DUSE_THREADS=1" "-o" "/opt/rustwide/target/debug/build/rubbl_casatables_impl-67e0bfd9a9ad0068/out/8998438e7cf544b1-MeasValue.o" "-c" "casacore/casa/Quanta/MeasValue.cc" with args c++ did not execute successfully (status code exit status: 1).cargo:warning=c++: fatal error: Killed signal terminated program cc1plus
[INFO] [stderr] warning: rubbl_casatables_impl@0.4.35000: compilation terminated.
[INFO] [stderr] warning: rubbl_casatables_impl@0.4.35000: ToolExecError: Command "c++" "-O0" "-ffunction-sections" "-fdata-sections" "-fPIC" "-gdwarf-4" "-fno-omit-frame-pointer" "-m64" "-I" "." "-Wall" "-Wextra" "-std=c++11" "-Wno-deprecated-declarations" "-Dcasacore=rubbl_casacore" "-DUSE_THREADS=1" "-o" "/opt/rustwide/target/debug/build/rubbl_casatables_impl-67e0bfd9a9ad0068/out/8998438e7cf544b1-MVDouble.o" "-c" "casacore/casa/Quanta/MVDouble.cc" with args c++ did not execute successfully (status code exit status: 1).cargo:warning=c++: fatal error: Killed signal terminated program cc1plus
[INFO] [stderr] warning: rubbl_casatables_impl@0.4.35000: compilation terminated.
[INFO] [stderr] warning: rubbl_casatables_impl@0.4.35000: ToolExecError: Command "c++" "-O0" "-ffunction-sections" "-fdata-sections" "-fPIC" "-gdwarf-4" "-fno-omit-frame-pointer" "-m64" "-I" "." "-Wall" "-Wextra" "-std=c++11" "-Wno-deprecated-declarations" "-Dcasacore=rubbl_casacore" "-DUSE_THREADS=1" "-o" "/opt/rustwide/target/debug/build/rubbl_casatables_impl-67e0bfd9a9ad0068/out/8998438e7cf544b1-MVDirection.o" "-c" "casacore/casa/Quanta/MVDirection.cc" with args c++ did not execute successfully (status code exit status: 1).cargo:warning=c++: fatal error: Killed signal terminated program cc1plus
[INFO] [stderr] warning: rubbl_casatables_impl@0.4.35000: compilation terminated.
[INFO] [stderr] warning: rubbl_casatables_impl@0.4.35000: ToolExecError: Command "c++" "-O0" "-ffunction-sections" "-fdata-sections" "-fPIC" "-gdwarf-4" "-fno-omit-frame-pointer" "-m64" "-I" "." "-Wall" "-Wextra" "-std=c++11" "-Wno-deprecated-declarations" "-Dcasacore=rubbl_casacore" "-DUSE_THREADS=1" "-o" "/opt/rustwide/target/debug/build/rubbl_casatables_impl-67e0bfd9a9ad0068/out/8998438e7cf544b1-MVDoppler.o" "-c" "casacore/casa/Quanta/MVDoppler.cc" with args c++ did not execute successfully (status code exit status: 1).cargo:warning=c++: fatal error: Killed signal terminated program cc1plus
[INFO] [stderr] warning: rubbl_casatables_impl@0.4.35000: compilation terminated.
[INFO] [stderr] warning: rubbl_casatables_impl@0.4.35000: ToolExecError: Command "c++" "-O0" "-ffunction-sections" "-fdata-sections" "-fPIC" "-gdwarf-4" "-fno-omit-frame-pointer" "-m64" "-I" "." "-Wall" "-Wextra" "-std=c++11" "-Wno-deprecated-declarations" "-Dcasacore=rubbl_casacore" "-DUSE_THREADS=1" "-o" "/opt/rustwide/target/debug/build/rubbl_casatables_impl-67e0bfd9a9ad0068/out/8998438e7cf544b1-MVBaseline.o" "-c" "casacore/casa/Quanta/MVBaseline.cc" with args c++ did not execute successfully (status code exit status: 1).cargo:warning=c++: fatal error: Killed signal terminated program cc1plus
[INFO] [stderr] warning: rubbl_casatables_impl@0.4.35000: compilation terminated.
[INFO] [stderr] warning: rubbl_casatables_impl@0.4.35000: ToolExecError: Command "c++" "-O0" "-ffunction-sections" "-fdata-sections" "-fPIC" "-gdwarf-4" "-fno-omit-frame-pointer" "-m64" "-I" "." "-Wall" "-Wextra" "-std=c++11" "-Wno-deprecated-declarations" "-Dcasacore=rubbl_casacore" "-DUSE_THREADS=1" "-o" "/opt/rustwide/target/debug/build/rubbl_casatables_impl-67e0bfd9a9ad0068/out/8998438e7cf544b1-MVEpoch.o" "-c" "casacore/casa/Quanta/MVEpoch.cc" with args c++ did not execute successfully (status code exit status: 1).cargo:warning=c++: fatal error: Killed signal terminated program cc1plus
[INFO] [stderr] warning: rubbl_casatables_impl@0.4.35000: compilation terminated.
[INFO] [stderr] warning: rubbl_casatables_impl@0.4.35000: ToolExecError: Command "c++" "-O0" "-ffunction-sections" "-fdata-sections" "-fPIC" "-gdwarf-4" "-fno-omit-frame-pointer" "-m64" "-I" "." "-Wall" "-Wextra" "-std=c++11" "-Wno-deprecated-declarations" "-Dcasacore=rubbl_casacore" "-DUSE_THREADS=1" "-o" "/opt/rustwide/target/debug/build/rubbl_casatables_impl-67e0bfd9a9ad0068/out/8998438e7cf544b1-MVEarthMagnetic.o" "-c" "casacore/casa/Quanta/MVEarthMagnetic.cc" with args c++ did not execute successfully (status code exit status: 1).
[INFO] [stderr] warning: rubbl_casatables_impl@0.4.35000: c++: fatal error: Killed signal terminated program cc1plus
[INFO] [stderr] warning: rubbl_casatables_impl@0.4.35000: compilation terminated.
[INFO] [stderr] warning: rubbl_casatables_impl@0.4.35000: ToolExecError: Command "c++" "-O0" "-ffunction-sections" "-fdata-sections" "-fPIC" "-gdwarf-4" "-fno-omit-frame-pointer" "-m64" "-I" "." "-Wall" "-Wextra" "-std=c++11" "-Wno-deprecated-declarations" "-Dcasacore=rubbl_casacore" "-DUSE_THREADS=1" "-o" "/opt/rustwide/target/debug/build/rubbl_casatables_impl-67e0bfd9a9ad0068/out/6b8541ae8b711afb-CompressFloat.o" "-c" "casacore/tables/DataMan/CompressFloat.cc" with args c++ did not execute successfully (status code exit status: 1).cargo:warning=c++: fatal error: Killed signal terminated program cc1plus
[INFO] [stderr] warning: rubbl_casatables_impl@0.4.35000: compilation terminated.
[INFO] [stderr] warning: rubbl_casatables_impl@0.4.35000: ToolExecError: Command "c++" "-O0" "-ffunction-sections" "-fdata-sections" "-fPIC" "-gdwarf-4" "-fno-omit-frame-pointer" "-m64" "-I" "." "-Wall" "-Wextra" "-std=c++11" "-Wno-deprecated-declarations" "-Dcasacore=rubbl_casacore" "-DUSE_THREADS=1" "-o" "/opt/rustwide/target/debug/build/rubbl_casatables_impl-67e0bfd9a9ad0068/out/f2c98d18aadd852a-Sort.o" "-c" "casacore/casa/Utilities/Sort.cc" with args c++ did not execute successfully (status code exit status: 1).cargo:warning=c++: fatal error: Killed signal terminated program cc1plus
[INFO] [stderr] warning: rubbl_casatables_impl@0.4.35000: compilation terminated.
[INFO] [stderr] warning: rubbl_casatables_impl@0.4.35000: ToolExecError: Command "c++" "-O0" "-ffunction-sections" "-fdata-sections" "-fPIC" "-gdwarf-4" "-fno-omit-frame-pointer" "-m64" "-I" "." "-Wall" "-Wextra" "-std=c++11" "-Wno-deprecated-declarations" "-Dcasacore=rubbl_casacore" "-DUSE_THREADS=1" "-o" "/opt/rustwide/target/debug/build/rubbl_casatables_impl-67e0bfd9a9ad0068/out/6b8541ae8b711afb-DataManager.o" "-c" "casacore/tables/DataMan/DataManager.cc" with args c++ did not execute successfully (status code exit status: 1).cargo:warning=c++: fatal error: Killed signal terminated program cc1plus
[INFO] [stderr] warning: rubbl_casatables_impl@0.4.35000: compilation terminated.
[INFO] [stderr] warning: rubbl_casatables_impl@0.4.35000: ToolExecError: Command "c++" "-O0" "-ffunction-sections" "-fdata-sections" "-fPIC" "-gdwarf-4" "-fno-omit-frame-pointer" "-m64" "-I" "." "-Wall" "-Wextra" "-std=c++11" "-Wno-deprecated-declarations" "-Dcasacore=rubbl_casacore" "-DUSE_THREADS=1" "-o" "/opt/rustwide/target/debug/build/rubbl_casatables_impl-67e0bfd9a9ad0068/out/6b8541ae8b711afb-BitFlagsEngine.o" "-c" "casacore/tables/DataMan/BitFlagsEngine.cc" with args c++ did not execute successfully (status code exit status: 1).cargo:warning=c++: fatal error: Killed signal terminated program cc1plus
[INFO] [stderr] warning: rubbl_casatables_impl@0.4.35000: compilation terminated.
[INFO] [stderr] warning: rubbl_casatables_impl@0.4.35000: ToolExecError: Command "c++" "-O0" "-ffunction-sections" "-fdata-sections" "-fPIC" "-gdwarf-4" "-fno-omit-frame-pointer" "-m64" "-I" "." "-Wall" "-Wextra" "-std=c++11" "-Wno-deprecated-declarations" "-Dcasacore=rubbl_casacore" "-DUSE_THREADS=1" "-o" "/opt/rustwide/target/debug/build/rubbl_casatables_impl-67e0bfd9a9ad0068/out/6b8541ae8b711afb-CompressComplex.o" "-c" "casacore/tables/DataMan/CompressComplex.cc" with args c++ did not execute successfully (status code exit status: 1).cargo:warning=c++: fatal error: Killed signal terminated program cc1plus
[INFO] [stderr] warning: rubbl_casatables_impl@0.4.35000: compilation terminated.
[INFO] [stderr] warning: rubbl_casatables_impl@0.4.35000: ToolExecError: Command "c++" "-O0" "-ffunction-sections" "-fdata-sections" "-fPIC" "-gdwarf-4" "-fno-omit-frame-pointer" "-m64" "-I" "." "-Wall" "-Wextra" "-std=c++11" "-Wno-deprecated-declarations" "-Dcasacore=rubbl_casacore" "-DUSE_THREADS=1" "-o" "/opt/rustwide/target/debug/build/rubbl_casatables_impl-67e0bfd9a9ad0068/out/6b8541ae8b711afb-DataManAccessor.o" "-c" "casacore/tables/DataMan/DataManAccessor.cc" with args c++ did not execute successfully (status code exit status: 1).cargo:warning=c++: fatal error: Killed signal terminated program cc1plus
[INFO] [stderr] warning: rubbl_casatables_impl@0.4.35000: compilation terminated.
[INFO] [stderr] warning: rubbl_casatables_impl@0.4.35000: ToolExecError: Command "c++" "-O0" "-ffunction-sections" "-fdata-sections" "-fPIC" "-gdwarf-4" "-fno-omit-frame-pointer" "-m64" "-I" "." "-Wall" "-Wextra" "-std=c++11" "-Wno-deprecated-declarations" "-Dcasacore=rubbl_casacore" "-DUSE_THREADS=1" "-o" "/opt/rustwide/target/debug/build/rubbl_casatables_impl-67e0bfd9a9ad0068/out/6b8541ae8b711afb-DataManInfo.o" "-c" "casacore/tables/DataMan/DataManInfo.cc" with args c++ did not execute successfully (status code exit status: 1).cargo:warning=c++: fatal error: Killed signal terminated program cc1plus
[INFO] [stderr] warning: rubbl_casatables_impl@0.4.35000: compilation terminated.
[INFO] [stderr] warning: rubbl_casatables_impl@0.4.35000: ToolExecError: Command "c++" "-O0" "-ffunction-sections" "-fdata-sections" "-fPIC" "-gdwarf-4" "-fno-omit-frame-pointer" "-m64" "-I" "." "-Wall" "-Wextra" "-std=c++11" "-Wno-deprecated-declarations" "-Dcasacore=rubbl_casacore" "-DUSE_THREADS=1" "-o" "/opt/rustwide/target/debug/build/rubbl_casatables_impl-67e0bfd9a9ad0068/out/6b8541ae8b711afb-ForwardColRow.o" "-c" "casacore/tables/DataMan/ForwardColRow.cc" with args c++ did not execute successfully (status code exit status: 1).cargo:warning=c++: fatal error: Killed signal terminated program cc1plus
[INFO] [stderr] warning: rubbl_casatables_impl@0.4.35000: compilation terminated.
[INFO] [stderr] warning: rubbl_casatables_impl@0.4.35000: ToolExecError: Command "c++" "-O0" "-ffunction-sections" "-fdata-sections" "-fPIC" "-gdwarf-4" "-fno-omit-frame-pointer" "-m64" "-I" "." "-Wall" "-Wextra" "-std=c++11" "-Wno-deprecated-declarations" "-Dcasacore=rubbl_casacore" "-DUSE_THREADS=1" "-o" "/opt/rustwide/target/debug/build/rubbl_casatables_impl-67e0bfd9a9ad0068/out/6b8541ae8b711afb-ForwardCol.o" "-c" "casacore/tables/DataMan/ForwardCol.cc" with args c++ did not execute successfully (status code exit status: 1).cargo:warning=c++: fatal error: Killed signal terminated program cc1plus
[INFO] [stderr] warning: rubbl_casatables_impl@0.4.35000: compilation terminated.
[INFO] [stderr] warning: rubbl_casatables_impl@0.4.35000: ToolExecError: Command "c++" "-O0" "-ffunction-sections" "-fdata-sections" "-fPIC" "-gdwarf-4" "-fno-omit-frame-pointer" "-m64" "-I" "." "-Wall" "-Wextra" "-std=c++11" "-Wno-deprecated-declarations" "-Dcasacore=rubbl_casacore" "-DUSE_THREADS=1" "-o" "/opt/rustwide/target/debug/build/rubbl_casatables_impl-67e0bfd9a9ad0068/out/f2c98d18aadd852a-Regex.o" "-c" "casacore/casa/Utilities/Regex.cc" with args c++ did not execute successfully (status code exit status: 1).cargo:warning=c++: fatal error: Killed signal terminated program cc1plus
[INFO] [stderr] warning: rubbl_casatables_impl@0.4.35000: compilation terminated.
[INFO] [stderr] warning: rubbl_casatables_impl@0.4.35000: ToolExecError: Command "c++" "-O0" "-ffunction-sections" "-fdata-sections" "-fPIC" "-gdwarf-4" "-fno-omit-frame-pointer" "-m64" "-I" "." "-Wall" "-Wextra" "-std=c++11" "-Wno-deprecated-declarations" "-Dcasacore=rubbl_casacore" "-DUSE_THREADS=1" "-o" "/opt/rustwide/target/debug/build/rubbl_casatables_impl-67e0bfd9a9ad0068/out/6b8541ae8b711afb-ISMColumn.o" "-c" "casacore/tables/DataMan/ISMColumn.cc" with args c++ did not execute successfully (status code exit status: 1).cargo:warning=c++: fatal error: Killed signal terminated program cc1plus
[INFO] [stderr] warning: rubbl_casatables_impl@0.4.35000: compilation terminated.
[INFO] [stderr] warning: rubbl_casatables_impl@0.4.35000: ToolExecError: Command "c++" "-O0" "-ffunction-sections" "-fdata-sections" "-fPIC" "-gdwarf-4" "-fno-omit-frame-pointer" "-m64" "-I" "." "-Wall" "-Wextra" "-std=c++11" "-Wno-deprecated-declarations" "-Dcasacore=rubbl_casacore" "-DUSE_THREADS=1" "-o" "/opt/rustwide/target/debug/build/rubbl_casatables_impl-67e0bfd9a9ad0068/out/6b8541ae8b711afb-MSMDirColumn.o" "-c" "casacore/tables/DataMan/MSMDirColumn.cc" with args c++ did not execute successfully (status code exit status: 1).cargo:warning=c++: fatal error: Killed signal terminated program cc1plus
[INFO] [stderr] warning: rubbl_casatables_impl@0.4.35000: compilation terminated.
[INFO] [stderr] warning: rubbl_casatables_impl@0.4.35000: ToolExecError: Command "c++" "-O0" "-ffunction-sections" "-fdata-sections" "-fPIC" "-gdwarf-4" "-fno-omit-frame-pointer" "-m64" "-I" "." "-Wall" "-Wextra" "-std=c++11" "-Wno-deprecated-declarations" "-Dcasacore=rubbl_casacore" "-DUSE_THREADS=1" "-o" "/opt/rustwide/target/debug/build/rubbl_casatables_impl-67e0bfd9a9ad0068/out/6b8541ae8b711afb-MSMIndColumn.o" "-c" "casacore/tables/DataMan/MSMIndColumn.cc" with args c++ did not execute successfully (status code exit status: 1).cargo:warning=c++: fatal error: Killed signal terminated program cc1plus
[INFO] [stderr] warning: rubbl_casatables_impl@0.4.35000: compilation terminated.
[INFO] [stderr] warning: rubbl_casatables_impl@0.4.35000: ToolExecError: Command "c++" "-O0" "-ffunction-sections" "-fdata-sections" "-fPIC" "-gdwarf-4" "-fno-omit-frame-pointer" "-m64" "-I" "." "-Wall" "-Wextra" "-std=c++11" "-Wno-deprecated-declarations" "-Dcasacore=rubbl_casacore" "-DUSE_THREADS=1" "-o" "/opt/rustwide/target/debug/build/rubbl_casatables_impl-67e0bfd9a9ad0068/out/6b8541ae8b711afb-SSMIndColumn.o" "-c" "casacore/tables/DataMan/SSMIndColumn.cc" with args c++ did not execute successfully (status code exit status: 1).cargo:warning=c++: fatal error: Killed signal terminated program cc1plus
[INFO] [stderr] warning: rubbl_casatables_impl@0.4.35000: compilation terminated.
[INFO] [stderr] warning: rubbl_casatables_impl@0.4.35000: ToolExecError: Command "c++" "-O0" "-ffunction-sections" "-fdata-sections" "-fPIC" "-gdwarf-4" "-fno-omit-frame-pointer" "-m64" "-I" "." "-Wall" "-Wextra" "-std=c++11" "-Wno-deprecated-declarations" "-Dcasacore=rubbl_casacore" "-DUSE_THREADS=1" "-o" "/opt/rustwide/target/debug/build/rubbl_casatables_impl-67e0bfd9a9ad0068/out/6b8541ae8b711afb-SSMBase.o" "-c" "casacore/tables/DataMan/SSMBase.cc" with args c++ did not execute successfully (status code exit status: 1).
[INFO] [stderr] warning: rubbl_casatables_impl@0.4.35000: c++: fatal error: Killed signal terminated program cc1plus
[INFO] [stderr] warning: rubbl_casatables_impl@0.4.35000: compilation terminated.
[INFO] [stderr] warning: rubbl_casatables_impl@0.4.35000: ToolExecError: Command "c++" "-O0" "-ffunction-sections" "-fdata-sections" "-fPIC" "-gdwarf-4" "-fno-omit-frame-pointer" "-m64" "-I" "." "-Wall" "-Wextra" "-std=c++11" "-Wno-deprecated-declarations" "-Dcasacore=rubbl_casacore" "-DUSE_THREADS=1" "-o" "/opt/rustwide/target/debug/build/rubbl_casatables_impl-67e0bfd9a9ad0068/out/6b8541ae8b711afb-TiledCellStMan.o" "-c" "casacore/tables/DataMan/TiledCellStMan.cc" with args c++ did not execute successfully (status code exit status: 1).cargo:warning=c++: fatal error: Killed signal terminated program cc1plus
[INFO] [stderr] warning: rubbl_casatables_impl@0.4.35000: compilation terminated.
[INFO] [stderr] warning: rubbl_casatables_impl@0.4.35000: ToolExecError: Command "c++" "-O0" "-ffunction-sections" "-fdata-sections" "-fPIC" "-gdwarf-4" "-fno-omit-frame-pointer" "-m64" "-I" "." "-Wall" "-Wextra" "-std=c++11" "-Wno-deprecated-declarations" "-Dcasacore=rubbl_casacore" "-DUSE_THREADS=1" "-o" "/opt/rustwide/target/debug/build/rubbl_casatables_impl-67e0bfd9a9ad0068/out/6b8541ae8b711afb-TiledDataStMan.o" "-c" "casacore/tables/DataMan/TiledDataStMan.cc" with args c++ did not execute successfully (status code exit status: 1).cargo:warning=c++: fatal error: Killed signal terminated program cc1plus
[INFO] [stderr] warning: rubbl_casatables_impl@0.4.35000: compilation terminated.
[INFO] [stderr] warning: rubbl_casatables_impl@0.4.35000: ToolExecError: Command "c++" "-O0" "-ffunction-sections" "-fdata-sections" "-fPIC" "-gdwarf-4" "-fno-omit-frame-pointer" "-m64" "-I" "." "-Wall" "-Wextra" "-std=c++11" "-Wno-deprecated-declarations" "-Dcasacore=rubbl_casacore" "-DUSE_THREADS=1" "-o" "/opt/rustwide/target/debug/build/rubbl_casatables_impl-67e0bfd9a9ad0068/out/6b8541ae8b711afb-TiledColumnStMan.o" "-c" "casacore/tables/DataMan/TiledColumnStMan.cc" with args c++ did not execute successfully (status code exit status: 1).cargo:warning=c++: fatal error: Killed signal terminated program cc1plus
[INFO] [stderr] warning: rubbl_casatables_impl@0.4.35000: compilation terminated.
[INFO] [stderr] warning: rubbl_casatables_impl@0.4.35000: ToolExecError: Command "c++" "-O0" "-ffunction-sections" "-fdata-sections" "-fPIC" "-gdwarf-4" "-fno-omit-frame-pointer" "-m64" "-I" "." "-Wall" "-Wextra" "-std=c++11" "-Wno-deprecated-declarations" "-Dcasacore=rubbl_casacore" "-DUSE_THREADS=1" "-o" "/opt/rustwide/target/debug/build/rubbl_casatables_impl-67e0bfd9a9ad0068/out/6b8541ae8b711afb-TiledDataStManAccessor.o" "-c" "casacore/tables/DataMan/TiledDataStManAccessor.cc" with args c++ did not execute successfully (status code exit status: 1).cargo:warning=c++: fatal error: Killed signal terminated program cc1plus
[INFO] [stderr] warning: rubbl_casatables_impl@0.4.35000: compilation terminated.
[INFO] [stderr] warning: rubbl_casatables_impl@0.4.35000: ToolExecError: Command "c++" "-O0" "-ffunction-sections" "-fdata-sections" "-fPIC" "-gdwarf-4" "-fno-omit-frame-pointer" "-m64" "-I" "." "-Wall" "-Wextra" "-std=c++11" "-Wno-deprecated-declarations" "-Dcasacore=rubbl_casacore" "-DUSE_THREADS=1" "-o" "/opt/rustwide/target/debug/build/rubbl_casatables_impl-67e0bfd9a9ad0068/out/6b8541ae8b711afb-TiledStManAccessor.o" "-c" "casacore/tables/DataMan/TiledStManAccessor.cc" with args c++ did not execute successfully (status code exit status: 1).cargo:warning=c++: fatal error: Killed signal terminated program cc1plus
[INFO] [stderr] warning: rubbl_casatables_impl@0.4.35000: compilation terminated.
[INFO] [stderr] warning: rubbl_casatables_impl@0.4.35000: ToolExecError: Command "c++" "-O0" "-ffunction-sections" "-fdata-sections" "-fPIC" "-gdwarf-4" "-fno-omit-frame-pointer" "-m64" "-I" "." "-Wall" "-Wextra" "-std=c++11" "-Wno-deprecated-declarations" "-Dcasacore=rubbl_casacore" "-DUSE_THREADS=1" "-o" "/opt/rustwide/target/debug/build/rubbl_casatables_impl-67e0bfd9a9ad0068/out/6b8541ae8b711afb-TSMCoordColumn.o" "-c" "casacore/tables/DataMan/TSMCoordColumn.cc" with args c++ did not execute successfully (status code exit status: 1).cargo:warning=c++: fatal error: Killed signal terminated program cc1plus
[INFO] [stderr] warning: rubbl_casatables_impl@0.4.35000: compilation terminated.
[INFO] [stderr] warning: rubbl_casatables_impl@0.4.35000: ToolExecError: Command "c++" "-O0" "-ffunction-sections" "-fdata-sections" "-fPIC" "-gdwarf-4" "-fno-omit-frame-pointer" "-m64" "-I" "." "-Wall" "-Wextra" "-std=c++11" "-Wno-deprecated-declarations" "-Dcasacore=rubbl_casacore" "-DUSE_THREADS=1" "-o" "/opt/rustwide/target/debug/build/rubbl_casatables_impl-67e0bfd9a9ad0068/out/6b8541ae8b711afb-TiledStMan.o" "-c" "casacore/tables/DataMan/TiledStMan.cc" with args c++ did not execute successfully (status code exit status: 1).cargo:warning=c++: fatal error: Killed signal terminated program cc1plus
[INFO] [stderr] warning: rubbl_casatables_impl@0.4.35000: compilation terminated.
[INFO] [stderr] warning: rubbl_casatables_impl@0.4.35000: ToolExecError: Command "c++" "-O0" "-ffunction-sections" "-fdata-sections" "-fPIC" "-gdwarf-4" "-fno-omit-frame-pointer" "-m64" "-I" "." "-Wall" "-Wextra" "-std=c++11" "-Wno-deprecated-declarations" "-Dcasacore=rubbl_casacore" "-DUSE_THREADS=1" "-o" "/opt/rustwide/target/debug/build/rubbl_casatables_impl-67e0bfd9a9ad0068/out/6b8541ae8b711afb-TSMCube.o" "-c" "casacore/tables/DataMan/TSMCube.cc" with args c++ did not execute successfully (status code exit status: 1).cargo:warning=c++: fatal error: Killed signal terminated program cc1plus
[INFO] [stderr] warning: rubbl_casatables_impl@0.4.35000: compilation terminated.
[INFO] [stderr] warning: rubbl_casatables_impl@0.4.35000: ToolExecError: Command "c++" "-O0" "-ffunction-sections" "-fdata-sections" "-fPIC" "-gdwarf-4" "-fno-omit-frame-pointer" "-m64" "-I" "." "-Wall" "-Wextra" "-std=c++11" "-Wno-deprecated-declarations" "-Dcasacore=rubbl_casacore" "-DUSE_THREADS=1" "-o" "/opt/rustwide/target/debug/build/rubbl_casatables_impl-67e0bfd9a9ad0068/out/6b8541ae8b711afb-TSMDataColumn.o" "-c" "casacore/tables/DataMan/TSMDataColumn.cc" with args c++ did not execute successfully (status code exit status: 1).cargo:warning=c++: fatal error: Killed signal terminated program cc1plus
[INFO] [stderr] warning: rubbl_casatables_impl@0.4.35000: compilation terminated.
[INFO] [stderr] warning: rubbl_casatables_impl@0.4.35000: ToolExecError: Command "c++" "-O0" "-ffunction-sections" "-fdata-sections" "-fPIC" "-gdwarf-4" "-fno-omit-frame-pointer" "-m64" "-I" "." "-Wall" "-Wextra" "-std=c++11" "-Wno-deprecated-declarations" "-Dcasacore=rubbl_casacore" "-DUSE_THREADS=1" "-o" "/opt/rustwide/target/debug/build/rubbl_casatables_impl-67e0bfd9a9ad0068/out/82dd17a33fee5adf-ArrayColumn_tmpl.o" "-c" "casacore/tables/Tables/ArrayColumn_tmpl.cc" with args c++ did not execute successfully (status code exit status: 1).cargo:warning=c++: fatal error: Killed signal terminated program cc1plus
[INFO] [stderr] warning: rubbl_casatables_impl@0.4.35000: compilation terminated.
[INFO] [stderr] warning: rubbl_casatables_impl@0.4.35000: ToolExecError: Command "c++" "-O0" "-ffunction-sections" "-fdata-sections" "-fPIC" "-gdwarf-4" "-fno-omit-frame-pointer" "-m64" "-I" "." "-Wall" "-Wextra" "-std=c++11" "-Wno-deprecated-declarations" "-Dcasacore=rubbl_casacore" "-DUSE_THREADS=1" "-o" "/opt/rustwide/target/debug/build/rubbl_casatables_impl-67e0bfd9a9ad0068/out/82dd17a33fee5adf-ArrayColumnBase.o" "-c" "casacore/tables/Tables/ArrayColumnBase.cc" with args c++ did not execute successfully (status code exit status: 1).cargo:warning=c++: fatal error: Killed signal terminated program cc1plus
[INFO] [stderr] warning: rubbl_casatables_impl@0.4.35000: compilation terminated.
[INFO] [stderr] warning: rubbl_casatables_impl@0.4.35000: ToolExecError: Command "c++" "-O0" "-ffunction-sections" "-fdata-sections" "-fPIC" "-gdwarf-4" "-fno-omit-frame-pointer" "-m64" "-I" "." "-Wall" "-Wextra" "-std=c++11" "-Wno-deprecated-declarations" "-Dcasacore=rubbl_casacore" "-DUSE_THREADS=1" "-o" "/opt/rustwide/target/debug/build/rubbl_casatables_impl-67e0bfd9a9ad0068/out/82dd17a33fee5adf-BaseColDesc.o" "-c" "casacore/tables/Tables/BaseColDesc.cc" with args c++ did not execute successfully (status code exit status: 1).cargo:warning=c++: fatal error: Killed signal terminated program cc1plus
[INFO] [stderr] warning: rubbl_casatables_impl@0.4.35000: compilation terminated.
[INFO] [stderr] warning: rubbl_casatables_impl@0.4.35000: c++: fatal error: Killed signal terminated program cc1plus
[INFO] [stderr] warning: rubbl_casatables_impl@0.4.35000: compilation terminated.
[INFO] [stderr] warning: rubbl_casatables_impl@0.4.35000: ToolExecError: Command "c++" "-O0" "-ffunction-sections" "-fdata-sections" "-fPIC" "-gdwarf-4" "-fno-omit-frame-pointer" "-m64" "-I" "." "-Wall" "-Wextra" "-std=c++11" "-Wno-deprecated-declarations" "-Dcasacore=rubbl_casacore" "-DUSE_THREADS=1" "-o" "/opt/rustwide/target/debug/build/rubbl_casatables_impl-67e0bfd9a9ad0068/out/82dd17a33fee5adf-BaseTabIter.o" "-c" "casacore/tables/Tables/BaseTabIter.cc" with args c++ did not execute successfully (status code exit status: 1).
[INFO] [stderr] warning: rubbl_casatables_impl@0.4.35000: ToolExecError: Command "c++" "-O0" "-ffunction-sections" "-fdata-sections" "-fPIC" "-gdwarf-4" "-fno-omit-frame-pointer" "-m64" "-I" "." "-Wall" "-Wextra" "-std=c++11" "-Wno-deprecated-declarations" "-Dcasacore=rubbl_casacore" "-DUSE_THREADS=1" "-o" "/opt/rustwide/target/debug/build/rubbl_casatables_impl-67e0bfd9a9ad0068/out/82dd17a33fee5adf-ArrColData.o" "-c" "casacore/tables/Tables/ArrColData.cc" with args c++ did not execute successfully (status code exit status: 1).cargo:warning=c++: fatal error: Killed signal terminated program cc1plus
[INFO] [stderr] warning: rubbl_casatables_impl@0.4.35000: compilation terminated.
[INFO] [stderr] warning: rubbl_casatables_impl@0.4.35000: ToolExecError: Command "c++" "-O0" "-ffunction-sections" "-fdata-sections" "-fPIC" "-gdwarf-4" "-fno-omit-frame-pointer" "-m64" "-I" "." "-Wall" "-Wextra" "-std=c++11" "-Wno-deprecated-declarations" "-Dcasacore=rubbl_casacore" "-DUSE_THREADS=1" "-o" "/opt/rustwide/target/debug/build/rubbl_casatables_impl-67e0bfd9a9ad0068/out/82dd17a33fee5adf-BaseTable.o" "-c" "casacore/tables/Tables/BaseTable.cc" with args c++ did not execute successfully (status code exit status: 1).cargo:warning=c++: fatal error: Killed signal terminated program cc1plus
[INFO] [stderr] warning: rubbl_casatables_impl@0.4.35000: compilation terminated.
[INFO] [stderr] warning: rubbl_casatables_impl@0.4.35000: ToolExecError: Command "c++" "-O0" "-ffunction-sections" "-fdata-sections" "-fPIC" "-gdwarf-4" "-fno-omit-frame-pointer" "-m64" "-I" "." "-Wall" "-Wextra" "-std=c++11" "-Wno-deprecated-declarations" "-Dcasacore=rubbl_casacore" "-DUSE_THREADS=1" "-o" "/opt/rustwide/target/debug/build/rubbl_casatables_impl-67e0bfd9a9ad0068/out/82dd17a33fee5adf-ColumnDesc.o" "-c" "casacore/tables/Tables/ColumnDesc.cc" with args c++ did not execute successfully (status code exit status: 1).cargo:warning=c++: fatal error: Killed signal terminated program cc1plus
[INFO] [stderr] warning: rubbl_casatables_impl@0.4.35000: compilation terminated.
[INFO] [stderr] warning: rubbl_casatables_impl@0.4.35000: ToolExecError: Command "c++" "-O0" "-ffunction-sections" "-fdata-sections" "-fPIC" "-gdwarf-4" "-fno-omit-frame-pointer" "-m64" "-I" "." "-Wall" "-Wextra" "-std=c++11" "-Wno-deprecated-declarations" "-Dcasacore=rubbl_casacore" "-DUSE_THREADS=1" "-o" "/opt/rustwide/target/debug/build/rubbl_casatables_impl-67e0bfd9a9ad0068/out/82dd17a33fee5adf-ColumnSet.o" "-c" "casacore/tables/Tables/ColumnSet.cc" with args c++ did not execute successfully (status code exit status: 1).cargo:warning=c++: fatal error: Killed signal terminated program cc1plus
[INFO] [stderr] warning: rubbl_casatables_impl@0.4.35000: compilation terminated.
[INFO] [stderr] warning: rubbl_casatables_impl@0.4.35000: ToolExecError: Command "c++" "-O0" "-ffunction-sections" "-fdata-sections" "-fPIC" "-gdwarf-4" "-fno-omit-frame-pointer" "-m64" "-I" "." "-Wall" "-Wextra" "-std=c++11" "-Wno-deprecated-declarations" "-Dcasacore=rubbl_casacore" "-DUSE_THREADS=1" "-o" "/opt/rustwide/target/debug/build/rubbl_casatables_impl-67e0bfd9a9ad0068/out/82dd17a33fee5adf-ColumnsIndex.o" "-c" "casacore/tables/Tables/ColumnsIndex.cc" with args c++ did not execute successfully (status code exit status: 1).cargo:warning=c++: fatal error: Killed signal terminated program cc1plus
[INFO] [stderr] warning: rubbl_casatables_impl@0.4.35000: compilation terminated.
[INFO] [stderr] warning: rubbl_casatables_impl@0.4.35000: ToolExecError: Command "c++" "-O0" "-ffunction-sections" "-fdata-sections" "-fPIC" "-gdwarf-4" "-fno-omit-frame-pointer" "-m64" "-I" "." "-Wall" "-Wextra" "-std=c++11" "-Wno-deprecated-declarations" "-Dcasacore=rubbl_casacore" "-DUSE_THREADS=1" "-o" "/opt/rustwide/target/debug/build/rubbl_casatables_impl-67e0bfd9a9ad0068/out/82dd17a33fee5adf-ColumnsIndexArray.o" "-c" "casacore/tables/Tables/ColumnsIndexArray.cc" with args c++ did not execute successfully (status code exit status: 1).cargo:warning=c++: fatal error: Killed signal terminated program cc1plus
[INFO] [stderr] warning: rubbl_casatables_impl@0.4.35000: compilation terminated.
[INFO] [stderr] warning: rubbl_casatables_impl@0.4.35000: ToolExecError: Command "c++" "-O0" "-ffunction-sections" "-fdata-sections" "-fPIC" "-gdwarf-4" "-fno-omit-frame-pointer" "-m64" "-I" "." "-Wall" "-Wextra" "-std=c++11" "-Wno-deprecated-declarations" "-Dcasacore=rubbl_casacore" "-DUSE_THREADS=1" "-o" "/opt/rustwide/target/debug/build/rubbl_casatables_impl-67e0bfd9a9ad0068/out/82dd17a33fee5adf-ConcatTable.o" "-c" "casacore/tables/Tables/ConcatTable.cc" with args c++ did not execute successfully (status code exit status: 1).cargo:warning=c++: fatal error: Killed signal terminated program cc1plus
[INFO] [stderr] warning: rubbl_casatables_impl@0.4.35000: compilation terminated.
[INFO] [stderr] warning: rubbl_casatables_impl@0.4.35000: ToolExecError: Command "c++" "-O0" "-ffunction-sections" "-fdata-sections" "-fPIC" "-gdwarf-4" "-fno-omit-frame-pointer" "-m64" "-I" "." "-Wall" "-Wextra" "-std=c++11" "-Wno-deprecated-declarations" "-Dcasacore=rubbl_casacore" "-DUSE_THREADS=1" "-o" "/opt/rustwide/target/debug/build/rubbl_casatables_impl-67e0bfd9a9ad0068/out/82dd17a33fee5adf-ConcatColumn.o" "-c" "casacore/tables/Tables/ConcatColumn.cc" with args c++ did not execute successfully (status code exit status: 1).cargo:warning=c++: fatal error: Killed signal terminated program cc1plus
[INFO] [stderr] warning: rubbl_casatables_impl@0.4.35000: compilation terminated.
[INFO] [stderr] warning: rubbl_casatables_impl@0.4.35000: ToolExecError: Command "c++" "-O0" "-ffunction-sections" "-fdata-sections" "-fPIC" "-gdwarf-4" "-fno-omit-frame-pointer" "-m64" "-I" "." "-Wall" "-Wextra" "-std=c++11" "-Wno-deprecated-declarations" "-Dcasacore=rubbl_casacore" "-DUSE_THREADS=1" "-o" "/opt/rustwide/target/debug/build/rubbl_casatables_impl-67e0bfd9a9ad0068/out/82dd17a33fee5adf-MemoryTable.o" "-c" "casacore/tables/Tables/MemoryTable.cc" with args c++ did not execute successfully (status code exit status: 1).cargo:warning=c++: fatal error: Killed signal terminated program cc1plus
[INFO] [stderr] warning: rubbl_casatables_impl@0.4.35000: compilation terminated.
[INFO] [stderr] warning: rubbl_casatables_impl@0.4.35000: ToolExecError: Command "c++" "-O0" "-ffunction-sections" "-fdata-sections" "-fPIC" "-gdwarf-4" "-fno-omit-frame-pointer" "-m64" "-I" "." "-Wall" "-Wextra" "-std=c++11" "-Wno-deprecated-declarations" "-Dcasacore=rubbl_casacore" "-DUSE_THREADS=1" "-o" "/opt/rustwide/target/debug/build/rubbl_casatables_impl-67e0bfd9a9ad0068/out/82dd17a33fee5adf-NullTable.o" "-c" "casacore/tables/Tables/NullTable.cc" with args c++ did not execute successfully (status code exit status: 1).cargo:warning=c++: fatal error: Killed signal terminated program cc1plus
[INFO] [stderr] warning: rubbl_casatables_impl@0.4.35000: compilation terminated.
[INFO] [stderr] warning: rubbl_casatables_impl@0.4.35000: ToolExecError: Command "c++" "-O0" "-ffunction-sections" "-fdata-sections" "-fPIC" "-gdwarf-4" "-fno-omit-frame-pointer" "-m64" "-I" "." "-Wall" "-Wextra" "-std=c++11" "-Wno-deprecated-declarations" "-Dcasacore=rubbl_casacore" "-DUSE_THREADS=1" "-o" "/opt/rustwide/target/debug/build/rubbl_casatables_impl-67e0bfd9a9ad0068/out/82dd17a33fee5adf-PlainColumn.o" "-c" "casacore/tables/Tables/PlainColumn.cc" with args c++ did not execute successfully (status code exit status: 1).cargo:warning=c++: fatal error: Killed signal terminated program cc1plus
[INFO] [stderr] warning: rubbl_casatables_impl@0.4.35000: compilation terminated.
[INFO] [stderr] warning: rubbl_casatables_impl@0.4.35000: ToolExecError: Command "c++" "-O0" "-ffunction-sections" "-fdata-sections" "-fPIC" "-gdwarf-4" "-fno-omit-frame-pointer" "-m64" "-I" "." "-Wall" "-Wextra" "-std=c++11" "-Wno-deprecated-declarations" "-Dcasacore=rubbl_casacore" "-DUSE_THREADS=1" "-o" "/opt/rustwide/target/debug/build/rubbl_casatables_impl-67e0bfd9a9ad0068/out/82dd17a33fee5adf-ReadAsciiTable.o" "-c" "casacore/tables/Tables/ReadAsciiTable.cc" with args c++ did not execute successfully (status code exit status: 1).cargo:warning=c++: fatal error: Killed signal terminated program cc1plus
[INFO] [stderr] warning: rubbl_casatables_impl@0.4.35000: compilation terminated.
[INFO] [stderr] warning: rubbl_casatables_impl@0.4.35000: ToolExecError: Command "c++" "-O0" "-ffunction-sections" "-fdata-sections" "-fPIC" "-gdwarf-4" "-fno-omit-frame-pointer" "-m64" "-I" "." "-Wall" "-Wextra" "-std=c++11" "-Wno-deprecated-declarations" "-Dcasacore=rubbl_casacore" "-DUSE_THREADS=1" "-o" "/opt/rustwide/target/debug/build/rubbl_casatables_impl-67e0bfd9a9ad0068/out/82dd17a33fee5adf-PlainTable.o" "-c" "casacore/tables/Tables/PlainTable.cc" with args c++ did not execute successfully (status code exit status: 1).cargo:warning=c++: fatal error: Killed signal terminated program cc1plus
[INFO] [stderr] warning: rubbl_casatables_impl@0.4.35000: compilation terminated.
[INFO] [stderr] warning: rubbl_casatables_impl@0.4.35000: ToolExecError: Command "c++" "-O0" "-ffunction-sections" "-fdata-sections" "-fPIC" "-gdwarf-4" "-fno-omit-frame-pointer" "-m64" "-I" "." "-Wall" "-Wextra" "-std=c++11" "-Wno-deprecated-declarations" "-Dcasacore=rubbl_casacore" "-DUSE_THREADS=1" "-o" "/opt/rustwide/target/debug/build/rubbl_casatables_impl-67e0bfd9a9ad0068/out/82dd17a33fee5adf-RefTable.o" "-c" "casacore/tables/Tables/RefTable.cc" with args c++ did not execute successfully (status code exit status: 1).cargo:warning=c++: fatal error: Killed signal terminated program cc1plus
[INFO] [stderr] warning: rubbl_casatables_impl@0.4.35000: compilation terminated.
[INFO] [stderr] warning: rubbl_casatables_impl@0.4.35000: ToolExecError: Command "c++" "-O0" "-ffunction-sections" "-fdata-sections" "-fPIC" "-gdwarf-4" "-fno-omit-frame-pointer" "-m64" "-I" "." "-Wall" "-Wextra" "-std=c++11" "-Wno-deprecated-declarations" "-Dcasacore=rubbl_casacore" "-DUSE_THREADS=1" "-o" "/opt/rustwide/target/debug/build/rubbl_casatables_impl-67e0bfd9a9ad0068/out/82dd17a33fee5adf-RowCopier.o" "-c" "casacore/tables/Tables/RowCopier.cc" with args c++ did not execute successfully (status code exit status: 1).cargo:warning=c++: fatal error: Killed signal terminated program cc1plus
[INFO] [stderr] warning: rubbl_casatables_impl@0.4.35000: compilation terminated.
[INFO] [stderr] warning: rubbl_casatables_impl@0.4.35000: ToolExecError: Command "c++" "-O0" "-ffunction-sections" "-fdata-sections" "-fPIC" "-gdwarf-4" "-fno-omit-frame-pointer" "-m64" "-I" "." "-Wall" "-Wextra" "-std=c++11" "-Wno-deprecated-declarations" "-Dcasacore=rubbl_casacore" "-DUSE_THREADS=1" "-o" "/opt/rustwide/target/debug/build/rubbl_casatables_impl-67e0bfd9a9ad0068/out/82dd17a33fee5adf-ScaColDesc_tmpl.o" "-c" "casacore/tables/Tables/ScaColDesc_tmpl.cc" with args c++ did not execute successfully (status code exit status: 1).cargo:warning=c++: fatal error: Killed signal terminated program cc1plus
[INFO] [stderr] warning: rubbl_casatables_impl@0.4.35000: compilation terminated.
[INFO] [stderr] warning: rubbl_casatables_impl@0.4.35000: ToolExecError: Command "c++" "-O0" "-ffunction-sections" "-fdata-sections" "-fPIC" "-gdwarf-4" "-fno-omit-frame-pointer" "-m64" "-I" "." "-Wall" "-Wextra" "-std=c++11" "-Wno-deprecated-declarations" "-Dcasacore=rubbl_casacore" "-DUSE_THREADS=1" "-o" "/opt/rustwide/target/debug/build/rubbl_casatables_impl-67e0bfd9a9ad0068/out/82dd17a33fee5adf-ScaRecordColData.o" "-c" "casacore/tables/Tables/ScaRecordColData.cc" with args c++ did not execute successfully (status code exit status: 1).cargo:warning=c++: fatal error: Killed signal terminated program cc1plus
[INFO] [stderr] warning: rubbl_casatables_impl@0.4.35000: compilation terminated.
[INFO] [stderr] warning: rubbl_casatables_impl@0.4.35000: ToolExecError: Command "c++" "-O0" "-ffunction-sections" "-fdata-sections" "-fPIC" "-gdwarf-4" "-fno-omit-frame-pointer" "-m64" "-I" "." "-Wall" "-Wextra" "-std=c++11" "-Wno-deprecated-declarations" "-Dcasacore=rubbl_casacore" "-DUSE_THREADS=1" "-o" "/opt/rustwide/target/debug/build/rubbl_casatables_impl-67e0bfd9a9ad0068/out/82dd17a33fee5adf-ScalarColumn_tmpl.o" "-c" "casacore/tables/Tables/ScalarColumn_tmpl.cc" with args c++ did not execute successfully (status code exit status: 1).cargo:warning=c++: fatal error: Killed signal terminated program cc1plus
[INFO] [stderr] warning: rubbl_casatables_impl@0.4.35000: compilation terminated.
[INFO] [stderr] warning: rubbl_casatables_impl@0.4.35000: ToolExecError: Command "c++" "-O0" "-ffunction-sections" "-fdata-sections" "-fPIC" "-gdwarf-4" "-fno-omit-frame-pointer" "-m64" "-I" "." "-Wall" "-Wextra" "-std=c++11" "-Wno-deprecated-declarations" "-Dcasacore=rubbl_casacore" "-DUSE_THREADS=1" "-o" "/opt/rustwide/target/debug/build/rubbl_casatables_impl-67e0bfd9a9ad0068/out/82dd17a33fee5adf-SetupNewTab.o" "-c" "casacore/tables/Tables/SetupNewTab.cc" with args c++ did not execute successfully (status code exit status: 1).cargo:warning=c++: fatal error: Killed signal terminated program cc1plus
[INFO] [stderr] warning: rubbl_casatables_impl@0.4.35000: compilation terminated.
[INFO] [stderr] warning: rubbl_casatables_impl@0.4.35000: ToolExecError: Command "c++" "-O0" "-ffunction-sections" "-fdata-sections" "-fPIC" "-gdwarf-4" "-fno-omit-frame-pointer" "-m64" "-I" "." "-Wall" "-Wextra" "-std=c++11" "-Wno-deprecated-declarations" "-Dcasacore=rubbl_casacore" "-DUSE_THREADS=1" "-o" "/opt/rustwide/target/debug/build/rubbl_casatables_impl-67e0bfd9a9ad0068/out/82dd17a33fee5adf-TableCache.o" "-c" "casacore/tables/Tables/TableCache.cc" with args c++ did not execute successfully (status code exit status: 1).cargo:warning=c++: fatal error: Killed signal terminated program cc1plus
[INFO] [stderr] warning: rubbl_casatables_impl@0.4.35000: compilation terminated.
[INFO] [stderr] warning: rubbl_casatables_impl@0.4.35000: ToolExecError: Command "c++" "-O0" "-ffunction-sections" "-fdata-sections" "-fPIC" "-gdwarf-4" "-fno-omit-frame-pointer" "-m64" "-I" "." "-Wall" "-Wextra" "-std=c++11" "-Wno-deprecated-declarations" "-Dcasacore=rubbl_casacore" "-DUSE_THREADS=1" "-o" "/opt/rustwide/target/debug/build/rubbl_casatables_impl-67e0bfd9a9ad0068/out/82dd17a33fee5adf-Table.o" "-c" "casacore/tables/Tables/Table.cc" with args c++ did not execute successfully (status code exit status: 1).cargo:warning=c++: fatal error: Killed signal terminated program cc1plus
[INFO] [stderr] warning: rubbl_casatables_impl@0.4.35000: compilation terminated.
[INFO] [stderr] warning: rubbl_casatables_impl@0.4.35000: ToolExecError: Command "c++" "-O0" "-ffunction-sections" "-fdata-sections" "-fPIC" "-gdwarf-4" "-fno-omit-frame-pointer" "-m64" "-I" "." "-Wall" "-Wextra" "-std=c++11" "-Wno-deprecated-declarations" "-Dcasacore=rubbl_casacore" "-DUSE_THREADS=1" "-o" "/opt/rustwide/target/debug/build/rubbl_casatables_impl-67e0bfd9a9ad0068/out/82dd17a33fee5adf-TableCopy.o" "-c" "casacore/tables/Tables/TableCopy.cc" with args c++ did not execute successfully (status code exit status: 1).cargo:warning=c++: fatal error: Killed signal terminated program cc1plus
[INFO] [stderr] warning: rubbl_casatables_impl@0.4.35000: compilation terminated.
[INFO] [stderr] warning: rubbl_casatables_impl@0.4.35000: ToolExecError: Command "c++" "-O0" "-ffunction-sections" "-fdata-sections" "-fPIC" "-gdwarf-4" "-fno-omit-frame-pointer" "-m64" "-I" "." "-Wall" "-Wextra" "-std=c++11" "-Wno-deprecated-declarations" "-Dcasacore=rubbl_casacore" "-DUSE_THREADS=1" "-o" "/opt/rustwide/target/debug/build/rubbl_casatables_impl-67e0bfd9a9ad0068/out/82dd17a33fee5adf-TableColumn.o" "-c" "casacore/tables/Tables/TableColumn.cc" with args c++ did not execute successfully (status code exit status: 1).
[INFO] [stderr] 
[INFO] [stderr] error: failed to run custom build command for `rubbl_casatables_impl v0.4.35000 (/opt/rustwide/workdir)`
[INFO] [stderr] note: To improve backtraces for build dependencies, set the CARGO_PROFILE_DEV_BUILD_OVERRIDE_DEBUG=true environment variable to enable debug information generation.
[INFO] [stderr] 
[INFO] [stderr] Caused by:
[INFO] [stderr]   process didn't exit successfully: `/opt/rustwide/target/debug/build/rubbl_casatables_impl-533a578c88f5aae5/build-script-build` (exit status: 1)
[INFO] [stderr]   --- stdout
[INFO] [stderr]   OUT_DIR = Some(/opt/rustwide/target/debug/build/rubbl_casatables_impl-67e0bfd9a9ad0068/out)
[INFO] [stderr]   TARGET = Some(x86_64-unknown-linux-gnu)
[INFO] [stderr]   OPT_LEVEL = Some(0)
[INFO] [stderr]   HOST = Some(x86_64-unknown-linux-gnu)
[INFO] [stderr]   cargo:rerun-if-env-changed=CXX_x86_64-unknown-linux-gnu
[INFO] [stderr]   CXX_x86_64-unknown-linux-gnu = None
[INFO] [stderr]   cargo:rerun-if-env-changed=CXX_x86_64_unknown_linux_gnu
[INFO] [stderr]   CXX_x86_64_unknown_linux_gnu = None
[INFO] [stderr]   cargo:rerun-if-env-changed=HOST_CXX
[INFO] [stderr]   HOST_CXX = None
[INFO] [stderr]   cargo:rerun-if-env-changed=CXX
[INFO] [stderr]   CXX = None
[INFO] [stderr]   cargo:rerun-if-env-changed=CC_ENABLE_DEBUG_OUTPUT
[INFO] [stderr]   RUSTC_WRAPPER = None
[INFO] [stderr]   cargo:rerun-if-env-changed=CRATE_CC_NO_DEFAULTS
[INFO] [stderr]   CRATE_CC_NO_DEFAULTS = None
[INFO] [stderr]   DEBUG = Some(true)
[INFO] [stderr]   CARGO_CFG_TARGET_FEATURE = Some(fxsr,sse,sse2)
[INFO] [stderr]   cargo:rerun-if-env-changed=CXXFLAGS_x86_64-unknown-linux-gnu
[INFO] [stderr]   CXXFLAGS_x86_64-unknown-linux-gnu = None
[INFO] [stderr]   cargo:rerun-if-env-changed=CXXFLAGS_x86_64_unknown_linux_gnu
[INFO] [stderr]   CXXFLAGS_x86_64_unknown_linux_gnu = None
[INFO] [stderr]   cargo:rerun-if-env-changed=HOST_CXXFLAGS
[INFO] [stderr]   HOST_CXXFLAGS = None
[INFO] [stderr]   cargo:rerun-if-env-changed=CXXFLAGS
[INFO] [stderr]   CXXFLAGS = None
[INFO] [stderr]   OUT_DIR = Some(/opt/rustwide/target/debug/build/rubbl_casatables_impl-67e0bfd9a9ad0068/out)
[INFO] [stderr]   cargo:rerun-if-env-changed=CC_ENABLE_DEBUG_OUTPUT
[INFO] [stderr]   cargo:rerun-if-env-changed=CRATE_CC_NO_DEFAULTS
[INFO] [stderr]   CRATE_CC_NO_DEFAULTS = None
[INFO] [stderr]   CARGO_CFG_TARGET_FEATURE = Some(fxsr,sse,sse2)
[INFO] [stderr]   HOST = Some(x86_64-unknown-linux-gnu)
[INFO] [stderr]   cargo:rerun-if-env-changed=CXXFLAGS_x86_64-unknown-linux-gnu
[INFO] [stderr]   CXXFLAGS_x86_64-unknown-linux-gnu = None
[INFO] [stderr]   cargo:rerun-if-env-changed=CXXFLAGS_x86_64_unknown_linux_gnu
[INFO] [stderr]   CXXFLAGS_x86_64_unknown_linux_gnu = None
[INFO] [stderr]   cargo:rerun-if-env-changed=HOST_CXXFLAGS
[INFO] [stderr]   HOST_CXXFLAGS = None
[INFO] [stderr]   cargo:rerun-if-env-changed=CXXFLAGS
[INFO] [stderr]   CXXFLAGS = None
[INFO] [stderr]   OUT_DIR = Some(/opt/rustwide/target/debug/build/rubbl_casatables_impl-67e0bfd9a9ad0068/out)
[INFO] [stderr]   cargo:rerun-if-env-changed=CC_ENABLE_DEBUG_OUTPUT
[INFO] [stderr]   cargo:rerun-if-env-changed=CRATE_CC_NO_DEFAULTS
[INFO] [stderr]   CRATE_CC_NO_DEFAULTS = None
[INFO] [stderr]   CARGO_CFG_TARGET_FEATURE = Some(fxsr,sse,sse2)
[INFO] [stderr]   HOST = Some(x86_64-unknown-linux-gnu)
[INFO] [stderr]   cargo:rerun-if-env-changed=CXXFLAGS_x86_64-unknown-linux-gnu
[INFO] [stderr]   CXXFLAGS_x86_64-unknown-linux-gnu = None
[INFO] [stderr]   cargo:rerun-if-env-changed=CXXFLAGS_x86_64_unknown_linux_gnu
[INFO] [stderr]   CXXFLAGS_x86_64_unknown_linux_gnu = None
[INFO] [stderr]   cargo:rerun-if-env-changed=HOST_CXXFLAGS
[INFO] [stderr]   HOST_CXXFLAGS = None
[INFO] [stderr]   cargo:rerun-if-env-changed=CXXFLAGS
[INFO] [stderr]   CXXFLAGS = None
[INFO] [stderr]   exit status: 0
[INFO] [stderr]   exit status: 0
[INFO] [stderr]   exit status: 0
[INFO] [stderr]   exit status: 0
[INFO] [stderr]   exit status: 0
[INFO] [stderr]   exit status: 0
[INFO] [stderr]   exit status: 0
[INFO] [stderr]   exit status: 0
[INFO] [stderr]   exit status: 0
[INFO] [stderr]   exit status: 0
[INFO] [stderr]   exit status: 0
[INFO] [stderr]   exit status: 0
[INFO] [stderr]   exit status: 0
[INFO] [stderr]   exit status: 0
[INFO] [stderr]   exit status: 0
[INFO] [stderr]   exit status: 0
[INFO] [stderr]   exit status: 0
[INFO] [stderr]   exit status: 0
[INFO] [stderr]   exit status: 0
[INFO] [stderr]   exit status: 0
[INFO] [stderr]   exit status: 0
[INFO] [stderr]   exit status: 0
[INFO] [stderr]   exit status: 0
[INFO] [stderr]   exit status: 0
[INFO] [stderr]   cargo:warning=c++: fatal error: Killed signal terminated program cc1plus
[INFO] [stderr]   cargo:warning=compilation terminated.
[INFO] [stderr]   exit status: 0
[INFO] [stderr]   exit status: 0
[INFO] [stderr]   exit status: 0
[INFO] [stderr]   exit status: 0
[INFO] [stderr]   exit status: 0
[INFO] [stderr]   exit status: 0
[INFO] [stderr]   exit status: 1
[INFO] [stderr]   cargo:warning=ToolExecError: Command "c++" "-O0" "-ffunction-sections" "-fdata-sections" "-fPIC" "-gdwarf-4" "-fno-omit-frame-pointer" "-m64" "-I" "." "-Wall" "-Wextra" "-std=c++11" "-Wno-deprecated-declarations" "-Dcasacore=rubbl_casacore" "-DUSE_THREADS=1" "-o" "/opt/rustwide/target/debug/build/rubbl_casatables_impl-67e0bfd9a9ad0068/out/b34bbcc899d85421-Array_tmpl.o" "-c" "casacore/casa/Arrays/Array_tmpl.cc" with args c++ did not execute successfully (status code exit status: 1).cargo:warning=c++: fatal error: Killed signal terminated program cc1plus
[INFO] [stderr]   cargo:warning=compilation terminated.
[INFO] [stderr] 
[INFO] [stderr]   exit status: 0
[INFO] [stderr]   exit status: 1
[INFO] [stderr]   cargo:warning=ToolExecError: Command "c++" "-O0" "-ffunction-sections" "-fdata-sections" "-fPIC" "-gdwarf-4" "-fno-omit-frame-pointer" "-m64" "-I" "." "-Wall" "-Wextra" "-std=c++11" "-Wno-deprecated-declarations" "-Dcasacore=rubbl_casacore" "-DUSE_THREADS=1" "-o" "/opt/rustwide/target/debug/build/rubbl_casatables_impl-67e0bfd9a9ad0068/out/b34bbcc899d85421-Vector_tmpl.o" "-c" "casacore/casa/Arrays/Vector_tmpl.cc" with args c++ did not execute successfully (status code exit status: 1).cargo:warning=c++: fatal error: Killed signal terminated program cc1plus
[INFO] [stderr]   cargo:warning=compilation terminated.
[INFO] [stderr] 
[INFO] [stderr]   exit status: 0
[INFO] [stderr]   exit status: 0
[INFO] [stderr]   exit status: 1
[INFO] [stderr]   cargo:warning=ToolExecError: Command "c++" "-O0" "-ffunction-sections" "-fdata-sections" "-fPIC" "-gdwarf-4" "-fno-omit-frame-pointer" "-m64" "-I" "." "-Wall" "-Wextra" "-std=c++11" "-Wno-deprecated-declarations" "-Dcasacore=rubbl_casacore" "-DUSE_THREADS=1" "-o" "/opt/rustwide/target/debug/build/rubbl_casatables_impl-67e0bfd9a9ad0068/out/723b6b2a6ed87c4a-Record2Interface.o" "-c" "casacore/casa/Containers/Record2Interface.cc" with args c++ did not execute successfully (status code exit status: 1).cargo:warning=c++: fatal error: Killed signal terminated program cc1plus
[INFO] [stderr]   cargo:warning=compilation terminated.
[INFO] [stderr] 
[INFO] [stderr]   exit status: 0
[INFO] [stderr]   exit status: 1
[INFO] [stderr]   cargo:warning=ToolExecError: Command "c++" "-O0" "-ffunction-sections" "-fdata-sections" "-fPIC" "-gdwarf-4" "-fno-omit-frame-pointer" "-m64" "-I" "." "-Wall" "-Wextra" "-std=c++11" "-Wno-deprecated-declarations" "-Dcasacore=rubbl_casacore" "-DUSE_THREADS=1" "-o" "/opt/rustwide/target/debug/build/rubbl_casatables_impl-67e0bfd9a9ad0068/out/723b6b2a6ed87c4a-RecordDesc.o" "-c" "casacore/casa/Containers/RecordDesc.cc" with args c++ did not execute successfully (status code exit status: 1).
[INFO] [stderr]   exit status: 0
[INFO] [stderr]   exit status: 0
[INFO] [stderr]   exit status: 0
[INFO] [stderr]   exit status: 0
[INFO] [stderr]   exit status: 0
[INFO] [stderr]   exit status: 0
[INFO] [stderr]   exit status: 0
[INFO] [stderr]   exit status: 0
[INFO] [stderr]   exit status: 0
[INFO] [stderr]   exit status: 0
[INFO] [stderr]   exit status: 0
[INFO] [stderr]   exit status: 0
[INFO] [stderr]   exit status: 0
[INFO] [stderr]   exit status: 0
[INFO] [stderr]   exit status: 0
[INFO] [stderr]   exit status: 0
[INFO] [stderr]   exit status: 0
[INFO] [stderr]   exit status: 0
[INFO] [stderr]   exit status: 0
[INFO] [stderr]   exit status: 0
[INFO] [stderr]   exit status: 0
[INFO] [stderr]   exit status: 0
[INFO] [stderr]   exit status: 0
[INFO] [stderr]   exit status: 0
[INFO] [stderr]   exit status: 0
[INFO] [stderr]   exit status: 0
[INFO] [stderr]   exit status: 0
[INFO] [stderr]   exit status: 0
[INFO] [stderr]   exit status: 0
[INFO] [stderr]   exit status: 0
[INFO] [stderr]   exit status: 0
[INFO] [stderr]   exit status: 0
[INFO] [stderr]   exit status: 0
[INFO] [stderr]   exit status: 0
[INFO] [stderr]   exit status: 0
[INFO] [stderr]   exit status: 0
[INFO] [stderr]   exit status: 0
[INFO] [stderr]   exit status: 0
[INFO] [stderr]   exit status: 0
[INFO] [stderr]   exit status: 0
[INFO] [stderr]   exit status: 0
[INFO] [stderr]   exit status: 0
[INFO] [stderr]   exit status: 0
[INFO] [stderr]   exit status: 0
[INFO] [stderr]   exit status: 0
[INFO] [stderr]   exit status: 0
[INFO] [stderr]   exit status: 0
[INFO] [stderr]   exit status: 0
[INFO] [stderr]   exit status: 0
[INFO] [stderr]   exit status: 0
[INFO] [stderr]   exit status: 0
[INFO] [stderr]   exit status: 0
[INFO] [stderr]   exit status: 0
[INFO] [stderr]   exit status: 0
[INFO] [stderr]   exit status: 0
[INFO] [stderr]   exit status: 0
[INFO] [stderr]   exit status: 0
[INFO] [stderr]   exit status: 0
[INFO] [stderr]   exit status: 0
[INFO] [stderr]   exit status: 0
[INFO] [stderr]   exit status: 0
[INFO] [stderr]   exit status: 0
[INFO] [stderr]   exit status: 0
[INFO] [stderr]   exit status: 0
[INFO] [stderr]   exit status: 0
[INFO] [stderr]   exit status: 0
[INFO] [stderr]   exit status: 0
[INFO] [stderr]   exit status: 0
[INFO] [stderr]   exit status: 0
[INFO] [stderr]   exit status: 0
[INFO] [stderr]   exit status: 0
[INFO] [stderr]   exit status: 0
[INFO] [stderr]   exit status: 0
[INFO] [stderr]   exit status: 0
[INFO] [stderr]   exit status: 0
[INFO] [stderr]   exit status: 0
[INFO] [stderr]   exit status: 0
[INFO] [stderr]   exit status: 0
[INFO] [stderr]   exit status: 0
[INFO] [stderr]   exit status: 0
[INFO] [stderr]   cargo:warning=c++: fatal error: Killed signal terminated program cc1plus
[INFO] [stderr]   cargo:warning=compilation terminated.
[INFO] [stderr]   exit status: 0
[INFO] [stderr]   exit status: 0
[INFO] [stderr]   exit status: 1
[INFO] [stderr]   cargo:warning=ToolExecError: Command "c++" "-O0" "-ffunction-sections" "-fdata-sections" "-fPIC" "-gdwarf-4" "-fno-omit-frame-pointer" "-m64" "-I" "." "-Wall" "-Wextra" "-std=c++11" "-Wno-deprecated-declarations" "-Dcasacore=rubbl_casacore" "-DUSE_THREADS=1" "-o" "/opt/rustwide/target/debug/build/rubbl_casatables_impl-67e0bfd9a9ad0068/out/af519fe93404a867-Path.o" "-c" "casacore/casa/OS/Path.cc" with args c++ did not execute successfully (status code exit status: 1).cargo:warning=c++: fatal error: Killed signal terminated program cc1plus
[INFO] [stderr]   cargo:warning=compilation terminated.
[INFO] [stderr] 
[INFO] [stderr]   exit status: 0
[INFO] [stderr]   exit status: 0
[INFO] [stderr]   exit status: 1
[INFO] [stderr]   cargo:warning=ToolExecError: Command "c++" "-O0" "-ffunction-sections" "-fdata-sections" "-fPIC" "-gdwarf-4" "-fno-omit-frame-pointer" "-m64" "-I" "." "-Wall" "-Wextra" "-std=c++11" "-Wno-deprecated-declarations" "-Dcasacore=rubbl_casacore" "-DUSE_THREADS=1" "-o" "/opt/rustwide/target/debug/build/rubbl_casatables_impl-67e0bfd9a9ad0068/out/8998438e7cf544b1-MeasValue.o" "-c" "casacore/casa/Quanta/MeasValue.cc" with args c++ did not execute successfully (status code exit status: 1).cargo:warning=c++: fatal error: Killed signal terminated program cc1plus
[INFO] [stderr]   cargo:warning=compilation terminated.
[INFO] [stderr] 
[INFO] [stderr]   exit status: 0
[INFO] [stderr]   exit status: 1
[INFO] [stderr]   cargo:warning=ToolExecError: Command "c++" "-O0" "-ffunction-sections" "-fdata-sections" "-fPIC" "-gdwarf-4" "-fno-omit-frame-pointer" "-m64" "-I" "." "-Wall" "-Wextra" "-std=c++11" "-Wno-deprecated-declarations" "-Dcasacore=rubbl_casacore" "-DUSE_THREADS=1" "-o" "/opt/rustwide/target/debug/build/rubbl_casatables_impl-67e0bfd9a9ad0068/out/8998438e7cf544b1-MVDouble.o" "-c" "casacore/casa/Quanta/MVDouble.cc" with args c++ did not execute successfully (status code exit status: 1).cargo:warning=c++: fatal error: Killed signal terminated program cc1plus
[INFO] [stderr]   cargo:warning=compilation terminated.
[INFO] [stderr] 
[INFO] [stderr]   exit status: 1
[INFO] [stderr]   cargo:warning=ToolExecError: Command "c++" "-O0" "-ffunction-sections" "-fdata-sections" "-fPIC" "-gdwarf-4" "-fno-omit-frame-pointer" "-m64" "-I" "." "-Wall" "-Wextra" "-std=c++11" "-Wno-deprecated-declarations" "-Dcasacore=rubbl_casacore" "-DUSE_THREADS=1" "-o" "/opt/rustwide/target/debug/build/rubbl_casatables_impl-67e0bfd9a9ad0068/out/8998438e7cf544b1-MVDirection.o" "-c" "casacore/casa/Quanta/MVDirection.cc" with args c++ did not execute successfully (status code exit status: 1).cargo:warning=c++: fatal error: Killed signal terminated program cc1plus
[INFO] [stderr]   cargo:warning=compilation terminated.
[INFO] [stderr] 
[INFO] [stderr]   exit status: 0
[INFO] [stderr]   exit status: 0
[INFO] [stderr]   exit status: 1
[INFO] [stderr]   cargo:warning=ToolExecError: Command "c++" "-O0" "-ffunction-sections" "-fdata-sections" "-fPIC" "-gdwarf-4" "-fno-omit-frame-pointer" "-m64" "-I" "." "-Wall" "-Wextra" "-std=c++11" "-Wno-deprecated-declarations" "-Dcasacore=rubbl_casacore" "-DUSE_THREADS=1" "-o" "/opt/rustwide/target/debug/build/rubbl_casatables_impl-67e0bfd9a9ad0068/out/8998438e7cf544b1-MVDoppler.o" "-c" "casacore/casa/Quanta/MVDoppler.cc" with args c++ did not execute successfully (status code exit status: 1).cargo:warning=c++: fatal error: Killed signal terminated program cc1plus
[INFO] [stderr]   cargo:warning=compilation terminated.
[INFO] [stderr] 
[INFO] [stderr]   exit status: 0
[INFO] [stderr]   exit status: 1
[INFO] [stderr]   cargo:warning=ToolExecError: Command "c++" "-O0" "-ffunction-sections" "-fdata-sections" "-fPIC" "-gdwarf-4" "-fno-omit-frame-pointer" "-m64" "-I" "." "-Wall" "-Wextra" "-std=c++11" "-Wno-deprecated-declarations" "-Dcasacore=rubbl_casacore" "-DUSE_THREADS=1" "-o" "/opt/rustwide/target/debug/build/rubbl_casatables_impl-67e0bfd9a9ad0068/out/8998438e7cf544b1-MVBaseline.o" "-c" "casacore/casa/Quanta/MVBaseline.cc" with args c++ did not execute successfully (status code exit status: 1).cargo:warning=c++: fatal error: Killed signal terminated program cc1plus
[INFO] [stderr]   cargo:warning=compilation terminated.
[INFO] [stderr] 
[INFO] [stderr]   exit status: 1
[INFO] [stderr]   cargo:warning=ToolExecError: Command "c++" "-O0" "-ffunction-sections" "-fdata-sections" "-fPIC" "-gdwarf-4" "-fno-omit-frame-pointer" "-m64" "-I" "." "-Wall" "-Wextra" "-std=c++11" "-Wno-deprecated-declarations" "-Dcasacore=rubbl_casacore" "-DUSE_THREADS=1" "-o" "/opt/rustwide/target/debug/build/rubbl_casatables_impl-67e0bfd9a9ad0068/out/8998438e7cf544b1-MVEpoch.o" "-c" "casacore/casa/Quanta/MVEpoch.cc" with args c++ did not execute successfully (status code exit status: 1).cargo:warning=c++: fatal error: Killed signal terminated program cc1plus
[INFO] [stderr]   cargo:warning=compilation terminated.
[INFO] [stderr] 
[INFO] [stderr]   exit status: 1
[INFO] [stderr]   cargo:warning=ToolExecError: Command "c++" "-O0" "-ffunction-sections" "-fdata-sections" "-fPIC" "-gdwarf-4" "-fno-omit-frame-pointer" "-m64" "-I" "." "-Wall" "-Wextra" "-std=c++11" "-Wno-deprecated-declarations" "-Dcasacore=rubbl_casacore" "-DUSE_THREADS=1" "-o" "/opt/rustwide/target/debug/build/rubbl_casatables_impl-67e0bfd9a9ad0068/out/8998438e7cf544b1-MVEarthMagnetic.o" "-c" "casacore/casa/Quanta/MVEarthMagnetic.cc" with args c++ did not execute successfully (status code exit status: 1).
[INFO] [stderr]   exit status: 0
[INFO] [stderr]   exit status: 0
[INFO] [stderr]   exit status: 0
[INFO] [stderr]   exit status: 0
[INFO] [stderr]   exit status: 0
[INFO] [stderr]   exit status: 0
[INFO] [stderr]   exit status: 0
[INFO] [stderr]   exit status: 0
[INFO] [stderr]   exit status: 0
[INFO] [stderr]   exit status: 0
[INFO] [stderr]   exit status: 0
[INFO] [stderr]   exit status: 0
[INFO] [stderr]   exit status: 0
[INFO] [stderr]   exit status: 0
[INFO] [stderr]   exit status: 0
[INFO] [stderr]   exit status: 0
[INFO] [stderr]   exit status: 0
[INFO] [stderr]   exit status: 0
[INFO] [stderr]   exit status: 0
[INFO] [stderr]   exit status: 0
[INFO] [stderr]   exit status: 0
[INFO] [stderr]   exit status: 0
[INFO] [stderr]   exit status: 0
[INFO] [stderr]   exit status: 0
[INFO] [stderr]   exit status: 0
[INFO] [stderr]   exit status: 0
[INFO] [stderr]   exit status: 0
[INFO] [stderr]   exit status: 0
[INFO] [stderr]   exit status: 0
[INFO] [stderr]   exit status: 0
[INFO] [stderr]   exit status: 0
[INFO] [stderr]   exit status: 0
[INFO] [stderr]   exit status: 0
[INFO] [stderr]   exit status: 0
[INFO] [stderr]   exit status: 0
[INFO] [stderr]   exit status: 0
[INFO] [stderr]   exit status: 0
[INFO] [stderr]   exit status: 0
[INFO] [stderr]   exit status: 0
[INFO] [stderr]   exit status: 0
[INFO] [stderr]   exit status: 0
[INFO] [stderr]   exit status: 0
[INFO] [stderr]   exit status: 0
[INFO] [stderr]   exit status: 0
[INFO] [stderr]   exit status: 0
[INFO] [stderr]   exit status: 0
[INFO] [stderr]   exit status: 0
[INFO] [stderr]   exit status: 0
[INFO] [stderr]   cargo:warning=c++: fatal error: Killed signal terminated program cc1plus
[INFO] [stderr]   cargo:warning=compilation terminated.
[INFO] [stderr]   exit status: 0
[INFO] [stderr]   exit status: 0
[INFO] [stderr]   exit status: 0
[INFO] [stderr]   exit status: 0
[INFO] [stderr]   exit status: 0
[INFO] [stderr]   exit status: 1
[INFO] [stderr]   cargo:warning=ToolExecError: Command "c++" "-O0" "-ffunction-sections" "-fdata-sections" "-fPIC" "-gdwarf-4" "-fno-omit-frame-pointer" "-m64" "-I" "." "-Wall" "-Wextra" "-std=c++11" "-Wno-deprecated-declarations" "-Dcasacore=rubbl_casacore" "-DUSE_THREADS=1" "-o" "/opt/rustwide/target/debug/build/rubbl_casatables_impl-67e0bfd9a9ad0068/out/6b8541ae8b711afb-CompressFloat.o" "-c" "casacore/tables/DataMan/CompressFloat.cc" with args c++ did not execute successfully (status code exit status: 1).cargo:warning=c++: fatal error: Killed signal terminated program cc1plus
[INFO] [stderr]   cargo:warning=compilation terminated.
[INFO] [stderr] 
[INFO] [stderr]   exit status: 1
[INFO] [stderr]   cargo:warning=ToolExecError: Command "c++" "-O0" "-ffunction-sections" "-fdata-sections" "-fPIC" "-gdwarf-4" "-fno-omit-frame-pointer" "-m64" "-I" "." "-Wall" "-Wextra" "-std=c++11" "-Wno-deprecated-declarations" "-Dcasacore=rubbl_casacore" "-DUSE_THREADS=1" "-o" "/opt/rustwide/target/debug/build/rubbl_casatables_impl-67e0bfd9a9ad0068/out/f2c98d18aadd852a-Sort.o" "-c" "casacore/casa/Utilities/Sort.cc" with args c++ did not execute successfully (status code exit status: 1).cargo:warning=c++: fatal error: Killed signal terminated program cc1plus
[INFO] [stderr]   cargo:warning=compilation terminated.
[INFO] [stderr] 
[INFO] [stderr]   exit status: 1
[INFO] [stderr]   cargo:warning=ToolExecError: Command "c++" "-O0" "-ffunction-sections" "-fdata-sections" "-fPIC" "-gdwarf-4" "-fno-omit-frame-pointer" "-m64" "-I" "." "-Wall" "-Wextra" "-std=c++11" "-Wno-deprecated-declarations" "-Dcasacore=rubbl_casacore" "-DUSE_THREADS=1" "-o" "/opt/rustwide/target/debug/build/rubbl_casatables_impl-67e0bfd9a9ad0068/out/6b8541ae8b711afb-DataManager.o" "-c" "casacore/tables/DataMan/DataManager.cc" with args c++ did not execute successfully (status code exit status: 1).cargo:warning=c++: fatal error: Killed signal terminated program cc1plus
[INFO] [stderr]   cargo:warning=compilation terminated.
[INFO] [stderr] 
[INFO] [stderr]   exit status: 0
[INFO] [stderr]   exit status: 1
[INFO] [stderr]   cargo:warning=ToolExecError: Command "c++" "-O0" "-ffunction-sections" "-fdata-sections" "-fPIC" "-gdwarf-4" "-fno-omit-frame-pointer" "-m64" "-I" "." "-Wall" "-Wextra" "-std=c++11" "-Wno-deprecated-declarations" "-Dcasacore=rubbl_casacore" "-DUSE_THREADS=1" "-o" "/opt/rustwide/target/debug/build/rubbl_casatables_impl-67e0bfd9a9ad0068/out/6b8541ae8b711afb-BitFlagsEngine.o" "-c" "casacore/tables/DataMan/BitFlagsEngine.cc" with args c++ did not execute successfully (status code exit status: 1).cargo:warning=c++: fatal error: Killed signal terminated program cc1plus
[INFO] [stderr]   cargo:warning=compilation terminated.
[INFO] [stderr] 
[INFO] [stderr]   exit status: 1
[INFO] [stderr]   cargo:warning=ToolExecError: Command "c++" "-O0" "-ffunction-sections" "-fdata-sections" "-fPIC" "-gdwarf-4" "-fno-omit-frame-pointer" "-m64" "-I" "." "-Wall" "-Wextra" "-std=c++11" "-Wno-deprecated-declarations" "-Dcasacore=rubbl_casacore" "-DUSE_THREADS=1" "-o" "/opt/rustwide/target/debug/build/rubbl_casatables_impl-67e0bfd9a9ad0068/out/6b8541ae8b711afb-CompressComplex.o" "-c" "casacore/tables/DataMan/CompressComplex.cc" with args c++ did not execute successfully (status code exit status: 1).cargo:warning=c++: fatal error: Killed signal terminated program cc1plus
[INFO] [stderr]   cargo:warning=compilation terminated.
[INFO] [stderr] 
[INFO] [stderr]   exit status: 1
[INFO] [stderr]   cargo:warning=ToolExecError: Command "c++" "-O0" "-ffunction-sections" "-fdata-sections" "-fPIC" "-gdwarf-4" "-fno-omit-frame-pointer" "-m64" "-I" "." "-Wall" "-Wextra" "-std=c++11" "-Wno-deprecated-declarations" "-Dcasacore=rubbl_casacore" "-DUSE_THREADS=1" "-o" "/opt/rustwide/target/debug/build/rubbl_casatables_impl-67e0bfd9a9ad0068/out/6b8541ae8b711afb-DataManAccessor.o" "-c" "casacore/tables/DataMan/DataManAccessor.cc" with args c++ did not execute successfully (status code exit status: 1).cargo:warning=c++: fatal error: Killed signal terminated program cc1plus
[INFO] [stderr]   cargo:warning=compilation terminated.
[INFO] [stderr] 
[INFO] [stderr]   exit status: 1
[INFO] [stderr]   cargo:warning=ToolExecError: Command "c++" "-O0" "-ffunction-sections" "-fdata-sections" "-fPIC" "-gdwarf-4" "-fno-omit-frame-pointer" "-m64" "-I" "." "-Wall" "-Wextra" "-std=c++11" "-Wno-deprecated-declarations" "-Dcasacore=rubbl_casacore" "-DUSE_THREADS=1" "-o" "/opt/rustwide/target/debug/build/rubbl_casatables_impl-67e0bfd9a9ad0068/out/6b8541ae8b711afb-DataManInfo.o" "-c" "casacore/tables/DataMan/DataManInfo.cc" with args c++ did not execute successfully (status code exit status: 1).cargo:warning=c++: fatal error: Killed signal terminated program cc1plus
[INFO] [stderr]   cargo:warning=compilation terminated.
[INFO] [stderr] 
[INFO] [stderr]   exit status: 1
[INFO] [stderr]   cargo:warning=ToolExecError: Command "c++" "-O0" "-ffunction-sections" "-fdata-sections" "-fPIC" "-gdwarf-4" "-fno-omit-frame-pointer" "-m64" "-I" "." "-Wall" "-Wextra" "-std=c++11" "-Wno-deprecated-declarations" "-Dcasacore=rubbl_casacore" "-DUSE_THREADS=1" "-o" "/opt/rustwide/target/debug/build/rubbl_casatables_impl-67e0bfd9a9ad0068/out/6b8541ae8b711afb-ForwardColRow.o" "-c" "casacore/tables/DataMan/ForwardColRow.cc" with args c++ did not execute successfully (status code exit status: 1).cargo:warning=c++: fatal error: Killed signal terminated program cc1plus
[INFO] [stderr]   cargo:warning=compilation terminated.
[INFO] [stderr] 
[INFO] [stderr]   exit status: 0
[INFO] [stderr]   exit status: 0
[INFO] [stderr]   exit status: 0
[INFO] [stderr]   exit status: 1
[INFO] [stderr]   cargo:warning=ToolExecError: Command "c++" "-O0" "-ffunction-sections" "-fdata-sections" "-fPIC" "-gdwarf-4" "-fno-omit-frame-pointer" "-m64" "-I" "." "-Wall" "-Wextra" "-std=c++11" "-Wno-deprecated-declarations" "-Dcasacore=rubbl_casacore" "-DUSE_THREADS=1" "-o" "/opt/rustwide/target/debug/build/rubbl_casatables_impl-67e0bfd9a9ad0068/out/6b8541ae8b711afb-ForwardCol.o" "-c" "casacore/tables/DataMan/ForwardCol.cc" with args c++ did not execute successfully (status code exit status: 1).cargo:warning=c++: fatal error: Killed signal terminated program cc1plus
[INFO] [stderr]   cargo:warning=compilation terminated.
[INFO] [stderr] 
[INFO] [stderr]   exit status: 1
[INFO] [stderr]   cargo:warning=ToolExecError: Command "c++" "-O0" "-ffunction-sections" "-fdata-sections" "-fPIC" "-gdwarf-4" "-fno-omit-frame-pointer" "-m64" "-I" "." "-Wall" "-Wextra" "-std=c++11" "-Wno-deprecated-declarations" "-Dcasacore=rubbl_casacore" "-DUSE_THREADS=1" "-o" "/opt/rustwide/target/debug/build/rubbl_casatables_impl-67e0bfd9a9ad0068/out/f2c98d18aadd852a-Regex.o" "-c" "casacore/casa/Utilities/Regex.cc" with args c++ did not execute successfully (status code exit status: 1).cargo:warning=c++: fatal error: Killed signal terminated program cc1plus
[INFO] [stderr]   cargo:warning=compilation terminated.
[INFO] [stderr] 
[INFO] [stderr]   exit status: 0
[INFO] [stderr]   exit status: 0
[INFO] [stderr]   exit status: 0
[INFO] [stderr]   exit status: 0
[INFO] [stderr]   exit status: 0
[INFO] [stderr]   exit status: 0
[INFO] [stderr]   exit status: 1
[INFO] [stderr]   cargo:warning=ToolExecError: Command "c++" "-O0" "-ffunction-sections" "-fdata-sections" "-fPIC" "-gdwarf-4" "-fno-omit-frame-pointer" "-m64" "-I" "." "-Wall" "-Wextra" "-std=c++11" "-Wno-deprecated-declarations" "-Dcasacore=rubbl_casacore" "-DUSE_THREADS=1" "-o" "/opt/rustwide/target/debug/build/rubbl_casatables_impl-67e0bfd9a9ad0068/out/6b8541ae8b711afb-ISMColumn.o" "-c" "casacore/tables/DataMan/ISMColumn.cc" with args c++ did not execute successfully (status code exit status: 1).cargo:warning=c++: fatal error: Killed signal terminated program cc1plus
[INFO] [stderr]   cargo:warning=compilation terminated.
[INFO] [stderr] 
[INFO] [stderr]   exit status: 0
[INFO] [stderr]   exit status: 1
[INFO] [stderr]   cargo:warning=ToolExecError: Command "c++" "-O0" "-ffunction-sections" "-fdata-sections" "-fPIC" "-gdwarf-4" "-fno-omit-frame-pointer" "-m64" "-I" "." "-Wall" "-Wextra" "-std=c++11" "-Wno-deprecated-declarations" "-Dcasacore=rubbl_casacore" "-DUSE_THREADS=1" "-o" "/opt/rustwide/target/debug/build/rubbl_casatables_impl-67e0bfd9a9ad0068/out/6b8541ae8b711afb-MSMDirColumn.o" "-c" "casacore/tables/DataMan/MSMDirColumn.cc" with args c++ did not execute successfully (status code exit status: 1).cargo:warning=c++: fatal error: Killed signal terminated program cc1plus
[INFO] [stderr]   cargo:warning=compilation terminated.
[INFO] [stderr] 
[INFO] [stderr]   exit status: 0
[INFO] [stderr]   exit status: 1
[INFO] [stderr]   cargo:warning=ToolExecError: Command "c++" "-O0" "-ffunction-sections" "-fdata-sections" "-fPIC" "-gdwarf-4" "-fno-omit-frame-pointer" "-m64" "-I" "." "-Wall" "-Wextra" "-std=c++11" "-Wno-deprecated-declarations" "-Dcasacore=rubbl_casacore" "-DUSE_THREADS=1" "-o" "/opt/rustwide/target/debug/build/rubbl_casatables_impl-67e0bfd9a9ad0068/out/6b8541ae8b711afb-MSMIndColumn.o" "-c" "casacore/tables/DataMan/MSMIndColumn.cc" with args c++ did not execute successfully (status code exit status: 1).cargo:warning=c++: fatal error: Killed signal terminated program cc1plus
[INFO] [stderr]   cargo:warning=compilation terminated.
[INFO] [stderr] 
[INFO] [stderr]   exit status: 0
[INFO] [stderr]   exit status: 0
[INFO] [stderr]   exit status: 1
[INFO] [stderr]   cargo:warning=ToolExecError: Command "c++" "-O0" "-ffunction-sections" "-fdata-sections" "-fPIC" "-gdwarf-4" "-fno-omit-frame-pointer" "-m64" "-I" "." "-Wall" "-Wextra" "-std=c++11" "-Wno-deprecated-declarations" "-Dcasacore=rubbl_casacore" "-DUSE_THREADS=1" "-o" "/opt/rustwide/target/debug/build/rubbl_casatables_impl-67e0bfd9a9ad0068/out/6b8541ae8b711afb-SSMIndColumn.o" "-c" "casacore/tables/DataMan/SSMIndColumn.cc" with args c++ did not execute successfully (status code exit status: 1).cargo:warning=c++: fatal error: Killed signal terminated program cc1plus
[INFO] [stderr]   cargo:warning=compilation terminated.
[INFO] [stderr] 
[INFO] [stderr]   exit status: 1
[INFO] [stderr]   cargo:warning=ToolExecError: Command "c++" "-O0" "-ffunction-sections" "-fdata-sections" "-fPIC" "-gdwarf-4" "-fno-omit-frame-pointer" "-m64" "-I" "." "-Wall" "-Wextra" "-std=c++11" "-Wno-deprecated-declarations" "-Dcasacore=rubbl_casacore" "-DUSE_THREADS=1" "-o" "/opt/rustwide/target/debug/build/rubbl_casatables_impl-67e0bfd9a9ad0068/out/6b8541ae8b711afb-SSMBase.o" "-c" "casacore/tables/DataMan/SSMBase.cc" with args c++ did not execute successfully (status code exit status: 1).
[INFO] [stderr]   exit status: 0
[INFO] [stderr]   exit status: 0
[INFO] [stderr]   exit status: 0
[INFO] [stderr]   exit status: 0
[INFO] [stderr]   exit status: 0
[INFO] [stderr]   exit status: 0
[INFO] [stderr]   exit status: 0
[INFO] [stderr]   exit status: 0
[INFO] [stderr]   cargo:warning=c++: fatal error: Killed signal terminated program cc1plus
[INFO] [stderr]   cargo:warning=compilation terminated.
[INFO] [stderr]   exit status: 0
[INFO] [stderr]   exit status: 0
[INFO] [stderr]   exit status: 1
[INFO] [stderr]   cargo:warning=ToolExecError: Command "c++" "-O0" "-ffunction-sections" "-fdata-sections" "-fPIC" "-gdwarf-4" "-fno-omit-frame-pointer" "-m64" "-I" "." "-Wall" "-Wextra" "-std=c++11" "-Wno-deprecated-declarations" "-Dcasacore=rubbl_casacore" "-DUSE_THREADS=1" "-o" "/opt/rustwide/target/debug/build/rubbl_casatables_impl-67e0bfd9a9ad0068/out/6b8541ae8b711afb-TiledCellStMan.o" "-c" "casacore/tables/DataMan/TiledCellStMan.cc" with args c++ did not execute successfully (status code exit status: 1).cargo:warning=c++: fatal error: Killed signal terminated program cc1plus
[INFO] [stderr]   cargo:warning=compilation terminated.
[INFO] [stderr] 
[INFO] [stderr]   exit status: 1
[INFO] [stderr]   cargo:warning=ToolExecError: Command "c++" "-O0" "-ffunction-sections" "-fdata-sections" "-fPIC" "-gdwarf-4" "-fno-omit-frame-pointer" "-m64" "-I" "." "-Wall" "-Wextra" "-std=c++11" "-Wno-deprecated-declarations" "-Dcasacore=rubbl_casacore" "-DUSE_THREADS=1" "-o" "/opt/rustwide/target/debug/build/rubbl_casatables_impl-67e0bfd9a9ad0068/out/6b8541ae8b711afb-TiledDataStMan.o" "-c" "casacore/tables/DataMan/TiledDataStMan.cc" with args c++ did not execute successfully (status code exit status: 1).cargo:warning=c++: fatal error: Killed signal terminated program cc1plus
[INFO] [stderr]   cargo:warning=compilation terminated.
[INFO] [stderr] 
[INFO] [stderr]   exit status: 1
[INFO] [stderr]   cargo:warning=ToolExecError: Command "c++" "-O0" "-ffunction-sections" "-fdata-sections" "-fPIC" "-gdwarf-4" "-fno-omit-frame-pointer" "-m64" "-I" "." "-Wall" "-Wextra" "-std=c++11" "-Wno-deprecated-declarations" "-Dcasacore=rubbl_casacore" "-DUSE_THREADS=1" "-o" "/opt/rustwide/target/debug/build/rubbl_casatables_impl-67e0bfd9a9ad0068/out/6b8541ae8b711afb-TiledColumnStMan.o" "-c" "casacore/tables/DataMan/TiledColumnStMan.cc" with args c++ did not execute successfully (status code exit status: 1).cargo:warning=c++: fatal error: Killed signal terminated program cc1plus
[INFO] [stderr]   cargo:warning=compilation terminated.
[INFO] [stderr] 
[INFO] [stderr]   exit status: 1
[INFO] [stderr]   cargo:warning=ToolExecError: Command "c++" "-O0" "-ffunction-sections" "-fdata-sections" "-fPIC" "-gdwarf-4" "-fno-omit-frame-pointer" "-m64" "-I" "." "-Wall" "-Wextra" "-std=c++11" "-Wno-deprecated-declarations" "-Dcasacore=rubbl_casacore" "-DUSE_THREADS=1" "-o" "/opt/rustwide/target/debug/build/rubbl_casatables_impl-67e0bfd9a9ad0068/out/6b8541ae8b711afb-TiledDataStManAccessor.o" "-c" "casacore/tables/DataMan/TiledDataStManAccessor.cc" with args c++ did not execute successfully (status code exit status: 1).cargo:warning=c++: fatal error: Killed signal terminated program cc1plus
[INFO] [stderr]   cargo:warning=compilation terminated.
[INFO] [stderr] 
[INFO] [stderr]   exit status: 0
[INFO] [stderr]   exit status: 1
[INFO] [stderr]   cargo:warning=ToolExecError: Command "c++" "-O0" "-ffunction-sections" "-fdata-sections" "-fPIC" "-gdwarf-4" "-fno-omit-frame-pointer" "-m64" "-I" "." "-Wall" "-Wextra" "-std=c++11" "-Wno-deprecated-declarations" "-Dcasacore=rubbl_casacore" "-DUSE_THREADS=1" "-o" "/opt/rustwide/target/debug/build/rubbl_casatables_impl-67e0bfd9a9ad0068/out/6b8541ae8b711afb-TiledStManAccessor.o" "-c" "casacore/tables/DataMan/TiledStManAccessor.cc" with args c++ did not execute successfully (status code exit status: 1).cargo:warning=c++: fatal error: Killed signal terminated program cc1plus
[INFO] [stderr]   cargo:warning=compilation terminated.
[INFO] [stderr] 
[INFO] [stderr]   exit status: 0
[INFO] [stderr]   exit status: 1
[INFO] [stderr]   cargo:warning=ToolExecError: Command "c++" "-O0" "-ffunction-sections" "-fdata-sections" "-fPIC" "-gdwarf-4" "-fno-omit-frame-pointer" "-m64" "-I" "." "-Wall" "-Wextra" "-std=c++11" "-Wno-deprecated-declarations" "-Dcasacore=rubbl_casacore" "-DUSE_THREADS=1" "-o" "/opt/rustwide/target/debug/build/rubbl_casatables_impl-67e0bfd9a9ad0068/out/6b8541ae8b711afb-TSMCoordColumn.o" "-c" "casacore/tables/DataMan/TSMCoordColumn.cc" with args c++ did not execute successfully (status code exit status: 1).cargo:warning=c++: fatal error: Killed signal terminated program cc1plus
[INFO] [stderr]   cargo:warning=compilation terminated.
[INFO] [stderr] 
[INFO] [stderr]   exit status: 0
[INFO] [stderr]   exit status: 0
[INFO] [stderr]   exit status: 1
[INFO] [stderr]   cargo:warning=ToolExecError: Command "c++" "-O0" "-ffunction-sections" "-fdata-sections" "-fPIC" "-gdwarf-4" "-fno-omit-frame-pointer" "-m64" "-I" "." "-Wall" "-Wextra" "-std=c++11" "-Wno-deprecated-declarations" "-Dcasacore=rubbl_casacore" "-DUSE_THREADS=1" "-o" "/opt/rustwide/target/debug/build/rubbl_casatables_impl-67e0bfd9a9ad0068/out/6b8541ae8b711afb-TiledStMan.o" "-c" "casacore/tables/DataMan/TiledStMan.cc" with args c++ did not execute successfully (status code exit status: 1).cargo:warning=c++: fatal error: Killed signal terminated program cc1plus
[INFO] [stderr]   cargo:warning=compilation terminated.
[INFO] [stderr] 
[INFO] [stderr]   exit status: 0
[INFO] [stderr]   exit status: 0
[INFO] [stderr]   exit status: 0
[INFO] [stderr]   exit status: 0
[INFO] [stderr]   exit status: 1
[INFO] [stderr]   cargo:warning=ToolExecError: Command "c++" "-O0" "-ffunction-sections" "-fdata-sections" "-fPIC" "-gdwarf-4" "-fno-omit-frame-pointer" "-m64" "-I" "." "-Wall" "-Wextra" "-std=c++11" "-Wno-deprecated-declarations" "-Dcasacore=rubbl_casacore" "-DUSE_THREADS=1" "-o" "/opt/rustwide/target/debug/build/rubbl_casatables_impl-67e0bfd9a9ad0068/out/6b8541ae8b711afb-TSMCube.o" "-c" "casacore/tables/DataMan/TSMCube.cc" with args c++ did not execute successfully (status code exit status: 1).cargo:warning=c++: fatal error: Killed signal terminated program cc1plus
[INFO] [stderr]   cargo:warning=compilation terminated.
[INFO] [stderr] 
[INFO] [stderr]   exit status: 1
[INFO] [stderr]   cargo:warning=ToolExecError: Command "c++" "-O0" "-ffunction-sections" "-fdata-sections" "-fPIC" "-gdwarf-4" "-fno-omit-frame-pointer" "-m64" "-I" "." "-Wall" "-Wextra" "-std=c++11" "-Wno-deprecated-declarations" "-Dcasacore=rubbl_casacore" "-DUSE_THREADS=1" "-o" "/opt/rustwide/target/debug/build/rubbl_casatables_impl-67e0bfd9a9ad0068/out/6b8541ae8b711afb-TSMDataColumn.o" "-c" "casacore/tables/DataMan/TSMDataColumn.cc" with args c++ did not execute successfully (status code exit status: 1).cargo:warning=c++: fatal error: Killed signal terminated program cc1plus
[INFO] [stderr]   cargo:warning=compilation terminated.
[INFO] [stderr] 
[INFO] [stderr]   exit status: 0
[INFO] [stderr]   exit status: 0
[INFO] [stderr]   exit status: 0
[INFO] [stderr]   exit status: 0
[INFO] [stderr]   exit status: 0
[INFO] [stderr]   exit status: 0
[INFO] [stderr]   exit status: 0
[INFO] [stderr]   exit status: 0
[INFO] [stderr]   exit status: 1
[INFO] [stderr]   cargo:warning=ToolExecError: Command "c++" "-O0" "-ffunction-sections" "-fdata-sections" "-fPIC" "-gdwarf-4" "-fno-omit-frame-pointer" "-m64" "-I" "." "-Wall" "-Wextra" "-std=c++11" "-Wno-deprecated-declarations" "-Dcasacore=rubbl_casacore" "-DUSE_THREADS=1" "-o" "/opt/rustwide/target/debug/build/rubbl_casatables_impl-67e0bfd9a9ad0068/out/82dd17a33fee5adf-ArrayColumn_tmpl.o" "-c" "casacore/tables/Tables/ArrayColumn_tmpl.cc" with args c++ did not execute successfully (status code exit status: 1).cargo:warning=c++: fatal error: Killed signal terminated program cc1plus
[INFO] [stderr]   cargo:warning=compilation terminated.
[INFO] [stderr] 
[INFO] [stderr]   exit status: 1
[INFO] [stderr]   cargo:warning=ToolExecError: Command "c++" "-O0" "-ffunction-sections" "-fdata-sections" "-fPIC" "-gdwarf-4" "-fno-omit-frame-pointer" "-m64" "-I" "." "-Wall" "-Wextra" "-std=c++11" "-Wno-deprecated-declarations" "-Dcasacore=rubbl_casacore" "-DUSE_THREADS=1" "-o" "/opt/rustwide/target/debug/build/rubbl_casatables_impl-67e0bfd9a9ad0068/out/82dd17a33fee5adf-ArrayColumnBase.o" "-c" "casacore/tables/Tables/ArrayColumnBase.cc" with args c++ did not execute successfully (status code exit status: 1).cargo:warning=c++: fatal error: Killed signal terminated program cc1plus
[INFO] [stderr]   cargo:warning=compilation terminated.
[INFO] [stderr] 
[INFO] [stderr]   exit status: 0
[INFO] [stderr]   exit status: 0
[INFO] [stderr]   exit status: 1
[INFO] [stderr]   cargo:warning=ToolExecError: Command "c++" "-O0" "-ffunction-sections" "-fdata-sections" "-fPIC" "-gdwarf-4" "-fno-omit-frame-pointer" "-m64" "-I" "." "-Wall" "-Wextra" "-std=c++11" "-Wno-deprecated-declarations" "-Dcasacore=rubbl_casacore" "-DUSE_THREADS=1" "-o" "/opt/rustwide/target/debug/build/rubbl_casatables_impl-67e0bfd9a9ad0068/out/82dd17a33fee5adf-BaseColDesc.o" "-c" "casacore/tables/Tables/BaseColDesc.cc" with args c++ did not execute successfully (status code exit status: 1).cargo:warning=c++: fatal error: Killed signal terminated program cc1plus
[INFO] [stderr]   cargo:warning=compilation terminated.
[INFO] [stderr]   cargo:warning=c++: fatal error: Killed signal terminated program cc1plus
[INFO] [stderr]   cargo:warning=compilation terminated.
[INFO] [stderr] 
[INFO] [stderr]   exit status: 1
[INFO] [stderr]   cargo:warning=ToolExecError: Command "c++" "-O0" "-ffunction-sections" "-fdata-sections" "-fPIC" "-gdwarf-4" "-fno-omit-frame-pointer" "-m64" "-I" "." "-Wall" "-Wextra" "-std=c++11" "-Wno-deprecated-declarations" "-Dcasacore=rubbl_casacore" "-DUSE_THREADS=1" "-o" "/opt/rustwide/target/debug/build/rubbl_casatables_impl-67e0bfd9a9ad0068/out/82dd17a33fee5adf-BaseTabIter.o" "-c" "casacore/tables/Tables/BaseTabIter.cc" with args c++ did not execute successfully (status code exit status: 1).
[INFO] [stderr]   exit status: 1
[INFO] [stderr]   cargo:warning=ToolExecError: Command "c++" "-O0" "-ffunction-sections" "-fdata-sections" "-fPIC" "-gdwarf-4" "-fno-omit-frame-pointer" "-m64" "-I" "." "-Wall" "-Wextra" "-std=c++11" "-Wno-deprecated-declarations" "-Dcasacore=rubbl_casacore" "-DUSE_THREADS=1" "-o" "/opt/rustwide/target/debug/build/rubbl_casatables_impl-67e0bfd9a9ad0068/out/82dd17a33fee5adf-ArrColData.o" "-c" "casacore/tables/Tables/ArrColData.cc" with args c++ did not execute successfully (status code exit status: 1).cargo:warning=c++: fatal error: Killed signal terminated program cc1plus
[INFO] [stderr]   cargo:warning=compilation terminated.
[INFO] [stderr] 
[INFO] [stderr]   exit status: 0
[INFO] [stderr]   exit status: 1
[INFO] [stderr]   cargo:warning=ToolExecError: Command "c++" "-O0" "-ffunction-sections" "-fdata-sections" "-fPIC" "-gdwarf-4" "-fno-omit-frame-pointer" "-m64" "-I" "." "-Wall" "-Wextra" "-std=c++11" "-Wno-deprecated-declarations" "-Dcasacore=rubbl_casacore" "-DUSE_THREADS=1" "-o" "/opt/rustwide/target/debug/build/rubbl_casatables_impl-67e0bfd9a9ad0068/out/82dd17a33fee5adf-BaseTable.o" "-c" "casacore/tables/Tables/BaseTable.cc" with args c++ did not execute successfully (status code exit status: 1).cargo:warning=c++: fatal error: Killed signal terminated program cc1plus
[INFO] [stderr]   cargo:warning=compilation terminated.
[INFO] [stderr] 
[INFO] [stderr]   exit status: 1
[INFO] [stderr]   cargo:warning=ToolExecError: Command "c++" "-O0" "-ffunction-sections" "-fdata-sections" "-fPIC" "-gdwarf-4" "-fno-omit-frame-pointer" "-m64" "-I" "." "-Wall" "-Wextra" "-std=c++11" "-Wno-deprecated-declarations" "-Dcasacore=rubbl_casacore" "-DUSE_THREADS=1" "-o" "/opt/rustwide/target/debug/build/rubbl_casatables_impl-67e0bfd9a9ad0068/out/82dd17a33fee5adf-ColumnDesc.o" "-c" "casacore/tables/Tables/ColumnDesc.cc" with args c++ did not execute successfully (status code exit status: 1).cargo:warning=c++: fatal error: Killed signal terminated program cc1plus
[INFO] [stderr]   cargo:warning=compilation terminated.
[INFO] [stderr] 
[INFO] [stderr]   exit status: 1
[INFO] [stderr]   cargo:warning=ToolExecError: Command "c++" "-O0" "-ffunction-sections" "-fdata-sections" "-fPIC" "-gdwarf-4" "-fno-omit-frame-pointer" "-m64" "-I" "." "-Wall" "-Wextra" "-std=c++11" "-Wno-deprecated-declarations" "-Dcasacore=rubbl_casacore" "-DUSE_THREADS=1" "-o" "/opt/rustwide/target/debug/build/rubbl_casatables_impl-67e0bfd9a9ad0068/out/82dd17a33fee5adf-ColumnSet.o" "-c" "casacore/tables/Tables/ColumnSet.cc" with args c++ did not execute successfully (status code exit status: 1).cargo:warning=c++: fatal error: Killed signal terminated program cc1plus
[INFO] [stderr]   cargo:warning=compilation terminated.
[INFO] [stderr] 
[INFO] [stderr]   exit status: 1
[INFO] [stderr]   cargo:warning=ToolExecError: Command "c++" "-O0" "-ffunction-sections" "-fdata-sections" "-fPIC" "-gdwarf-4" "-fno-omit-frame-pointer" "-m64" "-I" "." "-Wall" "-Wextra" "-std=c++11" "-Wno-deprecated-declarations" "-Dcasacore=rubbl_casacore" "-DUSE_THREADS=1" "-o" "/opt/rustwide/target/debug/build/rubbl_casatables_impl-67e0bfd9a9ad0068/out/82dd17a33fee5adf-ColumnsIndex.o" "-c" "casacore/tables/Tables/ColumnsIndex.cc" with args c++ did not execute successfully (status code exit status: 1).cargo:warning=c++: fatal error: Killed signal terminated program cc1plus
[INFO] [stderr]   cargo:warning=compilation terminated.
[INFO] [stderr] 
[INFO] [stderr]   exit status: 1
[INFO] [stderr]   cargo:warning=ToolExecError: Command "c++" "-O0" "-ffunction-sections" "-fdata-sections" "-fPIC" "-gdwarf-4" "-fno-omit-frame-pointer" "-m64" "-I" "." "-Wall" "-Wextra" "-std=c++11" "-Wno-deprecated-declarations" "-Dcasacore=rubbl_casacore" "-DUSE_THREADS=1" "-o" "/opt/rustwide/target/debug/build/rubbl_casatables_impl-67e0bfd9a9ad0068/out/82dd17a33fee5adf-ColumnsIndexArray.o" "-c" "casacore/tables/Tables/ColumnsIndexArray.cc" with args c++ did not execute successfully (status code exit status: 1).cargo:warning=c++: fatal error: Killed signal terminated program cc1plus
[INFO] [stderr]   cargo:warning=compilation terminated.
[INFO] [stderr] 
[INFO] [stderr]   exit status: 0
[INFO] [stderr]   exit status: 1
[INFO] [stderr]   cargo:warning=ToolExecError: Command "c++" "-O0" "-ffunction-sections" "-fdata-sections" "-fPIC" "-gdwarf-4" "-fno-omit-frame-pointer" "-m64" "-I" "." "-Wall" "-Wextra" "-std=c++11" "-Wno-deprecated-declarations" "-Dcasacore=rubbl_casacore" "-DUSE_THREADS=1" "-o" "/opt/rustwide/target/debug/build/rubbl_casatables_impl-67e0bfd9a9ad0068/out/82dd17a33fee5adf-ConcatTable.o" "-c" "casacore/tables/Tables/ConcatTable.cc" with args c++ did not execute successfully (status code exit status: 1).cargo:warning=c++: fatal error: Killed signal terminated program cc1plus
[INFO] [stderr]   cargo:warning=compilation terminated.
[INFO] [stderr] 
[INFO] [stderr]   exit status: 1
[INFO] [stderr]   cargo:warning=ToolExecError: Command "c++" "-O0" "-ffunction-sections" "-fdata-sections" "-fPIC" "-gdwarf-4" "-fno-omit-frame-pointer" "-m64" "-I" "." "-Wall" "-Wextra" "-std=c++11" "-Wno-deprecated-declarations" "-Dcasacore=rubbl_casacore" "-DUSE_THREADS=1" "-o" "/opt/rustwide/target/debug/build/rubbl_casatables_impl-67e0bfd9a9ad0068/out/82dd17a33fee5adf-ConcatColumn.o" "-c" "casacore/tables/Tables/ConcatColumn.cc" with args c++ did not execute successfully (status code exit status: 1).cargo:warning=c++: fatal error: Killed signal terminated program cc1plus
[INFO] [stderr]   cargo:warning=compilation terminated.
[INFO] [stderr] 
[INFO] [stderr]   exit status: 1
[INFO] [stderr]   cargo:warning=ToolExecError: Command "c++" "-O0" "-ffunction-sections" "-fdata-sections" "-fPIC" "-gdwarf-4" "-fno-omit-frame-pointer" "-m64" "-I" "." "-Wall" "-Wextra" "-std=c++11" "-Wno-deprecated-declarations" "-Dcasacore=rubbl_casacore" "-DUSE_THREADS=1" "-o" "/opt/rustwide/target/debug/build/rubbl_casatables_impl-67e0bfd9a9ad0068/out/82dd17a33fee5adf-MemoryTable.o" "-c" "casacore/tables/Tables/MemoryTable.cc" with args c++ did not execute successfully (status code exit status: 1).cargo:warning=c++: fatal error: Killed signal terminated program cc1plus
[INFO] [stderr]   cargo:warning=compilation terminated.
[INFO] [stderr] 
[INFO] [stderr]   exit status: 1
[INFO] [stderr]   cargo:warning=ToolExecError: Command "c++" "-O0" "-ffunction-sections" "-fdata-sections" "-fPIC" "-gdwarf-4" "-fno-omit-frame-pointer" "-m64" "-I" "." "-Wall" "-Wextra" "-std=c++11" "-Wno-deprecated-declarations" "-Dcasacore=rubbl_casacore" "-DUSE_THREADS=1" "-o" "/opt/rustwide/target/debug/build/rubbl_casatables_impl-67e0bfd9a9ad0068/out/82dd17a33fee5adf-NullTable.o" "-c" "casacore/tables/Tables/NullTable.cc" with args c++ did not execute successfully (status code exit status: 1).cargo:warning=c++: fatal error: Killed signal terminated program cc1plus
[INFO] [stderr]   cargo:warning=compilation terminated.
[INFO] [stderr] 
[INFO] [stderr]   exit status: 1
[INFO] [stderr]   cargo:warning=ToolExecError: Command "c++" "-O0" "-ffunction-sections" "-fdata-sections" "-fPIC" "-gdwarf-4" "-fno-omit-frame-pointer" "-m64" "-I" "." "-Wall" "-Wextra" "-std=c++11" "-Wno-deprecated-declarations" "-Dcasacore=rubbl_casacore" "-DUSE_THREADS=1" "-o" "/opt/rustwide/target/debug/build/rubbl_casatables_impl-67e0bfd9a9ad0068/out/82dd17a33fee5adf-PlainColumn.o" "-c" "casacore/tables/Tables/PlainColumn.cc" with args c++ did not execute successfully (status code exit status: 1).cargo:warning=c++: fatal error: Killed signal terminated program cc1plus
[INFO] [stderr]   cargo:warning=compilation terminated.
[INFO] [stderr] 
[INFO] [stderr]   exit status: 1
[INFO] [stderr]   cargo:warning=ToolExecError: Command "c++" "-O0" "-ffunction-sections" "-fdata-sections" "-fPIC" "-gdwarf-4" "-fno-omit-frame-pointer" "-m64" "-I" "." "-Wall" "-Wextra" "-std=c++11" "-Wno-deprecated-declarations" "-Dcasacore=rubbl_casacore" "-DUSE_THREADS=1" "-o" "/opt/rustwide/target/debug/build/rubbl_casatables_impl-67e0bfd9a9ad0068/out/82dd17a33fee5adf-ReadAsciiTable.o" "-c" "casacore/tables/Tables/ReadAsciiTable.cc" with args c++ did not execute successfully (status code exit status: 1).cargo:warning=c++: fatal error: Killed signal terminated program cc1plus
[INFO] [stderr]   cargo:warning=compilation terminated.
[INFO] [stderr] 
[INFO] [stderr]   exit status: 0
[INFO] [stderr]   exit status: 1
[INFO] [stderr]   cargo:warning=ToolExecError: Command "c++" "-O0" "-ffunction-sections" "-fdata-sections" "-fPIC" "-gdwarf-4" "-fno-omit-frame-pointer" "-m64" "-I" "." "-Wall" "-Wextra" "-std=c++11" "-Wno-deprecated-declarations" "-Dcasacore=rubbl_casacore" "-DUSE_THREADS=1" "-o" "/opt/rustwide/target/debug/build/rubbl_casatables_impl-67e0bfd9a9ad0068/out/82dd17a33fee5adf-PlainTable.o" "-c" "casacore/tables/Tables/PlainTable.cc" with args c++ did not execute successfully (status code exit status: 1).cargo:warning=c++: fatal error: Killed signal terminated program cc1plus
[INFO] [stderr]   cargo:warning=compilation terminated.
[INFO] [stderr] 
[INFO] [stderr]   exit status: 0
[INFO] [stderr]   exit status: 1
[INFO] [stderr]   cargo:warning=ToolExecError: Command "c++" "-O0" "-ffunction-sections" "-fdata-sections" "-fPIC" "-gdwarf-4" "-fno-omit-frame-pointer" "-m64" "-I" "." "-Wall" "-Wextra" "-std=c++11" "-Wno-deprecated-declarations" "-Dcasacore=rubbl_casacore" "-DUSE_THREADS=1" "-o" "/opt/rustwide/target/debug/build/rubbl_casatables_impl-67e0bfd9a9ad0068/out/82dd17a33fee5adf-RefTable.o" "-c" "casacore/tables/Tables/RefTable.cc" with args c++ did not execute successfully (status code exit status: 1).cargo:warning=c++: fatal error: Killed signal terminated program cc1plus
[INFO] [stderr]   cargo:warning=compilation terminated.
[INFO] [stderr] 
[INFO] [stderr]   exit status: 0
[INFO] [stderr]   exit status: 1
[INFO] [stderr]   cargo:warning=ToolExecError: Command "c++" "-O0" "-ffunction-sections" "-fdata-sections" "-fPIC" "-gdwarf-4" "-fno-omit-frame-pointer" "-m64" "-I" "." "-Wall" "-Wextra" "-std=c++11" "-Wno-deprecated-declarations" "-Dcasacore=rubbl_casacore" "-DUSE_THREADS=1" "-o" "/opt/rustwide/target/debug/build/rubbl_casatables_impl-67e0bfd9a9ad0068/out/82dd17a33fee5adf-RowCopier.o" "-c" "casacore/tables/Tables/RowCopier.cc" with args c++ did not execute successfully (status code exit status: 1).cargo:warning=c++: fatal error: Killed signal terminated program cc1plus
[INFO] [stderr]   cargo:warning=compilation terminated.
[INFO] [stderr] 
[INFO] [stderr]   exit status: 1
[INFO] [stderr]   cargo:warning=ToolExecError: Command "c++" "-O0" "-ffunction-sections" "-fdata-sections" "-fPIC" "-gdwarf-4" "-fno-omit-frame-pointer" "-m64" "-I" "." "-Wall" "-Wextra" "-std=c++11" "-Wno-deprecated-declarations" "-Dcasacore=rubbl_casacore" "-DUSE_THREADS=1" "-o" "/opt/rustwide/target/debug/build/rubbl_casatables_impl-67e0bfd9a9ad0068/out/82dd17a33fee5adf-ScaColDesc_tmpl.o" "-c" "casacore/tables/Tables/ScaColDesc_tmpl.cc" with args c++ did not execute successfully (status code exit status: 1).cargo:warning=c++: fatal error: Killed signal terminated program cc1plus
[INFO] [stderr]   cargo:warning=compilation terminated.
[INFO] [stderr] 
[INFO] [stderr]   exit status: 0
[INFO] [stderr]   exit status: 1
[INFO] [stderr]   cargo:warning=ToolExecError: Command "c++" "-O0" "-ffunction-sections" "-fdata-sections" "-fPIC" "-gdwarf-4" "-fno-omit-frame-pointer" "-m64" "-I" "." "-Wall" "-Wextra" "-std=c++11" "-Wno-deprecated-declarations" "-Dcasacore=rubbl_casacore" "-DUSE_THREADS=1" "-o" "/opt/rustwide/target/debug/build/rubbl_casatables_impl-67e0bfd9a9ad0068/out/82dd17a33fee5adf-ScaRecordColData.o" "-c" "casacore/tables/Tables/ScaRecordColData.cc" with args c++ did not execute successfully (status code exit status: 1).cargo:warning=c++: fatal error: Killed signal terminated program cc1plus
[INFO] [stderr]   cargo:warning=compilation terminated.
[INFO] [stderr] 
[INFO] [stderr]   exit status: 1
[INFO] [stderr]   cargo:warning=ToolExecError: Command "c++" "-O0" "-ffunction-sections" "-fdata-sections" "-fPIC" "-gdwarf-4" "-fno-omit-frame-pointer" "-m64" "-I" "." "-Wall" "-Wextra" "-std=c++11" "-Wno-deprecated-declarations" "-Dcasacore=rubbl_casacore" "-DUSE_THREADS=1" "-o" "/opt/rustwide/target/debug/build/rubbl_casatables_impl-67e0bfd9a9ad0068/out/82dd17a33fee5adf-ScalarColumn_tmpl.o" "-c" "casacore/tables/Tables/ScalarColumn_tmpl.cc" with args c++ did not execute successfully (status code exit status: 1).cargo:warning=c++: fatal error: Killed signal terminated program cc1plus
[INFO] [stderr]   cargo:warning=compilation terminated.
[INFO] [stderr] 
[INFO] [stderr]   exit status: 0
[INFO] [stderr]   exit status: 0
[INFO] [stderr]   exit status: 0
[INFO] [stderr]   exit status: 1
[INFO] [stderr]   cargo:warning=ToolExecError: Command "c++" "-O0" "-ffunction-sections" "-fdata-sections" "-fPIC" "-gdwarf-4" "-fno-omit-frame-pointer" "-m64" "-I" "." "-Wall" "-Wextra" "-std=c++11" "-Wno-deprecated-declarations" "-Dcasacore=rubbl_casacore" "-DUSE_THREADS=1" "-o" "/opt/rustwide/target/debug/build/rubbl_casatables_impl-67e0bfd9a9ad0068/out/82dd17a33fee5adf-SetupNewTab.o" "-c" "casacore/tables/Tables/SetupNewTab.cc" with args c++ did not execute successfully (status code exit status: 1).cargo:warning=c++: fatal error: Killed signal terminated program cc1plus
[INFO] [stderr]   cargo:warning=compilation terminated.
[INFO] [stderr] 
[INFO] [stderr]   exit status: 0
[INFO] [stderr]   exit status: 1
[INFO] [stderr]   cargo:warning=ToolExecError: Command "c++" "-O0" "-ffunction-sections" "-fdata-sections" "-fPIC" "-gdwarf-4" "-fno-omit-frame-pointer" "-m64" "-I" "." "-Wall" "-Wextra" "-std=c++11" "-Wno-deprecated-declarations" "-Dcasacore=rubbl_casacore" "-DUSE_THREADS=1" "-o" "/opt/rustwide/target/debug/build/rubbl_casatables_impl-67e0bfd9a9ad0068/out/82dd17a33fee5adf-TableCache.o" "-c" "casacore/tables/Tables/TableCache.cc" with args c++ did not execute successfully (status code exit status: 1).cargo:warning=c++: fatal error: Killed signal terminated program cc1plus
[INFO] [stderr]   cargo:warning=compilation terminated.
[INFO] [stderr] 
[INFO] [stderr]   exit status: 0
[INFO] [stderr]   exit status: 1
[INFO] [stderr]   cargo:warning=ToolExecError: Command "c++" "-O0" "-ffunction-sections" "-fdata-sections" "-fPIC" "-gdwarf-4" "-fno-omit-frame-pointer" "-m64" "-I" "." "-Wall" "-Wextra" "-std=c++11" "-Wno-deprecated-declarations" "-Dcasacore=rubbl_casacore" "-DUSE_THREADS=1" "-o" "/opt/rustwide/target/debug/build/rubbl_casatables_impl-67e0bfd9a9ad0068/out/82dd17a33fee5adf-Table.o" "-c" "casacore/tables/Tables/Table.cc" with args c++ did not execute successfully (status code exit status: 1).cargo:warning=c++: fatal error: Killed signal terminated program cc1plus
[INFO] [stderr]   cargo:warning=compilation terminated.
[INFO] [stderr] 
[INFO] [stderr]   exit status: 1
[INFO] [stderr]   cargo:warning=ToolExecError: Command "c++" "-O0" "-ffunction-sections" "-fdata-sections" "-fPIC" "-gdwarf-4" "-fno-omit-frame-pointer" "-m64" "-I" "." "-Wall" "-Wextra" "-std=c++11" "-Wno-deprecated-declarations" "-Dcasacore=rubbl_casacore" "-DUSE_THREADS=1" "-o" "/opt/rustwide/target/debug/build/rubbl_casatables_impl-67e0bfd9a9ad0068/out/82dd17a33fee5adf-TableCopy.o" "-c" "casacore/tables/Tables/TableCopy.cc" with args c++ did not execute successfully (status code exit status: 1).cargo:warning=c++: fatal error: Killed signal terminated program cc1plus
[INFO] [stderr]   cargo:warning=compilation terminated.
[INFO] [stderr] 
[INFO] [stderr]   exit status: 1
[INFO] [stderr]   cargo:warning=ToolExecError: Command "c++" "-O0" "-ffunction-sections" "-fdata-sections" "-fPIC" "-gdwarf-4" "-fno-omit-frame-pointer" "-m64" "-I" "." "-Wall" "-Wextra" "-std=c++11" "-Wno-deprecated-declarations" "-Dcasacore=rubbl_casacore" "-DUSE_THREADS=1" "-o" "/opt/rustwide/target/debug/build/rubbl_casatables_impl-67e0bfd9a9ad0068/out/82dd17a33fee5adf-TableColumn.o" "-c" "casacore/tables/Tables/TableColumn.cc" with args c++ did not execute successfully (status code exit status: 1).
[INFO] [stderr]   exit status: 0
[INFO] [stderr]   exit status: 0
[INFO] [stderr]   exit status: 0
[INFO] [stderr]   exit status: 0
[INFO] [stderr]   exit status: 0
[INFO] [stderr]   exit status: 0
[INFO] [stderr]   exit status: 0
[INFO] [stderr]   exit status: 0
[INFO] [stderr]   exit status: 0
[INFO] [stderr]   exit status: 0
[INFO] [stderr]   exit status: 0
[INFO] [stderr]   exit status: 0
[INFO] [stderr] 
[INFO] [stderr]   --- stderr
[INFO] [stderr] 
[INFO] [stderr] 
[INFO] [stderr]   error occurred: Command "c++" "-O0" "-ffunction-sections" "-fdata-sections" "-fPIC" "-gdwarf-4" "-fno-omit-frame-pointer" "-m64" "-I" "." "-Wall" "-Wextra" "-std=c++11" "-Wno-deprecated-declarations" "-Dcasacore=rubbl_casacore" "-DUSE_THREADS=1" "-o" "/opt/rustwide/target/debug/build/rubbl_casatables_impl-67e0bfd9a9ad0068/out/82dd17a33fee5adf-TableColumn.o" "-c" "casacore/tables/Tables/TableColumn.cc" with args c++ did not execute successfully (status code exit status: 1).
[INFO] [stderr] 
[INFO] [stderr] 
[INFO] running `Command { std: "docker" "inspect" "78e4a835cb7dff09f1458387e4d66bf442aaba0dd323e2289af6fc36c646c1f9", kill_on_drop: false }`
[INFO] running `Command { std: "docker" "rm" "-f" "78e4a835cb7dff09f1458387e4d66bf442aaba0dd323e2289af6fc36c646c1f9", kill_on_drop: false }`
[INFO] [stdout] 78e4a835cb7dff09f1458387e4d66bf442aaba0dd323e2289af6fc36c646c1f9
