[INFO] fetching crate rtic-time 2.0.0...
[INFO] testing rtic-time-2.0.0 against nightly-2024-10-28 for randomize-layout
[INFO] extracting crate rtic-time 2.0.0 into /workspace/builds/worker-5-tc1/source
[INFO] validating manifest of crates.io crate rtic-time 2.0.0 on toolchain nightly-2024-10-28
[INFO] running `Command { std: CARGO_HOME="/workspace/cargo-home" RUSTUP_HOME="/workspace/rustup-home" "/workspace/cargo-home/bin/cargo" "+nightly-2024-10-28" "metadata" "--manifest-path" "Cargo.toml" "--no-deps", kill_on_drop: false }`
[INFO] started tweaking crates.io crate rtic-time 2.0.0
[INFO] finished tweaking crates.io crate rtic-time 2.0.0
[INFO] tweaked toml for crates.io crate rtic-time 2.0.0 written to /workspace/builds/worker-5-tc1/source/Cargo.toml
[INFO] running `Command { std: CARGO_HOME="/workspace/cargo-home" RUSTUP_HOME="/workspace/rustup-home" "/workspace/cargo-home/bin/cargo" "+nightly-2024-10-28" "generate-lockfile" "--manifest-path" "Cargo.toml", kill_on_drop: false }`
[INFO] [stderr]     Updating crates.io index
[INFO] [stderr]      Locking 32 packages to latest compatible versions
[INFO] running `Command { std: CARGO_HOME="/workspace/cargo-home" RUSTUP_HOME="/workspace/rustup-home" "/workspace/cargo-home/bin/cargo" "+nightly-2024-10-28" "fetch" "--manifest-path" "Cargo.toml", kill_on_drop: false }`
[INFO] [stderr]  Downloading crates ...
[INFO] [stderr]   Downloaded rtic-common v1.0.0
[INFO] [stderr]   Downloaded cassette v0.3.0
[INFO] running `Command { std: "docker" "create" "-v" "/var/lib/crater-agent-workspace/builds/worker-5-tc1/target:/opt/rustwide/target:rw,Z" "-v" "/var/lib/crater-agent-workspace/builds/worker-5-tc1/source:/opt/rustwide/workdir:ro,Z" "-v" "/var/lib/crater-agent-workspace/cargo-home:/opt/rustwide/cargo-home:ro,Z" "-v" "/var/lib/crater-agent-workspace/rustup-home:/opt/rustwide/rustup-home:ro,Z" "-e" "SOURCE_DIR=/opt/rustwide/workdir" "-e" "CARGO_TARGET_DIR=/opt/rustwide/target" "-e" "CARGO_HOME=/opt/rustwide/cargo-home" "-e" "RUSTUP_HOME=/opt/rustwide/rustup-home" "-w" "/opt/rustwide/workdir" "-m" "1610612736" "--user" "0:0" "--network" "none" "ghcr.io/rust-lang/crates-build-env/linux@sha256:4a844ea9eb2546a2d2c7022eacef16ef2e8229c7fbb2c7d4d55a9ceca922f72d" "/opt/rustwide/cargo-home/bin/cargo" "+nightly-2024-10-28" "metadata" "--no-deps" "--format-version=1", kill_on_drop: false }`
[INFO] [stdout] 55ca5caed802c47c6ffb5ed333b3cdf7510b6476e5e9ab009b7c8166befb0bc0
[INFO] running `Command { std: "docker" "start" "-a" "55ca5caed802c47c6ffb5ed333b3cdf7510b6476e5e9ab009b7c8166befb0bc0", kill_on_drop: false }`
[INFO] running `Command { std: "docker" "inspect" "55ca5caed802c47c6ffb5ed333b3cdf7510b6476e5e9ab009b7c8166befb0bc0", kill_on_drop: false }`
[INFO] running `Command { std: "docker" "rm" "-f" "55ca5caed802c47c6ffb5ed333b3cdf7510b6476e5e9ab009b7c8166befb0bc0", kill_on_drop: false }`
[INFO] [stdout] 55ca5caed802c47c6ffb5ed333b3cdf7510b6476e5e9ab009b7c8166befb0bc0
[INFO] running `Command { std: "docker" "create" "-v" "/var/lib/crater-agent-workspace/builds/worker-5-tc1/target:/opt/rustwide/target:rw,Z" "-v" "/var/lib/crater-agent-workspace/builds/worker-5-tc1/source:/opt/rustwide/workdir:ro,Z" "-v" "/var/lib/crater-agent-workspace/cargo-home:/opt/rustwide/cargo-home:ro,Z" "-v" "/var/lib/crater-agent-workspace/rustup-home:/opt/rustwide/rustup-home:ro,Z" "-e" "SOURCE_DIR=/opt/rustwide/workdir" "-e" "CARGO_TARGET_DIR=/opt/rustwide/target" "-e" "CARGO_INCREMENTAL=0" "-e" "RUST_BACKTRACE=full" "-e" "RUSTFLAGS=--cap-lints=forbid" "-e" "RUSTDOCFLAGS=--cap-lints=forbid" "-e" "CARGO_HOME=/opt/rustwide/cargo-home" "-e" "RUSTUP_HOME=/opt/rustwide/rustup-home" "-w" "/opt/rustwide/workdir" "-m" "1610612736" "--user" "0:0" "--network" "none" "ghcr.io/rust-lang/crates-build-env/linux@sha256:4a844ea9eb2546a2d2c7022eacef16ef2e8229c7fbb2c7d4d55a9ceca922f72d" "/opt/rustwide/cargo-home/bin/cargo" "+nightly-2024-10-28" "build" "--frozen" "--message-format=json", kill_on_drop: false }`
[INFO] [stdout] 538ed7fe31564ef21ca2141f8a4602411ba45a4c64492bdb90c1c144a975ccda
[INFO] running `Command { std: "docker" "start" "-a" "538ed7fe31564ef21ca2141f8a4602411ba45a4c64492bdb90c1c144a975ccda", kill_on_drop: false }`
[INFO] [stderr]    Compiling embedded-hal-async v1.0.0
[INFO] [stderr]    Compiling critical-section v1.2.0
[INFO] [stderr]    Compiling futures-core v0.3.31
[INFO] [stderr]    Compiling gcd v2.3.0
[INFO] [stderr]    Compiling rtic-common v1.0.0
[INFO] [stderr]    Compiling futures-util v0.3.31
[INFO] [stderr]    Compiling fugit v0.3.7
[INFO] [stderr]    Compiling rtic-time v2.0.0 (/opt/rustwide/workdir)
[INFO] [stderr]     Finished `dev` profile [unoptimized + debuginfo] target(s) in 0.88s
[INFO] running `Command { std: "docker" "inspect" "538ed7fe31564ef21ca2141f8a4602411ba45a4c64492bdb90c1c144a975ccda", kill_on_drop: false }`
[INFO] running `Command { std: "docker" "rm" "-f" "538ed7fe31564ef21ca2141f8a4602411ba45a4c64492bdb90c1c144a975ccda", kill_on_drop: false }`
[INFO] [stdout] 538ed7fe31564ef21ca2141f8a4602411ba45a4c64492bdb90c1c144a975ccda
[INFO] running `Command { std: "docker" "create" "-v" "/var/lib/crater-agent-workspace/builds/worker-5-tc1/target:/opt/rustwide/target:rw,Z" "-v" "/var/lib/crater-agent-workspace/builds/worker-5-tc1/source:/opt/rustwide/workdir:ro,Z" "-v" "/var/lib/crater-agent-workspace/cargo-home:/opt/rustwide/cargo-home:ro,Z" "-v" "/var/lib/crater-agent-workspace/rustup-home:/opt/rustwide/rustup-home:ro,Z" "-e" "SOURCE_DIR=/opt/rustwide/workdir" "-e" "CARGO_TARGET_DIR=/opt/rustwide/target" "-e" "CARGO_INCREMENTAL=0" "-e" "RUST_BACKTRACE=full" "-e" "RUSTFLAGS=--cap-lints=forbid" "-e" "RUSTDOCFLAGS=--cap-lints=forbid" "-e" "CARGO_HOME=/opt/rustwide/cargo-home" "-e" "RUSTUP_HOME=/opt/rustwide/rustup-home" "-w" "/opt/rustwide/workdir" "-m" "1610612736" "--user" "0:0" "--network" "none" "ghcr.io/rust-lang/crates-build-env/linux@sha256:4a844ea9eb2546a2d2c7022eacef16ef2e8229c7fbb2c7d4d55a9ceca922f72d" "/opt/rustwide/cargo-home/bin/cargo" "+nightly-2024-10-28" "test" "--frozen" "--no-run" "--message-format=json", kill_on_drop: false }`
[INFO] [stdout] 43a63593623dd94788e0bd354768ad29cf05a8fc2ec5c49dc92e33ae6be12f26
[INFO] running `Command { std: "docker" "start" "-a" "43a63593623dd94788e0bd354768ad29cf05a8fc2ec5c49dc92e33ae6be12f26", kill_on_drop: false }`
[INFO] [stderr]    Compiling smallvec v1.13.2
[INFO] [stderr]    Compiling cooked-waker v5.0.0
[INFO] [stderr]    Compiling cassette v0.3.0
[INFO] [stderr]    Compiling parking_lot_core v0.9.10
[INFO] [stderr]    Compiling parking_lot v0.12.3
[INFO] [stderr]    Compiling rtic-time v2.0.0 (/opt/rustwide/workdir)
[INFO] [stdout] error: linking with `cc` failed: exit status: 1
[INFO] [stdout]   |
[INFO] [stdout]   = note: LC_ALL="C" PATH="/opt/rustwide/rustup-home/toolchains/nightly-2024-10-28-x86_64-unknown-linux-gnu/lib/rustlib/x86_64-unknown-linux-gnu/bin:/opt/rustwide/rustup-home/toolchains/nightly-2024-10-28-x86_64-unknown-linux-gnu/lib/rustlib/x86_64-unknown-linux-gnu/bin/self-contained:/opt/rustwide/cargo-home/bin:/usr/local/sbin:/usr/local/bin:/usr/sbin:/usr/bin:/sbin:/bin" VSLANG="1033" "cc" "-m64" "/tmp/rustcJdRLgT/symbols.o" "/opt/rustwide/target/debug/deps/timer_queue-fa81dbe43f1500a3.timer_queue.ee79d76861373488-cgu.0.rcgu.o" "/opt/rustwide/target/debug/deps/timer_queue-fa81dbe43f1500a3.4li7ivj42vtry0mjlarz2uvo9.rcgu.o" "-Wl,--as-needed" "-Wl,-Bstatic" "/opt/rustwide/rustup-home/toolchains/nightly-2024-10-28-x86_64-unknown-linux-gnu/lib/rustlib/x86_64-unknown-linux-gnu/lib/libtest-a09fad3b5321e7d6.rlib" "/opt/rustwide/rustup-home/toolchains/nightly-2024-10-28-x86_64-unknown-linux-gnu/lib/rustlib/x86_64-unknown-linux-gnu/lib/libgetopts-f9c3dff41ad42661.rlib" "/opt/rustwide/rustup-home/toolchains/nightly-2024-10-28-x86_64-unknown-linux-gnu/lib/rustlib/x86_64-unknown-linux-gnu/lib/libunicode_width-ad2aef31af6addd3.rlib" "/opt/rustwide/rustup-home/toolchains/nightly-2024-10-28-x86_64-unknown-linux-gnu/lib/rustlib/x86_64-unknown-linux-gnu/lib/librustc_std_workspace_std-e3f907dc03deb913.rlib" "/opt/rustwide/target/debug/deps/librtic_time-361df93c8dda9ac7.rlib" "/opt/rustwide/target/debug/deps/libfugit-1c327ce14a6a5606.rlib" "/opt/rustwide/target/debug/deps/libgcd-320062eed67b70b5.rlib" "/opt/rustwide/target/debug/deps/libembedded_hal_async-7252684b34ce5680.rlib" "/opt/rustwide/target/debug/deps/libembedded_hal-bffe77d998c1330a.rlib" "/opt/rustwide/target/debug/deps/librtic_common-3952c9e1da27b614.rlib" "/opt/rustwide/target/debug/deps/libfutures_util-e2c755ad637da912.rlib" "/opt/rustwide/target/debug/deps/libpin_project_lite-2633596a5f246a3b.rlib" "/opt/rustwide/target/debug/deps/libfutures_task-2489839acfe34d47.rlib" "/opt/rustwide/target/debug/deps/libpin_utils-76c2785263cdb1c1.rlib" "/opt/rustwide/target/debug/deps/libfutures_core-c553c6cc323a80ef.rlib" "/opt/rustwide/target/debug/deps/libcritical_section-2256f22b5baf98fb.rlib" "/opt/rustwide/target/debug/deps/libparking_lot-48105096751b50b5.rlib" "/opt/rustwide/target/debug/deps/libparking_lot_core-065241234d420790.rlib" "/opt/rustwide/target/debug/deps/liblibc-663f09ba3db1840e.rlib" "/opt/rustwide/target/debug/deps/libcfg_if-57bf25c23e31efdb.rlib" "/opt/rustwide/target/debug/deps/libsmallvec-756ee87804f0eec5.rlib" "/opt/rustwide/target/debug/deps/liblock_api-e2cb0d427dfba242.rlib" "/opt/rustwide/target/debug/deps/libscopeguard-003ee3b9b09cebdb.rlib" "/opt/rustwide/target/debug/deps/libcassette-555c7608d10fd152.rlib" "/opt/rustwide/rustup-home/toolchains/nightly-2024-10-28-x86_64-unknown-linux-gnu/lib/rustlib/x86_64-unknown-linux-gnu/lib/libstd-fb8c387236db3c10.rlib" "/opt/rustwide/rustup-home/toolchains/nightly-2024-10-28-x86_64-unknown-linux-gnu/lib/rustlib/x86_64-unknown-linux-gnu/lib/libpanic_unwind-b251837809b2f64b.rlib" "/opt/rustwide/rustup-home/toolchains/nightly-2024-10-28-x86_64-unknown-linux-gnu/lib/rustlib/x86_64-unknown-linux-gnu/lib/libobject-cbef83eaa4e01f04.rlib" "/opt/rustwide/rustup-home/toolchains/nightly-2024-10-28-x86_64-unknown-linux-gnu/lib/rustlib/x86_64-unknown-linux-gnu/lib/libmemchr-12a772286de2fca7.rlib" "/opt/rustwide/rustup-home/toolchains/nightly-2024-10-28-x86_64-unknown-linux-gnu/lib/rustlib/x86_64-unknown-linux-gnu/lib/libaddr2line-023bbe5ada7abfc3.rlib" "/opt/rustwide/rustup-home/toolchains/nightly-2024-10-28-x86_64-unknown-linux-gnu/lib/rustlib/x86_64-unknown-linux-gnu/lib/libgimli-de2bcdf10ec69c2b.rlib" "/opt/rustwide/rustup-home/toolchains/nightly-2024-10-28-x86_64-unknown-linux-gnu/lib/rustlib/x86_64-unknown-linux-gnu/lib/librustc_demangle-8e1754df350800fd.rlib" "/opt/rustwide/rustup-home/toolchains/nightly-2024-10-28-x86_64-unknown-linux-gnu/lib/rustlib/x86_64-unknown-linux-gnu/lib/libstd_detect-06c2ab7b9c32e037.rlib" "/opt/rustwide/rustup-home/toolchains/nightly-2024-10-28-x86_64-unknown-linux-gnu/lib/rustlib/x86_64-unknown-linux-gnu/lib/libhashbrown-51d2621fc57a281b.rlib" "/opt/rustwide/rustup-home/toolchains/nightly-2024-10-28-x86_64-unknown-linux-gnu/lib/rustlib/x86_64-unknown-linux-gnu/lib/librustc_std_workspace_alloc-54a930408793772f.rlib" "/opt/rustwide/rustup-home/toolchains/nightly-2024-10-28-x86_64-unknown-linux-gnu/lib/rustlib/x86_64-unknown-linux-gnu/lib/libminiz_oxide-0c7d01cba400dcb2.rlib" "/opt/rustwide/rustup-home/toolchains/nightly-2024-10-28-x86_64-unknown-linux-gnu/lib/rustlib/x86_64-unknown-linux-gnu/lib/libadler-b9f84d69e331b75b.rlib" "/opt/rustwide/rustup-home/toolchains/nightly-2024-10-28-x86_64-unknown-linux-gnu/lib/rustlib/x86_64-unknown-linux-gnu/lib/libunwind-eec95493246aae39.rlib" "/opt/rustwide/rustup-home/toolchains/nightly-2024-10-28-x86_64-unknown-linux-gnu/lib/rustlib/x86_64-unknown-linux-gnu/lib/libcfg_if-6f6676c475e08ab0.rlib" "/opt/rustwide/rustup-home/toolchains/nightly-2024-10-28-x86_64-unknown-linux-gnu/lib/rustlib/x86_64-unknown-linux-gnu/lib/liblibc-799d520624f8b2e0.rlib" "/opt/rustwide/rustup-home/toolchains/nightly-2024-10-28-x86_64-unknown-linux-gnu/lib/rustlib/x86_64-unknown-linux-gnu/lib/liballoc-fcf93d4842acd9a9.rlib" "/opt/rustwide/rustup-home/toolchains/nightly-2024-10-28-x86_64-unknown-linux-gnu/lib/rustlib/x86_64-unknown-linux-gnu/lib/librustc_std_workspace_core-395a38b8e0851c9b.rlib" "/opt/rustwide/rustup-home/toolchains/nightly-2024-10-28-x86_64-unknown-linux-gnu/lib/rustlib/x86_64-unknown-linux-gnu/lib/libcore-d453bab70303062c.rlib" "/opt/rustwide/rustup-home/toolchains/nightly-2024-10-28-x86_64-unknown-linux-gnu/lib/rustlib/x86_64-unknown-linux-gnu/lib/libcompiler_builtins-0e6386368b0a24e8.rlib" "-Wl,-Bdynamic" "-lgcc_s" "-lutil" "-lrt" "-lpthread" "-lm" "-ldl" "-lc" "-B/opt/rustwide/rustup-home/toolchains/nightly-2024-10-28-x86_64-unknown-linux-gnu/lib/rustlib/x86_64-unknown-linux-gnu/bin/gcc-ld" "-fuse-ld=lld" "-Wl,--eh-frame-hdr" "-Wl,-z,noexecstack" "-L" "/opt/rustwide/rustup-home/toolchains/nightly-2024-10-28-x86_64-unknown-linux-gnu/lib/rustlib/x86_64-unknown-linux-gnu/lib" "-o" "/opt/rustwide/target/debug/deps/timer_queue-fa81dbe43f1500a3" "-Wl,--gc-sections" "-pie" "-Wl,-z,relro,-z,now" "-nodefaultlibs"
[INFO] [stdout]   = note: rust-lld: error: undefined symbol: _critical_section_1_0_acquire
[INFO] [stdout]           >>> referenced by lib.rs:202 (/opt/rustwide/cargo-home/registry/src/index.crates.io-6f17d22bba15001f/critical-section-1.2.0/src/lib.rs:202)
[INFO] [stdout]           >>>               /opt/rustwide/target/debug/deps/timer_queue-fa81dbe43f1500a3.timer_queue.ee79d76861373488-cgu.0.rcgu.o:(critical_section::with::h3435c413eacca99b)
[INFO] [stdout]           >>> referenced by lib.rs:202 (/opt/rustwide/cargo-home/registry/src/index.crates.io-6f17d22bba15001f/critical-section-1.2.0/src/lib.rs:202)
[INFO] [stdout]           >>>               /opt/rustwide/target/debug/deps/timer_queue-fa81dbe43f1500a3.timer_queue.ee79d76861373488-cgu.0.rcgu.o:(critical_section::with::hc43e13694c634e41)
[INFO] [stdout]           >>> referenced by lib.rs:202 (/opt/rustwide/cargo-home/registry/src/index.crates.io-6f17d22bba15001f/critical-section-1.2.0/src/lib.rs:202)
[INFO] [stdout]           >>>               /opt/rustwide/target/debug/deps/timer_queue-fa81dbe43f1500a3.timer_queue.ee79d76861373488-cgu.0.rcgu.o:(critical_section::with::hd14d9a4eea2ddfb1)
[INFO] [stdout]           
[INFO] [stdout]           rust-lld: error: undefined symbol: _critical_section_1_0_release
[INFO] [stdout]           >>> referenced by lib.rs:219 (/opt/rustwide/cargo-home/registry/src/index.crates.io-6f17d22bba15001f/critical-section-1.2.0/src/lib.rs:219)
[INFO] [stdout]           >>>               rtic_common-3952c9e1da27b614.rtic_common.2664f32faef67a6e-cgu.0.rcgu.o:(core::ptr::drop_in_place$LT$critical_section..with..Guard$GT$::hf7b03c38d8ea1e7f) in archive /opt/rustwide/target/debug/deps/librtic_common-3952c9e1da27b614.rlib
[INFO] [stdout]           collect2: error: ld returned 1 exit status
[INFO] [stdout]           
[INFO] [stdout] 
[INFO] [stdout] 
[INFO] [stderr] error: could not compile `rtic-time` (test "timer_queue") due to 1 previous error
[INFO] [stdout] error: linking with `cc` failed: exit status: 1
[INFO] [stdout]   |
[INFO] [stdout]   = note: LC_ALL="C" PATH="/opt/rustwide/rustup-home/toolchains/nightly-2024-10-28-x86_64-unknown-linux-gnu/lib/rustlib/x86_64-unknown-linux-gnu/bin:/opt/rustwide/rustup-home/toolchains/nightly-2024-10-28-x86_64-unknown-linux-gnu/lib/rustlib/x86_64-unknown-linux-gnu/bin/self-contained:/opt/rustwide/cargo-home/bin:/usr/local/sbin:/usr/local/bin:/usr/sbin:/usr/bin:/sbin:/bin" VSLANG="1033" "cc" "-m64" "/tmp/rustcl4iwp9/symbols.o" "/opt/rustwide/target/debug/deps/half_period_time_counter-facb0f37c174a560.half_period_time_counter.9cb89106983d6732-cgu.0.rcgu.o" "/opt/rustwide/target/debug/deps/half_period_time_counter-facb0f37c174a560.half_period_time_counter.9cb89106983d6732-cgu.1.rcgu.o" "/opt/rustwide/target/debug/deps/half_period_time_counter-facb0f37c174a560.e6zbiyq1dzthhh1u6lkzpf2e3.rcgu.o" "-Wl,--as-needed" "-Wl,-Bstatic" "/opt/rustwide/rustup-home/toolchains/nightly-2024-10-28-x86_64-unknown-linux-gnu/lib/rustlib/x86_64-unknown-linux-gnu/lib/libtest-a09fad3b5321e7d6.rlib" "/opt/rustwide/rustup-home/toolchains/nightly-2024-10-28-x86_64-unknown-linux-gnu/lib/rustlib/x86_64-unknown-linux-gnu/lib/libgetopts-f9c3dff41ad42661.rlib" "/opt/rustwide/rustup-home/toolchains/nightly-2024-10-28-x86_64-unknown-linux-gnu/lib/rustlib/x86_64-unknown-linux-gnu/lib/libunicode_width-ad2aef31af6addd3.rlib" "/opt/rustwide/rustup-home/toolchains/nightly-2024-10-28-x86_64-unknown-linux-gnu/lib/rustlib/x86_64-unknown-linux-gnu/lib/librustc_std_workspace_std-e3f907dc03deb913.rlib" "/opt/rustwide/target/debug/deps/librtic_time-361df93c8dda9ac7.rlib" "/opt/rustwide/target/debug/deps/libfugit-1c327ce14a6a5606.rlib" "/opt/rustwide/target/debug/deps/libgcd-320062eed67b70b5.rlib" "/opt/rustwide/target/debug/deps/libembedded_hal_async-7252684b34ce5680.rlib" "/opt/rustwide/target/debug/deps/libembedded_hal-bffe77d998c1330a.rlib" "/opt/rustwide/target/debug/deps/librtic_common-3952c9e1da27b614.rlib" "/opt/rustwide/target/debug/deps/libfutures_util-e2c755ad637da912.rlib" "/opt/rustwide/target/debug/deps/libpin_project_lite-2633596a5f246a3b.rlib" "/opt/rustwide/target/debug/deps/libfutures_task-2489839acfe34d47.rlib" "/opt/rustwide/target/debug/deps/libpin_utils-76c2785263cdb1c1.rlib" "/opt/rustwide/target/debug/deps/libfutures_core-c553c6cc323a80ef.rlib" "/opt/rustwide/target/debug/deps/libcritical_section-2256f22b5baf98fb.rlib" "/opt/rustwide/rustup-home/toolchains/nightly-2024-10-28-x86_64-unknown-linux-gnu/lib/rustlib/x86_64-unknown-linux-gnu/lib/libstd-fb8c387236db3c10.rlib" "/opt/rustwide/rustup-home/toolchains/nightly-2024-10-28-x86_64-unknown-linux-gnu/lib/rustlib/x86_64-unknown-linux-gnu/lib/libpanic_unwind-b251837809b2f64b.rlib" "/opt/rustwide/rustup-home/toolchains/nightly-2024-10-28-x86_64-unknown-linux-gnu/lib/rustlib/x86_64-unknown-linux-gnu/lib/libobject-cbef83eaa4e01f04.rlib" "/opt/rustwide/rustup-home/toolchains/nightly-2024-10-28-x86_64-unknown-linux-gnu/lib/rustlib/x86_64-unknown-linux-gnu/lib/libmemchr-12a772286de2fca7.rlib" "/opt/rustwide/rustup-home/toolchains/nightly-2024-10-28-x86_64-unknown-linux-gnu/lib/rustlib/x86_64-unknown-linux-gnu/lib/libaddr2line-023bbe5ada7abfc3.rlib" "/opt/rustwide/rustup-home/toolchains/nightly-2024-10-28-x86_64-unknown-linux-gnu/lib/rustlib/x86_64-unknown-linux-gnu/lib/libgimli-de2bcdf10ec69c2b.rlib" "/opt/rustwide/rustup-home/toolchains/nightly-2024-10-28-x86_64-unknown-linux-gnu/lib/rustlib/x86_64-unknown-linux-gnu/lib/librustc_demangle-8e1754df350800fd.rlib" "/opt/rustwide/rustup-home/toolchains/nightly-2024-10-28-x86_64-unknown-linux-gnu/lib/rustlib/x86_64-unknown-linux-gnu/lib/libstd_detect-06c2ab7b9c32e037.rlib" "/opt/rustwide/rustup-home/toolchains/nightly-2024-10-28-x86_64-unknown-linux-gnu/lib/rustlib/x86_64-unknown-linux-gnu/lib/libhashbrown-51d2621fc57a281b.rlib" "/opt/rustwide/rustup-home/toolchains/nightly-2024-10-28-x86_64-unknown-linux-gnu/lib/rustlib/x86_64-unknown-linux-gnu/lib/librustc_std_workspace_alloc-54a930408793772f.rlib" "/opt/rustwide/rustup-home/toolchains/nightly-2024-10-28-x86_64-unknown-linux-gnu/lib/rustlib/x86_64-unknown-linux-gnu/lib/libminiz_oxide-0c7d01cba400dcb2.rlib" "/opt/rustwide/rustup-home/toolchains/nightly-2024-10-28-x86_64-unknown-linux-gnu/lib/rustlib/x86_64-unknown-linux-gnu/lib/libadler-b9f84d69e331b75b.rlib" "/opt/rustwide/rustup-home/toolchains/nightly-2024-10-28-x86_64-unknown-linux-gnu/lib/rustlib/x86_64-unknown-linux-gnu/lib/libunwind-eec95493246aae39.rlib" "/opt/rustwide/rustup-home/toolchains/nightly-2024-10-28-x86_64-unknown-linux-gnu/lib/rustlib/x86_64-unknown-linux-gnu/lib/libcfg_if-6f6676c475e08ab0.rlib" "/opt/rustwide/rustup-home/toolchains/nightly-2024-10-28-x86_64-unknown-linux-gnu/lib/rustlib/x86_64-unknown-linux-gnu/lib/liblibc-799d520624f8b2e0.rlib" "/opt/rustwide/rustup-home/toolchains/nightly-2024-10-28-x86_64-unknown-linux-gnu/lib/rustlib/x86_64-unknown-linux-gnu/lib/liballoc-fcf93d4842acd9a9.rlib" "/opt/rustwide/rustup-home/toolchains/nightly-2024-10-28-x86_64-unknown-linux-gnu/lib/rustlib/x86_64-unknown-linux-gnu/lib/librustc_std_workspace_core-395a38b8e0851c9b.rlib" "/opt/rustwide/rustup-home/toolchains/nightly-2024-10-28-x86_64-unknown-linux-gnu/lib/rustlib/x86_64-unknown-linux-gnu/lib/libcore-d453bab70303062c.rlib" "/opt/rustwide/rustup-home/toolchains/nightly-2024-10-28-x86_64-unknown-linux-gnu/lib/rustlib/x86_64-unknown-linux-gnu/lib/libcompiler_builtins-0e6386368b0a24e8.rlib" "-Wl,-Bdynamic" "-lgcc_s" "-lutil" "-lrt" "-lpthread" "-lm" "-ldl" "-lc" "-B/opt/rustwide/rustup-home/toolchains/nightly-2024-10-28-x86_64-unknown-linux-gnu/lib/rustlib/x86_64-unknown-linux-gnu/bin/gcc-ld" "-fuse-ld=lld" "-Wl,--eh-frame-hdr" "-Wl,-z,noexecstack" "-L" "/opt/rustwide/rustup-home/toolchains/nightly-2024-10-28-x86_64-unknown-linux-gnu/lib/rustlib/x86_64-unknown-linux-gnu/lib" "-o" "/opt/rustwide/target/debug/deps/half_period_time_counter-facb0f37c174a560" "-Wl,--gc-sections" "-pie" "-Wl,-z,relro,-z,now" "-nodefaultlibs"
[INFO] [stdout]   = note: rust-lld: error: undefined symbol: _critical_section_1_0_release
[INFO] [stdout]           >>> referenced by lib.rs:219 (/opt/rustwide/cargo-home/registry/src/index.crates.io-6f17d22bba15001f/critical-section-1.2.0/src/lib.rs:219)
[INFO] [stdout]           >>>               rtic_common-3952c9e1da27b614.rtic_common.2664f32faef67a6e-cgu.0.rcgu.o:(core::ptr::drop_in_place$LT$critical_section..with..Guard$GT$::hf7b03c38d8ea1e7f) in archive /opt/rustwide/target/debug/deps/librtic_common-3952c9e1da27b614.rlib
[INFO] [stdout]           
[INFO] [stdout]           rust-lld: error: undefined symbol: _critical_section_1_0_acquire
[INFO] [stdout]           >>> referenced by lib.rs:202 (/opt/rustwide/cargo-home/registry/src/index.crates.io-6f17d22bba15001f/critical-section-1.2.0/src/lib.rs:202)
[INFO] [stdout]           >>>               /opt/rustwide/target/debug/deps/half_period_time_counter-facb0f37c174a560.half_period_time_counter.9cb89106983d6732-cgu.0.rcgu.o:(critical_section::with::h013e382d5bedeb20)
[INFO] [stdout]           >>> referenced by lib.rs:202 (/opt/rustwide/cargo-home/registry/src/index.crates.io-6f17d22bba15001f/critical-section-1.2.0/src/lib.rs:202)
[INFO] [stdout]           >>>               /opt/rustwide/target/debug/deps/half_period_time_counter-facb0f37c174a560.half_period_time_counter.9cb89106983d6732-cgu.0.rcgu.o:(critical_section::with::h045bf0bbbcccb1b3)
[INFO] [stdout]           >>> referenced by lib.rs:202 (/opt/rustwide/cargo-home/registry/src/index.crates.io-6f17d22bba15001f/critical-section-1.2.0/src/lib.rs:202)
[INFO] [stdout]           >>>               /opt/rustwide/target/debug/deps/half_period_time_counter-facb0f37c174a560.half_period_time_counter.9cb89106983d6732-cgu.0.rcgu.o:(critical_section::with::h04fa221debad35bc)
[INFO] [stdout]           >>> referenced 49 more times
[INFO] [stdout]           collect2: error: ld returned 1 exit status
[INFO] [stdout]           
[INFO] [stdout] 
[INFO] [stdout] 
[INFO] [stderr] warning: build failed, waiting for other jobs to finish...
[INFO] [stderr] error: could not compile `rtic-time` (test "half_period_time_counter") due to 1 previous error
[INFO] [stdout] error: linking with `cc` failed: exit status: 1
[INFO] [stdout]   |
[INFO] [stdout]   = note: LC_ALL="C" PATH="/opt/rustwide/rustup-home/toolchains/nightly-2024-10-28-x86_64-unknown-linux-gnu/lib/rustlib/x86_64-unknown-linux-gnu/bin:/opt/rustwide/rustup-home/toolchains/nightly-2024-10-28-x86_64-unknown-linux-gnu/lib/rustlib/x86_64-unknown-linux-gnu/bin/self-contained:/opt/rustwide/cargo-home/bin:/usr/local/sbin:/usr/local/bin:/usr/sbin:/usr/bin:/sbin:/bin" VSLANG="1033" "cc" "-m64" "/tmp/rustc5rvjLu/symbols.o" "/opt/rustwide/target/debug/deps/delay_precision_subtick-8fb037b8d9d98718.delay_precision_subtick.d24ac2588360e422-cgu.0.rcgu.o" "/opt/rustwide/target/debug/deps/delay_precision_subtick-8fb037b8d9d98718.delay_precision_subtick.d24ac2588360e422-cgu.1.rcgu.o" "/opt/rustwide/target/debug/deps/delay_precision_subtick-8fb037b8d9d98718.delay_precision_subtick.d24ac2588360e422-cgu.2.rcgu.o" "/opt/rustwide/target/debug/deps/delay_precision_subtick-8fb037b8d9d98718.delay_precision_subtick.d24ac2588360e422-cgu.3.rcgu.o" "/opt/rustwide/target/debug/deps/delay_precision_subtick-8fb037b8d9d98718.52febzxeelxm7e09kp3gayo17.rcgu.o" "-Wl,--as-needed" "-Wl,-Bstatic" "/opt/rustwide/rustup-home/toolchains/nightly-2024-10-28-x86_64-unknown-linux-gnu/lib/rustlib/x86_64-unknown-linux-gnu/lib/libtest-a09fad3b5321e7d6.rlib" "/opt/rustwide/rustup-home/toolchains/nightly-2024-10-28-x86_64-unknown-linux-gnu/lib/rustlib/x86_64-unknown-linux-gnu/lib/libgetopts-f9c3dff41ad42661.rlib" "/opt/rustwide/rustup-home/toolchains/nightly-2024-10-28-x86_64-unknown-linux-gnu/lib/rustlib/x86_64-unknown-linux-gnu/lib/libunicode_width-ad2aef31af6addd3.rlib" "/opt/rustwide/rustup-home/toolchains/nightly-2024-10-28-x86_64-unknown-linux-gnu/lib/rustlib/x86_64-unknown-linux-gnu/lib/librustc_std_workspace_std-e3f907dc03deb913.rlib" "/opt/rustwide/target/debug/deps/librtic_time-361df93c8dda9ac7.rlib" "/opt/rustwide/target/debug/deps/libembedded_hal_async-7252684b34ce5680.rlib" "/opt/rustwide/target/debug/deps/libembedded_hal-bffe77d998c1330a.rlib" "/opt/rustwide/target/debug/deps/librtic_common-3952c9e1da27b614.rlib" "/opt/rustwide/target/debug/deps/libfutures_util-e2c755ad637da912.rlib" "/opt/rustwide/target/debug/deps/libpin_project_lite-2633596a5f246a3b.rlib" "/opt/rustwide/target/debug/deps/libfutures_task-2489839acfe34d47.rlib" "/opt/rustwide/target/debug/deps/libpin_utils-76c2785263cdb1c1.rlib" "/opt/rustwide/target/debug/deps/libfutures_core-c553c6cc323a80ef.rlib" "/opt/rustwide/target/debug/deps/libcritical_section-2256f22b5baf98fb.rlib" "/opt/rustwide/target/debug/deps/libparking_lot-48105096751b50b5.rlib" "/opt/rustwide/target/debug/deps/libparking_lot_core-065241234d420790.rlib" "/opt/rustwide/target/debug/deps/liblibc-663f09ba3db1840e.rlib" "/opt/rustwide/target/debug/deps/libcfg_if-57bf25c23e31efdb.rlib" "/opt/rustwide/target/debug/deps/libsmallvec-756ee87804f0eec5.rlib" "/opt/rustwide/target/debug/deps/liblock_api-e2cb0d427dfba242.rlib" "/opt/rustwide/target/debug/deps/libscopeguard-003ee3b9b09cebdb.rlib" "/opt/rustwide/target/debug/deps/libfugit-1c327ce14a6a5606.rlib" "/opt/rustwide/target/debug/deps/libgcd-320062eed67b70b5.rlib" "/opt/rustwide/target/debug/deps/libcooked_waker-cae70698449066bf.rlib" "/opt/rustwide/rustup-home/toolchains/nightly-2024-10-28-x86_64-unknown-linux-gnu/lib/rustlib/x86_64-unknown-linux-gnu/lib/libstd-fb8c387236db3c10.rlib" "/opt/rustwide/rustup-home/toolchains/nightly-2024-10-28-x86_64-unknown-linux-gnu/lib/rustlib/x86_64-unknown-linux-gnu/lib/libpanic_unwind-b251837809b2f64b.rlib" "/opt/rustwide/rustup-home/toolchains/nightly-2024-10-28-x86_64-unknown-linux-gnu/lib/rustlib/x86_64-unknown-linux-gnu/lib/libobject-cbef83eaa4e01f04.rlib" "/opt/rustwide/rustup-home/toolchains/nightly-2024-10-28-x86_64-unknown-linux-gnu/lib/rustlib/x86_64-unknown-linux-gnu/lib/libmemchr-12a772286de2fca7.rlib" "/opt/rustwide/rustup-home/toolchains/nightly-2024-10-28-x86_64-unknown-linux-gnu/lib/rustlib/x86_64-unknown-linux-gnu/lib/libaddr2line-023bbe5ada7abfc3.rlib" "/opt/rustwide/rustup-home/toolchains/nightly-2024-10-28-x86_64-unknown-linux-gnu/lib/rustlib/x86_64-unknown-linux-gnu/lib/libgimli-de2bcdf10ec69c2b.rlib" "/opt/rustwide/rustup-home/toolchains/nightly-2024-10-28-x86_64-unknown-linux-gnu/lib/rustlib/x86_64-unknown-linux-gnu/lib/librustc_demangle-8e1754df350800fd.rlib" "/opt/rustwide/rustup-home/toolchains/nightly-2024-10-28-x86_64-unknown-linux-gnu/lib/rustlib/x86_64-unknown-linux-gnu/lib/libstd_detect-06c2ab7b9c32e037.rlib" "/opt/rustwide/rustup-home/toolchains/nightly-2024-10-28-x86_64-unknown-linux-gnu/lib/rustlib/x86_64-unknown-linux-gnu/lib/libhashbrown-51d2621fc57a281b.rlib" "/opt/rustwide/rustup-home/toolchains/nightly-2024-10-28-x86_64-unknown-linux-gnu/lib/rustlib/x86_64-unknown-linux-gnu/lib/librustc_std_workspace_alloc-54a930408793772f.rlib" "/opt/rustwide/rustup-home/toolchains/nightly-2024-10-28-x86_64-unknown-linux-gnu/lib/rustlib/x86_64-unknown-linux-gnu/lib/libminiz_oxide-0c7d01cba400dcb2.rlib" "/opt/rustwide/rustup-home/toolchains/nightly-2024-10-28-x86_64-unknown-linux-gnu/lib/rustlib/x86_64-unknown-linux-gnu/lib/libadler-b9f84d69e331b75b.rlib" "/opt/rustwide/rustup-home/toolchains/nightly-2024-10-28-x86_64-unknown-linux-gnu/lib/rustlib/x86_64-unknown-linux-gnu/lib/libunwind-eec95493246aae39.rlib" "/opt/rustwide/rustup-home/toolchains/nightly-2024-10-28-x86_64-unknown-linux-gnu/lib/rustlib/x86_64-unknown-linux-gnu/lib/libcfg_if-6f6676c475e08ab0.rlib" "/opt/rustwide/rustup-home/toolchains/nightly-2024-10-28-x86_64-unknown-linux-gnu/lib/rustlib/x86_64-unknown-linux-gnu/lib/liblibc-799d520624f8b2e0.rlib" "/opt/rustwide/rustup-home/toolchains/nightly-2024-10-28-x86_64-unknown-linux-gnu/lib/rustlib/x86_64-unknown-linux-gnu/lib/liballoc-fcf93d4842acd9a9.rlib" "/opt/rustwide/rustup-home/toolchains/nightly-2024-10-28-x86_64-unknown-linux-gnu/lib/rustlib/x86_64-unknown-linux-gnu/lib/librustc_std_workspace_core-395a38b8e0851c9b.rlib" "/opt/rustwide/rustup-home/toolchains/nightly-2024-10-28-x86_64-unknown-linux-gnu/lib/rustlib/x86_64-unknown-linux-gnu/lib/libcore-d453bab70303062c.rlib" "/opt/rustwide/rustup-home/toolchains/nightly-2024-10-28-x86_64-unknown-linux-gnu/lib/rustlib/x86_64-unknown-linux-gnu/lib/libcompiler_builtins-0e6386368b0a24e8.rlib" "-Wl,-Bdynamic" "-lgcc_s" "-lutil" "-lrt" "-lpthread" "-lm" "-ldl" "-lc" "-B/opt/rustwide/rustup-home/toolchains/nightly-2024-10-28-x86_64-unknown-linux-gnu/lib/rustlib/x86_64-unknown-linux-gnu/bin/gcc-ld" "-fuse-ld=lld" "-Wl,--eh-frame-hdr" "-Wl,-z,noexecstack" "-L" "/opt/rustwide/rustup-home/toolchains/nightly-2024-10-28-x86_64-unknown-linux-gnu/lib/rustlib/x86_64-unknown-linux-gnu/lib" "-o" "/opt/rustwide/target/debug/deps/delay_precision_subtick-8fb037b8d9d98718" "-Wl,--gc-sections" "-pie" "-Wl,-z,relro,-z,now" "-nodefaultlibs"
[INFO] [stdout]   = note: rust-lld: error: undefined symbol: _critical_section_1_0_acquire
[INFO] [stdout]           >>> referenced by lib.rs:202 (/opt/rustwide/cargo-home/registry/src/index.crates.io-6f17d22bba15001f/critical-section-1.2.0/src/lib.rs:202)
[INFO] [stdout]           >>>               /opt/rustwide/target/debug/deps/delay_precision_subtick-8fb037b8d9d98718.delay_precision_subtick.d24ac2588360e422-cgu.2.rcgu.o:(critical_section::with::h610ea2a1a8ccf82b)
[INFO] [stdout]           >>> referenced by lib.rs:202 (/opt/rustwide/cargo-home/registry/src/index.crates.io-6f17d22bba15001f/critical-section-1.2.0/src/lib.rs:202)
[INFO] [stdout]           >>>               /opt/rustwide/target/debug/deps/delay_precision_subtick-8fb037b8d9d98718.delay_precision_subtick.d24ac2588360e422-cgu.2.rcgu.o:(critical_section::with::hc00171035d2f5e94)
[INFO] [stdout]           >>> referenced by lib.rs:202 (/opt/rustwide/cargo-home/registry/src/index.crates.io-6f17d22bba15001f/critical-section-1.2.0/src/lib.rs:202)
[INFO] [stdout]           >>>               /opt/rustwide/target/debug/deps/delay_precision_subtick-8fb037b8d9d98718.delay_precision_subtick.d24ac2588360e422-cgu.2.rcgu.o:(critical_section::with::hee6a99994ead9316)
[INFO] [stdout]           
[INFO] [stdout]           rust-lld: error: undefined symbol: _critical_section_1_0_release
[INFO] [stdout]           >>> referenced by lib.rs:219 (/opt/rustwide/cargo-home/registry/src/index.crates.io-6f17d22bba15001f/critical-section-1.2.0/src/lib.rs:219)
[INFO] [stdout]           >>>               rtic_common-3952c9e1da27b614.rtic_common.2664f32faef67a6e-cgu.0.rcgu.o:(core::ptr::drop_in_place$LT$critical_section..with..Guard$GT$::hf7b03c38d8ea1e7f) in archive /opt/rustwide/target/debug/deps/librtic_common-3952c9e1da27b614.rlib
[INFO] [stdout]           collect2: error: ld returned 1 exit status
[INFO] [stdout]           
[INFO] [stdout] 
[INFO] [stdout] 
[INFO] [stderr] error: could not compile `rtic-time` (test "delay_precision_subtick") due to 1 previous error
[INFO] running `Command { std: "docker" "inspect" "43a63593623dd94788e0bd354768ad29cf05a8fc2ec5c49dc92e33ae6be12f26", kill_on_drop: false }`
[INFO] running `Command { std: "docker" "rm" "-f" "43a63593623dd94788e0bd354768ad29cf05a8fc2ec5c49dc92e33ae6be12f26", kill_on_drop: false }`
[INFO] [stdout] 43a63593623dd94788e0bd354768ad29cf05a8fc2ec5c49dc92e33ae6be12f26
