[INFO] fetching crate rstack-self 0.3.0...
[INFO] testing rstack-self-0.3.0 against nightly-2024-10-28 for randomize-layout
[INFO] extracting crate rstack-self 0.3.0 into /workspace/builds/worker-7-tc1/source
[INFO] validating manifest of crates.io crate rstack-self 0.3.0 on toolchain nightly-2024-10-28
[INFO] running `Command { std: CARGO_HOME="/workspace/cargo-home" RUSTUP_HOME="/workspace/rustup-home" "/workspace/cargo-home/bin/cargo" "+nightly-2024-10-28" "metadata" "--manifest-path" "Cargo.toml" "--no-deps", kill_on_drop: false }`
[INFO] started tweaking crates.io crate rstack-self 0.3.0
[INFO] finished tweaking crates.io crate rstack-self 0.3.0
[INFO] tweaked toml for crates.io crate rstack-self 0.3.0 written to /workspace/builds/worker-7-tc1/source/Cargo.toml
[INFO] crate crates.io crate rstack-self 0.3.0 already has a lockfile, it will not be regenerated
[INFO] running `Command { std: CARGO_HOME="/workspace/cargo-home" RUSTUP_HOME="/workspace/rustup-home" "/workspace/cargo-home/bin/cargo" "+nightly-2024-10-28" "fetch" "--manifest-path" "Cargo.toml", kill_on_drop: false }`
[INFO] [stderr]     Updating crates.io index
[INFO] [stderr]  Downloading crates ...
[INFO] [stderr]   Downloaded unwind v0.3.0
[INFO] [stderr]   Downloaded serde v1.0.101
[INFO] [stderr]   Downloaded dw v0.2.0
[INFO] [stderr]   Downloaded foreign-types-macros v0.2.0
[INFO] [stderr]   Downloaded dw-sys v0.1.0
[INFO] [stderr]   Downloaded serde_derive v1.0.101
[INFO] [stderr]   Downloaded foreign-types-shared v0.3.0
[INFO] [stderr]   Downloaded unwind-sys v0.1.1
[INFO] [stderr]   Downloaded rstack v0.3.0
[INFO] running `Command { std: "docker" "create" "-v" "/var/lib/crater-agent-workspace/builds/worker-7-tc1/target:/opt/rustwide/target:rw,Z" "-v" "/var/lib/crater-agent-workspace/builds/worker-7-tc1/source:/opt/rustwide/workdir:ro,Z" "-v" "/var/lib/crater-agent-workspace/cargo-home:/opt/rustwide/cargo-home:ro,Z" "-v" "/var/lib/crater-agent-workspace/rustup-home:/opt/rustwide/rustup-home:ro,Z" "-e" "SOURCE_DIR=/opt/rustwide/workdir" "-e" "CARGO_TARGET_DIR=/opt/rustwide/target" "-e" "CARGO_HOME=/opt/rustwide/cargo-home" "-e" "RUSTUP_HOME=/opt/rustwide/rustup-home" "-w" "/opt/rustwide/workdir" "-m" "1610612736" "--user" "0:0" "--network" "none" "ghcr.io/rust-lang/crates-build-env/linux@sha256:4a844ea9eb2546a2d2c7022eacef16ef2e8229c7fbb2c7d4d55a9ceca922f72d" "/opt/rustwide/cargo-home/bin/cargo" "+nightly-2024-10-28" "metadata" "--no-deps" "--format-version=1", kill_on_drop: false }`
[INFO] [stdout] 0e2cb0e69ca2ddad132826f9992177f5e58a53102310fda846b92afe1295a041
[INFO] running `Command { std: "docker" "start" "-a" "0e2cb0e69ca2ddad132826f9992177f5e58a53102310fda846b92afe1295a041", kill_on_drop: false }`
[INFO] running `Command { std: "docker" "inspect" "0e2cb0e69ca2ddad132826f9992177f5e58a53102310fda846b92afe1295a041", kill_on_drop: false }`
[INFO] running `Command { std: "docker" "rm" "-f" "0e2cb0e69ca2ddad132826f9992177f5e58a53102310fda846b92afe1295a041", kill_on_drop: false }`
[INFO] [stdout] 0e2cb0e69ca2ddad132826f9992177f5e58a53102310fda846b92afe1295a041
[INFO] running `Command { std: "docker" "create" "-v" "/var/lib/crater-agent-workspace/builds/worker-7-tc1/target:/opt/rustwide/target:rw,Z" "-v" "/var/lib/crater-agent-workspace/builds/worker-7-tc1/source:/opt/rustwide/workdir:ro,Z" "-v" "/var/lib/crater-agent-workspace/cargo-home:/opt/rustwide/cargo-home:ro,Z" "-v" "/var/lib/crater-agent-workspace/rustup-home:/opt/rustwide/rustup-home:ro,Z" "-e" "SOURCE_DIR=/opt/rustwide/workdir" "-e" "CARGO_TARGET_DIR=/opt/rustwide/target" "-e" "CARGO_INCREMENTAL=0" "-e" "RUST_BACKTRACE=full" "-e" "RUSTFLAGS=--cap-lints=forbid" "-e" "RUSTDOCFLAGS=--cap-lints=forbid" "-e" "CARGO_HOME=/opt/rustwide/cargo-home" "-e" "RUSTUP_HOME=/opt/rustwide/rustup-home" "-w" "/opt/rustwide/workdir" "-m" "1610612736" "--user" "0:0" "--network" "none" "ghcr.io/rust-lang/crates-build-env/linux@sha256:4a844ea9eb2546a2d2c7022eacef16ef2e8229c7fbb2c7d4d55a9ceca922f72d" "/opt/rustwide/cargo-home/bin/cargo" "+nightly-2024-10-28" "build" "--frozen" "--message-format=json", kill_on_drop: false }`
[INFO] [stdout] 78dcc065c8fdd2e2c83c04ed9903b66b2bb29e981ad992d73e05c2ea5ffc6eab
[INFO] running `Command { std: "docker" "start" "-a" "78dcc065c8fdd2e2c83c04ed9903b66b2bb29e981ad992d73e05c2ea5ffc6eab", kill_on_drop: false }`
[INFO] [stderr]    Compiling proc-macro2 v1.0.5
[INFO] [stderr]    Compiling unicode-xid v0.2.0
[INFO] [stderr]    Compiling syn v1.0.5
[INFO] [stderr]    Compiling libc v0.2.62
[INFO] [stderr]    Compiling pkg-config v0.3.16
[INFO] [stderr]    Compiling cc v1.0.45
[INFO] [stderr]    Compiling foreign-types-shared v0.3.0
[INFO] [stderr]    Compiling autocfg v0.1.6
[INFO] [stderr]    Compiling log v0.4.8
[INFO] [stderr]    Compiling byteorder v1.3.2
[INFO] [stderr]    Compiling unwind v0.3.0
[INFO] [stderr]    Compiling cfg-if v0.1.10
[INFO] [stderr]    Compiling serde v1.0.101
[INFO] [stderr]    Compiling rustc-demangle v0.1.16
[INFO] [stderr]    Compiling lazy_static v1.4.0
[INFO] [stderr]    Compiling antidote v1.0.0
[INFO] [stderr]    Compiling bincode v1.2.0
[INFO] [stderr]    Compiling unwind-sys v0.1.1
[INFO] [stderr]    Compiling quote v1.0.2
[INFO] [stderr]    Compiling backtrace-sys v0.1.31
[INFO] [stderr]    Compiling backtrace v0.3.38
[INFO] [stderr]    Compiling foreign-types-macros v0.2.0
[INFO] [stderr]    Compiling serde_derive v1.0.101
[INFO] [stderr]    Compiling foreign-types v0.5.0
[INFO] [stderr]    Compiling rstack v0.3.0
[INFO] [stderr]    Compiling rstack-self v0.3.0 (/opt/rustwide/workdir)
[INFO] [stdout] warning: non-local `impl` definition, `impl` blocks should be written at the same level as their item
[INFO] [stdout]    --> src/lib.rs:326:10
[INFO] [stdout]     |
[INFO] [stdout] 326 | #[derive(Serialize, Deserialize)]
[INFO] [stdout]     |          ^--------
[INFO] [stdout]     |          |
[INFO] [stdout]     |          `Serialize` is not local
[INFO] [stdout]     |          move the `impl` block outside of this constant `_IMPL_SERIALIZE_FOR_RawOptions`
[INFO] [stdout] 327 | struct RawOptions {
[INFO] [stdout]     |        ---------- `RawOptions` is not local
[INFO] [stdout]     |
[INFO] [stdout]     = note: the derive macro `Serialize` defines the non-local `impl`, and may need to be changed
[INFO] [stdout]     = note: the derive macro `Serialize` may come from an old version of the `serde_derive` crate, try updating your dependency with `cargo update -p serde_derive`
[INFO] [stdout]     = note: an `impl` is never scoped, even when it is nested inside an item, as it may impact type checking outside of that item, which can be the case if neither the trait or the self type are at the same nesting level as the `impl`
[INFO] [stdout]     = note: items in an anonymous const item (`const _: () = { ... }`) are treated as in the same scope as the anonymous const's declaration for the purpose of this lint
[INFO] [stdout]     = note: `#[warn(non_local_definitions)]` on by default
[INFO] [stdout]     = note: this warning originates in the derive macro `Serialize` (in Nightly builds, run with -Z macro-backtrace for more info)
[INFO] [stdout] 
[INFO] [stdout] 
[INFO] [stdout] warning: non-local `impl` definition, `impl` blocks should be written at the same level as their item
[INFO] [stdout]    --> src/lib.rs:326:21
[INFO] [stdout]     |
[INFO] [stdout] 326 | #[derive(Serialize, Deserialize)]
[INFO] [stdout]     |                     ^----------
[INFO] [stdout]     |                     |
[INFO] [stdout]     |                     `Deserialize` is not local
[INFO] [stdout]     |                     move the `impl` block outside of this constant `_IMPL_DESERIALIZE_FOR_RawOptions`
[INFO] [stdout] 327 | struct RawOptions {
[INFO] [stdout]     |        ---------- `RawOptions` is not local
[INFO] [stdout]     |
[INFO] [stdout]     = note: the derive macro `Deserialize` defines the non-local `impl`, and may need to be changed
[INFO] [stdout]     = note: the derive macro `Deserialize` may come from an old version of the `serde_derive` crate, try updating your dependency with `cargo update -p serde_derive`
[INFO] [stdout]     = note: an `impl` is never scoped, even when it is nested inside an item, as it may impact type checking outside of that item, which can be the case if neither the trait or the self type are at the same nesting level as the `impl`
[INFO] [stdout]     = note: items in an anonymous const item (`const _: () = { ... }`) are treated as in the same scope as the anonymous const's declaration for the purpose of this lint
[INFO] [stdout]     = note: this warning originates in the derive macro `Deserialize` (in Nightly builds, run with -Z macro-backtrace for more info)
[INFO] [stdout] 
[INFO] [stdout] 
[INFO] [stdout] warning: non-local `impl` definition, `impl` blocks should be written at the same level as their item
[INFO] [stdout]    --> src/lib.rs:331:10
[INFO] [stdout]     |
[INFO] [stdout] 331 | #[derive(Serialize, Deserialize)]
[INFO] [stdout]     |          ^--------
[INFO] [stdout]     |          |
[INFO] [stdout]     |          `Serialize` is not local
[INFO] [stdout]     |          move the `impl` block outside of this constant `_IMPL_SERIALIZE_FOR_RawThread`
[INFO] [stdout] 332 | struct RawThread {
[INFO] [stdout]     |        --------- `RawThread` is not local
[INFO] [stdout]     |
[INFO] [stdout]     = note: the derive macro `Serialize` defines the non-local `impl`, and may need to be changed
[INFO] [stdout]     = note: the derive macro `Serialize` may come from an old version of the `serde_derive` crate, try updating your dependency with `cargo update -p serde_derive`
[INFO] [stdout]     = note: an `impl` is never scoped, even when it is nested inside an item, as it may impact type checking outside of that item, which can be the case if neither the trait or the self type are at the same nesting level as the `impl`
[INFO] [stdout]     = note: items in an anonymous const item (`const _: () = { ... }`) are treated as in the same scope as the anonymous const's declaration for the purpose of this lint
[INFO] [stdout]     = note: this warning originates in the derive macro `Serialize` (in Nightly builds, run with -Z macro-backtrace for more info)
[INFO] [stdout] 
[INFO] [stdout] 
[INFO] [stdout] warning: non-local `impl` definition, `impl` blocks should be written at the same level as their item
[INFO] [stdout]    --> src/lib.rs:331:21
[INFO] [stdout]     |
[INFO] [stdout] 331 | #[derive(Serialize, Deserialize)]
[INFO] [stdout]     |                     ^----------
[INFO] [stdout]     |                     |
[INFO] [stdout]     |                     `Deserialize` is not local
[INFO] [stdout]     |                     move the `impl` block outside of this constant `_IMPL_DESERIALIZE_FOR_RawThread`
[INFO] [stdout] 332 | struct RawThread {
[INFO] [stdout]     |        --------- `RawThread` is not local
[INFO] [stdout]     |
[INFO] [stdout]     = note: the derive macro `Deserialize` defines the non-local `impl`, and may need to be changed
[INFO] [stdout]     = note: the derive macro `Deserialize` may come from an old version of the `serde_derive` crate, try updating your dependency with `cargo update -p serde_derive`
[INFO] [stdout]     = note: an `impl` is never scoped, even when it is nested inside an item, as it may impact type checking outside of that item, which can be the case if neither the trait or the self type are at the same nesting level as the `impl`
[INFO] [stdout]     = note: items in an anonymous const item (`const _: () = { ... }`) are treated as in the same scope as the anonymous const's declaration for the purpose of this lint
[INFO] [stdout]     = note: this warning originates in the derive macro `Deserialize` (in Nightly builds, run with -Z macro-backtrace for more info)
[INFO] [stdout] 
[INFO] [stdout] 
[INFO] [stdout] warning: non-local `impl` definition, `impl` blocks should be written at the same level as their item
[INFO] [stdout]    --> src/lib.rs:338:10
[INFO] [stdout]     |
[INFO] [stdout] 338 | #[derive(Serialize, Deserialize)]
[INFO] [stdout]     |          ^--------
[INFO] [stdout]     |          |
[INFO] [stdout]     |          `Serialize` is not local
[INFO] [stdout]     |          move the `impl` block outside of this constant `_IMPL_SERIALIZE_FOR_RawFrame`
[INFO] [stdout] 339 | struct RawFrame {
[INFO] [stdout]     |        -------- `RawFrame` is not local
[INFO] [stdout]     |
[INFO] [stdout]     = note: the derive macro `Serialize` defines the non-local `impl`, and may need to be changed
[INFO] [stdout]     = note: the derive macro `Serialize` may come from an old version of the `serde_derive` crate, try updating your dependency with `cargo update -p serde_derive`
[INFO] [stdout]     = note: an `impl` is never scoped, even when it is nested inside an item, as it may impact type checking outside of that item, which can be the case if neither the trait or the self type are at the same nesting level as the `impl`
[INFO] [stdout]     = note: items in an anonymous const item (`const _: () = { ... }`) are treated as in the same scope as the anonymous const's declaration for the purpose of this lint
[INFO] [stdout]     = note: this warning originates in the derive macro `Serialize` (in Nightly builds, run with -Z macro-backtrace for more info)
[INFO] [stdout] 
[INFO] [stdout] 
[INFO] [stdout] warning: non-local `impl` definition, `impl` blocks should be written at the same level as their item
[INFO] [stdout]    --> src/lib.rs:338:21
[INFO] [stdout]     |
[INFO] [stdout] 338 | #[derive(Serialize, Deserialize)]
[INFO] [stdout]     |                     ^----------
[INFO] [stdout]     |                     |
[INFO] [stdout]     |                     `Deserialize` is not local
[INFO] [stdout]     |                     move the `impl` block outside of this constant `_IMPL_DESERIALIZE_FOR_RawFrame`
[INFO] [stdout] 339 | struct RawFrame {
[INFO] [stdout]     |        -------- `RawFrame` is not local
[INFO] [stdout]     |
[INFO] [stdout]     = note: the derive macro `Deserialize` defines the non-local `impl`, and may need to be changed
[INFO] [stdout]     = note: the derive macro `Deserialize` may come from an old version of the `serde_derive` crate, try updating your dependency with `cargo update -p serde_derive`
[INFO] [stdout]     = note: an `impl` is never scoped, even when it is nested inside an item, as it may impact type checking outside of that item, which can be the case if neither the trait or the self type are at the same nesting level as the `impl`
[INFO] [stdout]     = note: items in an anonymous const item (`const _: () = { ... }`) are treated as in the same scope as the anonymous const's declaration for the purpose of this lint
[INFO] [stdout]     = note: this warning originates in the derive macro `Deserialize` (in Nightly builds, run with -Z macro-backtrace for more info)
[INFO] [stdout] 
[INFO] [stdout] 
[INFO] [stderr]     Finished `dev` profile [unoptimized + debuginfo] target(s) in 11.27s
[INFO] running `Command { std: "docker" "inspect" "78dcc065c8fdd2e2c83c04ed9903b66b2bb29e981ad992d73e05c2ea5ffc6eab", kill_on_drop: false }`
[INFO] running `Command { std: "docker" "rm" "-f" "78dcc065c8fdd2e2c83c04ed9903b66b2bb29e981ad992d73e05c2ea5ffc6eab", kill_on_drop: false }`
[INFO] [stdout] 78dcc065c8fdd2e2c83c04ed9903b66b2bb29e981ad992d73e05c2ea5ffc6eab
[INFO] running `Command { std: "docker" "create" "-v" "/var/lib/crater-agent-workspace/builds/worker-7-tc1/target:/opt/rustwide/target:rw,Z" "-v" "/var/lib/crater-agent-workspace/builds/worker-7-tc1/source:/opt/rustwide/workdir:ro,Z" "-v" "/var/lib/crater-agent-workspace/cargo-home:/opt/rustwide/cargo-home:ro,Z" "-v" "/var/lib/crater-agent-workspace/rustup-home:/opt/rustwide/rustup-home:ro,Z" "-e" "SOURCE_DIR=/opt/rustwide/workdir" "-e" "CARGO_TARGET_DIR=/opt/rustwide/target" "-e" "CARGO_INCREMENTAL=0" "-e" "RUST_BACKTRACE=full" "-e" "RUSTFLAGS=--cap-lints=forbid" "-e" "RUSTDOCFLAGS=--cap-lints=forbid" "-e" "CARGO_HOME=/opt/rustwide/cargo-home" "-e" "RUSTUP_HOME=/opt/rustwide/rustup-home" "-w" "/opt/rustwide/workdir" "-m" "1610612736" "--user" "0:0" "--network" "none" "ghcr.io/rust-lang/crates-build-env/linux@sha256:4a844ea9eb2546a2d2c7022eacef16ef2e8229c7fbb2c7d4d55a9ceca922f72d" "/opt/rustwide/cargo-home/bin/cargo" "+nightly-2024-10-28" "test" "--frozen" "--no-run" "--message-format=json", kill_on_drop: false }`
[INFO] [stdout] b5a5129b595830962a82d7d50e23dec566a7d61a4525c16a39d11eb4a2d50099
[INFO] running `Command { std: "docker" "start" "-a" "b5a5129b595830962a82d7d50e23dec566a7d61a4525c16a39d11eb4a2d50099", kill_on_drop: false }`
[INFO] [stderr]    Compiling memchr v2.2.1
[INFO] [stderr]    Compiling regex-syntax v0.6.12
[INFO] [stderr]    Compiling thread_local v0.3.6
[INFO] [stderr]    Compiling quick-error v1.2.2
[INFO] [stderr]    Compiling termcolor v1.0.5
[INFO] [stderr]    Compiling atty v0.2.13
[INFO] [stdout] warning: non-local `impl` definition, `impl` blocks should be written at the same level as their item
[INFO] [stdout]    --> src/lib.rs:326:10
[INFO] [stdout]     |
[INFO] [stdout] 326 | #[derive(Serialize, Deserialize)]
[INFO] [stdout]     |          ^--------
[INFO] [stdout]     |          |
[INFO] [stdout]     |          `Serialize` is not local
[INFO] [stdout]     |          move the `impl` block outside of this constant `_IMPL_SERIALIZE_FOR_RawOptions`
[INFO] [stdout] 327 | struct RawOptions {
[INFO] [stdout]     |        ---------- `RawOptions` is not local
[INFO] [stdout]     |
[INFO] [stdout]     = note: the derive macro `Serialize` defines the non-local `impl`, and may need to be changed
[INFO] [stdout]     = note: the derive macro `Serialize` may come from an old version of the `serde_derive` crate, try updating your dependency with `cargo update -p serde_derive`
[INFO] [stdout]     = note: an `impl` is never scoped, even when it is nested inside an item, as it may impact type checking outside of that item, which can be the case if neither the trait or the self type are at the same nesting level as the `impl`
[INFO] [stdout]     = note: items in an anonymous const item (`const _: () = { ... }`) are treated as in the same scope as the anonymous const's declaration for the purpose of this lint
[INFO] [stdout]     = note: `#[warn(non_local_definitions)]` on by default
[INFO] [stdout]     = note: this warning originates in the derive macro `Serialize` (in Nightly builds, run with -Z macro-backtrace for more info)
[INFO] [stdout] 
[INFO] [stdout] 
[INFO] [stdout] warning: non-local `impl` definition, `impl` blocks should be written at the same level as their item
[INFO] [stdout]    --> src/lib.rs:326:21
[INFO] [stdout]     |
[INFO] [stdout] 326 | #[derive(Serialize, Deserialize)]
[INFO] [stdout]     |                     ^----------
[INFO] [stdout]     |                     |
[INFO] [stdout]     |                     `Deserialize` is not local
[INFO] [stdout]     |                     move the `impl` block outside of this constant `_IMPL_DESERIALIZE_FOR_RawOptions`
[INFO] [stdout] 327 | struct RawOptions {
[INFO] [stdout]     |        ---------- `RawOptions` is not local
[INFO] [stdout]     |
[INFO] [stdout]     = note: the derive macro `Deserialize` defines the non-local `impl`, and may need to be changed
[INFO] [stdout]     = note: the derive macro `Deserialize` may come from an old version of the `serde_derive` crate, try updating your dependency with `cargo update -p serde_derive`
[INFO] [stdout]     = note: an `impl` is never scoped, even when it is nested inside an item, as it may impact type checking outside of that item, which can be the case if neither the trait or the self type are at the same nesting level as the `impl`
[INFO] [stdout]     = note: items in an anonymous const item (`const _: () = { ... }`) are treated as in the same scope as the anonymous const's declaration for the purpose of this lint
[INFO] [stdout]     = note: this warning originates in the derive macro `Deserialize` (in Nightly builds, run with -Z macro-backtrace for more info)
[INFO] [stdout] 
[INFO] [stdout] 
[INFO] [stdout] warning: non-local `impl` definition, `impl` blocks should be written at the same level as their item
[INFO] [stdout]    --> src/lib.rs:331:10
[INFO] [stdout]     |
[INFO] [stdout] 331 | #[derive(Serialize, Deserialize)]
[INFO] [stdout]     |          ^--------
[INFO] [stdout]     |          |
[INFO] [stdout]     |          `Serialize` is not local
[INFO] [stdout]     |          move the `impl` block outside of this constant `_IMPL_SERIALIZE_FOR_RawThread`
[INFO] [stdout] 332 | struct RawThread {
[INFO] [stdout]     |        --------- `RawThread` is not local
[INFO] [stdout]     |
[INFO] [stdout]     = note: the derive macro `Serialize` defines the non-local `impl`, and may need to be changed
[INFO] [stdout]     = note: the derive macro `Serialize` may come from an old version of the `serde_derive` crate, try updating your dependency with `cargo update -p serde_derive`
[INFO] [stdout]     = note: an `impl` is never scoped, even when it is nested inside an item, as it may impact type checking outside of that item, which can be the case if neither the trait or the self type are at the same nesting level as the `impl`
[INFO] [stdout]     = note: items in an anonymous const item (`const _: () = { ... }`) are treated as in the same scope as the anonymous const's declaration for the purpose of this lint
[INFO] [stdout]     = note: this warning originates in the derive macro `Serialize` (in Nightly builds, run with -Z macro-backtrace for more info)
[INFO] [stdout] 
[INFO] [stdout] 
[INFO] [stdout] warning: non-local `impl` definition, `impl` blocks should be written at the same level as their item
[INFO] [stdout]    --> src/lib.rs:331:21
[INFO] [stdout]     |
[INFO] [stdout] 331 | #[derive(Serialize, Deserialize)]
[INFO] [stdout]     |                     ^----------
[INFO] [stdout]     |                     |
[INFO] [stdout]     |                     `Deserialize` is not local
[INFO] [stdout]     |                     move the `impl` block outside of this constant `_IMPL_DESERIALIZE_FOR_RawThread`
[INFO] [stdout] 332 | struct RawThread {
[INFO] [stdout]     |        --------- `RawThread` is not local
[INFO] [stdout]     |
[INFO] [stdout]     = note: the derive macro `Deserialize` defines the non-local `impl`, and may need to be changed
[INFO] [stdout]     = note: the derive macro `Deserialize` may come from an old version of the `serde_derive` crate, try updating your dependency with `cargo update -p serde_derive`
[INFO] [stdout]     = note: an `impl` is never scoped, even when it is nested inside an item, as it may impact type checking outside of that item, which can be the case if neither the trait or the self type are at the same nesting level as the `impl`
[INFO] [stdout]     = note: items in an anonymous const item (`const _: () = { ... }`) are treated as in the same scope as the anonymous const's declaration for the purpose of this lint
[INFO] [stdout]     = note: this warning originates in the derive macro `Deserialize` (in Nightly builds, run with -Z macro-backtrace for more info)
[INFO] [stdout] 
[INFO] [stdout] 
[INFO] [stdout] warning: non-local `impl` definition, `impl` blocks should be written at the same level as their item
[INFO] [stdout]    --> src/lib.rs:338:10
[INFO] [stdout]     |
[INFO] [stdout] 338 | #[derive(Serialize, Deserialize)]
[INFO] [stdout]     |          ^--------
[INFO] [stdout]     |          |
[INFO] [stdout]     |          `Serialize` is not local
[INFO] [stdout]     |          move the `impl` block outside of this constant `_IMPL_SERIALIZE_FOR_RawFrame`
[INFO] [stdout] 339 | struct RawFrame {
[INFO] [stdout]     |        -------- `RawFrame` is not local
[INFO] [stdout]     |
[INFO] [stdout]     = note: the derive macro `Serialize` defines the non-local `impl`, and may need to be changed
[INFO] [stdout]     = note: the derive macro `Serialize` may come from an old version of the `serde_derive` crate, try updating your dependency with `cargo update -p serde_derive`
[INFO] [stdout]     = note: an `impl` is never scoped, even when it is nested inside an item, as it may impact type checking outside of that item, which can be the case if neither the trait or the self type are at the same nesting level as the `impl`
[INFO] [stdout]     = note: items in an anonymous const item (`const _: () = { ... }`) are treated as in the same scope as the anonymous const's declaration for the purpose of this lint
[INFO] [stdout]     = note: this warning originates in the derive macro `Serialize` (in Nightly builds, run with -Z macro-backtrace for more info)
[INFO] [stdout] 
[INFO] [stdout] 
[INFO] [stdout] warning: non-local `impl` definition, `impl` blocks should be written at the same level as their item
[INFO] [stdout]    --> src/lib.rs:338:21
[INFO] [stdout]     |
[INFO] [stdout] 338 | #[derive(Serialize, Deserialize)]
[INFO] [stdout]     |                     ^----------
[INFO] [stdout]     |                     |
[INFO] [stdout]     |                     `Deserialize` is not local
[INFO] [stdout]     |                     move the `impl` block outside of this constant `_IMPL_DESERIALIZE_FOR_RawFrame`
[INFO] [stdout] 339 | struct RawFrame {
[INFO] [stdout]     |        -------- `RawFrame` is not local
[INFO] [stdout]     |
[INFO] [stdout]     = note: the derive macro `Deserialize` defines the non-local `impl`, and may need to be changed
[INFO] [stdout]     = note: the derive macro `Deserialize` may come from an old version of the `serde_derive` crate, try updating your dependency with `cargo update -p serde_derive`
[INFO] [stdout]     = note: an `impl` is never scoped, even when it is nested inside an item, as it may impact type checking outside of that item, which can be the case if neither the trait or the self type are at the same nesting level as the `impl`
[INFO] [stdout]     = note: items in an anonymous const item (`const _: () = { ... }`) are treated as in the same scope as the anonymous const's declaration for the purpose of this lint
[INFO] [stdout]     = note: this warning originates in the derive macro `Deserialize` (in Nightly builds, run with -Z macro-backtrace for more info)
[INFO] [stdout] 
[INFO] [stdout] 
[INFO] [stderr]    Compiling humantime v1.3.0
[INFO] [stderr]    Compiling aho-corasick v0.7.6
[INFO] [stderr]    Compiling regex v1.3.1
[INFO] [stderr]    Compiling env_logger v0.5.13
[INFO] [stderr]    Compiling rstack-self v0.3.0 (/opt/rustwide/workdir)
[INFO] [stdout] warning: non-local `impl` definition, `impl` blocks should be written at the same level as their item
[INFO] [stdout]    --> src/lib.rs:326:10
[INFO] [stdout]     |
[INFO] [stdout] 326 | #[derive(Serialize, Deserialize)]
[INFO] [stdout]     |          ^--------
[INFO] [stdout]     |          |
[INFO] [stdout]     |          `Serialize` is not local
[INFO] [stdout]     |          move the `impl` block outside of this constant `_IMPL_SERIALIZE_FOR_RawOptions`
[INFO] [stdout] 327 | struct RawOptions {
[INFO] [stdout]     |        ---------- `RawOptions` is not local
[INFO] [stdout]     |
[INFO] [stdout]     = note: the derive macro `Serialize` defines the non-local `impl`, and may need to be changed
[INFO] [stdout]     = note: the derive macro `Serialize` may come from an old version of the `serde_derive` crate, try updating your dependency with `cargo update -p serde_derive`
[INFO] [stdout]     = note: an `impl` is never scoped, even when it is nested inside an item, as it may impact type checking outside of that item, which can be the case if neither the trait or the self type are at the same nesting level as the `impl`
[INFO] [stdout]     = note: items in an anonymous const item (`const _: () = { ... }`) are treated as in the same scope as the anonymous const's declaration for the purpose of this lint
[INFO] [stdout]     = note: `#[warn(non_local_definitions)]` on by default
[INFO] [stdout]     = note: this warning originates in the derive macro `Serialize` (in Nightly builds, run with -Z macro-backtrace for more info)
[INFO] [stdout] 
[INFO] [stdout] 
[INFO] [stdout] warning: non-local `impl` definition, `impl` blocks should be written at the same level as their item
[INFO] [stdout]    --> src/lib.rs:326:21
[INFO] [stdout]     |
[INFO] [stdout] 326 | #[derive(Serialize, Deserialize)]
[INFO] [stdout]     |                     ^----------
[INFO] [stdout]     |                     |
[INFO] [stdout]     |                     `Deserialize` is not local
[INFO] [stdout]     |                     move the `impl` block outside of this constant `_IMPL_DESERIALIZE_FOR_RawOptions`
[INFO] [stdout] 327 | struct RawOptions {
[INFO] [stdout]     |        ---------- `RawOptions` is not local
[INFO] [stdout]     |
[INFO] [stdout]     = note: the derive macro `Deserialize` defines the non-local `impl`, and may need to be changed
[INFO] [stdout]     = note: the derive macro `Deserialize` may come from an old version of the `serde_derive` crate, try updating your dependency with `cargo update -p serde_derive`
[INFO] [stdout]     = note: an `impl` is never scoped, even when it is nested inside an item, as it may impact type checking outside of that item, which can be the case if neither the trait or the self type are at the same nesting level as the `impl`
[INFO] [stdout]     = note: items in an anonymous const item (`const _: () = { ... }`) are treated as in the same scope as the anonymous const's declaration for the purpose of this lint
[INFO] [stdout]     = note: this warning originates in the derive macro `Deserialize` (in Nightly builds, run with -Z macro-backtrace for more info)
[INFO] [stdout] 
[INFO] [stdout] 
[INFO] [stdout] warning: non-local `impl` definition, `impl` blocks should be written at the same level as their item
[INFO] [stdout]    --> src/lib.rs:331:10
[INFO] [stdout]     |
[INFO] [stdout] 331 | #[derive(Serialize, Deserialize)]
[INFO] [stdout]     |          ^--------
[INFO] [stdout]     |          |
[INFO] [stdout]     |          `Serialize` is not local
[INFO] [stdout]     |          move the `impl` block outside of this constant `_IMPL_SERIALIZE_FOR_RawThread`
[INFO] [stdout] 332 | struct RawThread {
[INFO] [stdout]     |        --------- `RawThread` is not local
[INFO] [stdout]     |
[INFO] [stdout]     = note: the derive macro `Serialize` defines the non-local `impl`, and may need to be changed
[INFO] [stdout]     = note: the derive macro `Serialize` may come from an old version of the `serde_derive` crate, try updating your dependency with `cargo update -p serde_derive`
[INFO] [stdout]     = note: an `impl` is never scoped, even when it is nested inside an item, as it may impact type checking outside of that item, which can be the case if neither the trait or the self type are at the same nesting level as the `impl`
[INFO] [stdout]     = note: items in an anonymous const item (`const _: () = { ... }`) are treated as in the same scope as the anonymous const's declaration for the purpose of this lint
[INFO] [stdout]     = note: this warning originates in the derive macro `Serialize` (in Nightly builds, run with -Z macro-backtrace for more info)
[INFO] [stdout] 
[INFO] [stdout] 
[INFO] [stdout] warning: non-local `impl` definition, `impl` blocks should be written at the same level as their item
[INFO] [stdout]    --> src/lib.rs:331:21
[INFO] [stdout]     |
[INFO] [stdout] 331 | #[derive(Serialize, Deserialize)]
[INFO] [stdout]     |                     ^----------
[INFO] [stdout]     |                     |
[INFO] [stdout]     |                     `Deserialize` is not local
[INFO] [stdout]     |                     move the `impl` block outside of this constant `_IMPL_DESERIALIZE_FOR_RawThread`
[INFO] [stdout] 332 | struct RawThread {
[INFO] [stdout]     |        --------- `RawThread` is not local
[INFO] [stdout]     |
[INFO] [stdout]     = note: the derive macro `Deserialize` defines the non-local `impl`, and may need to be changed
[INFO] [stdout]     = note: the derive macro `Deserialize` may come from an old version of the `serde_derive` crate, try updating your dependency with `cargo update -p serde_derive`
[INFO] [stdout]     = note: an `impl` is never scoped, even when it is nested inside an item, as it may impact type checking outside of that item, which can be the case if neither the trait or the self type are at the same nesting level as the `impl`
[INFO] [stdout]     = note: items in an anonymous const item (`const _: () = { ... }`) are treated as in the same scope as the anonymous const's declaration for the purpose of this lint
[INFO] [stdout]     = note: this warning originates in the derive macro `Deserialize` (in Nightly builds, run with -Z macro-backtrace for more info)
[INFO] [stdout] 
[INFO] [stdout] 
[INFO] [stdout] warning: non-local `impl` definition, `impl` blocks should be written at the same level as their item
[INFO] [stdout]    --> src/lib.rs:338:10
[INFO] [stdout]     |
[INFO] [stdout] 338 | #[derive(Serialize, Deserialize)]
[INFO] [stdout]     |          ^--------
[INFO] [stdout]     |          |
[INFO] [stdout]     |          `Serialize` is not local
[INFO] [stdout]     |          move the `impl` block outside of this constant `_IMPL_SERIALIZE_FOR_RawFrame`
[INFO] [stdout] 339 | struct RawFrame {
[INFO] [stdout]     |        -------- `RawFrame` is not local
[INFO] [stdout]     |
[INFO] [stdout]     = note: the derive macro `Serialize` defines the non-local `impl`, and may need to be changed
[INFO] [stdout]     = note: the derive macro `Serialize` may come from an old version of the `serde_derive` crate, try updating your dependency with `cargo update -p serde_derive`
[INFO] [stdout]     = note: an `impl` is never scoped, even when it is nested inside an item, as it may impact type checking outside of that item, which can be the case if neither the trait or the self type are at the same nesting level as the `impl`
[INFO] [stdout]     = note: items in an anonymous const item (`const _: () = { ... }`) are treated as in the same scope as the anonymous const's declaration for the purpose of this lint
[INFO] [stdout]     = note: this warning originates in the derive macro `Serialize` (in Nightly builds, run with -Z macro-backtrace for more info)
[INFO] [stdout] 
[INFO] [stdout] 
[INFO] [stdout] warning: non-local `impl` definition, `impl` blocks should be written at the same level as their item
[INFO] [stdout]    --> src/lib.rs:338:21
[INFO] [stdout]     |
[INFO] [stdout] 338 | #[derive(Serialize, Deserialize)]
[INFO] [stdout]     |                     ^----------
[INFO] [stdout]     |                     |
[INFO] [stdout]     |                     `Deserialize` is not local
[INFO] [stdout]     |                     move the `impl` block outside of this constant `_IMPL_DESERIALIZE_FOR_RawFrame`
[INFO] [stdout] 339 | struct RawFrame {
[INFO] [stdout]     |        -------- `RawFrame` is not local
[INFO] [stdout]     |
[INFO] [stdout]     = note: the derive macro `Deserialize` defines the non-local `impl`, and may need to be changed
[INFO] [stdout]     = note: the derive macro `Deserialize` may come from an old version of the `serde_derive` crate, try updating your dependency with `cargo update -p serde_derive`
[INFO] [stdout]     = note: an `impl` is never scoped, even when it is nested inside an item, as it may impact type checking outside of that item, which can be the case if neither the trait or the self type are at the same nesting level as the `impl`
[INFO] [stdout]     = note: items in an anonymous const item (`const _: () = { ... }`) are treated as in the same scope as the anonymous const's declaration for the purpose of this lint
[INFO] [stdout]     = note: this warning originates in the derive macro `Deserialize` (in Nightly builds, run with -Z macro-backtrace for more info)
[INFO] [stdout] 
[INFO] [stdout] 
[INFO] [stdout] error: linking with `cc` failed: exit status: 1
[INFO] [stdout]   |
[INFO] [stdout]   = note: LC_ALL="C" PATH="/opt/rustwide/rustup-home/toolchains/nightly-2024-10-28-x86_64-unknown-linux-gnu/lib/rustlib/x86_64-unknown-linux-gnu/bin:/opt/rustwide/rustup-home/toolchains/nightly-2024-10-28-x86_64-unknown-linux-gnu/lib/rustlib/x86_64-unknown-linux-gnu/bin/self-contained:/opt/rustwide/cargo-home/bin:/usr/local/sbin:/usr/local/bin:/usr/sbin:/usr/bin:/sbin:/bin" VSLANG="1033" "cc" "-m64" "/tmp/rustcGHpPli/symbols.o" "/opt/rustwide/target/debug/deps/rstack_self-ed3766aef785a60c.rstack_self.85391b61dc3f1b29-cgu.0.rcgu.o" "/opt/rustwide/target/debug/deps/rstack_self-ed3766aef785a60c.es4pvsjggeyjxx4se0v4fxznt.rcgu.o" "-Wl,--as-needed" "-Wl,-Bstatic" "/opt/rustwide/target/debug/deps/librstack-dc996ab011210ae9.rlib" "/opt/rustwide/target/debug/deps/libunwind-5dc3a84a7f336e31.rlib" "/opt/rustwide/target/debug/deps/libunwind_sys-14670dc1a5437d71.rlib" "/opt/rustwide/target/debug/deps/libforeign_types-118d158705159a1d.rlib" "/opt/rustwide/target/debug/deps/libforeign_types_shared-7fa68804fd5a782c.rlib" "/opt/rustwide/target/debug/deps/liblog-43cde7f55bae18d0.rlib" "/opt/rustwide/target/debug/deps/libbacktrace-a4c894ea9d204031.rlib" "/opt/rustwide/target/debug/deps/libbacktrace_sys-64a7ca2684d992bc.rlib" "/opt/rustwide/target/debug/deps/libcfg_if-6065b8815e149626.rlib" "/opt/rustwide/target/debug/deps/librustc_demangle-50319aa0f3b5548f.rlib" "/opt/rustwide/target/debug/deps/libbincode-e1f9ec62acd5687d.rlib" "/opt/rustwide/target/debug/deps/libbyteorder-8cbb9c750b199ebc.rlib" "/opt/rustwide/rustup-home/toolchains/nightly-2024-10-28-x86_64-unknown-linux-gnu/lib/rustlib/x86_64-unknown-linux-gnu/lib/libtest-a09fad3b5321e7d6.rlib" "/opt/rustwide/rustup-home/toolchains/nightly-2024-10-28-x86_64-unknown-linux-gnu/lib/rustlib/x86_64-unknown-linux-gnu/lib/libgetopts-f9c3dff41ad42661.rlib" "/opt/rustwide/rustup-home/toolchains/nightly-2024-10-28-x86_64-unknown-linux-gnu/lib/rustlib/x86_64-unknown-linux-gnu/lib/libunicode_width-ad2aef31af6addd3.rlib" "/opt/rustwide/rustup-home/toolchains/nightly-2024-10-28-x86_64-unknown-linux-gnu/lib/rustlib/x86_64-unknown-linux-gnu/lib/librustc_std_workspace_std-e3f907dc03deb913.rlib" "/opt/rustwide/target/debug/deps/libserde-d4e9e61bb80c399b.rlib" "/opt/rustwide/target/debug/deps/liblibc-65bee588ac2143c1.rlib" "/opt/rustwide/target/debug/deps/liblazy_static-b82c15677deef9e2.rlib" "/opt/rustwide/target/debug/deps/libantidote-0b3c666b0e81bc04.rlib" "/opt/rustwide/rustup-home/toolchains/nightly-2024-10-28-x86_64-unknown-linux-gnu/lib/rustlib/x86_64-unknown-linux-gnu/lib/libstd-fb8c387236db3c10.rlib" "/opt/rustwide/rustup-home/toolchains/nightly-2024-10-28-x86_64-unknown-linux-gnu/lib/rustlib/x86_64-unknown-linux-gnu/lib/libpanic_unwind-b251837809b2f64b.rlib" "/opt/rustwide/rustup-home/toolchains/nightly-2024-10-28-x86_64-unknown-linux-gnu/lib/rustlib/x86_64-unknown-linux-gnu/lib/libobject-cbef83eaa4e01f04.rlib" "/opt/rustwide/rustup-home/toolchains/nightly-2024-10-28-x86_64-unknown-linux-gnu/lib/rustlib/x86_64-unknown-linux-gnu/lib/libmemchr-12a772286de2fca7.rlib" "/opt/rustwide/rustup-home/toolchains/nightly-2024-10-28-x86_64-unknown-linux-gnu/lib/rustlib/x86_64-unknown-linux-gnu/lib/libaddr2line-023bbe5ada7abfc3.rlib" "/opt/rustwide/rustup-home/toolchains/nightly-2024-10-28-x86_64-unknown-linux-gnu/lib/rustlib/x86_64-unknown-linux-gnu/lib/libgimli-de2bcdf10ec69c2b.rlib" "/opt/rustwide/rustup-home/toolchains/nightly-2024-10-28-x86_64-unknown-linux-gnu/lib/rustlib/x86_64-unknown-linux-gnu/lib/librustc_demangle-8e1754df350800fd.rlib" "/opt/rustwide/rustup-home/toolchains/nightly-2024-10-28-x86_64-unknown-linux-gnu/lib/rustlib/x86_64-unknown-linux-gnu/lib/libstd_detect-06c2ab7b9c32e037.rlib" "/opt/rustwide/rustup-home/toolchains/nightly-2024-10-28-x86_64-unknown-linux-gnu/lib/rustlib/x86_64-unknown-linux-gnu/lib/libhashbrown-51d2621fc57a281b.rlib" "/opt/rustwide/rustup-home/toolchains/nightly-2024-10-28-x86_64-unknown-linux-gnu/lib/rustlib/x86_64-unknown-linux-gnu/lib/librustc_std_workspace_alloc-54a930408793772f.rlib" "/opt/rustwide/rustup-home/toolchains/nightly-2024-10-28-x86_64-unknown-linux-gnu/lib/rustlib/x86_64-unknown-linux-gnu/lib/libminiz_oxide-0c7d01cba400dcb2.rlib" "/opt/rustwide/rustup-home/toolchains/nightly-2024-10-28-x86_64-unknown-linux-gnu/lib/rustlib/x86_64-unknown-linux-gnu/lib/libadler-b9f84d69e331b75b.rlib" "/opt/rustwide/rustup-home/toolchains/nightly-2024-10-28-x86_64-unknown-linux-gnu/lib/rustlib/x86_64-unknown-linux-gnu/lib/libunwind-eec95493246aae39.rlib" "/opt/rustwide/rustup-home/toolchains/nightly-2024-10-28-x86_64-unknown-linux-gnu/lib/rustlib/x86_64-unknown-linux-gnu/lib/libcfg_if-6f6676c475e08ab0.rlib" "/opt/rustwide/rustup-home/toolchains/nightly-2024-10-28-x86_64-unknown-linux-gnu/lib/rustlib/x86_64-unknown-linux-gnu/lib/liblibc-799d520624f8b2e0.rlib" "/opt/rustwide/rustup-home/toolchains/nightly-2024-10-28-x86_64-unknown-linux-gnu/lib/rustlib/x86_64-unknown-linux-gnu/lib/liballoc-fcf93d4842acd9a9.rlib" "/opt/rustwide/rustup-home/toolchains/nightly-2024-10-28-x86_64-unknown-linux-gnu/lib/rustlib/x86_64-unknown-linux-gnu/lib/librustc_std_workspace_core-395a38b8e0851c9b.rlib" "/opt/rustwide/rustup-home/toolchains/nightly-2024-10-28-x86_64-unknown-linux-gnu/lib/rustlib/x86_64-unknown-linux-gnu/lib/libcore-d453bab70303062c.rlib" "/opt/rustwide/rustup-home/toolchains/nightly-2024-10-28-x86_64-unknown-linux-gnu/lib/rustlib/x86_64-unknown-linux-gnu/lib/libcompiler_builtins-0e6386368b0a24e8.rlib" "-Wl,-Bdynamic" "-lunwind-ptrace" "-lunwind-generic" "-lunwind" "-lutil" "-lgcc_s" "-lutil" "-lrt" "-lpthread" "-lm" "-ldl" "-lc" "-B/opt/rustwide/rustup-home/toolchains/nightly-2024-10-28-x86_64-unknown-linux-gnu/lib/rustlib/x86_64-unknown-linux-gnu/bin/gcc-ld" "-fuse-ld=lld" "-Wl,--eh-frame-hdr" "-Wl,-z,noexecstack" "-L" "/opt/rustwide/target/debug/build/backtrace-sys-51123a728d40d17f/out" "-L" "/usr/lib/x86_64-linux-gnu" "-L" "/opt/rustwide/rustup-home/toolchains/nightly-2024-10-28-x86_64-unknown-linux-gnu/lib/rustlib/x86_64-unknown-linux-gnu/lib" "-o" "/opt/rustwide/target/debug/deps/rstack_self-ed3766aef785a60c" "-Wl,--gc-sections" "-pie" "-Wl,-z,relro,-z,now" "-nodefaultlibs"
[INFO] [stdout]   = note: rust-lld: error: undefined reference: lzma_stream_buffer_decode
[INFO] [stdout]           >>> referenced by /usr/lib/x86_64-linux-gnu/libunwind-ptrace.so (disallowed by --no-allow-shlib-undefined)
[INFO] [stdout]           
[INFO] [stdout]           rust-lld: error: undefined reference: lzma_index_uncompressed_size
[INFO] [stdout]           >>> referenced by /usr/lib/x86_64-linux-gnu/libunwind-ptrace.so (disallowed by --no-allow-shlib-undefined)
[INFO] [stdout]           
[INFO] [stdout]           rust-lld: error: undefined reference: lzma_index_end
[INFO] [stdout]           >>> referenced by /usr/lib/x86_64-linux-gnu/libunwind-ptrace.so (disallowed by --no-allow-shlib-undefined)
[INFO] [stdout]           
[INFO] [stdout]           rust-lld: error: undefined reference: lzma_index_buffer_decode
[INFO] [stdout]           >>> referenced by /usr/lib/x86_64-linux-gnu/libunwind-ptrace.so (disallowed by --no-allow-shlib-undefined)
[INFO] [stdout]           
[INFO] [stdout]           rust-lld: error: undefined reference: lzma_stream_footer_decode
[INFO] [stdout]           >>> referenced by /usr/lib/x86_64-linux-gnu/libunwind-ptrace.so (disallowed by --no-allow-shlib-undefined)
[INFO] [stdout]           
[INFO] [stdout]           rust-lld: error: undefined reference: lzma_index_size
[INFO] [stdout]           >>> referenced by /usr/lib/x86_64-linux-gnu/libunwind-ptrace.so (disallowed by --no-allow-shlib-undefined)
[INFO] [stdout]           collect2: error: ld returned 1 exit status
[INFO] [stdout]           
[INFO] [stdout] 
[INFO] [stdout] 
[INFO] [stdout] error: linking with `cc` failed: exit status: 1
[INFO] [stdout]   |
[INFO] [stdout]   = note: LC_ALL="C" PATH="/opt/rustwide/rustup-home/toolchains/nightly-2024-10-28-x86_64-unknown-linux-gnu/lib/rustlib/x86_64-unknown-linux-gnu/bin:/opt/rustwide/rustup-home/toolchains/nightly-2024-10-28-x86_64-unknown-linux-gnu/lib/rustlib/x86_64-unknown-linux-gnu/bin/self-contained:/opt/rustwide/cargo-home/bin:/usr/local/sbin:/usr/local/bin:/usr/sbin:/usr/bin:/sbin:/bin" VSLANG="1033" "cc" "-m64" "/tmp/rustcHerMig/symbols.o" "/opt/rustwide/target/debug/examples/basic-26238ef0cd3f6836.basic.f0330f5e5b4f2941-cgu.0.rcgu.o" "/opt/rustwide/target/debug/examples/basic-26238ef0cd3f6836.basic.f0330f5e5b4f2941-cgu.1.rcgu.o" "/opt/rustwide/target/debug/examples/basic-26238ef0cd3f6836.6mw7qm0bn589lz4rfh6et5yej.rcgu.o" "-Wl,--as-needed" "-Wl,-Bstatic" "/opt/rustwide/target/debug/deps/librstack_self-eb899546a030ab68.rlib" "/opt/rustwide/target/debug/deps/libbacktrace-a4c894ea9d204031.rlib" "/opt/rustwide/target/debug/deps/libbacktrace_sys-64a7ca2684d992bc.rlib" "/opt/rustwide/target/debug/deps/librustc_demangle-50319aa0f3b5548f.rlib" "/opt/rustwide/target/debug/deps/libbincode-e1f9ec62acd5687d.rlib" "/opt/rustwide/target/debug/deps/libbyteorder-8cbb9c750b199ebc.rlib" "/opt/rustwide/target/debug/deps/librstack-dc996ab011210ae9.rlib" "/opt/rustwide/target/debug/deps/libunwind-5dc3a84a7f336e31.rlib" "/opt/rustwide/target/debug/deps/libunwind_sys-14670dc1a5437d71.rlib" "/opt/rustwide/target/debug/deps/libforeign_types-118d158705159a1d.rlib" "/opt/rustwide/target/debug/deps/libforeign_types_shared-7fa68804fd5a782c.rlib" "/opt/rustwide/target/debug/deps/liblog-43cde7f55bae18d0.rlib" "/opt/rustwide/target/debug/deps/libcfg_if-6065b8815e149626.rlib" "/opt/rustwide/target/debug/deps/libserde-d4e9e61bb80c399b.rlib" "/opt/rustwide/target/debug/deps/liblibc-65bee588ac2143c1.rlib" "/opt/rustwide/target/debug/deps/liblazy_static-b82c15677deef9e2.rlib" "/opt/rustwide/target/debug/deps/libantidote-0b3c666b0e81bc04.rlib" "/opt/rustwide/rustup-home/toolchains/nightly-2024-10-28-x86_64-unknown-linux-gnu/lib/rustlib/x86_64-unknown-linux-gnu/lib/libstd-fb8c387236db3c10.rlib" "/opt/rustwide/rustup-home/toolchains/nightly-2024-10-28-x86_64-unknown-linux-gnu/lib/rustlib/x86_64-unknown-linux-gnu/lib/libpanic_unwind-b251837809b2f64b.rlib" "/opt/rustwide/rustup-home/toolchains/nightly-2024-10-28-x86_64-unknown-linux-gnu/lib/rustlib/x86_64-unknown-linux-gnu/lib/libobject-cbef83eaa4e01f04.rlib" "/opt/rustwide/rustup-home/toolchains/nightly-2024-10-28-x86_64-unknown-linux-gnu/lib/rustlib/x86_64-unknown-linux-gnu/lib/libmemchr-12a772286de2fca7.rlib" "/opt/rustwide/rustup-home/toolchains/nightly-2024-10-28-x86_64-unknown-linux-gnu/lib/rustlib/x86_64-unknown-linux-gnu/lib/libaddr2line-023bbe5ada7abfc3.rlib" "/opt/rustwide/rustup-home/toolchains/nightly-2024-10-28-x86_64-unknown-linux-gnu/lib/rustlib/x86_64-unknown-linux-gnu/lib/libgimli-de2bcdf10ec69c2b.rlib" "/opt/rustwide/rustup-home/toolchains/nightly-2024-10-28-x86_64-unknown-linux-gnu/lib/rustlib/x86_64-unknown-linux-gnu/lib/librustc_demangle-8e1754df350800fd.rlib" "/opt/rustwide/rustup-home/toolchains/nightly-2024-10-28-x86_64-unknown-linux-gnu/lib/rustlib/x86_64-unknown-linux-gnu/lib/libstd_detect-06c2ab7b9c32e037.rlib" "/opt/rustwide/rustup-home/toolchains/nightly-2024-10-28-x86_64-unknown-linux-gnu/lib/rustlib/x86_64-unknown-linux-gnu/lib/libhashbrown-51d2621fc57a281b.rlib" "/opt/rustwide/rustup-home/toolchains/nightly-2024-10-28-x86_64-unknown-linux-gnu/lib/rustlib/x86_64-unknown-linux-gnu/lib/librustc_std_workspace_alloc-54a930408793772f.rlib" "/opt/rustwide/rustup-home/toolchains/nightly-2024-10-28-x86_64-unknown-linux-gnu/lib/rustlib/x86_64-unknown-linux-gnu/lib/libminiz_oxide-0c7d01cba400dcb2.rlib" "/opt/rustwide/rustup-home/toolchains/nightly-2024-10-28-x86_64-unknown-linux-gnu/lib/rustlib/x86_64-unknown-linux-gnu/lib/libadler-b9f84d69e331b75b.rlib" "/opt/rustwide/rustup-home/toolchains/nightly-2024-10-28-x86_64-unknown-linux-gnu/lib/rustlib/x86_64-unknown-linux-gnu/lib/libunwind-eec95493246aae39.rlib" "/opt/rustwide/rustup-home/toolchains/nightly-2024-10-28-x86_64-unknown-linux-gnu/lib/rustlib/x86_64-unknown-linux-gnu/lib/libcfg_if-6f6676c475e08ab0.rlib" "/opt/rustwide/rustup-home/toolchains/nightly-2024-10-28-x86_64-unknown-linux-gnu/lib/rustlib/x86_64-unknown-linux-gnu/lib/liblibc-799d520624f8b2e0.rlib" "/opt/rustwide/rustup-home/toolchains/nightly-2024-10-28-x86_64-unknown-linux-gnu/lib/rustlib/x86_64-unknown-linux-gnu/lib/liballoc-fcf93d4842acd9a9.rlib" "/opt/rustwide/rustup-home/toolchains/nightly-2024-10-28-x86_64-unknown-linux-gnu/lib/rustlib/x86_64-unknown-linux-gnu/lib/librustc_std_workspace_core-395a38b8e0851c9b.rlib" "/opt/rustwide/rustup-home/toolchains/nightly-2024-10-28-x86_64-unknown-linux-gnu/lib/rustlib/x86_64-unknown-linux-gnu/lib/libcore-d453bab70303062c.rlib" "/opt/rustwide/rustup-home/toolchains/nightly-2024-10-28-x86_64-unknown-linux-gnu/lib/rustlib/x86_64-unknown-linux-gnu/lib/libcompiler_builtins-0e6386368b0a24e8.rlib" "-Wl,-Bdynamic" "-lunwind-ptrace" "-lunwind-generic" "-lunwind" "-lutil" "-lgcc_s" "-lutil" "-lrt" "-lpthread" "-lm" "-ldl" "-lc" "-B/opt/rustwide/rustup-home/toolchains/nightly-2024-10-28-x86_64-unknown-linux-gnu/lib/rustlib/x86_64-unknown-linux-gnu/bin/gcc-ld" "-fuse-ld=lld" "-Wl,--eh-frame-hdr" "-Wl,-z,noexecstack" "-L" "/opt/rustwide/target/debug/build/backtrace-sys-51123a728d40d17f/out" "-L" "/usr/lib/x86_64-linux-gnu" "-L" "/opt/rustwide/rustup-home/toolchains/nightly-2024-10-28-x86_64-unknown-linux-gnu/lib/rustlib/x86_64-unknown-linux-gnu/lib" "-o" "/opt/rustwide/target/debug/examples/basic-26238ef0cd3f6836" "-Wl,--gc-sections" "-pie" "-Wl,-z,relro,-z,now" "-nodefaultlibs"
[INFO] [stdout]   = note: rust-lld: error: undefined reference: lzma_stream_buffer_decode
[INFO] [stdout]           >>> referenced by /usr/lib/x86_64-linux-gnu/libunwind-ptrace.so (disallowed by --no-allow-shlib-undefined)
[INFO] [stdout]           
[INFO] [stdout]           rust-lld: error: undefined reference: lzma_index_uncompressed_size
[INFO] [stdout]           >>> referenced by /usr/lib/x86_64-linux-gnu/libunwind-ptrace.so (disallowed by --no-allow-shlib-undefined)
[INFO] [stdout]           
[INFO] [stdout]           rust-lld: error: undefined reference: lzma_index_end
[INFO] [stdout]           >>> referenced by /usr/lib/x86_64-linux-gnu/libunwind-ptrace.so (disallowed by --no-allow-shlib-undefined)
[INFO] [stdout]           
[INFO] [stdout]           rust-lld: error: undefined reference: lzma_index_buffer_decode
[INFO] [stdout]           >>> referenced by /usr/lib/x86_64-linux-gnu/libunwind-ptrace.so (disallowed by --no-allow-shlib-undefined)
[INFO] [stdout]           
[INFO] [stdout]           rust-lld: error: undefined reference: lzma_stream_footer_decode
[INFO] [stdout]           >>> referenced by /usr/lib/x86_64-linux-gnu/libunwind-ptrace.so (disallowed by --no-allow-shlib-undefined)
[INFO] [stdout]           
[INFO] [stdout]           rust-lld: error: undefined reference: lzma_index_size
[INFO] [stdout]           >>> referenced by /usr/lib/x86_64-linux-gnu/libunwind-ptrace.so (disallowed by --no-allow-shlib-undefined)
[INFO] [stdout]           collect2: error: ld returned 1 exit status
[INFO] [stdout]           
[INFO] [stdout] 
[INFO] [stdout] 
[INFO] [stderr] error: could not compile `rstack-self` (lib test) due to 1 previous error; 6 warnings emitted
[INFO] [stderr] warning: build failed, waiting for other jobs to finish...
[INFO] [stderr] error: could not compile `rstack-self` (example "basic") due to 1 previous error
[INFO] running `Command { std: "docker" "inspect" "b5a5129b595830962a82d7d50e23dec566a7d61a4525c16a39d11eb4a2d50099", kill_on_drop: false }`
[INFO] running `Command { std: "docker" "rm" "-f" "b5a5129b595830962a82d7d50e23dec566a7d61a4525c16a39d11eb4a2d50099", kill_on_drop: false }`
[INFO] [stdout] b5a5129b595830962a82d7d50e23dec566a7d61a4525c16a39d11eb4a2d50099
