[INFO] fetching crate rsip-dns 0.1.4...
[INFO] testing rsip-dns-0.1.4 against nightly-2024-10-28+rustflags=-Zrandomize-layout for randomize-layout
[INFO] extracting crate rsip-dns 0.1.4 into /workspace/builds/worker-6-tc2/source
[INFO] validating manifest of crates.io crate rsip-dns 0.1.4 on toolchain nightly-2024-10-28
[INFO] running `Command { std: CARGO_HOME="/workspace/cargo-home" RUSTUP_HOME="/workspace/rustup-home" "/workspace/cargo-home/bin/cargo" "+nightly-2024-10-28" "metadata" "--manifest-path" "Cargo.toml" "--no-deps", kill_on_drop: false }`
[INFO] started tweaking crates.io crate rsip-dns 0.1.4
[INFO] finished tweaking crates.io crate rsip-dns 0.1.4
[INFO] tweaked toml for crates.io crate rsip-dns 0.1.4 written to /workspace/builds/worker-6-tc2/source/Cargo.toml
[INFO] running `Command { std: CARGO_HOME="/workspace/cargo-home" RUSTUP_HOME="/workspace/rustup-home" "/workspace/cargo-home/bin/cargo" "+nightly-2024-10-28" "generate-lockfile" "--manifest-path" "Cargo.toml", kill_on_drop: false }`
[INFO] [stderr]     Updating crates.io index
[INFO] [stderr]      Locking 146 packages to latest compatible versions
[INFO] [stderr]       Adding nom v6.1.2 (available: v6.2.2)
[INFO] [stderr]       Adding pretty_env_logger v0.4.0 (available: v0.5.0)
[INFO] [stderr]       Adding trust-dns-proto v0.20.4 (available: v0.23.2)
[INFO] [stderr]       Adding trust-dns-resolver v0.20.4 (available: v0.23.2)
[INFO] running `Command { std: CARGO_HOME="/workspace/cargo-home" RUSTUP_HOME="/workspace/rustup-home" "/workspace/cargo-home/bin/cargo" "+nightly-2024-10-28" "fetch" "--manifest-path" "Cargo.toml", kill_on_drop: false }`
[INFO] running `Command { std: "docker" "create" "-v" "/var/lib/crater-agent-workspace/builds/worker-6-tc2/target:/opt/rustwide/target:rw,Z" "-v" "/var/lib/crater-agent-workspace/builds/worker-6-tc2/source:/opt/rustwide/workdir:ro,Z" "-v" "/var/lib/crater-agent-workspace/cargo-home:/opt/rustwide/cargo-home:ro,Z" "-v" "/var/lib/crater-agent-workspace/rustup-home:/opt/rustwide/rustup-home:ro,Z" "-e" "SOURCE_DIR=/opt/rustwide/workdir" "-e" "CARGO_TARGET_DIR=/opt/rustwide/target" "-e" "CARGO_HOME=/opt/rustwide/cargo-home" "-e" "RUSTUP_HOME=/opt/rustwide/rustup-home" "-w" "/opt/rustwide/workdir" "-m" "1610612736" "--user" "0:0" "--network" "none" "ghcr.io/rust-lang/crates-build-env/linux@sha256:4a844ea9eb2546a2d2c7022eacef16ef2e8229c7fbb2c7d4d55a9ceca922f72d" "/opt/rustwide/cargo-home/bin/cargo" "+nightly-2024-10-28" "metadata" "--no-deps" "--format-version=1", kill_on_drop: false }`
[INFO] [stdout] 9e370958c67eae2c23fd17ee556f0e9513205f4022b09972f64d2dd4f9d5036e
[INFO] running `Command { std: "docker" "start" "-a" "9e370958c67eae2c23fd17ee556f0e9513205f4022b09972f64d2dd4f9d5036e", kill_on_drop: false }`
[INFO] running `Command { std: "docker" "inspect" "9e370958c67eae2c23fd17ee556f0e9513205f4022b09972f64d2dd4f9d5036e", kill_on_drop: false }`
[INFO] running `Command { std: "docker" "rm" "-f" "9e370958c67eae2c23fd17ee556f0e9513205f4022b09972f64d2dd4f9d5036e", kill_on_drop: false }`
[INFO] [stdout] 9e370958c67eae2c23fd17ee556f0e9513205f4022b09972f64d2dd4f9d5036e
[INFO] running `Command { std: "docker" "create" "-v" "/var/lib/crater-agent-workspace/builds/worker-6-tc2/target:/opt/rustwide/target:rw,Z" "-v" "/var/lib/crater-agent-workspace/builds/worker-6-tc2/source:/opt/rustwide/workdir:ro,Z" "-v" "/var/lib/crater-agent-workspace/cargo-home:/opt/rustwide/cargo-home:ro,Z" "-v" "/var/lib/crater-agent-workspace/rustup-home:/opt/rustwide/rustup-home:ro,Z" "-e" "SOURCE_DIR=/opt/rustwide/workdir" "-e" "CARGO_TARGET_DIR=/opt/rustwide/target" "-e" "CARGO_INCREMENTAL=0" "-e" "RUST_BACKTRACE=full" "-e" "RUSTFLAGS=--cap-lints=forbid -Zrandomize-layout" "-e" "RUSTDOCFLAGS=--cap-lints=forbid" "-e" "CARGO_HOME=/opt/rustwide/cargo-home" "-e" "RUSTUP_HOME=/opt/rustwide/rustup-home" "-w" "/opt/rustwide/workdir" "-m" "1610612736" "--user" "0:0" "--network" "none" "ghcr.io/rust-lang/crates-build-env/linux@sha256:4a844ea9eb2546a2d2c7022eacef16ef2e8229c7fbb2c7d4d55a9ceca922f72d" "/opt/rustwide/cargo-home/bin/cargo" "+nightly-2024-10-28" "build" "--frozen" "--message-format=json", kill_on_drop: false }`
[INFO] [stdout] 194f4c40e0a0533b5e3970c8c491402848462bb11ba87ca2fa1587d049bfd40e
[INFO] running `Command { std: "docker" "start" "-a" "194f4c40e0a0533b5e3970c8c491402848462bb11ba87ca2fa1587d049bfd40e", kill_on_drop: false }`
[INFO] [stderr]    Compiling memchr v2.7.4
[INFO] [stderr]    Compiling typenum v1.17.0
[INFO] [stderr]    Compiling syn v1.0.109
[INFO] [stderr]    Compiling generic-array v0.14.7
[INFO] [stderr]    Compiling byteorder v1.5.0
[INFO] [stderr]    Compiling slab v0.4.9
[INFO] [stderr]    Compiling syn v2.0.86
[INFO] [stderr]    Compiling fnv v1.0.7
[INFO] [stderr]    Compiling ident_case v1.0.1
[INFO] [stderr]    Compiling strsim v0.10.0
[INFO] [stderr]    Compiling futures-sink v0.3.31
[INFO] [stderr]    Compiling futures-core v0.3.31
[INFO] [stderr]    Compiling radium v0.5.3
[INFO] [stderr]    Compiling futures-channel v0.3.31
[INFO] [stderr]    Compiling futures-io v0.3.31
[INFO] [stderr]    Compiling lexical-core v0.7.6
[INFO] [stderr]    Compiling futures-task v0.3.31
[INFO] [stderr]    Compiling opaque-debug v0.3.1
[INFO] [stderr]    Compiling nom v6.1.2
[INFO] [stderr]    Compiling aho-corasick v1.1.3
[INFO] [stderr]    Compiling arrayvec v0.5.2
[INFO] [stderr]    Compiling static_assertions v1.1.0
[INFO] [stderr]    Compiling cpufeatures v0.2.14
[INFO] [stderr]    Compiling regex-automata v0.1.10
[INFO] [stderr]    Compiling minimal-lexical v0.2.1
[INFO] [stderr]    Compiling wyz v0.2.0
[INFO] [stderr]    Compiling tap v1.0.1
[INFO] [stderr]    Compiling funty v1.1.0
[INFO] [stderr]    Compiling nom v7.1.3
[INFO] [stderr]    Compiling bstr v0.2.17
[INFO] [stderr]    Compiling block-buffer v0.9.0
[INFO] [stderr]    Compiling digest v0.9.0
[INFO] [stderr]    Compiling md-5 v0.9.1
[INFO] [stderr]    Compiling bitvec v0.19.6
[INFO] [stderr]    Compiling sha2 v0.9.9
[INFO] [stderr]    Compiling uuid v0.8.2
[INFO] [stderr]    Compiling regex-automata v0.4.8
[INFO] [stderr]    Compiling bytes v1.8.0
[INFO] [stderr]    Compiling darling_core v0.13.4
[INFO] [stderr]    Compiling zerocopy-derive v0.7.35
[INFO] [stderr]    Compiling futures-macro v0.3.31
[INFO] [stderr]    Compiling async-trait v0.1.83
[INFO] [stderr]    Compiling regex v1.11.1
[INFO] [stderr]    Compiling zerocopy v0.7.35
[INFO] [stderr]    Compiling futures-util v0.3.31
[INFO] [stderr]    Compiling darling_macro v0.13.4
[INFO] [stderr]    Compiling ppv-lite86 v0.2.20
[INFO] [stderr]    Compiling darling v0.13.4
[INFO] [stderr]    Compiling rsip-derives v0.4.0
[INFO] [stderr]    Compiling rand_chacha v0.3.1
[INFO] [stderr]    Compiling rand v0.8.5
[INFO] [stderr]    Compiling testing-utils v0.1.2
[INFO] [stderr]    Compiling rsip v0.4.0
[INFO] [stderr]    Compiling futures-executor v0.3.31
[INFO] [stderr]    Compiling futures v0.3.31
[INFO] [stderr]    Compiling rsip-dns v0.1.4 (/opt/rustwide/workdir)
[INFO] [stdout] warning: unexpected `cfg` condition value: `dns`
[INFO] [stdout]   --> src/resolvables/resolvable_ip_addr.rs:37:17
[INFO] [stdout]    |
[INFO] [stdout] 37 | #[cfg(all(test, feature = "dns", feature = "test-utils"))]
[INFO] [stdout]    |                 ^^^^^^^^^^^^^^^
[INFO] [stdout]    |
[INFO] [stdout]    = note: expected values for `feature` are: `test-utils`, `testing-utils`, `trust-dns`, `trust-dns-proto`, and `trust-dns-resolver`
[INFO] [stdout]    = help: consider adding `dns` as a feature in `Cargo.toml`
[INFO] [stdout]    = note: see <https://doc.rust-lang.org/nightly/rustc/check-cfg/cargo-specifics.html> for more information about checking conditional configuration
[INFO] [stdout]    = note: `#[warn(unexpected_cfgs)]` on by default
[INFO] [stdout] 
[INFO] [stdout] 
[INFO] [stderr]     Finished `dev` profile [unoptimized + debuginfo] target(s) in 13.40s
[INFO] [stderr] warning: the following packages contain code that will be rejected by a future version of Rust: nom v6.1.2
[INFO] [stderr] note: to see what the problems were, use the option `--future-incompat-report`, or run `cargo report future-incompatibilities --id 1`
[INFO] running `Command { std: "docker" "inspect" "194f4c40e0a0533b5e3970c8c491402848462bb11ba87ca2fa1587d049bfd40e", kill_on_drop: false }`
[INFO] running `Command { std: "docker" "rm" "-f" "194f4c40e0a0533b5e3970c8c491402848462bb11ba87ca2fa1587d049bfd40e", kill_on_drop: false }`
[INFO] [stdout] 194f4c40e0a0533b5e3970c8c491402848462bb11ba87ca2fa1587d049bfd40e
[INFO] running `Command { std: "docker" "create" "-v" "/var/lib/crater-agent-workspace/builds/worker-6-tc2/target:/opt/rustwide/target:rw,Z" "-v" "/var/lib/crater-agent-workspace/builds/worker-6-tc2/source:/opt/rustwide/workdir:ro,Z" "-v" "/var/lib/crater-agent-workspace/cargo-home:/opt/rustwide/cargo-home:ro,Z" "-v" "/var/lib/crater-agent-workspace/rustup-home:/opt/rustwide/rustup-home:ro,Z" "-e" "SOURCE_DIR=/opt/rustwide/workdir" "-e" "CARGO_TARGET_DIR=/opt/rustwide/target" "-e" "CARGO_INCREMENTAL=0" "-e" "RUST_BACKTRACE=full" "-e" "RUSTFLAGS=--cap-lints=forbid -Zrandomize-layout" "-e" "RUSTDOCFLAGS=--cap-lints=forbid" "-e" "CARGO_HOME=/opt/rustwide/cargo-home" "-e" "RUSTUP_HOME=/opt/rustwide/rustup-home" "-w" "/opt/rustwide/workdir" "-m" "1610612736" "--user" "0:0" "--network" "none" "ghcr.io/rust-lang/crates-build-env/linux@sha256:4a844ea9eb2546a2d2c7022eacef16ef2e8229c7fbb2c7d4d55a9ceca922f72d" "/opt/rustwide/cargo-home/bin/cargo" "+nightly-2024-10-28" "test" "--frozen" "--no-run" "--message-format=json", kill_on_drop: false }`
[INFO] [stdout] 257808c36d01b7a80779dcdbcfce6405790a020eea182767a6f967fb37e86109
[INFO] running `Command { std: "docker" "start" "-a" "257808c36d01b7a80779dcdbcfce6405790a020eea182767a6f967fb37e86109", kill_on_drop: false }`
[INFO] [stderr]    Compiling proc-macro2 v1.0.89
[INFO] [stderr]    Compiling unicode-ident v1.0.13
[INFO] [stderr]    Compiling lock_api v0.4.12
[INFO] [stderr]    Compiling parking_lot_core v0.9.10
[INFO] [stderr]    Compiling scopeguard v1.2.0
[INFO] [stderr]    Compiling smallvec v1.13.2
[INFO] [stderr]    Compiling humantime v1.3.0
[INFO] [stderr]    Compiling atty v0.2.14
[INFO] [stderr]    Compiling log v0.4.22
[INFO] [stderr]    Compiling mio v1.0.2
[INFO] [stderr]    Compiling signal-hook-registry v1.4.2
[INFO] [stderr]    Compiling socket2 v0.5.7
[INFO] [stderr]    Compiling env_logger v0.7.1
[INFO] [stderr]    Compiling parking_lot v0.12.3
[INFO] [stderr]    Compiling quote v1.0.37
[INFO] [stderr]    Compiling pretty_env_logger v0.4.0
[INFO] [stderr]    Compiling syn v2.0.86
[INFO] [stderr]    Compiling syn v1.0.109
[INFO] [stderr]    Compiling darling_core v0.13.4
[INFO] [stderr]    Compiling zerocopy-derive v0.7.35
[INFO] [stderr]    Compiling futures-macro v0.3.31
[INFO] [stderr]    Compiling async-trait v0.1.83
[INFO] [stderr]    Compiling tokio-macros v2.4.0
[INFO] [stderr]    Compiling tokio v1.41.0
[INFO] [stderr]    Compiling futures-util v0.3.31
[INFO] [stderr]    Compiling zerocopy v0.7.35
[INFO] [stderr]    Compiling darling_macro v0.13.4
[INFO] [stderr]    Compiling ppv-lite86 v0.2.20
[INFO] [stderr]    Compiling darling v0.13.4
[INFO] [stderr]    Compiling rsip-derives v0.4.0
[INFO] [stderr]    Compiling rand_chacha v0.3.1
[INFO] [stderr]    Compiling rand v0.8.5
[INFO] [stderr]    Compiling testing-utils v0.1.2
[INFO] [stderr]    Compiling rsip v0.4.0
[INFO] [stderr]    Compiling futures-executor v0.3.31
[INFO] [stderr]    Compiling futures v0.3.31
[INFO] [stderr]    Compiling rsip-dns v0.1.4 (/opt/rustwide/workdir)
[INFO] [stdout] warning: unexpected `cfg` condition value: `dns`
[INFO] [stdout]   --> src/resolvables/resolvable_ip_addr.rs:37:17
[INFO] [stdout]    |
[INFO] [stdout] 37 | #[cfg(all(test, feature = "dns", feature = "test-utils"))]
[INFO] [stdout]    |                 ^^^^^^^^^^^^^^^
[INFO] [stdout]    |
[INFO] [stdout]    = note: expected values for `feature` are: `test-utils`, `testing-utils`, `trust-dns`, `trust-dns-proto`, and `trust-dns-resolver`
[INFO] [stdout]    = help: consider adding `dns` as a feature in `Cargo.toml`
[INFO] [stdout]    = note: see <https://doc.rust-lang.org/nightly/rustc/check-cfg/cargo-specifics.html> for more information about checking conditional configuration
[INFO] [stdout]    = note: `#[warn(unexpected_cfgs)]` on by default
[INFO] [stdout] 
[INFO] [stdout] 
[INFO] [stdout] warning: unexpected `cfg` condition value: `dns`
[INFO] [stdout]   --> src/resolvables/resolvable_ip_addr.rs:37:17
[INFO] [stdout]    |
[INFO] [stdout] 37 | #[cfg(all(test, feature = "dns", feature = "test-utils"))]
[INFO] [stdout]    |                 ^^^^^^^^^^^^^^^
[INFO] [stdout]    |
[INFO] [stdout]    = note: expected values for `feature` are: `test-utils`, `testing-utils`, `trust-dns`, `trust-dns-proto`, and `trust-dns-resolver`
[INFO] [stdout]    = help: consider adding `dns` as a feature in `Cargo.toml`
[INFO] [stdout]    = note: see <https://doc.rust-lang.org/nightly/rustc/check-cfg/cargo-specifics.html> for more information about checking conditional configuration
[INFO] [stdout]    = note: `#[warn(unexpected_cfgs)]` on by default
[INFO] [stdout] 
[INFO] [stdout] 
[INFO] [stdout] error[E0432]: unresolved import `testing_utils`
[INFO] [stdout]  --> tests/lookups/domain_with_port.rs:4:5
[INFO] [stdout]   |
[INFO] [stdout] 4 | use testing_utils::Randomize;
[INFO] [stdout]   |     ^^^^^^^^^^^^^ use of undeclared crate or module `testing_utils`
[INFO] [stdout] 
[INFO] [stdout] 
[INFO] [stdout] error[E0432]: unresolved import `testing_utils`
[INFO] [stdout]  --> tests/lookups/domain_with_transport.rs:5:5
[INFO] [stdout]   |
[INFO] [stdout] 5 | use testing_utils::Randomize;
[INFO] [stdout]   |     ^^^^^^^^^^^^^ use of undeclared crate or module `testing_utils`
[INFO] [stdout] 
[INFO] [stdout] 
[INFO] [stdout] error[E0432]: unresolved import `testing_utils`
[INFO] [stdout]  --> tests/lookups/ip_addr.rs:4:5
[INFO] [stdout]   |
[INFO] [stdout] 4 | use testing_utils::Randomize;
[INFO] [stdout]   |     ^^^^^^^^^^^^^ use of undeclared crate or module `testing_utils`
[INFO] [stdout] 
[INFO] [stdout] 
[INFO] [stdout] error[E0432]: unresolved import `testing_utils`
[INFO] [stdout]  --> tests/lookups/just_domain.rs:5:5
[INFO] [stdout]   |
[INFO] [stdout] 5 | use testing_utils::Randomize;
[INFO] [stdout]   |     ^^^^^^^^^^^^^ use of undeclared crate or module `testing_utils`
[INFO] [stdout] 
[INFO] [stdout] 
[INFO] [stdout] error[E0432]: unresolved import `testing_utils`
[INFO] [stdout]   --> tests/resolvables/resolvable_naptr_record.rs:88:9
[INFO] [stdout]    |
[INFO] [stdout] 88 |     use testing_utils::Randomize;
[INFO] [stdout]    |         ^^^^^^^^^^^^^ use of undeclared crate or module `testing_utils`
[INFO] [stdout] 
[INFO] [stdout] 
[INFO] [stdout] error[E0432]: unresolved import `testing_utils`
[INFO] [stdout]    --> tests/resolvables/resolvable_naptr_record.rs:110:9
[INFO] [stdout]     |
[INFO] [stdout] 110 |     use testing_utils::Randomize;
[INFO] [stdout]     |         ^^^^^^^^^^^^^ use of undeclared crate or module `testing_utils`
[INFO] [stdout] 
[INFO] [stdout] 
[INFO] [stdout] error[E0432]: unresolved import `testing_utils`
[INFO] [stdout]    --> tests/resolvables/resolvable_naptr_record.rs:126:9
[INFO] [stdout]     |
[INFO] [stdout] 126 |     use testing_utils::Randomize;
[INFO] [stdout]     |         ^^^^^^^^^^^^^ use of undeclared crate or module `testing_utils`
[INFO] [stdout] 
[INFO] [stdout] 
[INFO] [stdout] error[E0432]: unresolved import `testing_utils`
[INFO] [stdout]   --> tests/resolvables/resolvable_srv_record.rs:65:9
[INFO] [stdout]    |
[INFO] [stdout] 65 |     use testing_utils::Randomize;
[INFO] [stdout]    |         ^^^^^^^^^^^^^ use of undeclared crate or module `testing_utils`
[INFO] [stdout] 
[INFO] [stdout] 
[INFO] [stdout] error[E0432]: unresolved import `testing_utils`
[INFO] [stdout]   --> tests/resolvables/resolvable_srv_record.rs:87:9
[INFO] [stdout]    |
[INFO] [stdout] 87 |     use testing_utils::Randomize;
[INFO] [stdout]    |         ^^^^^^^^^^^^^ use of undeclared crate or module `testing_utils`
[INFO] [stdout] 
[INFO] [stdout] 
[INFO] [stdout] error[E0432]: unresolved import `testing_utils`
[INFO] [stdout]   --> tests/resolvables/resolvable_srv_record.rs:97:9
[INFO] [stdout]    |
[INFO] [stdout] 97 |     use testing_utils::Randomize;
[INFO] [stdout]    |         ^^^^^^^^^^^^^ use of undeclared crate or module `testing_utils`
[INFO] [stdout] 
[INFO] [stdout] 
[INFO] [stdout] error[E0432]: unresolved import `testing_utils`
[INFO] [stdout]  --> tests/resolvables/resolvable_addr_record.rs:7:9
[INFO] [stdout]   |
[INFO] [stdout] 7 |     use testing_utils::Randomize;
[INFO] [stdout]   |         ^^^^^^^^^^^^^ use of undeclared crate or module `testing_utils`
[INFO] [stdout] 
[INFO] [stdout] 
[INFO] [stdout] error[E0432]: unresolved import `testing_utils`
[INFO] [stdout]  --> tests/resolvables/resolvable_ip_addr.rs:5:9
[INFO] [stdout]   |
[INFO] [stdout] 5 |     use testing_utils::Randomize;
[INFO] [stdout]   |         ^^^^^^^^^^^^^ use of undeclared crate or module `testing_utils`
[INFO] [stdout] 
[INFO] [stdout] 
[INFO] [stdout] error[E0433]: failed to resolve: use of undeclared crate or module `testing_utils`
[INFO] [stdout]   --> tests/lookups/domain_with_port.rs:18:18
[INFO] [stdout]    |
[INFO] [stdout] 18 |     let scheme = testing_utils::sample(&[rsip::Scheme::Sip, rsip::Scheme::Sips]);
[INFO] [stdout]    |                  ^^^^^^^^^^^^^ use of undeclared crate or module `testing_utils`
[INFO] [stdout] 
[INFO] [stdout] 
[INFO] [stdout] error[E0599]: no variant or associated item named `random` found for enum `std::net::IpAddr` in the current scope
[INFO] [stdout]  --> tests/lookups/ip_addr.rs:8:32
[INFO] [stdout]   |
[INFO] [stdout] 8 |     let host_ip_addr = IpAddr::random();
[INFO] [stdout]   |                                ^^^^^^ variant or associated item not found in `IpAddr`
[INFO] [stdout]   |
[INFO] [stdout] note: if you're trying to build a new `std::net::IpAddr`, consider using `core::net::parser::<impl std::net::IpAddr>::parse_ascii` which returns `Result<std::net::IpAddr, AddrParseError>`
[INFO] [stdout]  --> /rustc/df4ca44d3fbc9301ee17f30f4d474e6ae4b05252/library/core/src/net/parser.rs:310:5
[INFO] [stdout]   = help: items from traits can only be used if the trait is in scope
[INFO] [stdout] help: trait `Randomize` which provides `random` is implemented but not in scope; perhaps you want to import it
[INFO] [stdout]   |
[INFO] [stdout] 1 + use testing_utils::Randomize;
[INFO] [stdout]   |
[INFO] [stdout] 
[INFO] [stdout] 
[INFO] [stdout] error[E0599]: no function or associated item named `random` found for struct `rsip::Domain` in the current scope
[INFO] [stdout]   --> tests/resolvables/resolvable_addr_record.rs:9:26
[INFO] [stdout]    |
[INFO] [stdout] 9  |     let domain = Domain::random();
[INFO] [stdout]    |                          ^^^^^^ function or associated item not found in `Domain`
[INFO] [stdout]    |
[INFO] [stdout] note: if you're trying to build a new `rsip::Domain`, consider using `rsip::Domain::new` which returns `rsip::Domain`
[INFO] [stdout]   --> /opt/rustwide/cargo-home/registry/src/index.crates.io-6f17d22bba15001f/rsip-0.4.0/src/common/uri/host_with_port/host.rs:37:10
[INFO] [stdout]    |
[INFO] [stdout] 37 | #[derive(NewType, Debug, Eq, Clone)]
[INFO] [stdout]    |          ^^^^^^^
[INFO] [stdout]    = help: items from traits can only be used if the trait is in scope
[INFO] [stdout]    = note: this error originates in the derive macro `NewType` (in Nightly builds, run with -Z macro-backtrace for more info)
[INFO] [stdout] help: trait `Randomize` which provides `random` is implemented but not in scope; perhaps you want to import it
[INFO] [stdout]    |
[INFO] [stdout] 1  + use testing_utils::Randomize;
[INFO] [stdout]    |
[INFO] [stdout] 
[INFO] [stdout] 
[INFO] [stdout] error[E0599]: no function or associated item named `random` found for struct `Port` in the current scope
[INFO] [stdout]   --> tests/resolvables/resolvable_addr_record.rs:19:22
[INFO] [stdout]    |
[INFO] [stdout] 19 |     let port = Port::random();
[INFO] [stdout]    |                      ^^^^^^ function or associated item not found in `Port`
[INFO] [stdout]    |
[INFO] [stdout] note: if you're trying to build a new `Port`, consider using `Port::new` which returns `Port`
[INFO] [stdout]   --> /opt/rustwide/cargo-home/registry/src/index.crates.io-6f17d22bba15001f/rsip-0.4.0/src/common/uri/host_with_port/port.rs:4:10
[INFO] [stdout]    |
[INFO] [stdout] 4  | #[derive(NewType, Debug, PartialEq, Eq, Clone, Copy)]
[INFO] [stdout]    |          ^^^^^^^
[INFO] [stdout]    = help: items from traits can only be used if the trait is in scope
[INFO] [stdout]    = note: this error originates in the derive macro `NewType` (in Nightly builds, run with -Z macro-backtrace for more info)
[INFO] [stdout] help: trait `Randomize` which provides `random` is implemented but not in scope; perhaps you want to import it
[INFO] [stdout]    |
[INFO] [stdout] 1  + use testing_utils::Randomize;
[INFO] [stdout]    |
[INFO] [stdout] 
[INFO] [stdout] 
[INFO] [stdout] error[E0599]: no variant or associated item named `random` found for enum `rsip::Transport` in the current scope
[INFO] [stdout]   --> tests/resolvables/resolvable_addr_record.rs:20:32
[INFO] [stdout]    |
[INFO] [stdout] 20 |     let transport = Transport::random();
[INFO] [stdout]    |                                ^^^^^^ variant or associated item not found in `Transport`
[INFO] [stdout]    |
[INFO] [stdout] note: if you're trying to build a new `rsip::Transport` consider using one of the following associated functions:
[INFO] [stdout]       rsip::Transport::default_secure_protocol
[INFO] [stdout]       rsip::Transport::default_insecure_protocol
[INFO] [stdout]       rsip::Transport::default_secure_transport
[INFO] [stdout]       rsip::Transport::default_insecure_transport
[INFO] [stdout]   --> /opt/rustwide/cargo-home/registry/src/index.crates.io-6f17d22bba15001f/rsip-0.4.0/src/common/transport.rs:43:5
[INFO] [stdout]    |
[INFO] [stdout] 43 |     pub fn default_secure_protocol() -> Self {
[INFO] [stdout]    |     ^^^^^^^^^^^^^^^^^^^^^^^^^^^^^^^^^^^^^^^^
[INFO] [stdout] ...
[INFO] [stdout] 47 |     pub fn default_insecure_protocol() -> Self {
[INFO] [stdout]    |     ^^^^^^^^^^^^^^^^^^^^^^^^^^^^^^^^^^^^^^^^^^
[INFO] [stdout] ...
[INFO] [stdout] 51 |     pub fn default_secure_transport() -> Self {
[INFO] [stdout]    |     ^^^^^^^^^^^^^^^^^^^^^^^^^^^^^^^^^^^^^^^^^
[INFO] [stdout] ...
[INFO] [stdout] 55 |     pub fn default_insecure_transport() -> Self {
[INFO] [stdout]    |     ^^^^^^^^^^^^^^^^^^^^^^^^^^^^^^^^^^^^^^^^^^^
[INFO] [stdout]    = help: items from traits can only be used if the trait is in scope
[INFO] [stdout] help: trait `Randomize` which provides `random` is implemented but not in scope; perhaps you want to import it
[INFO] [stdout]    |
[INFO] [stdout] 1  + use testing_utils::Randomize;
[INFO] [stdout]    |
[INFO] [stdout] 
[INFO] [stdout] 
[INFO] [stdout] Some errors have detailed explanations: E0432, E0433, E0599.
[INFO] [stdout] 
[INFO] [stdout] For more information about an error, try `rustc --explain E0432`.
[INFO] [stdout] 
[INFO] [stderr] error: could not compile `rsip-dns` (test "lib") due to 17 previous errors
[INFO] running `Command { std: "docker" "inspect" "257808c36d01b7a80779dcdbcfce6405790a020eea182767a6f967fb37e86109", kill_on_drop: false }`
[INFO] running `Command { std: "docker" "rm" "-f" "257808c36d01b7a80779dcdbcfce6405790a020eea182767a6f967fb37e86109", kill_on_drop: false }`
[INFO] [stdout] 257808c36d01b7a80779dcdbcfce6405790a020eea182767a6f967fb37e86109
