[INFO] fetching crate rsblkid 0.3.2...
[INFO] testing rsblkid-0.3.2 against nightly-2024-10-28 for randomize-layout
[INFO] extracting crate rsblkid 0.3.2 into /workspace/builds/worker-2-tc1/source
[INFO] validating manifest of crates.io crate rsblkid 0.3.2 on toolchain nightly-2024-10-28
[INFO] running `Command { std: CARGO_HOME="/workspace/cargo-home" RUSTUP_HOME="/workspace/rustup-home" "/workspace/cargo-home/bin/cargo" "+nightly-2024-10-28" "metadata" "--manifest-path" "Cargo.toml" "--no-deps", kill_on_drop: false }`
[INFO] started tweaking crates.io crate rsblkid 0.3.2
[INFO] finished tweaking crates.io crate rsblkid 0.3.2
[INFO] tweaked toml for crates.io crate rsblkid 0.3.2 written to /workspace/builds/worker-2-tc1/source/Cargo.toml
[INFO] running `Command { std: CARGO_HOME="/workspace/cargo-home" RUSTUP_HOME="/workspace/rustup-home" "/workspace/cargo-home/bin/cargo" "+nightly-2024-10-28" "generate-lockfile" "--manifest-path" "Cargo.toml", kill_on_drop: false }`
[INFO] [stderr]     Updating crates.io index
[INFO] [stderr]      Locking 84 packages to latest compatible versions
[INFO] running `Command { std: CARGO_HOME="/workspace/cargo-home" RUSTUP_HOME="/workspace/rustup-home" "/workspace/cargo-home/bin/cargo" "+nightly-2024-10-28" "fetch" "--manifest-path" "Cargo.toml", kill_on_drop: false }`
[INFO] [stderr]  Downloading crates ...
[INFO] [stderr]   Downloaded enum-iterator v2.1.0
[INFO] [stderr]   Downloaded typed-builder-macro v0.20.0
[INFO] [stderr]   Downloaded typed-builder v0.20.0
[INFO] [stderr]   Downloaded rsblkid-sys v0.2.2
[INFO] running `Command { std: "docker" "create" "-v" "/var/lib/crater-agent-workspace/builds/worker-2-tc1/target:/opt/rustwide/target:rw,Z" "-v" "/var/lib/crater-agent-workspace/builds/worker-2-tc1/source:/opt/rustwide/workdir:ro,Z" "-v" "/var/lib/crater-agent-workspace/cargo-home:/opt/rustwide/cargo-home:ro,Z" "-v" "/var/lib/crater-agent-workspace/rustup-home:/opt/rustwide/rustup-home:ro,Z" "-e" "SOURCE_DIR=/opt/rustwide/workdir" "-e" "CARGO_TARGET_DIR=/opt/rustwide/target" "-e" "CARGO_HOME=/opt/rustwide/cargo-home" "-e" "RUSTUP_HOME=/opt/rustwide/rustup-home" "-w" "/opt/rustwide/workdir" "-m" "1610612736" "--user" "0:0" "--network" "none" "ghcr.io/rust-lang/crates-build-env/linux@sha256:4a844ea9eb2546a2d2c7022eacef16ef2e8229c7fbb2c7d4d55a9ceca922f72d" "/opt/rustwide/cargo-home/bin/cargo" "+nightly-2024-10-28" "metadata" "--no-deps" "--format-version=1", kill_on_drop: false }`
[INFO] [stdout] dccf817f28a39b9c08c5c6aec84a90ae3d1a3defa55ce167617bb161283c4289
[INFO] running `Command { std: "docker" "start" "-a" "dccf817f28a39b9c08c5c6aec84a90ae3d1a3defa55ce167617bb161283c4289", kill_on_drop: false }`
[INFO] running `Command { std: "docker" "inspect" "dccf817f28a39b9c08c5c6aec84a90ae3d1a3defa55ce167617bb161283c4289", kill_on_drop: false }`
[INFO] running `Command { std: "docker" "rm" "-f" "dccf817f28a39b9c08c5c6aec84a90ae3d1a3defa55ce167617bb161283c4289", kill_on_drop: false }`
[INFO] [stdout] dccf817f28a39b9c08c5c6aec84a90ae3d1a3defa55ce167617bb161283c4289
[INFO] running `Command { std: "docker" "create" "-v" "/var/lib/crater-agent-workspace/builds/worker-2-tc1/target:/opt/rustwide/target:rw,Z" "-v" "/var/lib/crater-agent-workspace/builds/worker-2-tc1/source:/opt/rustwide/workdir:ro,Z" "-v" "/var/lib/crater-agent-workspace/cargo-home:/opt/rustwide/cargo-home:ro,Z" "-v" "/var/lib/crater-agent-workspace/rustup-home:/opt/rustwide/rustup-home:ro,Z" "-e" "SOURCE_DIR=/opt/rustwide/workdir" "-e" "CARGO_TARGET_DIR=/opt/rustwide/target" "-e" "CARGO_INCREMENTAL=0" "-e" "RUST_BACKTRACE=full" "-e" "RUSTFLAGS=--cap-lints=forbid" "-e" "RUSTDOCFLAGS=--cap-lints=forbid" "-e" "CARGO_HOME=/opt/rustwide/cargo-home" "-e" "RUSTUP_HOME=/opt/rustwide/rustup-home" "-w" "/opt/rustwide/workdir" "-m" "1610612736" "--user" "0:0" "--network" "none" "ghcr.io/rust-lang/crates-build-env/linux@sha256:4a844ea9eb2546a2d2c7022eacef16ef2e8229c7fbb2c7d4d55a9ceca922f72d" "/opt/rustwide/cargo-home/bin/cargo" "+nightly-2024-10-28" "build" "--frozen" "--message-format=json", kill_on_drop: false }`
[INFO] [stdout] 543e9c931bf6045db6b3610dfbf6eb8ebd3f958215b227e895ecf7bdbc60277b
[INFO] running `Command { std: "docker" "start" "-a" "543e9c931bf6045db6b3610dfbf6eb8ebd3f958215b227e895ecf7bdbc60277b", kill_on_drop: false }`
[INFO] [stderr]    Compiling glob v0.3.1
[INFO] [stderr]    Compiling prettyplease v0.2.25
[INFO] [stderr]    Compiling rustix v0.38.38
[INFO] [stderr]    Compiling libc v0.2.161
[INFO] [stderr]    Compiling bitflags v2.6.0
[INFO] [stderr]    Compiling regex-syntax v0.8.5
[INFO] [stderr]    Compiling minimal-lexical v0.2.1
[INFO] [stderr]    Compiling syn v2.0.86
[INFO] [stderr]    Compiling linux-raw-sys v0.4.14
[INFO] [stderr]    Compiling nom v7.1.3
[INFO] [stderr]    Compiling libloading v0.8.5
[INFO] [stderr]    Compiling clang-sys v1.8.1
[INFO] [stderr]    Compiling bindgen v0.66.1
[INFO] [stderr]    Compiling home v0.5.9
[INFO] [stderr]    Compiling either v1.13.0
[INFO] [stderr]    Compiling log v0.4.22
[INFO] [stderr]    Compiling rustc-hash v1.1.0
[INFO] [stderr]    Compiling lazycell v1.3.0
[INFO] [stderr]    Compiling peeking_take_while v0.1.2
[INFO] [stderr]    Compiling equivalent v1.0.1
[INFO] [stderr]    Compiling hashbrown v0.15.0
[INFO] [stderr]    Compiling toml_datetime v0.6.8
[INFO] [stderr]    Compiling winnow v0.6.20
[INFO] [stderr]    Compiling syn v1.0.109
[INFO] [stderr]    Compiling indexmap v2.6.0
[INFO] [stderr]    Compiling thiserror v1.0.66
[INFO] [stderr]    Compiling cexpr v0.6.0
[INFO] [stderr]    Compiling regex-automata v0.4.8
[INFO] [stderr]    Compiling rsblkid v0.3.2 (/opt/rustwide/workdir)
[INFO] [stderr]    Compiling which v4.4.2
[INFO] [stderr]    Compiling toml_edit v0.22.22
[INFO] [stderr]    Compiling base64 v0.13.1
[INFO] [stderr]    Compiling regex v1.11.1
[INFO] [stderr]    Compiling proc-macro-crate v3.2.0
[INFO] [stderr]    Compiling enum-iterator-derive v1.4.0
[INFO] [stderr]    Compiling typed-builder-macro v0.20.0
[INFO] [stderr]    Compiling num_enum_derive v0.7.3
[INFO] [stderr]    Compiling thiserror-impl v1.0.66
[INFO] [stderr]    Compiling embed-doc-image v0.1.4
[INFO] [stderr]    Compiling enum-iterator v2.1.0
[INFO] [stderr]    Compiling num_enum v0.7.3
[INFO] [stderr]    Compiling typed-builder v0.20.0
[INFO] [stderr]    Compiling rsblkid-sys v0.2.2
[INFO] [stdout] error[E0531]: cannot find unit struct, unit variant or constant `BLKID_PROBE_AMBIGUOUS` in crate `libblkid`
[INFO] [stdout]    --> src/probe/probe_struct.rs:531:23
[INFO] [stdout]     |
[INFO] [stdout] 531 |             libblkid::BLKID_PROBE_AMBIGUOUS => {
[INFO] [stdout]     |                       ^^^^^^^^^^^^^^^^^^^^^ not found in `libblkid`
[INFO] [stdout] 
[INFO] [stdout] 
[INFO] [stdout] error[E0531]: cannot find unit struct, unit variant or constant `BLKID_PROBE_ERROR` in crate `libblkid`
[INFO] [stdout]    --> src/probe/probe_struct.rs:536:23
[INFO] [stdout]     |
[INFO] [stdout] 536 |             libblkid::BLKID_PROBE_ERROR => {
[INFO] [stdout]     |                       ^^^^^^^^^^^^^^^^^ not found in `libblkid`
[INFO] [stdout] 
[INFO] [stdout] 
[INFO] [stdout] error[E0531]: cannot find unit struct, unit variant or constant `BLKID_PROBE_OK` in crate `libblkid`
[INFO] [stdout]    --> src/probe/probe_struct.rs:541:23
[INFO] [stdout]     |
[INFO] [stdout] 541 |             libblkid::BLKID_PROBE_OK => {
[INFO] [stdout]     |                       ^^^^^^^^^^^^^^ not found in `libblkid`
[INFO] [stdout] 
[INFO] [stdout] 
[INFO] [stdout] error[E0531]: cannot find unit struct, unit variant or constant `BLKID_PROBE_NONE` in crate `libblkid`
[INFO] [stdout]    --> src/probe/probe_struct.rs:546:23
[INFO] [stdout]     |
[INFO] [stdout] 546 |             libblkid::BLKID_PROBE_NONE => {
[INFO] [stdout]     |                       ^^^^^^^^^^^^^^^^ not found in `libblkid`
[INFO] [stdout] 
[INFO] [stdout] 
[INFO] [stdout] warning: unexpected `cfg` condition name: `v2_39`
[INFO] [stdout]   --> src/probe/fs_property_enum.rs:68:11
[INFO] [stdout]    |
[INFO] [stdout] 68 |     #[cfg(v2_39)]
[INFO] [stdout]    |           ^^^^^
[INFO] [stdout]    |
[INFO] [stdout]    = help: expected names are: `clippy`, `debug_assertions`, `doc`, `docsrs`, `doctest`, `feature`, `fmt_debug`, `miri`, `overflow_checks`, `panic`, `proc_macro`, `relocation_model`, `rustfmt`, `sanitize`, `sanitizer_cfi_generalize_pointers`, `sanitizer_cfi_normalize_integers`, `target_abi`, `target_arch`, `target_endian`, `target_env`, `target_family`, `target_feature`, `target_has_atomic`, `target_has_atomic_equal_alignment`, `target_has_atomic_load_store`, `target_os`, `target_pointer_width`, `target_thread_local`, `target_vendor`, `test`, `ub_checks`, `unix`, and `windows`
[INFO] [stdout]    = help: consider using a Cargo feature instead
[INFO] [stdout]    = help: or consider adding in `Cargo.toml` the `check-cfg` lint config for the lint:
[INFO] [stdout]             [lints.rust]
[INFO] [stdout]             unexpected_cfgs = { level = "warn", check-cfg = ['cfg(v2_39)'] }
[INFO] [stdout]    = help: or consider adding `println!("cargo::rustc-check-cfg=cfg(v2_39)");` to the top of the `build.rs`
[INFO] [stdout]    = note: see <https://doc.rust-lang.org/nightly/rustc/check-cfg/cargo-specifics.html> for more information about checking conditional configuration
[INFO] [stdout]    = note: `#[warn(unexpected_cfgs)]` on by default
[INFO] [stdout] 
[INFO] [stdout] 
[INFO] [stdout] warning: unexpected `cfg` condition name: `v2_39`
[INFO] [stdout]   --> src/probe/fs_property_enum.rs:88:19
[INFO] [stdout]    |
[INFO] [stdout] 88 |             #[cfg(v2_39)]
[INFO] [stdout]    |                   ^^^^^
[INFO] [stdout]    |
[INFO] [stdout]    = help: consider using a Cargo feature instead
[INFO] [stdout]    = help: or consider adding in `Cargo.toml` the `check-cfg` lint config for the lint:
[INFO] [stdout]             [lints.rust]
[INFO] [stdout]             unexpected_cfgs = { level = "warn", check-cfg = ['cfg(v2_39)'] }
[INFO] [stdout]    = help: or consider adding `println!("cargo::rustc-check-cfg=cfg(v2_39)");` to the top of the `build.rs`
[INFO] [stdout]    = note: see <https://doc.rust-lang.org/nightly/rustc/check-cfg/cargo-specifics.html> for more information about checking conditional configuration
[INFO] [stdout] 
[INFO] [stdout] 
[INFO] [stdout] For more information about this error, try `rustc --explain E0531`.
[INFO] [stdout] 
[INFO] [stderr] error: could not compile `rsblkid` (lib) due to 4 previous errors; 2 warnings emitted
[INFO] running `Command { std: "docker" "inspect" "543e9c931bf6045db6b3610dfbf6eb8ebd3f958215b227e895ecf7bdbc60277b", kill_on_drop: false }`
[INFO] running `Command { std: "docker" "rm" "-f" "543e9c931bf6045db6b3610dfbf6eb8ebd3f958215b227e895ecf7bdbc60277b", kill_on_drop: false }`
[INFO] [stdout] 543e9c931bf6045db6b3610dfbf6eb8ebd3f958215b227e895ecf7bdbc60277b
