[INFO] fetching crate rs_hmac 0.1.2...
[INFO] testing rs_hmac-0.1.2 against nightly-2024-10-28 for randomize-layout
[INFO] extracting crate rs_hmac 0.1.2 into /workspace/builds/worker-6-tc1/source
[INFO] validating manifest of crates.io crate rs_hmac 0.1.2 on toolchain nightly-2024-10-28
[INFO] running `Command { std: CARGO_HOME="/workspace/cargo-home" RUSTUP_HOME="/workspace/rustup-home" "/workspace/cargo-home/bin/cargo" "+nightly-2024-10-28" "metadata" "--manifest-path" "Cargo.toml" "--no-deps", kill_on_drop: false }`
[INFO] started tweaking crates.io crate rs_hmac 0.1.2
[INFO] finished tweaking crates.io crate rs_hmac 0.1.2
[INFO] tweaked toml for crates.io crate rs_hmac 0.1.2 written to /workspace/builds/worker-6-tc1/source/Cargo.toml
[INFO] running `Command { std: CARGO_HOME="/workspace/cargo-home" RUSTUP_HOME="/workspace/rustup-home" "/workspace/cargo-home/bin/cargo" "+nightly-2024-10-28" "generate-lockfile" "--manifest-path" "Cargo.toml", kill_on_drop: false }`
[INFO] [stderr]     Updating crates.io index
[INFO] [stderr]      Locking 4 packages to latest compatible versions
[INFO] running `Command { std: CARGO_HOME="/workspace/cargo-home" RUSTUP_HOME="/workspace/rustup-home" "/workspace/cargo-home/bin/cargo" "+nightly-2024-10-28" "fetch" "--manifest-path" "Cargo.toml", kill_on_drop: false }`
[INFO] [stderr]  Downloading crates ...
[INFO] [stderr]   Downloaded rs_hasher_ctx v0.1.3
[INFO] [stderr]   Downloaded rs_internal_hasher v0.1.3
[INFO] [stderr]   Downloaded rs_internal_state v0.1.3
[INFO] [stderr]   Downloaded rs_n_bit_words v0.1.3
[INFO] running `Command { std: "docker" "create" "-v" "/var/lib/crater-agent-workspace/builds/worker-6-tc1/target:/opt/rustwide/target:rw,Z" "-v" "/var/lib/crater-agent-workspace/builds/worker-6-tc1/source:/opt/rustwide/workdir:ro,Z" "-v" "/var/lib/crater-agent-workspace/cargo-home:/opt/rustwide/cargo-home:ro,Z" "-v" "/var/lib/crater-agent-workspace/rustup-home:/opt/rustwide/rustup-home:ro,Z" "-e" "SOURCE_DIR=/opt/rustwide/workdir" "-e" "CARGO_TARGET_DIR=/opt/rustwide/target" "-e" "CARGO_HOME=/opt/rustwide/cargo-home" "-e" "RUSTUP_HOME=/opt/rustwide/rustup-home" "-w" "/opt/rustwide/workdir" "-m" "1610612736" "--user" "0:0" "--network" "none" "ghcr.io/rust-lang/crates-build-env/linux@sha256:4a844ea9eb2546a2d2c7022eacef16ef2e8229c7fbb2c7d4d55a9ceca922f72d" "/opt/rustwide/cargo-home/bin/cargo" "+nightly-2024-10-28" "metadata" "--no-deps" "--format-version=1", kill_on_drop: false }`
[INFO] [stdout] f9c6a4eae0b4f7d617d8905c3a752f759e0270983a5a4d2fe0ffe2405e159412
[INFO] running `Command { std: "docker" "start" "-a" "f9c6a4eae0b4f7d617d8905c3a752f759e0270983a5a4d2fe0ffe2405e159412", kill_on_drop: false }`
[INFO] running `Command { std: "docker" "inspect" "f9c6a4eae0b4f7d617d8905c3a752f759e0270983a5a4d2fe0ffe2405e159412", kill_on_drop: false }`
[INFO] running `Command { std: "docker" "rm" "-f" "f9c6a4eae0b4f7d617d8905c3a752f759e0270983a5a4d2fe0ffe2405e159412", kill_on_drop: false }`
[INFO] [stdout] f9c6a4eae0b4f7d617d8905c3a752f759e0270983a5a4d2fe0ffe2405e159412
[INFO] running `Command { std: "docker" "create" "-v" "/var/lib/crater-agent-workspace/builds/worker-6-tc1/target:/opt/rustwide/target:rw,Z" "-v" "/var/lib/crater-agent-workspace/builds/worker-6-tc1/source:/opt/rustwide/workdir:ro,Z" "-v" "/var/lib/crater-agent-workspace/cargo-home:/opt/rustwide/cargo-home:ro,Z" "-v" "/var/lib/crater-agent-workspace/rustup-home:/opt/rustwide/rustup-home:ro,Z" "-e" "SOURCE_DIR=/opt/rustwide/workdir" "-e" "CARGO_TARGET_DIR=/opt/rustwide/target" "-e" "CARGO_INCREMENTAL=0" "-e" "RUST_BACKTRACE=full" "-e" "RUSTFLAGS=--cap-lints=forbid" "-e" "RUSTDOCFLAGS=--cap-lints=forbid" "-e" "CARGO_HOME=/opt/rustwide/cargo-home" "-e" "RUSTUP_HOME=/opt/rustwide/rustup-home" "-w" "/opt/rustwide/workdir" "-m" "1610612736" "--user" "0:0" "--network" "none" "ghcr.io/rust-lang/crates-build-env/linux@sha256:4a844ea9eb2546a2d2c7022eacef16ef2e8229c7fbb2c7d4d55a9ceca922f72d" "/opt/rustwide/cargo-home/bin/cargo" "+nightly-2024-10-28" "build" "--frozen" "--message-format=json", kill_on_drop: false }`
[INFO] [stdout] cb4f0bf095bf7b1a0bef19ef323c48ef751e7290c51d939b9ad7534463992f43
[INFO] running `Command { std: "docker" "start" "-a" "cb4f0bf095bf7b1a0bef19ef323c48ef751e7290c51d939b9ad7534463992f43", kill_on_drop: false }`
[INFO] [stderr]    Compiling rs_n_bit_words v0.1.3
[INFO] [stderr]    Compiling rs_internal_state v0.1.3
[INFO] [stderr]    Compiling rs_internal_hasher v0.1.3
[INFO] [stderr]    Compiling rs_hasher_ctx v0.1.3
[INFO] [stderr]    Compiling rs_hmac v0.1.2 (/opt/rustwide/workdir)
[INFO] [stderr]     Finished `dev` profile [unoptimized + debuginfo] target(s) in 0.36s
[INFO] running `Command { std: "docker" "inspect" "cb4f0bf095bf7b1a0bef19ef323c48ef751e7290c51d939b9ad7534463992f43", kill_on_drop: false }`
[INFO] running `Command { std: "docker" "rm" "-f" "cb4f0bf095bf7b1a0bef19ef323c48ef751e7290c51d939b9ad7534463992f43", kill_on_drop: false }`
[INFO] [stdout] cb4f0bf095bf7b1a0bef19ef323c48ef751e7290c51d939b9ad7534463992f43
[INFO] running `Command { std: "docker" "create" "-v" "/var/lib/crater-agent-workspace/builds/worker-6-tc1/target:/opt/rustwide/target:rw,Z" "-v" "/var/lib/crater-agent-workspace/builds/worker-6-tc1/source:/opt/rustwide/workdir:ro,Z" "-v" "/var/lib/crater-agent-workspace/cargo-home:/opt/rustwide/cargo-home:ro,Z" "-v" "/var/lib/crater-agent-workspace/rustup-home:/opt/rustwide/rustup-home:ro,Z" "-e" "SOURCE_DIR=/opt/rustwide/workdir" "-e" "CARGO_TARGET_DIR=/opt/rustwide/target" "-e" "CARGO_INCREMENTAL=0" "-e" "RUST_BACKTRACE=full" "-e" "RUSTFLAGS=--cap-lints=forbid" "-e" "RUSTDOCFLAGS=--cap-lints=forbid" "-e" "CARGO_HOME=/opt/rustwide/cargo-home" "-e" "RUSTUP_HOME=/opt/rustwide/rustup-home" "-w" "/opt/rustwide/workdir" "-m" "1610612736" "--user" "0:0" "--network" "none" "ghcr.io/rust-lang/crates-build-env/linux@sha256:4a844ea9eb2546a2d2c7022eacef16ef2e8229c7fbb2c7d4d55a9ceca922f72d" "/opt/rustwide/cargo-home/bin/cargo" "+nightly-2024-10-28" "test" "--frozen" "--no-run" "--message-format=json", kill_on_drop: false }`
[INFO] [stdout] 099288d13304b7564c78fe3dc6d4a08b972740290a4ea2d09fb3427b6d239edd
[INFO] running `Command { std: "docker" "start" "-a" "099288d13304b7564c78fe3dc6d4a08b972740290a4ea2d09fb3427b6d239edd", kill_on_drop: false }`
[INFO] [stderr]    Compiling rs_hmac v0.1.2 (/opt/rustwide/workdir)
[INFO] [stdout] error[E0432]: unresolved import `rs_keccak_nbits`
[INFO] [stdout]  --> tests/hashes_integration.rs:2:5
[INFO] [stdout]   |
[INFO] [stdout] 2 | use rs_keccak_nbits::NBitKeccakState;
[INFO] [stdout]   |     ^^^^^^^^^^^^^^^ use of undeclared crate or module `rs_keccak_nbits`
[INFO] [stdout] 
[INFO] [stdout] 
[INFO] [stdout] error[E0432]: unresolved import `rs_sha1`
[INFO] [stdout]  --> tests/hashes_integration.rs:3:5
[INFO] [stdout]   |
[INFO] [stdout] 3 | use rs_sha1::Sha1State;
[INFO] [stdout]   |     ^^^^^^^ use of undeclared crate or module `rs_sha1`
[INFO] [stdout] 
[INFO] [stdout] 
[INFO] [stdout] error[E0432]: unresolved import `rs_sha224`
[INFO] [stdout]  --> tests/hashes_integration.rs:4:5
[INFO] [stdout]   |
[INFO] [stdout] 4 | use rs_sha224::Sha224State;
[INFO] [stdout]   |     ^^^^^^^^^ use of undeclared crate or module `rs_sha224`
[INFO] [stdout] 
[INFO] [stdout] 
[INFO] [stdout] error[E0432]: unresolved import `rs_sha256`
[INFO] [stdout]  --> tests/hashes_integration.rs:5:5
[INFO] [stdout]   |
[INFO] [stdout] 5 | use rs_sha256::Sha256State;
[INFO] [stdout]   |     ^^^^^^^^^ use of undeclared crate or module `rs_sha256`
[INFO] [stdout] 
[INFO] [stdout] 
[INFO] [stdout] error[E0432]: unresolved import `rs_sha384`
[INFO] [stdout]  --> tests/hashes_integration.rs:6:5
[INFO] [stdout]   |
[INFO] [stdout] 6 | use rs_sha384::Sha384State;
[INFO] [stdout]   |     ^^^^^^^^^ use of undeclared crate or module `rs_sha384`
[INFO] [stdout] 
[INFO] [stdout] 
[INFO] [stdout] error[E0432]: unresolved import `rs_sha3_224`
[INFO] [stdout]  --> tests/hashes_integration.rs:7:5
[INFO] [stdout]   |
[INFO] [stdout] 7 | use rs_sha3_224::Sha3_224State;
[INFO] [stdout]   |     ^^^^^^^^^^^ use of undeclared crate or module `rs_sha3_224`
[INFO] [stdout] 
[INFO] [stdout] 
[INFO] [stdout] error[E0432]: unresolved import `rs_sha3_256`
[INFO] [stdout]  --> tests/hashes_integration.rs:8:5
[INFO] [stdout]   |
[INFO] [stdout] 8 | use rs_sha3_256::Sha3_256State;
[INFO] [stdout]   |     ^^^^^^^^^^^ use of undeclared crate or module `rs_sha3_256`
[INFO] [stdout] 
[INFO] [stdout] 
[INFO] [stdout] error[E0432]: unresolved import `rs_sha3_384`
[INFO] [stdout]  --> tests/hashes_integration.rs:9:5
[INFO] [stdout]   |
[INFO] [stdout] 9 | use rs_sha3_384::Sha3_384State;
[INFO] [stdout]   |     ^^^^^^^^^^^ use of undeclared crate or module `rs_sha3_384`
[INFO] [stdout] 
[INFO] [stdout] 
[INFO] [stdout] error[E0432]: unresolved import `rs_sha3_512`
[INFO] [stdout]   --> tests/hashes_integration.rs:10:5
[INFO] [stdout]    |
[INFO] [stdout] 10 | use rs_sha3_512::Sha3_512State;
[INFO] [stdout]    |     ^^^^^^^^^^^ use of undeclared crate or module `rs_sha3_512`
[INFO] [stdout] 
[INFO] [stdout] 
[INFO] [stdout] error[E0432]: unresolved import `rs_sha512`
[INFO] [stdout]   --> tests/hashes_integration.rs:11:5
[INFO] [stdout]    |
[INFO] [stdout] 11 | use rs_sha512::Sha512State;
[INFO] [stdout]    |     ^^^^^^^^^ use of undeclared crate or module `rs_sha512`
[INFO] [stdout] 
[INFO] [stdout] 
[INFO] [stdout] error[E0432]: unresolved import `rs_shake128`
[INFO] [stdout]   --> tests/hashes_integration.rs:12:5
[INFO] [stdout]    |
[INFO] [stdout] 12 | use rs_shake128::Shake128State;
[INFO] [stdout]    |     ^^^^^^^^^^^ use of undeclared crate or module `rs_shake128`
[INFO] [stdout] 
[INFO] [stdout] 
[INFO] [stdout] error[E0432]: unresolved import `rs_shake256`
[INFO] [stdout]   --> tests/hashes_integration.rs:13:5
[INFO] [stdout]    |
[INFO] [stdout] 13 | use rs_shake256::Shake256State;
[INFO] [stdout]    |     ^^^^^^^^^^^ use of undeclared crate or module `rs_shake256`
[INFO] [stdout] 
[INFO] [stdout] 
[INFO] [stdout] For more information about this error, try `rustc --explain E0432`.
[INFO] [stdout] 
[INFO] [stderr] error: could not compile `rs_hmac` (test "hashes_integration") due to 12 previous errors
[INFO] [stderr] warning: build failed, waiting for other jobs to finish...
[INFO] running `Command { std: "docker" "inspect" "099288d13304b7564c78fe3dc6d4a08b972740290a4ea2d09fb3427b6d239edd", kill_on_drop: false }`
[INFO] running `Command { std: "docker" "rm" "-f" "099288d13304b7564c78fe3dc6d4a08b972740290a4ea2d09fb3427b6d239edd", kill_on_drop: false }`
[INFO] [stdout] 099288d13304b7564c78fe3dc6d4a08b972740290a4ea2d09fb3427b6d239edd
