[INFO] fetching crate rops-cli 0.1.4...
[INFO] testing rops-cli-0.1.4 against nightly-2024-10-28 for randomize-layout
[INFO] extracting crate rops-cli 0.1.4 into /workspace/builds/worker-1-tc1/source
[INFO] validating manifest of crates.io crate rops-cli 0.1.4 on toolchain nightly-2024-10-28
[INFO] running `Command { std: CARGO_HOME="/workspace/cargo-home" RUSTUP_HOME="/workspace/rustup-home" "/workspace/cargo-home/bin/cargo" "+nightly-2024-10-28" "metadata" "--manifest-path" "Cargo.toml" "--no-deps", kill_on_drop: false }`
[INFO] started tweaking crates.io crate rops-cli 0.1.4
[INFO] removed 0 missing tests
[INFO] finished tweaking crates.io crate rops-cli 0.1.4
[INFO] tweaked toml for crates.io crate rops-cli 0.1.4 written to /workspace/builds/worker-1-tc1/source/Cargo.toml
[INFO] crate crates.io crate rops-cli 0.1.4 already has a lockfile, it will not be regenerated
[INFO] running `Command { std: CARGO_HOME="/workspace/cargo-home" RUSTUP_HOME="/workspace/rustup-home" "/workspace/cargo-home/bin/cargo" "+nightly-2024-10-28" "fetch" "--manifest-path" "Cargo.toml", kill_on_drop: false }`
[INFO] [stderr]     Updating crates.io index
[INFO] [stderr]  Downloading crates ...
[INFO] [stderr]   Downloaded rops v0.1.4
[INFO] [stderr]   Downloaded test-binary v3.0.2
[INFO] [stderr]   Downloaded impl-tools-lib v0.10.0
[INFO] [stderr]   Downloaded rust-embed-impl v8.3.0
[INFO] [stderr]   Downloaded rust-embed-utils v8.3.0
[INFO] [stderr]   Downloaded impl-tools v0.10.0
[INFO] [stderr]   Downloaded ctrlc v3.4.4
[INFO] [stderr]   Downloaded i18n-config v0.4.6
[INFO] [stderr]   Downloaded tempfile v3.11.0
[INFO] [stderr]   Downloaded aws-arn v0.3.1
[INFO] [stderr]   Downloaded aws-sigv4 v1.2.3
[INFO] [stderr]   Downloaded regex-lite v0.1.5
[INFO] [stderr]   Downloaded unic-langid-impl v0.9.4
[INFO] [stderr]   Downloaded aws-smithy-types v1.2.2
[INFO] [stderr]   Downloaded aws-smithy-runtime v1.6.3
[INFO] [stderr]   Downloaded scc v2.1.0
[INFO] [stderr]   Downloaded aws-runtime v1.4.0
[INFO] [stderr]   Downloaded aws-smithy-http v0.60.9
[INFO] [stderr]   Downloaded aws-credential-types v1.2.0
[INFO] [stderr]   Downloaded fluent v0.16.0
[INFO] [stderr]   Downloaded unic-langid v0.9.4
[INFO] [stderr]   Downloaded fiat-crypto v0.2.8
[INFO] [stderr]   Downloaded aws-sdk-kms v1.40.0
[INFO] [stderr]   Downloaded rust-embed v8.3.0
[INFO] running `Command { std: "docker" "create" "-v" "/var/lib/crater-agent-workspace/builds/worker-1-tc1/target:/opt/rustwide/target:rw,Z" "-v" "/var/lib/crater-agent-workspace/builds/worker-1-tc1/source:/opt/rustwide/workdir:ro,Z" "-v" "/var/lib/crater-agent-workspace/cargo-home:/opt/rustwide/cargo-home:ro,Z" "-v" "/var/lib/crater-agent-workspace/rustup-home:/opt/rustwide/rustup-home:ro,Z" "-e" "SOURCE_DIR=/opt/rustwide/workdir" "-e" "CARGO_TARGET_DIR=/opt/rustwide/target" "-e" "CARGO_HOME=/opt/rustwide/cargo-home" "-e" "RUSTUP_HOME=/opt/rustwide/rustup-home" "-w" "/opt/rustwide/workdir" "-m" "1610612736" "--user" "0:0" "--network" "none" "ghcr.io/rust-lang/crates-build-env/linux@sha256:4a844ea9eb2546a2d2c7022eacef16ef2e8229c7fbb2c7d4d55a9ceca922f72d" "/opt/rustwide/cargo-home/bin/cargo" "+nightly-2024-10-28" "metadata" "--no-deps" "--format-version=1", kill_on_drop: false }`
[INFO] [stdout] bcbadf35203af5ecd0271740303493619a6e29fd6d5e6667fc4d005786cee7be
[INFO] running `Command { std: "docker" "start" "-a" "bcbadf35203af5ecd0271740303493619a6e29fd6d5e6667fc4d005786cee7be", kill_on_drop: false }`
[INFO] running `Command { std: "docker" "inspect" "bcbadf35203af5ecd0271740303493619a6e29fd6d5e6667fc4d005786cee7be", kill_on_drop: false }`
[INFO] running `Command { std: "docker" "rm" "-f" "bcbadf35203af5ecd0271740303493619a6e29fd6d5e6667fc4d005786cee7be", kill_on_drop: false }`
[INFO] [stdout] bcbadf35203af5ecd0271740303493619a6e29fd6d5e6667fc4d005786cee7be
[INFO] running `Command { std: "docker" "create" "-v" "/var/lib/crater-agent-workspace/builds/worker-1-tc1/target:/opt/rustwide/target:rw,Z" "-v" "/var/lib/crater-agent-workspace/builds/worker-1-tc1/source:/opt/rustwide/workdir:ro,Z" "-v" "/var/lib/crater-agent-workspace/cargo-home:/opt/rustwide/cargo-home:ro,Z" "-v" "/var/lib/crater-agent-workspace/rustup-home:/opt/rustwide/rustup-home:ro,Z" "-e" "SOURCE_DIR=/opt/rustwide/workdir" "-e" "CARGO_TARGET_DIR=/opt/rustwide/target" "-e" "CARGO_INCREMENTAL=0" "-e" "RUST_BACKTRACE=full" "-e" "RUSTFLAGS=--cap-lints=forbid" "-e" "RUSTDOCFLAGS=--cap-lints=forbid" "-e" "CARGO_HOME=/opt/rustwide/cargo-home" "-e" "RUSTUP_HOME=/opt/rustwide/rustup-home" "-w" "/opt/rustwide/workdir" "-m" "1610612736" "--user" "0:0" "--network" "none" "ghcr.io/rust-lang/crates-build-env/linux@sha256:4a844ea9eb2546a2d2c7022eacef16ef2e8229c7fbb2c7d4d55a9ceca922f72d" "/opt/rustwide/cargo-home/bin/cargo" "+nightly-2024-10-28" "build" "--frozen" "--message-format=json", kill_on_drop: false }`
[INFO] [stdout] f62978a14f83649411d3a8d2208582b1dfff01e65c5f591f8f534d3aa38f2719
[INFO] running `Command { std: "docker" "start" "-a" "f62978a14f83649411d3a8d2208582b1dfff01e65c5f591f8f534d3aa38f2719", kill_on_drop: false }`
[INFO] [stderr]    Compiling proc-macro2 v1.0.81
[INFO] [stderr]    Compiling unicode-ident v1.0.12
[INFO] [stderr]    Compiling libc v0.2.159
[INFO] [stderr]    Compiling autocfg v1.2.0
[INFO] [stderr]    Compiling typenum v1.17.0
[INFO] [stderr]    Compiling smallvec v1.13.2
[INFO] [stderr]    Compiling parking_lot_core v0.9.10
[INFO] [stderr]    Compiling pin-project-lite v0.2.14
[INFO] [stderr]    Compiling memchr v2.7.2
[INFO] [stderr]    Compiling serde v1.0.209
[INFO] [stderr]    Compiling cpufeatures v0.2.12
[INFO] [stderr]    Compiling scopeguard v1.2.0
[INFO] [stderr]    Compiling generic-array v0.14.7
[INFO] [stderr]    Compiling futures-core v0.3.30
[INFO] [stderr]    Compiling hashbrown v0.14.5
[INFO] [stderr]    Compiling bytes v1.7.2
[INFO] [stderr]    Compiling equivalent v1.0.1
[INFO] [stderr]    Compiling futures-sink v0.3.30
[INFO] [stderr]    Compiling subtle v2.5.0
[INFO] [stderr]    Compiling once_cell v1.19.0
[INFO] [stderr]    Compiling futures-task v0.3.30
[INFO] [stderr]    Compiling futures-channel v0.3.30
[INFO] [stderr]    Compiling futures-io v0.3.30
[INFO] [stderr]    Compiling ryu v1.0.17
[INFO] [stderr]    Compiling thiserror v1.0.64
[INFO] [stderr]    Compiling tracing-core v0.1.32
[INFO] [stderr]    Compiling semver v1.0.22
[INFO] [stderr]    Compiling same-file v1.0.6
[INFO] [stderr]    Compiling either v1.11.0
[INFO] [stderr]    Compiling powerfmt v0.2.0
[INFO] [stderr]    Compiling lock_api v0.4.12
[INFO] [stderr]    Compiling slab v0.4.9
[INFO] [stderr]    Compiling num-traits v0.2.18
[INFO] [stderr]    Compiling walkdir v2.5.0
[INFO] [stderr]    Compiling deranged v0.3.11
[INFO] [stderr]    Compiling outref v0.5.1
[INFO] [stderr]    Compiling rustc-hash v1.1.0
[INFO] [stderr]    Compiling http v0.2.12
[INFO] [stderr]    Compiling http v1.1.0
[INFO] [stderr]    Compiling num-conv v0.1.0
[INFO] [stderr]    Compiling log v0.4.21
[INFO] [stderr]    Compiling indexmap v2.5.0
[INFO] [stderr]    Compiling time-core v0.1.2
[INFO] [stderr]    Compiling cc v1.0.96
[INFO] [stderr]    Compiling vsimd v0.8.0
[INFO] [stderr]    Compiling rustc_version v0.4.0
[INFO] [stderr]    Compiling quote v1.0.36
[INFO] [stderr]    Compiling type-map v0.4.0
[INFO] [stderr]    Compiling bytes-utils v0.1.4
[INFO] [stderr]    Compiling winnow v0.6.18
[INFO] [stderr]    Compiling self_cell v1.0.3
[INFO] [stderr]    Compiling syn v2.0.60
[INFO] [stderr]    Compiling self_cell v0.10.3
[INFO] [stderr]    Compiling spin v0.9.8
[INFO] [stderr]    Compiling untrusted v0.9.0
[INFO] [stderr]    Compiling proc-macro-error-attr v1.0.4
[INFO] [stderr]    Compiling syn v1.0.109
[INFO] [stderr]    Compiling base64 v0.21.7
[INFO] [stderr]    Compiling opaque-debug v0.3.1
[INFO] [stderr]    Compiling time v0.3.36
[INFO] [stderr]    Compiling proc-macro-error v1.0.4
[INFO] [stderr]    Compiling base64-simd v0.8.0
[INFO] [stderr]    Compiling http-body v0.4.6
[INFO] [stderr]    Compiling httparse v1.8.0
[INFO] [stderr]    Compiling rustls v0.21.12
[INFO] [stderr]    Compiling http-body v1.0.0
[INFO] [stderr]    Compiling percent-encoding v2.3.1
[INFO] [stderr]    Compiling lazy_static v1.4.0
[INFO] [stderr]    Compiling http-body-util v0.1.1
[INFO] [stderr]    Compiling rustls-pemfile v1.0.4
[INFO] [stderr]    Compiling aws-types v1.3.3
[INFO] [stderr]    Compiling num-integer v0.1.46
[INFO] [stderr]    Compiling getrandom v0.2.14
[INFO] [stderr]    Compiling block-buffer v0.10.4
[INFO] [stderr]    Compiling socket2 v0.5.7
[INFO] [stderr]    Compiling mio v1.0.2
[INFO] [stderr]    Compiling signal-hook-registry v1.4.2
[INFO] [stderr]    Compiling rand_core v0.6.4
[INFO] [stderr]    Compiling inout v0.1.3
[INFO] [stderr]    Compiling crypto-common v0.1.6
[INFO] [stderr]    Compiling parking_lot v0.12.2
[INFO] [stderr]    Compiling digest v0.10.7
[INFO] [stderr]    Compiling curve25519-dalek v4.1.3
[INFO] [stderr]    Compiling ring v0.17.8
[INFO] [stderr]    Compiling aho-corasick v1.1.3
[INFO] [stderr]    Compiling universal-hash v0.5.1
[INFO] [stderr]    Compiling aead v0.5.2
[INFO] [stderr]    Compiling sha2 v0.10.8
[INFO] [stderr]    Compiling serde_json v1.0.128
[INFO] [stderr]    Compiling openssl-probe v0.1.5
[INFO] [stderr]    Compiling ppv-lite86 v0.2.17
[INFO] [stderr]    Compiling heck v0.5.0
[INFO] [stderr]    Compiling unsafe-libyaml v0.2.11
[INFO] [stderr]    Compiling hmac v0.12.1
[INFO] [stderr]    Compiling httpdate v1.0.3
[INFO] [stderr]    Compiling fastrand v2.1.0
[INFO] [stderr]    Compiling regex-syntax v0.8.3
[INFO] [stderr]    Compiling bitflags v2.5.0
[INFO] [stderr]    Compiling rust-embed-utils v8.3.0
[INFO] [stderr]    Compiling arc-swap v1.7.1
[INFO] [stderr]    Compiling rustversion v1.0.15
[INFO] [stderr]    Compiling anyhow v1.0.86
[INFO] [stderr]    Compiling rand_chacha v0.3.1
[INFO] [stderr]    Compiling rustls-native-certs v0.6.3
[INFO] [stderr]    Compiling poly1305 v0.8.0
[INFO] [stderr]    Compiling form_urlencoded v1.2.1
[INFO] [stderr]    Compiling minimal-lexical v0.2.1
[INFO] [stderr]    Compiling cfg_aliases v0.1.1
[INFO] [stderr]    Compiling rustix v0.38.34
[INFO] [stderr]    Compiling utf8parse v0.2.1
[INFO] [stderr]    Compiling hex v0.4.3
[INFO] [stderr]    Compiling anstyle-parse v0.2.4
[INFO] [stderr]    Compiling nix v0.28.0
[INFO] [stderr]    Compiling nom v7.1.3
[INFO] [stderr]    Compiling rand v0.8.5
[INFO] [stderr]    Compiling pbkdf2 v0.12.2
[INFO] [stderr]    Compiling hkdf v0.12.4
[INFO] [stderr]    Compiling polyval v0.6.2
[INFO] [stderr]    Compiling dashmap v5.5.3
[INFO] [stderr]    Compiling impl-tools v0.10.0
[INFO] [stderr]    Compiling is_terminal_polyfill v1.70.0
[INFO] [stderr]    Compiling anstyle-query v1.0.3
[INFO] [stderr]    Compiling linux-raw-sys v0.4.13
[INFO] [stderr]    Compiling option-ext v0.2.0
[INFO] [stderr]    Compiling anstyle v1.0.8
[INFO] [stderr]    Compiling colorchoice v1.0.1
[INFO] [stderr]    Compiling uuid v1.8.0
[INFO] [stderr]    Compiling io_tee v0.1.1
[INFO] [stderr]    Compiling dirs-sys v0.4.1
[INFO] [stderr]    Compiling anstream v0.6.14
[INFO] [stderr]    Compiling ghash v0.5.1
[INFO] [stderr]    Compiling iana-time-zone v0.1.60
[INFO] [stderr]    Compiling strsim v0.11.1
[INFO] [stderr]    Compiling bech32 v0.9.1
[INFO] [stderr]    Compiling clap_lex v0.7.0
[INFO] [stderr]    Compiling regex-lite v0.1.5
[INFO] [stderr]    Compiling convert_case v0.4.0
[INFO] [stderr]    Compiling clap_builder v4.5.18
[INFO] [stderr]    Compiling directories v5.0.1
[INFO] [stderr]    Compiling home v0.5.9
[INFO] [stderr]    Compiling unicode-width v0.1.12
[INFO] [stderr]    Compiling base64 v0.22.1
[INFO] [stderr]    Compiling shlex v1.3.0
[INFO] [stderr]    Compiling console v0.15.8
[INFO] [stderr]    Compiling regex-automata v0.4.6
[INFO] [stderr]    Compiling darling_core v0.20.8
[INFO] [stderr]    Compiling impl-tools-lib v0.10.0
[INFO] [stderr]    Compiling ctrlc v3.4.4
[INFO] [stderr]    Compiling serde_derive v1.0.209
[INFO] [stderr]    Compiling zeroize_derive v1.4.2
[INFO] [stderr]    Compiling displaydoc v0.2.4
[INFO] [stderr]    Compiling futures-macro v0.3.30
[INFO] [stderr]    Compiling tokio-macros v2.4.0
[INFO] [stderr]    Compiling tracing-attributes v0.1.27
[INFO] [stderr]    Compiling thiserror-impl v1.0.64
[INFO] [stderr]    Compiling rust-embed-impl v8.3.0
[INFO] [stderr]    Compiling curve25519-dalek-derive v0.1.1
[INFO] [stderr]    Compiling pin-project-internal v1.1.5
[INFO] [stderr]    Compiling zeroize v1.8.1
[INFO] [stderr]    Compiling strum_macros v0.26.4
[INFO] [stderr]    Compiling rust-embed v8.3.0
[INFO] [stderr]    Compiling tinystr v0.7.5
[INFO] [stderr]    Compiling tokio v1.40.0
[INFO] [stderr]    Compiling cipher v0.4.4
[INFO] [stderr]    Compiling unic-langid-impl v0.9.4
[INFO] [stderr]    Compiling futures-util v0.3.30
[INFO] [stderr]    Compiling rustls-webpki v0.101.7
[INFO] [stderr]    Compiling sct v0.7.1
[INFO] [stderr]    Compiling chacha20 v0.9.1
[INFO] [stderr]    Compiling unic-langid v0.9.4
[INFO] [stderr]    Compiling intl-memoizer v0.5.1
[INFO] [stderr]    Compiling fluent-langneg v0.13.0
[INFO] [stderr]    Compiling intl_pluralrules v7.0.2
[INFO] [stderr]    Compiling chacha20poly1305 v0.10.1
[INFO] [stderr]    Compiling salsa20 v0.10.2
[INFO] [stderr]    Compiling fluent-syntax v0.11.0
[INFO] [stderr]    Compiling secrecy v0.8.0
[INFO] [stderr]    Compiling tracing v0.1.40
[INFO] [stderr]    Compiling regex v1.10.6
[INFO] [stderr]    Compiling scrypt v0.11.0
[INFO] [stderr]    Compiling pin-project v1.1.5
[INFO] [stderr]    Compiling fluent-bundle v0.15.2
[INFO] [stderr]    Compiling ctr v0.9.2
[INFO] [stderr]    Compiling aes v0.8.4
[INFO] [stderr]    Compiling derive_more v0.99.18
[INFO] [stderr]    Compiling clap_derive v4.5.18
[INFO] [stderr]    Compiling tempfile v3.11.0
[INFO] [stderr]    Compiling which v6.0.3
[INFO] [stderr]    Compiling darling_macro v0.20.8
[INFO] [stderr]    Compiling fluent v0.16.0
[INFO] [stderr]    Compiling x25519-dalek v2.0.1
[INFO] [stderr]    Compiling aes-gcm v0.10.3
[INFO] [stderr]    Compiling darling v0.20.8
[INFO] [stderr]    Compiling serde_with_macros v3.9.0
[INFO] [stderr]    Compiling strum v0.26.3
[INFO] [stderr]    Compiling clap v4.5.18
[INFO] [stderr]    Compiling futures-executor v0.3.30
[INFO] [stderr]    Compiling futures v0.3.30
[INFO] [stderr]    Compiling cookie-factory v0.3.3
[INFO] [stderr]    Compiling age-core v0.10.0
[INFO] [stderr]    Compiling tokio-util v0.7.10
[INFO] [stderr]    Compiling aws-smithy-async v1.2.1
[INFO] [stderr]    Compiling tokio-rustls v0.24.1
[INFO] [stderr]    Compiling toml_datetime v0.6.8
[INFO] [stderr]    Compiling serde_spanned v0.6.7
[INFO] [stderr]    Compiling chrono v0.4.38
[INFO] [stderr]    Compiling aws-arn v0.3.1
[INFO] [stderr]    Compiling serde_with v3.9.0
[INFO] [stderr]    Compiling serde_regex v1.1.0
[INFO] [stderr]    Compiling toml v0.5.11
[INFO] [stderr]    Compiling serde_yaml v0.9.34+deprecated
[INFO] [stderr]    Compiling aws-smithy-types v1.2.2
[INFO] [stderr]    Compiling toml_edit v0.22.21
[INFO] [stderr]    Compiling h2 v0.3.26
[INFO] [stderr]    Compiling find-crate v0.6.3
[INFO] [stderr]    Compiling aws-smithy-runtime-api v1.7.2
[INFO] [stderr]    Compiling aws-smithy-json v0.60.7
[INFO] [stderr]    Compiling rops v0.1.4
[INFO] [stderr]    Compiling aws-credential-types v1.2.0
[INFO] [stderr]    Compiling aws-smithy-http v0.60.9
[INFO] [stderr]    Compiling aws-sigv4 v1.2.3
[INFO] [stderr]    Compiling toml v0.8.19
[INFO] [stderr]    Compiling i18n-config v0.4.6
[INFO] [stderr]    Compiling aws-runtime v1.4.0
[INFO] [stderr]    Compiling i18n-embed-impl v0.8.3
[INFO] [stderr]    Compiling hyper v0.14.28
[INFO] [stderr]    Compiling i18n-embed v0.14.1
[INFO] [stderr]    Compiling i18n-embed-fl v0.7.0
[INFO] [stderr]    Compiling age v0.10.0
[INFO] [stderr]    Compiling hyper-rustls v0.24.2
[INFO] [stderr]    Compiling aws-smithy-runtime v1.6.3
[INFO] [stderr]    Compiling aws-sdk-kms v1.40.0
[INFO] [stderr]    Compiling rops-cli v0.1.4 (/opt/rustwide/workdir)
[INFO] [stderr]     Finished `dev` profile [unoptimized + debuginfo] target(s) in 38.14s
[INFO] running `Command { std: "docker" "inspect" "f62978a14f83649411d3a8d2208582b1dfff01e65c5f591f8f534d3aa38f2719", kill_on_drop: false }`
[INFO] running `Command { std: "docker" "rm" "-f" "f62978a14f83649411d3a8d2208582b1dfff01e65c5f591f8f534d3aa38f2719", kill_on_drop: false }`
[INFO] [stdout] f62978a14f83649411d3a8d2208582b1dfff01e65c5f591f8f534d3aa38f2719
[INFO] running `Command { std: "docker" "create" "-v" "/var/lib/crater-agent-workspace/builds/worker-1-tc1/target:/opt/rustwide/target:rw,Z" "-v" "/var/lib/crater-agent-workspace/builds/worker-1-tc1/source:/opt/rustwide/workdir:ro,Z" "-v" "/var/lib/crater-agent-workspace/cargo-home:/opt/rustwide/cargo-home:ro,Z" "-v" "/var/lib/crater-agent-workspace/rustup-home:/opt/rustwide/rustup-home:ro,Z" "-e" "SOURCE_DIR=/opt/rustwide/workdir" "-e" "CARGO_TARGET_DIR=/opt/rustwide/target" "-e" "CARGO_INCREMENTAL=0" "-e" "RUST_BACKTRACE=full" "-e" "RUSTFLAGS=--cap-lints=forbid" "-e" "RUSTDOCFLAGS=--cap-lints=forbid" "-e" "CARGO_HOME=/opt/rustwide/cargo-home" "-e" "RUSTUP_HOME=/opt/rustwide/rustup-home" "-w" "/opt/rustwide/workdir" "-m" "1610612736" "--user" "0:0" "--network" "none" "ghcr.io/rust-lang/crates-build-env/linux@sha256:4a844ea9eb2546a2d2c7022eacef16ef2e8229c7fbb2c7d4d55a9ceca922f72d" "/opt/rustwide/cargo-home/bin/cargo" "+nightly-2024-10-28" "test" "--frozen" "--no-run" "--message-format=json", kill_on_drop: false }`
[INFO] [stdout] 7471a324d4193de4298f3c4731902218636e27e1223385d5ad0821b8f4bc953c
[INFO] running `Command { std: "docker" "start" "-a" "7471a324d4193de4298f3c4731902218636e27e1223385d5ad0821b8f4bc953c", kill_on_drop: false }`
[INFO] [stderr]    Compiling serde_json v1.0.128
[INFO] [stderr]    Compiling semver v1.0.22
[INFO] [stderr]    Compiling camino v1.1.6
[INFO] [stderr]    Compiling paste v1.0.14
[INFO] [stderr]    Compiling cargo-platform v0.1.8
[INFO] [stderr]    Compiling sdd v0.2.0
[INFO] [stderr]    Compiling serial_test_derive v3.1.1
[INFO] [stderr]    Compiling diff v0.1.13
[INFO] [stderr]    Compiling pretty_assertions v1.4.0
[INFO] [stderr]    Compiling scc v2.1.0
[INFO] [stderr]    Compiling rops v0.1.4
[INFO] [stderr]    Compiling cargo_metadata v0.15.4
[INFO] [stderr]    Compiling serial_test v3.1.1
[INFO] [stderr]    Compiling test-binary v3.0.2
[INFO] [stderr]    Compiling rops-cli v0.1.4 (/opt/rustwide/workdir)
[INFO] [stdout] error[E0432]: unresolved import `rops::test_utils`
[INFO] [stdout]   --> src/args/encrypt.rs:76:57
[INFO] [stdout]    |
[INFO] [stdout] 76 |     use rops::{file::metadata::PartialEncryptionConfig, test_utils::*};
[INFO] [stdout]    |                                                         ^^^^^^^^^^ could not find `test_utils` in `rops`
[INFO] [stdout] 
[INFO] [stdout] 
[INFO] [stdout] error[E0432]: unresolved import `rops::test_utils`
[INFO] [stdout]   --> src/config/creation_rule.rs:63:15
[INFO] [stdout]    |
[INFO] [stdout] 63 |     use rops::test_utils::*;
[INFO] [stdout]    |               ^^^^^^^^^^ could not find `test_utils` in `rops`
[INFO] [stdout] 
[INFO] [stdout] 
[INFO] [stdout] error[E0432]: unresolved import `rops::test_utils`
[INFO] [stdout]   --> src/integration_keys.rs:83:15
[INFO] [stdout]    |
[INFO] [stdout] 83 |     use rops::test_utils::*;
[INFO] [stdout]    |               ^^^^^^^^^^ could not find `test_utils` in `rops`
[INFO] [stdout] 
[INFO] [stdout] 
[INFO] [stdout] error[E0599]: no function or associated item named `mock` found for struct `args::encrypt::EncryptArgs` in the current scope
[INFO] [stdout]   --> src/args/encrypt.rs:82:47
[INFO] [stdout]    |
[INFO] [stdout] 8  | pub struct EncryptArgs {
[INFO] [stdout]    | ---------------------- function or associated item `mock` not found for this struct
[INFO] [stdout] ...
[INFO] [stdout] 82 |         let mut encrypted_args = EncryptArgs::mock();
[INFO] [stdout]    |                                               ^^^^ function or associated item not found in `EncryptArgs`
[INFO] [stdout] 
[INFO] [stdout] 
[INFO] [stdout] error[E0599]: no function or associated item named `mock_other` found for struct `config::core::Config` in the current scope
[INFO] [stdout]   --> src/args/encrypt.rs:85:34
[INFO] [stdout]    |
[INFO] [stdout] 85 |         let mut config = Config::mock_other();
[INFO] [stdout]    |                                  ^^^^^^^^^^ function or associated item not found in `Config`
[INFO] [stdout]    |
[INFO] [stdout]   ::: src/config/core.rs:9:1
[INFO] [stdout]    |
[INFO] [stdout] 9  | pub struct Config {
[INFO] [stdout]    | ----------------- function or associated item `mock_other` not found for this struct
[INFO] [stdout]    |
[INFO] [stdout] note: if you're trying to build a new `config::core::Config`, consider using `config::core::Config::retrieve` which returns `Result<config::core::Config, anyhow::Error>`
[INFO] [stdout]   --> src/config/core.rs:14:5
[INFO] [stdout]    |
[INFO] [stdout] 14 |     pub fn retrieve(optional_config_path: Option<&Path>) -> anyhow::Result<Self> {
[INFO] [stdout]    |     ^^^^^^^^^^^^^^^^^^^^^^^^^^^^^^^^^^^^^^^^^^^^^^^^^^^^^^^^^^^^^^^^^^^^^^^^^^^^
[INFO] [stdout] 
[INFO] [stdout] 
[INFO] [stdout] error[E0599]: no function or associated item named `mock` found for struct `args::encrypt::EncryptArgs` in the current scope
[INFO] [stdout]   --> src/args/encrypt.rs:93:47
[INFO] [stdout]    |
[INFO] [stdout] 8  | pub struct EncryptArgs {
[INFO] [stdout]    | ---------------------- function or associated item `mock` not found for this struct
[INFO] [stdout] ...
[INFO] [stdout] 93 |         let mut encrypted_args = EncryptArgs::mock();
[INFO] [stdout]    |                                               ^^^^ function or associated item not found in `EncryptArgs`
[INFO] [stdout] 
[INFO] [stdout] 
[INFO] [stdout] error[E0599]: no function or associated item named `mock_other` found for struct `config::core::Config` in the current scope
[INFO] [stdout]   --> src/args/encrypt.rs:95:45
[INFO] [stdout]    |
[INFO] [stdout] 95 |         encrypted_args.merge_config(Config::mock_other());
[INFO] [stdout]    |                                             ^^^^^^^^^^ function or associated item not found in `Config`
[INFO] [stdout]    |
[INFO] [stdout]   ::: src/config/core.rs:9:1
[INFO] [stdout]    |
[INFO] [stdout] 9  | pub struct Config {
[INFO] [stdout]    | ----------------- function or associated item `mock_other` not found for this struct
[INFO] [stdout]    |
[INFO] [stdout] note: if you're trying to build a new `config::core::Config`, consider using `config::core::Config::retrieve` which returns `Result<config::core::Config, anyhow::Error>`
[INFO] [stdout]   --> src/config/core.rs:14:5
[INFO] [stdout]    |
[INFO] [stdout] 14 |     pub fn retrieve(optional_config_path: Option<&Path>) -> anyhow::Result<Self> {
[INFO] [stdout]    |     ^^^^^^^^^^^^^^^^^^^^^^^^^^^^^^^^^^^^^^^^^^^^^^^^^^^^^^^^^^^^^^^^^^^^^^^^^^^^
[INFO] [stdout] 
[INFO] [stdout] 
[INFO] [stdout] error[E0599]: no function or associated item named `mock` found for struct `args::encrypt::EncryptArgs` in the current scope
[INFO] [stdout]    --> src/args/encrypt.rs:101:47
[INFO] [stdout]     |
[INFO] [stdout] 8   | pub struct EncryptArgs {
[INFO] [stdout]     | ---------------------- function or associated item `mock` not found for this struct
[INFO] [stdout] ...
[INFO] [stdout] 101 |         let mut encrypted_args = EncryptArgs::mock();
[INFO] [stdout]     |                                               ^^^^ function or associated item not found in `EncryptArgs`
[INFO] [stdout] 
[INFO] [stdout] 
[INFO] [stdout] error[E0599]: no function or associated item named `mock` found for struct `config::core::Config` in the current scope
[INFO] [stdout]    --> src/args/encrypt.rs:103:45
[INFO] [stdout]     |
[INFO] [stdout] 103 |         encrypted_args.merge_config(Config::mock());
[INFO] [stdout]     |                                             ^^^^ function or associated item not found in `Config`
[INFO] [stdout]     |
[INFO] [stdout]    ::: src/config/core.rs:9:1
[INFO] [stdout]     |
[INFO] [stdout] 9   | pub struct Config {
[INFO] [stdout]     | ----------------- function or associated item `mock` not found for this struct
[INFO] [stdout]     |
[INFO] [stdout] note: if you're trying to build a new `config::core::Config`, consider using `config::core::Config::retrieve` which returns `Result<config::core::Config, anyhow::Error>`
[INFO] [stdout]    --> src/config/core.rs:14:5
[INFO] [stdout]     |
[INFO] [stdout] 14  |     pub fn retrieve(optional_config_path: Option<&Path>) -> anyhow::Result<Self> {
[INFO] [stdout]     |     ^^^^^^^^^^^^^^^^^^^^^^^^^^^^^^^^^^^^^^^^^^^^^^^^^^^^^^^^^^^^^^^^^^^^^^^^^^^^
[INFO] [stdout] 
[INFO] [stdout] 
[INFO] [stdout] error[E0599]: no variant or associated item named `mock` found for enum `rops::file::metadata::PartialEncryptionConfig` in the current scope
[INFO] [stdout]    --> src/args/encrypt.rs:105:38
[INFO] [stdout]     |
[INFO] [stdout] 105 |             PartialEncryptionConfig::mock(),
[INFO] [stdout]     |                                      ^^^^ variant or associated item not found in `PartialEncryptionConfig`
[INFO] [stdout] 
[INFO] [stdout] 
[INFO] [stdout] error[E0599]: no function or associated item named `mock` found for struct `args::encrypt::EncryptArgs` in the current scope
[INFO] [stdout]    --> src/args/encrypt.rs:112:47
[INFO] [stdout]     |
[INFO] [stdout] 8   | pub struct EncryptArgs {
[INFO] [stdout]     | ---------------------- function or associated item `mock` not found for this struct
[INFO] [stdout] ...
[INFO] [stdout] 112 |         let mut encrypted_args = EncryptArgs::mock();
[INFO] [stdout]     |                                               ^^^^ function or associated item not found in `EncryptArgs`
[INFO] [stdout] 
[INFO] [stdout] 
[INFO] [stdout] error[E0599]: no function or associated item named `mock_other` found for struct `config::core::Config` in the current scope
[INFO] [stdout]    --> src/args/encrypt.rs:114:45
[INFO] [stdout]     |
[INFO] [stdout] 114 |         encrypted_args.merge_config(Config::mock_other());
[INFO] [stdout]     |                                             ^^^^^^^^^^ function or associated item not found in `Config`
[INFO] [stdout]     |
[INFO] [stdout]    ::: src/config/core.rs:9:1
[INFO] [stdout]     |
[INFO] [stdout] 9   | pub struct Config {
[INFO] [stdout]     | ----------------- function or associated item `mock_other` not found for this struct
[INFO] [stdout]     |
[INFO] [stdout] note: if you're trying to build a new `config::core::Config`, consider using `config::core::Config::retrieve` which returns `Result<config::core::Config, anyhow::Error>`
[INFO] [stdout]    --> src/config/core.rs:14:5
[INFO] [stdout]     |
[INFO] [stdout] 14  |     pub fn retrieve(optional_config_path: Option<&Path>) -> anyhow::Result<Self> {
[INFO] [stdout]     |     ^^^^^^^^^^^^^^^^^^^^^^^^^^^^^^^^^^^^^^^^^^^^^^^^^^^^^^^^^^^^^^^^^^^^^^^^^^^^
[INFO] [stdout] 
[INFO] [stdout] 
[INFO] [stdout] error[E0599]: no function or associated item named `mock` found for struct `creation_rule::CreationRule` in the current scope
[INFO] [stdout]   --> src/config/creation_rule.rs:69:31
[INFO] [stdout]    |
[INFO] [stdout] 9  | pub struct CreationRule {
[INFO] [stdout]    | ----------------------- function or associated item `mock` not found for this struct
[INFO] [stdout] ...
[INFO] [stdout] 69 |         assert!(CreationRule::mock().implies_metadata(&MockTestUtil::mock()));
[INFO] [stdout]    |                               ^^^^ function or associated item not found in `CreationRule`
[INFO] [stdout] 
[INFO] [stdout] 
[INFO] [stdout] error[E0599]: no function or associated item named `mock_other` found for struct `creation_rule::CreationRule` in the current scope
[INFO] [stdout]   --> src/config/creation_rule.rs:70:32
[INFO] [stdout]    |
[INFO] [stdout] 9  | pub struct CreationRule {
[INFO] [stdout]    | ----------------------- function or associated item `mock_other` not found for this struct
[INFO] [stdout] ...
[INFO] [stdout] 70 |         assert!(!CreationRule::mock_other().implies_metadata(&MockTestUtil::mock()));
[INFO] [stdout]    |                                ^^^^^^^^^^ function or associated item not found in `CreationRule`
[INFO] [stdout] 
[INFO] [stdout] 
[INFO] [stdout] error[E0599]: no function or associated item named `mock` found for struct `integration_keys::IntegrationKeys` in the current scope
[INFO] [stdout]   --> src/integration_keys.rs:89:34
[INFO] [stdout]    |
[INFO] [stdout] 17 | pub struct IntegrationKeys {
[INFO] [stdout]    | -------------------------- function or associated item `mock` not found for this struct
[INFO] [stdout] ...
[INFO] [stdout] 89 |         assert!(IntegrationKeys::mock().implies_integration_metadata(&IntegrationMetadata::mock()));
[INFO] [stdout]    |                                  ^^^^ function or associated item not found in `IntegrationKeys`
[INFO] [stdout] 
[INFO] [stdout] 
[INFO] [stdout] error[E0599]: no function or associated item named `mock` found for struct `rops::file::metadata::integration::IntegrationMetadata` in the current scope
[INFO] [stdout]   --> src/integration_keys.rs:89:92
[INFO] [stdout]    |
[INFO] [stdout] 89 |         assert!(IntegrationKeys::mock().implies_integration_metadata(&IntegrationMetadata::mock()));
[INFO] [stdout]    |                                                                                            ^^^^ function or associated item not found in `IntegrationMetadata`
[INFO] [stdout] 
[INFO] [stdout] 
[INFO] [stdout] error[E0599]: no function or associated item named `mock_other` found for struct `integration_keys::IntegrationKeys` in the current scope
[INFO] [stdout]   --> src/integration_keys.rs:90:35
[INFO] [stdout]    |
[INFO] [stdout] 17 | pub struct IntegrationKeys {
[INFO] [stdout]    | -------------------------- function or associated item `mock_other` not found for this struct
[INFO] [stdout] ...
[INFO] [stdout] 90 |         assert!(!IntegrationKeys::mock_other().implies_integration_metadata(&IntegrationMetadata::mock()));
[INFO] [stdout]    |                                   ^^^^^^^^^^ function or associated item not found in `IntegrationKeys`
[INFO] [stdout] 
[INFO] [stdout] 
[INFO] [stdout] error[E0599]: no function or associated item named `mock` found for struct `rops::file::metadata::integration::IntegrationMetadata` in the current scope
[INFO] [stdout]   --> src/integration_keys.rs:90:99
[INFO] [stdout]    |
[INFO] [stdout] 90 |         assert!(!IntegrationKeys::mock_other().implies_integration_metadata(&IntegrationMetadata::mock()));
[INFO] [stdout]    |                                                                                                   ^^^^ function or associated item not found in `IntegrationMetadata`
[INFO] [stdout] 
[INFO] [stdout] 
[INFO] [stdout] Some errors have detailed explanations: E0432, E0599.
[INFO] [stdout] 
[INFO] [stdout] For more information about an error, try `rustc --explain E0432`.
[INFO] [stdout] 
[INFO] [stderr] error: could not compile `rops-cli` (lib test) due to 18 previous errors
[INFO] [stderr] warning: build failed, waiting for other jobs to finish...
[INFO] running `Command { std: "docker" "inspect" "7471a324d4193de4298f3c4731902218636e27e1223385d5ad0821b8f4bc953c", kill_on_drop: false }`
[INFO] running `Command { std: "docker" "rm" "-f" "7471a324d4193de4298f3c4731902218636e27e1223385d5ad0821b8f4bc953c", kill_on_drop: false }`
[INFO] [stdout] 7471a324d4193de4298f3c4731902218636e27e1223385d5ad0821b8f4bc953c
