[INFO] fetching crate rootasrole-core 3.0.3...
[INFO] testing rootasrole-core-3.0.3 against nightly-2024-10-28 for randomize-layout
[INFO] extracting crate rootasrole-core 3.0.3 into /workspace/builds/worker-3-tc1/source
[INFO] validating manifest of crates.io crate rootasrole-core 3.0.3 on toolchain nightly-2024-10-28
[INFO] running `Command { std: CARGO_HOME="/workspace/cargo-home" RUSTUP_HOME="/workspace/rustup-home" "/workspace/cargo-home/bin/cargo" "+nightly-2024-10-28" "metadata" "--manifest-path" "Cargo.toml" "--no-deps", kill_on_drop: false }`
[INFO] started tweaking crates.io crate rootasrole-core 3.0.3
[INFO] finished tweaking crates.io crate rootasrole-core 3.0.3
[INFO] tweaked toml for crates.io crate rootasrole-core 3.0.3 written to /workspace/builds/worker-3-tc1/source/Cargo.toml
[INFO] running `Command { std: CARGO_HOME="/workspace/cargo-home" RUSTUP_HOME="/workspace/rustup-home" "/workspace/cargo-home/bin/cargo" "+nightly-2024-10-28" "generate-lockfile" "--manifest-path" "Cargo.toml", kill_on_drop: false }`
[INFO] [stderr]     Updating crates.io index
[INFO] [stderr]      Locking 115 packages to latest compatible versions
[INFO] running `Command { std: CARGO_HOME="/workspace/cargo-home" RUSTUP_HOME="/workspace/rustup-home" "/workspace/cargo-home/bin/cargo" "+nightly-2024-10-28" "fetch" "--manifest-path" "Cargo.toml", kill_on_drop: false }`
[INFO] [stderr]  Downloading crates ...
[INFO] [stderr]   Downloaded capctl v0.2.4
[INFO] [stderr]   Downloaded syslog v7.0.0
[INFO] [stderr]   Downloaded pcre2 v0.2.9
[INFO] [stderr]   Downloaded pcre2-sys v0.2.9
[INFO] running `Command { std: "docker" "create" "-v" "/var/lib/crater-agent-workspace/builds/worker-3-tc1/target:/opt/rustwide/target:rw,Z" "-v" "/var/lib/crater-agent-workspace/builds/worker-3-tc1/source:/opt/rustwide/workdir:ro,Z" "-v" "/var/lib/crater-agent-workspace/cargo-home:/opt/rustwide/cargo-home:ro,Z" "-v" "/var/lib/crater-agent-workspace/rustup-home:/opt/rustwide/rustup-home:ro,Z" "-e" "SOURCE_DIR=/opt/rustwide/workdir" "-e" "CARGO_TARGET_DIR=/opt/rustwide/target" "-e" "CARGO_HOME=/opt/rustwide/cargo-home" "-e" "RUSTUP_HOME=/opt/rustwide/rustup-home" "-w" "/opt/rustwide/workdir" "-m" "1610612736" "--user" "0:0" "--network" "none" "ghcr.io/rust-lang/crates-build-env/linux@sha256:4a844ea9eb2546a2d2c7022eacef16ef2e8229c7fbb2c7d4d55a9ceca922f72d" "/opt/rustwide/cargo-home/bin/cargo" "+nightly-2024-10-28" "metadata" "--no-deps" "--format-version=1", kill_on_drop: false }`
[INFO] [stdout] 0d213351dd521c7201120fd714565de2067c1e1bfbd628cd993d7f3d61de6657
[INFO] running `Command { std: "docker" "start" "-a" "0d213351dd521c7201120fd714565de2067c1e1bfbd628cd993d7f3d61de6657", kill_on_drop: false }`
[INFO] running `Command { std: "docker" "inspect" "0d213351dd521c7201120fd714565de2067c1e1bfbd628cd993d7f3d61de6657", kill_on_drop: false }`
[INFO] running `Command { std: "docker" "rm" "-f" "0d213351dd521c7201120fd714565de2067c1e1bfbd628cd993d7f3d61de6657", kill_on_drop: false }`
[INFO] [stdout] 0d213351dd521c7201120fd714565de2067c1e1bfbd628cd993d7f3d61de6657
[INFO] running `Command { std: "docker" "create" "-v" "/var/lib/crater-agent-workspace/builds/worker-3-tc1/target:/opt/rustwide/target:rw,Z" "-v" "/var/lib/crater-agent-workspace/builds/worker-3-tc1/source:/opt/rustwide/workdir:ro,Z" "-v" "/var/lib/crater-agent-workspace/cargo-home:/opt/rustwide/cargo-home:ro,Z" "-v" "/var/lib/crater-agent-workspace/rustup-home:/opt/rustwide/rustup-home:ro,Z" "-e" "SOURCE_DIR=/opt/rustwide/workdir" "-e" "CARGO_TARGET_DIR=/opt/rustwide/target" "-e" "CARGO_INCREMENTAL=0" "-e" "RUST_BACKTRACE=full" "-e" "RUSTFLAGS=--cap-lints=forbid" "-e" "RUSTDOCFLAGS=--cap-lints=forbid" "-e" "CARGO_HOME=/opt/rustwide/cargo-home" "-e" "RUSTUP_HOME=/opt/rustwide/rustup-home" "-w" "/opt/rustwide/workdir" "-m" "1610612736" "--user" "0:0" "--network" "none" "ghcr.io/rust-lang/crates-build-env/linux@sha256:4a844ea9eb2546a2d2c7022eacef16ef2e8229c7fbb2c7d4d55a9ceca922f72d" "/opt/rustwide/cargo-home/bin/cargo" "+nightly-2024-10-28" "build" "--frozen" "--message-format=json", kill_on_drop: false }`
[INFO] [stdout] 69ec8ab560cb296ed2bb84531af36b931f7e784cafc4a64dac4ad20bd977beb1
[INFO] running `Command { std: "docker" "start" "-a" "69ec8ab560cb296ed2bb84531af36b931f7e784cafc4a64dac4ad20bd977beb1", kill_on_drop: false }`
[INFO] [stderr]    Compiling typenum v1.17.0
[INFO] [stderr]    Compiling regex-syntax v0.8.5
[INFO] [stderr]    Compiling generic-array v0.14.7
[INFO] [stderr]    Compiling aho-corasick v1.1.3
[INFO] [stderr]    Compiling serde v1.0.214
[INFO] [stderr]    Compiling rustversion v1.0.18
[INFO] [stderr]    Compiling syn v2.0.86
[INFO] [stderr]    Compiling utf8parse v0.2.2
[INFO] [stderr]    Compiling syn v1.0.109
[INFO] [stderr]    Compiling cfg_aliases v0.2.1
[INFO] [stderr]    Compiling anstyle-parse v0.2.6
[INFO] [stderr]    Compiling nix v0.29.0
[INFO] [stderr]    Compiling anstyle-query v1.1.2
[INFO] [stderr]    Compiling heck v0.5.0
[INFO] [stderr]    Compiling is_terminal_polyfill v1.70.1
[INFO] [stderr]    Compiling colorchoice v1.0.3
[INFO] [stderr]    Compiling semver v1.0.23
[INFO] [stderr]    Compiling anstyle v1.0.10
[INFO] [stderr]    Compiling num_threads v0.1.7
[INFO] [stderr]    Compiling time v0.3.36
[INFO] [stderr]    Compiling anstream v0.6.17
[INFO] [stderr]    Compiling hostname v0.4.0
[INFO] [stderr]    Compiling linked-hash-map v0.5.6
[INFO] [stderr]    Compiling humantime v2.1.0
[INFO] [stderr]    Compiling cpufeatures v0.2.14
[INFO] [stderr]    Compiling regex-automata v0.4.8
[INFO] [stderr]    Compiling block-buffer v0.10.4
[INFO] [stderr]    Compiling crypto-common v0.1.6
[INFO] [stderr]    Compiling digest v0.10.7
[INFO] [stderr]    Compiling sha2 v0.10.8
[INFO] [stderr]    Compiling syslog v7.0.0
[INFO] [stderr]    Compiling capctl v0.2.4
[INFO] [stderr]    Compiling chrono v0.4.38
[INFO] [stderr]    Compiling linked_hash_set v0.1.4
[INFO] [stderr]    Compiling hex v0.4.3
[INFO] [stderr]    Compiling serde_derive v1.0.214
[INFO] [stderr]    Compiling strum_macros v0.26.4
[INFO] [stderr]    Compiling shell-words v1.1.0
[INFO] [stderr]    Compiling regex v1.11.1
[INFO] [stderr]    Compiling env_filter v0.1.2
[INFO] [stderr]    Compiling derivative v2.2.0
[INFO] [stderr]    Compiling env_logger v0.11.5
[INFO] [stderr]    Compiling strum v0.26.3
[INFO] [stderr]    Compiling serde_json v1.0.132
[INFO] [stderr]    Compiling rootasrole-core v3.0.3 (/opt/rustwide/workdir)
[INFO] [stdout] warning: unused variable: `tool`
[INFO] [stdout]    --> src/util.rs:258:17
[INFO] [stdout]     |
[INFO] [stdout] 258 | pub fn subsribe(tool: &str) -> Result<(), Box<dyn Error>> {
[INFO] [stdout]     |                 ^^^^ help: if this is intentional, prefix it with an underscore: `_tool`
[INFO] [stdout]     |
[INFO] [stdout]     = note: `#[warn(unused_variables)]` on by default
[INFO] [stdout] 
[INFO] [stdout] 
[INFO] [stderr]     Finished `dev` profile [unoptimized + debuginfo] target(s) in 16.96s
[INFO] running `Command { std: "docker" "inspect" "69ec8ab560cb296ed2bb84531af36b931f7e784cafc4a64dac4ad20bd977beb1", kill_on_drop: false }`
[INFO] running `Command { std: "docker" "rm" "-f" "69ec8ab560cb296ed2bb84531af36b931f7e784cafc4a64dac4ad20bd977beb1", kill_on_drop: false }`
[INFO] [stdout] 69ec8ab560cb296ed2bb84531af36b931f7e784cafc4a64dac4ad20bd977beb1
[INFO] running `Command { std: "docker" "create" "-v" "/var/lib/crater-agent-workspace/builds/worker-3-tc1/target:/opt/rustwide/target:rw,Z" "-v" "/var/lib/crater-agent-workspace/builds/worker-3-tc1/source:/opt/rustwide/workdir:ro,Z" "-v" "/var/lib/crater-agent-workspace/cargo-home:/opt/rustwide/cargo-home:ro,Z" "-v" "/var/lib/crater-agent-workspace/rustup-home:/opt/rustwide/rustup-home:ro,Z" "-e" "SOURCE_DIR=/opt/rustwide/workdir" "-e" "CARGO_TARGET_DIR=/opt/rustwide/target" "-e" "CARGO_INCREMENTAL=0" "-e" "RUST_BACKTRACE=full" "-e" "RUSTFLAGS=--cap-lints=forbid" "-e" "RUSTDOCFLAGS=--cap-lints=forbid" "-e" "CARGO_HOME=/opt/rustwide/cargo-home" "-e" "RUSTUP_HOME=/opt/rustwide/rustup-home" "-w" "/opt/rustwide/workdir" "-m" "1610612736" "--user" "0:0" "--network" "none" "ghcr.io/rust-lang/crates-build-env/linux@sha256:4a844ea9eb2546a2d2c7022eacef16ef2e8229c7fbb2c7d4d55a9ceca922f72d" "/opt/rustwide/cargo-home/bin/cargo" "+nightly-2024-10-28" "test" "--frozen" "--no-run" "--message-format=json", kill_on_drop: false }`
[INFO] [stdout] dda9a8804b7d46b0b9620ff35e96616969bec148911ee8167f4d6350d97336eb
[INFO] running `Command { std: "docker" "start" "-a" "dda9a8804b7d46b0b9620ff35e96616969bec148911ee8167f4d6350d97336eb", kill_on_drop: false }`
[INFO] [stderr]    Compiling serde v1.0.214
[INFO] [stderr]    Compiling strum_macros v0.26.4
[INFO] [stderr]    Compiling test-log-macros v0.2.16
[INFO] [stderr]    Compiling test-log v0.2.16
[INFO] [stderr]    Compiling strum v0.26.3
[INFO] [stderr]    Compiling serde_json v1.0.132
[INFO] [stderr]    Compiling semver v1.0.23
[INFO] [stderr]    Compiling rootasrole-core v3.0.3 (/opt/rustwide/workdir)
[INFO] [stdout] error[E0425]: cannot find value `PATH_MAX` in this scope
[INFO] [stdout]     --> src/database/options.rs:1442:43
[INFO] [stdout]      |
[INFO] [stdout] 1442 |             String::from_utf8(vec![b'a'; (PATH_MAX + 1).try_into().unwrap()])
[INFO] [stdout]      |                                           ^^^^^^^^ not found in this scope
[INFO] [stdout]      |
[INFO] [stdout] help: consider importing one of these items
[INFO] [stdout]      |
[INFO] [stdout] 1192 +     use libc::PATH_MAX;
[INFO] [stdout]      |
[INFO] [stdout] 1192 +     use nix::unistd::PathconfVar::PATH_MAX;
[INFO] [stdout]      |
[INFO] [stdout] 
[INFO] [stdout] 
[INFO] [stdout] warning: unused import: `nix::unistd::Group`
[INFO] [stdout]     --> src/database/options.rs:1192:9
[INFO] [stdout]      |
[INFO] [stdout] 1192 |     use nix::unistd::Group;
[INFO] [stdout]      |         ^^^^^^^^^^^^^^^^^^
[INFO] [stdout]      |
[INFO] [stdout]      = note: `#[warn(unused_imports)]` on by default
[INFO] [stdout] 
[INFO] [stdout] 
[INFO] [stdout] warning: unused import: `nix::unistd::Pid`
[INFO] [stdout]     --> src/database/options.rs:1193:9
[INFO] [stdout]      |
[INFO] [stdout] 1193 |     use nix::unistd::Pid;
[INFO] [stdout]      |         ^^^^^^^^^^^^^^^^
[INFO] [stdout] 
[INFO] [stdout] 
[INFO] [stdout] warning: unused import: `nix::unistd::User`
[INFO] [stdout]     --> src/database/options.rs:1194:9
[INFO] [stdout]      |
[INFO] [stdout] 1194 |     use nix::unistd::User;
[INFO] [stdout]      |         ^^^^^^^^^^^^^^^^^
[INFO] [stdout] 
[INFO] [stdout] 
[INFO] [stdout] warning: unused variable: `tool`
[INFO] [stdout]    --> src/util.rs:258:17
[INFO] [stdout]     |
[INFO] [stdout] 258 | pub fn subsribe(tool: &str) -> Result<(), Box<dyn Error>> {
[INFO] [stdout]     |                 ^^^^ help: if this is intentional, prefix it with an underscore: `_tool`
[INFO] [stdout]     |
[INFO] [stdout]     = note: `#[warn(unused_variables)]` on by default
[INFO] [stdout] 
[INFO] [stdout] 
[INFO] [stdout] error[E0599]: no method named `calculate_path` found for struct `options::OptStack` in the current scope
[INFO] [stdout]     --> src/database/options.rs:1247:27
[INFO] [stdout]      |
[INFO] [stdout] 546  | pub struct OptStack {
[INFO] [stdout]      | ------------------- method `calculate_path` not found for this struct
[INFO] [stdout] ...
[INFO] [stdout] 1247 |         let res = options.calculate_path();
[INFO] [stdout]      |                           ^^^^^^^^^^^^^^ method not found in `OptStack`
[INFO] [stdout] 
[INFO] [stdout] 
[INFO] [stdout] error[E0599]: no method named `calculate_path` found for struct `options::OptStack` in the current scope
[INFO] [stdout]     --> src/database/options.rs:1271:49
[INFO] [stdout]      |
[INFO] [stdout] 546  | pub struct OptStack {
[INFO] [stdout]      | ------------------- method `calculate_path` not found for this struct
[INFO] [stdout] ...
[INFO] [stdout] 1271 |         let options = OptStack::from_role(role).calculate_path();
[INFO] [stdout]      |                                                 ^^^^^^^^^^^^^^ method not found in `OptStack`
[INFO] [stdout] 
[INFO] [stdout] 
[INFO] [stdout] error[E0599]: no method named `calculate_path` found for struct `options::OptStack` in the current scope
[INFO] [stdout]     --> src/database/options.rs:1292:49
[INFO] [stdout]      |
[INFO] [stdout] 546  | pub struct OptStack {
[INFO] [stdout]      | ------------------- method `calculate_path` not found for this struct
[INFO] [stdout] ...
[INFO] [stdout] 1292 |         let options = OptStack::from_role(role).calculate_path();
[INFO] [stdout]      |                                                 ^^^^^^^^^^^^^^ method not found in `OptStack`
[INFO] [stdout] 
[INFO] [stdout] 
[INFO] [stdout] error[E0425]: cannot find function `tz_is_safe` in this scope
[INFO] [stdout]     --> src/database/options.rs:1437:17
[INFO] [stdout]      |
[INFO] [stdout] 1437 |         assert!(tz_is_safe("America/New_York"));
[INFO] [stdout]      |                 ^^^^^^^^^^ not found in this scope
[INFO] [stdout] 
[INFO] [stdout] 
[INFO] [stdout] error[E0425]: cannot find function `tz_is_safe` in this scope
[INFO] [stdout]     --> src/database/options.rs:1438:18
[INFO] [stdout]      |
[INFO] [stdout] 1438 |         assert!(!tz_is_safe("/America/New_York"));
[INFO] [stdout]      |                  ^^^^^^^^^^ not found in this scope
[INFO] [stdout] 
[INFO] [stdout] 
[INFO] [stdout] error[E0425]: cannot find function `tz_is_safe` in this scope
[INFO] [stdout]     --> src/database/options.rs:1439:18
[INFO] [stdout]      |
[INFO] [stdout] 1439 |         assert!(!tz_is_safe("America/New_York/.."));
[INFO] [stdout]      |                  ^^^^^^^^^^ not found in this scope
[INFO] [stdout] 
[INFO] [stdout] 
[INFO] [stdout] error[E0425]: cannot find function `tz_is_safe` in this scope
[INFO] [stdout]     --> src/database/options.rs:1441:18
[INFO] [stdout]      |
[INFO] [stdout] 1441 |         assert!(!tz_is_safe(
[INFO] [stdout]      |                  ^^^^^^^^^^ not found in this scope
[INFO] [stdout] 
[INFO] [stdout] 
[INFO] [stdout] warning: unused variable: `tool`
[INFO] [stdout]    --> src/util.rs:258:17
[INFO] [stdout]     |
[INFO] [stdout] 258 | pub fn subsribe(tool: &str) -> Result<(), Box<dyn Error>> {
[INFO] [stdout]     |                 ^^^^ help: if this is intentional, prefix it with an underscore: `_tool`
[INFO] [stdout]     |
[INFO] [stdout]     = note: `#[warn(unused_variables)]` on by default
[INFO] [stdout] 
[INFO] [stdout] 
[INFO] [stdout] Some errors have detailed explanations: E0425, E0599.
[INFO] [stdout] 
[INFO] [stdout] For more information about an error, try `rustc --explain E0425`.
[INFO] [stdout] 
[INFO] [stderr] error: could not compile `rootasrole-core` (lib test) due to 8 previous errors; 4 warnings emitted
[INFO] [stderr] warning: build failed, waiting for other jobs to finish...
[INFO] running `Command { std: "docker" "inspect" "dda9a8804b7d46b0b9620ff35e96616969bec148911ee8167f4d6350d97336eb", kill_on_drop: false }`
[INFO] running `Command { std: "docker" "rm" "-f" "dda9a8804b7d46b0b9620ff35e96616969bec148911ee8167f4d6350d97336eb", kill_on_drop: false }`
[INFO] [stdout] dda9a8804b7d46b0b9620ff35e96616969bec148911ee8167f4d6350d97336eb
