[INFO] fetching crate rome_json_formatter 0.0.1...
[INFO] testing rome_json_formatter-0.0.1 against nightly-2024-10-28 for randomize-layout
[INFO] extracting crate rome_json_formatter 0.0.1 into /workspace/builds/worker-4-tc1/source
[INFO] validating manifest of crates.io crate rome_json_formatter 0.0.1 on toolchain nightly-2024-10-28
[INFO] running `Command { std: CARGO_HOME="/workspace/cargo-home" RUSTUP_HOME="/workspace/rustup-home" "/workspace/cargo-home/bin/cargo" "+nightly-2024-10-28" "metadata" "--manifest-path" "Cargo.toml" "--no-deps", kill_on_drop: false }`
[INFO] started tweaking crates.io crate rome_json_formatter 0.0.1
[INFO] finished tweaking crates.io crate rome_json_formatter 0.0.1
[INFO] tweaked toml for crates.io crate rome_json_formatter 0.0.1 written to /workspace/builds/worker-4-tc1/source/Cargo.toml
[INFO] running `Command { std: CARGO_HOME="/workspace/cargo-home" RUSTUP_HOME="/workspace/rustup-home" "/workspace/cargo-home/bin/cargo" "+nightly-2024-10-28" "generate-lockfile" "--manifest-path" "Cargo.toml", kill_on_drop: false }`
[INFO] [stderr]     Updating crates.io index
[INFO] [stderr]      Locking 93 packages to latest compatible versions
[INFO] running `Command { std: CARGO_HOME="/workspace/cargo-home" RUSTUP_HOME="/workspace/rustup-home" "/workspace/cargo-home/bin/cargo" "+nightly-2024-10-28" "fetch" "--manifest-path" "Cargo.toml", kill_on_drop: false }`
[INFO] [stderr]  Downloading crates ...
[INFO] [stderr]   Downloaded rome_json_syntax v0.0.1
[INFO] [stderr]   Downloaded rome_formatter v0.0.1
[INFO] running `Command { std: "docker" "create" "-v" "/var/lib/crater-agent-workspace/builds/worker-4-tc1/target:/opt/rustwide/target:rw,Z" "-v" "/var/lib/crater-agent-workspace/builds/worker-4-tc1/source:/opt/rustwide/workdir:ro,Z" "-v" "/var/lib/crater-agent-workspace/cargo-home:/opt/rustwide/cargo-home:ro,Z" "-v" "/var/lib/crater-agent-workspace/rustup-home:/opt/rustwide/rustup-home:ro,Z" "-e" "SOURCE_DIR=/opt/rustwide/workdir" "-e" "CARGO_TARGET_DIR=/opt/rustwide/target" "-e" "CARGO_HOME=/opt/rustwide/cargo-home" "-e" "RUSTUP_HOME=/opt/rustwide/rustup-home" "-w" "/opt/rustwide/workdir" "-m" "1610612736" "--user" "0:0" "--network" "none" "ghcr.io/rust-lang/crates-build-env/linux@sha256:4a844ea9eb2546a2d2c7022eacef16ef2e8229c7fbb2c7d4d55a9ceca922f72d" "/opt/rustwide/cargo-home/bin/cargo" "+nightly-2024-10-28" "metadata" "--no-deps" "--format-version=1", kill_on_drop: false }`
[INFO] [stdout] 06989a4fddc4dfb36f5565cbf30f7cde0cf01fd88acd7c33aaba8313152c851d
[INFO] running `Command { std: "docker" "start" "-a" "06989a4fddc4dfb36f5565cbf30f7cde0cf01fd88acd7c33aaba8313152c851d", kill_on_drop: false }`
[INFO] running `Command { std: "docker" "inspect" "06989a4fddc4dfb36f5565cbf30f7cde0cf01fd88acd7c33aaba8313152c851d", kill_on_drop: false }`
[INFO] running `Command { std: "docker" "rm" "-f" "06989a4fddc4dfb36f5565cbf30f7cde0cf01fd88acd7c33aaba8313152c851d", kill_on_drop: false }`
[INFO] [stdout] 06989a4fddc4dfb36f5565cbf30f7cde0cf01fd88acd7c33aaba8313152c851d
[INFO] running `Command { std: "docker" "create" "-v" "/var/lib/crater-agent-workspace/builds/worker-4-tc1/target:/opt/rustwide/target:rw,Z" "-v" "/var/lib/crater-agent-workspace/builds/worker-4-tc1/source:/opt/rustwide/workdir:ro,Z" "-v" "/var/lib/crater-agent-workspace/cargo-home:/opt/rustwide/cargo-home:ro,Z" "-v" "/var/lib/crater-agent-workspace/rustup-home:/opt/rustwide/rustup-home:ro,Z" "-e" "SOURCE_DIR=/opt/rustwide/workdir" "-e" "CARGO_TARGET_DIR=/opt/rustwide/target" "-e" "CARGO_INCREMENTAL=0" "-e" "RUST_BACKTRACE=full" "-e" "RUSTFLAGS=--cap-lints=forbid" "-e" "RUSTDOCFLAGS=--cap-lints=forbid" "-e" "CARGO_HOME=/opt/rustwide/cargo-home" "-e" "RUSTUP_HOME=/opt/rustwide/rustup-home" "-w" "/opt/rustwide/workdir" "-m" "1610612736" "--user" "0:0" "--network" "none" "ghcr.io/rust-lang/crates-build-env/linux@sha256:4a844ea9eb2546a2d2c7022eacef16ef2e8229c7fbb2c7d4d55a9ceca922f72d" "/opt/rustwide/cargo-home/bin/cargo" "+nightly-2024-10-28" "build" "--frozen" "--message-format=json", kill_on_drop: false }`
[INFO] [stdout] 1d21a57d370e3fa8604e84ed3c3ba63fd644f529c90970082bb6b36e93a2c4ef
[INFO] running `Command { std: "docker" "start" "-a" "1d21a57d370e3fa8604e84ed3c3ba63fd644f529c90970082bb6b36e93a2c4ef", kill_on_drop: false }`
[INFO] [stderr]    Compiling serde v1.0.214
[INFO] [stderr]    Compiling memchr v2.7.4
[INFO] [stderr]    Compiling proc-macro-error-attr v1.0.4
[INFO] [stderr]    Compiling proc-macro-error v1.0.4
[INFO] [stderr]    Compiling libc v0.2.161
[INFO] [stderr]    Compiling memoffset v0.8.0
[INFO] [stderr]    Compiling serde_json v1.0.132
[INFO] [stderr]    Compiling unicode-segmentation v1.12.0
[INFO] [stderr]    Compiling syn v1.0.109
[INFO] [stderr]    Compiling hashbrown v0.12.3
[INFO] [stderr]    Compiling schemars v0.8.21
[INFO] [stderr]    Compiling tracing-core v0.1.32
[INFO] [stderr]    Compiling dyn-clone v1.0.17
[INFO] [stderr]    Compiling adler2 v2.0.0
[INFO] [stderr]    Compiling countme v3.0.1
[INFO] [stderr]    Compiling syn v2.0.86
[INFO] [stderr]    Compiling rome_diagnostics_categories v0.0.1
[INFO] [stderr]    Compiling gimli v0.31.1
[INFO] [stderr]    Compiling rustc-hash v1.1.0
[INFO] [stderr]    Compiling miniz_oxide v0.8.0
[INFO] [stderr]    Compiling indexmap v1.9.3
[INFO] [stderr]    Compiling unicode-width v0.1.14
[INFO] [stderr]    Compiling rustc-demangle v0.1.24
[INFO] [stderr]    Compiling termcolor v1.4.1
[INFO] [stderr]    Compiling bitflags v1.3.2
[INFO] [stderr]    Compiling pico-args v0.5.0
[INFO] [stderr]    Compiling similar v2.6.0
[INFO] [stderr]    Compiling tracing v0.1.40
[INFO] [stderr]    Compiling object v0.36.5
[INFO] [stderr]    Compiling drop_bomb v0.1.5
[INFO] [stderr]    Compiling rome_markup v0.0.1
[INFO] [stderr]    Compiling atty v0.2.14
[INFO] [stderr]    Compiling serde_derive_internals v0.29.1
[INFO] [stderr]    Compiling rome_diagnostics_macros v0.0.1
[INFO] [stderr]    Compiling serde_derive v1.0.214
[INFO] [stderr]    Compiling addr2line v0.24.2
[INFO] [stderr]    Compiling schemars_derive v0.8.21
[INFO] [stderr]    Compiling backtrace v0.3.74
[INFO] [stderr]    Compiling rome_text_size v0.0.1
[INFO] [stderr]    Compiling rome_text_edit v0.0.1
[INFO] [stderr]    Compiling rome_rowan v0.0.1
[INFO] [stderr]    Compiling rome_json_syntax v0.0.1
[INFO] [stderr]    Compiling rome_console v0.0.1
[INFO] [stderr]    Compiling rome_diagnostics v0.0.1
[INFO] [stderr]    Compiling rome_formatter v0.0.1
[INFO] [stderr]    Compiling rome_json_formatter v0.0.1 (/opt/rustwide/workdir)
[INFO] [stdout] warning: trait `IntoFormat` is never used
[INFO] [stdout]   --> src/lib.rs:78:18
[INFO] [stdout]    |
[INFO] [stdout] 78 | pub(crate) trait IntoFormat<Context> {
[INFO] [stdout]    |                  ^^^^^^^^^^
[INFO] [stdout]    |
[INFO] [stdout]    = note: `#[warn(dead_code)]` on by default
[INFO] [stdout] 
[INFO] [stdout] 
[INFO] [stdout] warning: trait `FormattedIterExt` is never used
[INFO] [stdout]    --> src/lib.rs:110:18
[INFO] [stdout]     |
[INFO] [stdout] 110 | pub(crate) trait FormattedIterExt {
[INFO] [stdout]     |                  ^^^^^^^^^^^^^^^^
[INFO] [stdout] 
[INFO] [stdout] 
[INFO] [stdout] warning: struct `FormattedIter` is never constructed
[INFO] [stdout]    --> src/lib.rs:126:19
[INFO] [stdout]     |
[INFO] [stdout] 126 | pub(crate) struct FormattedIter<Iter, Item, Context>
[INFO] [stdout]     |                   ^^^^^^^^^^^^^
[INFO] [stdout] 
[INFO] [stdout] 
[INFO] [stderr]     Finished `dev` profile [unoptimized + debuginfo] target(s) in 9.68s
[INFO] running `Command { std: "docker" "inspect" "1d21a57d370e3fa8604e84ed3c3ba63fd644f529c90970082bb6b36e93a2c4ef", kill_on_drop: false }`
[INFO] running `Command { std: "docker" "rm" "-f" "1d21a57d370e3fa8604e84ed3c3ba63fd644f529c90970082bb6b36e93a2c4ef", kill_on_drop: false }`
[INFO] [stdout] 1d21a57d370e3fa8604e84ed3c3ba63fd644f529c90970082bb6b36e93a2c4ef
[INFO] running `Command { std: "docker" "create" "-v" "/var/lib/crater-agent-workspace/builds/worker-4-tc1/target:/opt/rustwide/target:rw,Z" "-v" "/var/lib/crater-agent-workspace/builds/worker-4-tc1/source:/opt/rustwide/workdir:ro,Z" "-v" "/var/lib/crater-agent-workspace/cargo-home:/opt/rustwide/cargo-home:ro,Z" "-v" "/var/lib/crater-agent-workspace/rustup-home:/opt/rustwide/rustup-home:ro,Z" "-e" "SOURCE_DIR=/opt/rustwide/workdir" "-e" "CARGO_TARGET_DIR=/opt/rustwide/target" "-e" "CARGO_INCREMENTAL=0" "-e" "RUST_BACKTRACE=full" "-e" "RUSTFLAGS=--cap-lints=forbid" "-e" "RUSTDOCFLAGS=--cap-lints=forbid" "-e" "CARGO_HOME=/opt/rustwide/cargo-home" "-e" "RUSTUP_HOME=/opt/rustwide/rustup-home" "-w" "/opt/rustwide/workdir" "-m" "1610612736" "--user" "0:0" "--network" "none" "ghcr.io/rust-lang/crates-build-env/linux@sha256:4a844ea9eb2546a2d2c7022eacef16ef2e8229c7fbb2c7d4d55a9ceca922f72d" "/opt/rustwide/cargo-home/bin/cargo" "+nightly-2024-10-28" "test" "--frozen" "--no-run" "--message-format=json", kill_on_drop: false }`
[INFO] [stdout] 07ea851bf20d39f9f4ff419afc3dc62315f4de52a49095cfd70d54c6cccacc36
[INFO] running `Command { std: "docker" "start" "-a" "07ea851bf20d39f9f4ff419afc3dc62315f4de52a49095cfd70d54c6cccacc36", kill_on_drop: false }`
[INFO] [stderr]    Compiling libc v0.2.161
[INFO] [stderr]    Compiling smallvec v1.13.2
[INFO] [stderr]    Compiling hashbrown v0.14.5
[INFO] [stderr]    Compiling similar v2.6.0
[INFO] [stderr]    Compiling aho-corasick v1.1.3
[INFO] [stderr]    Compiling regex-syntax v0.8.5
[INFO] [stderr]    Compiling bstr v1.10.0
[INFO] [stderr]    Compiling lazy_static v1.5.0
[INFO] [stderr]    Compiling same-file v1.0.6
[INFO] [stderr]    Compiling log v0.4.22
[INFO] [stderr]    Compiling linked-hash-map v0.5.6
[INFO] [stderr]    Compiling walkdir v2.5.0
[INFO] [stderr]    Compiling rome_text_edit v0.0.1
[INFO] [stderr]    Compiling parking_lot_core v0.9.10
[INFO] [stderr]    Compiling atty v0.2.14
[INFO] [stderr]    Compiling backtrace v0.3.74
[INFO] [stderr]    Compiling console v0.15.8
[INFO] [stderr]    Compiling rome_console v0.0.1
[INFO] [stderr]    Compiling dashmap v5.5.3
[INFO] [stderr]    Compiling regex-automata v0.4.8
[INFO] [stderr]    Compiling countme v3.0.1
[INFO] [stderr]    Compiling rome_rowan v0.0.1
[INFO] [stderr]    Compiling rome_diagnostics v0.0.1
[INFO] [stderr]    Compiling rome_json_syntax v0.0.1
[INFO] [stderr]    Compiling globset v0.4.15
[INFO] [stderr]    Compiling rome_formatter v0.0.1
[INFO] [stderr]    Compiling rome_parser v0.0.1
[INFO] [stderr]    Compiling insta v1.41.1
[INFO] [stderr]    Compiling rome_json_formatter v0.0.1 (/opt/rustwide/workdir)
[INFO] [stdout] warning: trait `IntoFormat` is never used
[INFO] [stdout]   --> src/lib.rs:78:18
[INFO] [stdout]    |
[INFO] [stdout] 78 | pub(crate) trait IntoFormat<Context> {
[INFO] [stdout]    |                  ^^^^^^^^^^
[INFO] [stdout]    |
[INFO] [stdout]    = note: `#[warn(dead_code)]` on by default
[INFO] [stdout] 
[INFO] [stdout] 
[INFO] [stdout] warning: trait `FormattedIterExt` is never used
[INFO] [stdout]    --> src/lib.rs:110:18
[INFO] [stdout]     |
[INFO] [stdout] 110 | pub(crate) trait FormattedIterExt {
[INFO] [stdout]     |                  ^^^^^^^^^^^^^^^^
[INFO] [stdout] 
[INFO] [stdout] 
[INFO] [stdout] warning: struct `FormattedIter` is never constructed
[INFO] [stdout]    --> src/lib.rs:126:19
[INFO] [stdout]     |
[INFO] [stdout] 126 | pub(crate) struct FormattedIter<Iter, Item, Context>
[INFO] [stdout]     |                   ^^^^^^^^^^^^^
[INFO] [stdout] 
[INFO] [stdout] 
[INFO] [stdout] error[E0432]: unresolved import `rome_formatter_test`
[INFO] [stdout]  --> tests/language.rs:2:5
[INFO] [stdout]   |
[INFO] [stdout] 2 | use rome_formatter_test::TestFormatLanguage;
[INFO] [stdout]   |     ^^^^^^^^^^^^^^^^^^^ use of undeclared crate or module `rome_formatter_test`
[INFO] [stdout]   |
[INFO] [stdout] help: there is a crate or module with a similar name
[INFO] [stdout]   |
[INFO] [stdout] 2 | use rome_formatter::TestFormatLanguage;
[INFO] [stdout]   |     ~~~~~~~~~~~~~~
[INFO] [stdout] 
[INFO] [stdout] 
[INFO] [stdout] error[E0432]: unresolved import `rome_json_parser`
[INFO] [stdout]  --> tests/language.rs:5:5
[INFO] [stdout]   |
[INFO] [stdout] 5 | use rome_json_parser::parse_json;
[INFO] [stdout]   |     ^^^^^^^^^^^^^^^^ use of undeclared crate or module `rome_json_parser`
[INFO] [stdout]   |
[INFO] [stdout] help: there is a crate or module with a similar name
[INFO] [stdout]   |
[INFO] [stdout] 5 | use rome_parser::parse_json;
[INFO] [stdout]   |     ~~~~~~~~~~~
[INFO] [stdout] 
[INFO] [stdout] 
[INFO] [stdout] error[E0433]: failed to resolve: use of undeclared crate or module `rome_formatter_test`
[INFO] [stdout]  --> tests/spec_test.rs:1:5
[INFO] [stdout]   |
[INFO] [stdout] 1 | use rome_formatter_test::spec::{SpecSnapshot, SpecTestFile};
[INFO] [stdout]   |     ^^^^^^^^^^^^^^^^^^^ use of undeclared crate or module `rome_formatter_test`
[INFO] [stdout]   |
[INFO] [stdout] help: there is a crate or module with a similar name
[INFO] [stdout]   |
[INFO] [stdout] 1 | use rome_formatter::spec::{SpecSnapshot, SpecTestFile};
[INFO] [stdout]   |     ~~~~~~~~~~~~~~
[INFO] [stdout] 
[INFO] [stdout] 
[INFO] [stdout] error[E0433]: failed to resolve: use of undeclared crate or module `rome_formatter_test`
[INFO] [stdout]  --> tests/quick_test.rs:1:5
[INFO] [stdout]   |
[INFO] [stdout] 1 | use rome_formatter_test::check_reformat::CheckReformat;
[INFO] [stdout]   |     ^^^^^^^^^^^^^^^^^^^ use of undeclared crate or module `rome_formatter_test`
[INFO] [stdout]   |
[INFO] [stdout] help: there is a crate or module with a similar name
[INFO] [stdout]   |
[INFO] [stdout] 1 | use rome_formatter::check_reformat::CheckReformat;
[INFO] [stdout]   |     ~~~~~~~~~~~~~~
[INFO] [stdout] 
[INFO] [stdout] 
[INFO] [stdout] error[E0432]: unresolved import `rome_formatter_test`
[INFO] [stdout]  --> tests/language.rs:2:5
[INFO] [stdout]   |
[INFO] [stdout] 2 | use rome_formatter_test::TestFormatLanguage;
[INFO] [stdout]   |     ^^^^^^^^^^^^^^^^^^^ use of undeclared crate or module `rome_formatter_test`
[INFO] [stdout]   |
[INFO] [stdout] help: there is a crate or module with a similar name
[INFO] [stdout]   |
[INFO] [stdout] 2 | use rome_formatter::TestFormatLanguage;
[INFO] [stdout]   |     ~~~~~~~~~~~~~~
[INFO] [stdout] 
[INFO] [stdout] 
[INFO] [stdout] error[E0432]: unresolved import `rome_json_parser`
[INFO] [stdout]  --> tests/language.rs:5:5
[INFO] [stdout]   |
[INFO] [stdout] 5 | use rome_json_parser::parse_json;
[INFO] [stdout]   |     ^^^^^^^^^^^^^^^^ use of undeclared crate or module `rome_json_parser`
[INFO] [stdout]   |
[INFO] [stdout] help: there is a crate or module with a similar name
[INFO] [stdout]   |
[INFO] [stdout] 5 | use rome_parser::parse_json;
[INFO] [stdout]   |     ~~~~~~~~~~~
[INFO] [stdout] 
[INFO] [stdout] 
[INFO] [stdout] error[E0432]: unresolved import `rome_json_parser`
[INFO] [stdout]  --> tests/quick_test.rs:4:5
[INFO] [stdout]   |
[INFO] [stdout] 4 | use rome_json_parser::parse_json;
[INFO] [stdout]   |     ^^^^^^^^^^^^^^^^ use of undeclared crate or module `rome_json_parser`
[INFO] [stdout]   |
[INFO] [stdout] help: there is a crate or module with a similar name
[INFO] [stdout]   |
[INFO] [stdout] 4 | use rome_parser::parse_json;
[INFO] [stdout]   |     ~~~~~~~~~~~
[INFO] [stdout] 
[INFO] [stdout] 
[INFO] [stdout] error[E0432]: unresolved import `rome_formatter_test`
[INFO] [stdout]  --> tests/language.rs:2:5
[INFO] [stdout]   |
[INFO] [stdout] 2 | use rome_formatter_test::TestFormatLanguage;
[INFO] [stdout]   |     ^^^^^^^^^^^^^^^^^^^ use of undeclared crate or module `rome_formatter_test`
[INFO] [stdout]   |
[INFO] [stdout] help: there is a crate or module with a similar name
[INFO] [stdout]   |
[INFO] [stdout] 2 | use rome_formatter::TestFormatLanguage;
[INFO] [stdout]   |     ~~~~~~~~~~~~~~
[INFO] [stdout] 
[INFO] [stdout] 
[INFO] [stdout] error[E0432]: unresolved import `rome_json_parser`
[INFO] [stdout]  --> tests/language.rs:5:5
[INFO] [stdout]   |
[INFO] [stdout] 5 | use rome_json_parser::parse_json;
[INFO] [stdout]   |     ^^^^^^^^^^^^^^^^ use of undeclared crate or module `rome_json_parser`
[INFO] [stdout]   |
[INFO] [stdout] help: there is a crate or module with a similar name
[INFO] [stdout]   |
[INFO] [stdout] 5 | use rome_parser::parse_json;
[INFO] [stdout]   |     ~~~~~~~~~~~
[INFO] [stdout] 
[INFO] [stdout] 
[INFO] [stdout] error[E0433]: failed to resolve: use of undeclared crate or module `rome_formatter_test`
[INFO] [stdout]  --> tests/spec_test.rs:1:5
[INFO] [stdout]   |
[INFO] [stdout] 1 | use rome_formatter_test::spec::{SpecSnapshot, SpecTestFile};
[INFO] [stdout]   |     ^^^^^^^^^^^^^^^^^^^ use of undeclared crate or module `rome_formatter_test`
[INFO] [stdout]   |
[INFO] [stdout] help: there is a crate or module with a similar name
[INFO] [stdout]   |
[INFO] [stdout] 1 | use rome_formatter::spec::{SpecSnapshot, SpecTestFile};
[INFO] [stdout]   |     ~~~~~~~~~~~~~~
[INFO] [stdout] 
[INFO] [stdout] 
[INFO] [stdout] error[E0433]: failed to resolve: use of undeclared crate or module `rome_formatter_test`
[INFO] [stdout]  --> tests/quick_test.rs:1:5
[INFO] [stdout]   |
[INFO] [stdout] 1 | use rome_formatter_test::check_reformat::CheckReformat;
[INFO] [stdout]   |     ^^^^^^^^^^^^^^^^^^^ use of undeclared crate or module `rome_formatter_test`
[INFO] [stdout]   |
[INFO] [stdout] help: there is a crate or module with a similar name
[INFO] [stdout]   |
[INFO] [stdout] 1 | use rome_formatter::check_reformat::CheckReformat;
[INFO] [stdout]   |     ~~~~~~~~~~~~~~
[INFO] [stdout] 
[INFO] [stdout] 
[INFO] [stdout] error[E0432]: unresolved import `rome_json_parser`
[INFO] [stdout]  --> tests/quick_test.rs:4:5
[INFO] [stdout]   |
[INFO] [stdout] 4 | use rome_json_parser::parse_json;
[INFO] [stdout]   |     ^^^^^^^^^^^^^^^^ use of undeclared crate or module `rome_json_parser`
[INFO] [stdout]   |
[INFO] [stdout] help: there is a crate or module with a similar name
[INFO] [stdout]   |
[INFO] [stdout] 4 | use rome_parser::parse_json;
[INFO] [stdout]   |     ~~~~~~~~~~~
[INFO] [stdout] 
[INFO] [stdout] 
[INFO] [stdout] error[E0432]: unresolved import `rome_formatter_test`
[INFO] [stdout]  --> tests/language.rs:2:5
[INFO] [stdout]   |
[INFO] [stdout] 2 | use rome_formatter_test::TestFormatLanguage;
[INFO] [stdout]   |     ^^^^^^^^^^^^^^^^^^^ use of undeclared crate or module `rome_formatter_test`
[INFO] [stdout]   |
[INFO] [stdout] help: there is a crate or module with a similar name
[INFO] [stdout]   |
[INFO] [stdout] 2 | use rome_formatter::TestFormatLanguage;
[INFO] [stdout]   |     ~~~~~~~~~~~~~~
[INFO] [stdout] 
[INFO] [stdout] 
[INFO] [stdout] error[E0432]: unresolved import `rome_json_parser`
[INFO] [stdout]  --> tests/language.rs:5:5
[INFO] [stdout]   |
[INFO] [stdout] 5 | use rome_json_parser::parse_json;
[INFO] [stdout]   |     ^^^^^^^^^^^^^^^^ use of undeclared crate or module `rome_json_parser`
[INFO] [stdout]   |
[INFO] [stdout] help: there is a crate or module with a similar name
[INFO] [stdout]   |
[INFO] [stdout] 5 | use rome_parser::parse_json;
[INFO] [stdout]   |     ~~~~~~~~~~~
[INFO] [stdout] 
[INFO] [stdout] 
[INFO] [stdout] error[E0433]: failed to resolve: use of undeclared crate or module `tests_macros`
[INFO] [stdout]  --> tests/spec_tests.rs:7:9
[INFO] [stdout]   |
[INFO] [stdout] 7 |         tests_macros::gen_tests! {"tests/specs/json/**/*.json", crate::spec_test::run, ""}
[INFO] [stdout]   |         ^^^^^^^^^^^^ use of undeclared crate or module `tests_macros`
[INFO] [stdout] 
[INFO] [stdout] 
[INFO] [stdout] error[E0433]: failed to resolve: use of undeclared crate or module `rome_formatter_test`
[INFO] [stdout]  --> tests/prettier_tests.rs:4:5
[INFO] [stdout]   |
[INFO] [stdout] 4 | use rome_formatter_test::test_prettier_snapshot::{PrettierSnapshot, PrettierTestFile};
[INFO] [stdout]   |     ^^^^^^^^^^^^^^^^^^^ use of undeclared crate or module `rome_formatter_test`
[INFO] [stdout]   |
[INFO] [stdout] help: there is a crate or module with a similar name
[INFO] [stdout]   |
[INFO] [stdout] 4 | use rome_formatter::test_prettier_snapshot::{PrettierSnapshot, PrettierTestFile};
[INFO] [stdout]   |     ~~~~~~~~~~~~~~
[INFO] [stdout] 
[INFO] [stdout] 
[INFO] [stdout] error[E0432]: unresolved import `rome_json_parser`
[INFO] [stdout]    --> src/lib.rs:295:9
[INFO] [stdout]     |
[INFO] [stdout] 295 |     use rome_json_parser::parse_json;
[INFO] [stdout]     |         ^^^^^^^^^^^^^^^^ use of undeclared crate or module `rome_json_parser`
[INFO] [stdout]     |
[INFO] [stdout] help: there is a crate or module with a similar name
[INFO] [stdout]     |
[INFO] [stdout] 295 |     use rome_parser::parse_json;
[INFO] [stdout]     |         ~~~~~~~~~~~
[INFO] [stdout] 
[INFO] [stdout] 
[INFO] [stdout] error[E0432]: unresolved import `rome_formatter_test`
[INFO] [stdout]  --> tests/language.rs:2:5
[INFO] [stdout]   |
[INFO] [stdout] 2 | use rome_formatter_test::TestFormatLanguage;
[INFO] [stdout]   |     ^^^^^^^^^^^^^^^^^^^ use of undeclared crate or module `rome_formatter_test`
[INFO] [stdout]   |
[INFO] [stdout] help: there is a crate or module with a similar name
[INFO] [stdout]   |
[INFO] [stdout] 2 | use rome_formatter::TestFormatLanguage;
[INFO] [stdout]   |     ~~~~~~~~~~~~~~
[INFO] [stdout] 
[INFO] [stdout] 
[INFO] [stdout] error[E0432]: unresolved import `rome_json_parser`
[INFO] [stdout]  --> tests/language.rs:5:5
[INFO] [stdout]   |
[INFO] [stdout] 5 | use rome_json_parser::parse_json;
[INFO] [stdout]   |     ^^^^^^^^^^^^^^^^ use of undeclared crate or module `rome_json_parser`
[INFO] [stdout]   |
[INFO] [stdout] help: there is a crate or module with a similar name
[INFO] [stdout]   |
[INFO] [stdout] 5 | use rome_parser::parse_json;
[INFO] [stdout]   |     ~~~~~~~~~~~
[INFO] [stdout] 
[INFO] [stdout] 
[INFO] [stdout] error[E0433]: failed to resolve: use of undeclared crate or module `tests_macros`
[INFO] [stdout]   --> tests/prettier_tests.rs:14:1
[INFO] [stdout]    |
[INFO] [stdout] 14 | tests_macros::gen_tests! {"tests/specs/prettier/{json}/**/*.{json}", crate::test_snapshot, ""}
[INFO] [stdout]    | ^^^^^^^^^^^^ use of undeclared crate or module `tests_macros`
[INFO] [stdout] 
[INFO] [stdout] 
[INFO] [stdout] For more information about this error, try `rustc --explain E0432`.
[INFO] [stdout] 
[INFO] [stderr] error: could not compile `rome_json_formatter` (test "language") due to 2 previous errors
[INFO] [stderr] warning: build failed, waiting for other jobs to finish...
[INFO] [stdout] Some errors have detailed explanations: E0432, E0433.
[INFO] [stdout] 
[INFO] [stdout] For more information about an error, try `rustc --explain E0432`.
[INFO] [stdout] 
[INFO] [stdout] Some errors have detailed explanations: E0432, E0433.
[INFO] [stdout] 
[INFO] [stdout] For more information about an error, try `rustc --explain E0432`.
[INFO] [stdout] 
[INFO] [stdout] Some errors have detailed explanations: E0432, E0433.
[INFO] [stdout] 
[INFO] [stderr] error: could not compile `rome_json_formatter` (test "spec_test") due to 3 previous errors
[INFO] [stdout] For more information about an error, try `rustc --explain E0432`.
[INFO] [stdout] 
[INFO] [stderr] error: could not compile `rome_json_formatter` (test "prettier_tests") due to 4 previous errors
[INFO] [stderr] error: could not compile `rome_json_formatter` (test "spec_tests") due to 6 previous errors
[INFO] [stdout] Some errors have detailed explanations: E0432, E0433.
[INFO] [stdout] 
[INFO] [stdout] For more information about an error, try `rustc --explain E0432`.
[INFO] [stdout] 
[INFO] [stderr] error: could not compile `rome_json_formatter` (test "quick_test") due to 4 previous errors
[INFO] [stdout] For more information about this error, try `rustc --explain E0432`.
[INFO] [stdout] 
[INFO] [stderr] error: could not compile `rome_json_formatter` (lib test) due to 1 previous error
[INFO] running `Command { std: "docker" "inspect" "07ea851bf20d39f9f4ff419afc3dc62315f4de52a49095cfd70d54c6cccacc36", kill_on_drop: false }`
[INFO] running `Command { std: "docker" "rm" "-f" "07ea851bf20d39f9f4ff419afc3dc62315f4de52a49095cfd70d54c6cccacc36", kill_on_drop: false }`
[INFO] [stdout] 07ea851bf20d39f9f4ff419afc3dc62315f4de52a49095cfd70d54c6cccacc36
