[INFO] fetching crate rocketsim_rs 0.33.2...
[INFO] testing rocketsim_rs-0.33.2 against nightly-2024-10-28 for randomize-layout
[INFO] extracting crate rocketsim_rs 0.33.2 into /workspace/builds/worker-4-tc1/source
[INFO] validating manifest of crates.io crate rocketsim_rs 0.33.2 on toolchain nightly-2024-10-28
[INFO] running `Command { std: CARGO_HOME="/workspace/cargo-home" RUSTUP_HOME="/workspace/rustup-home" "/workspace/cargo-home/bin/cargo" "+nightly-2024-10-28" "metadata" "--manifest-path" "Cargo.toml" "--no-deps", kill_on_drop: false }`
[INFO] started tweaking crates.io crate rocketsim_rs 0.33.2
[INFO] removed 0 missing examples
[INFO] finished tweaking crates.io crate rocketsim_rs 0.33.2
[INFO] tweaked toml for crates.io crate rocketsim_rs 0.33.2 written to /workspace/builds/worker-4-tc1/source/Cargo.toml
[INFO] crate crates.io crate rocketsim_rs 0.33.2 already has a lockfile, it will not be regenerated
[INFO] running `Command { std: CARGO_HOME="/workspace/cargo-home" RUSTUP_HOME="/workspace/rustup-home" "/workspace/cargo-home/bin/cargo" "+nightly-2024-10-28" "fetch" "--manifest-path" "Cargo.toml", kill_on_drop: false }`
[INFO] [stderr]  Downloading crates ...
[INFO] [stderr]   Downloaded cxxbridge-flags v1.0.128
[INFO] [stderr]   Downloaded cxx-build v1.0.128
[INFO] [stderr]   Downloaded cxxbridge-macro v1.0.128
[INFO] [stderr]   Downloaded cxx v1.0.128
[INFO] [stderr]   Downloaded glam v0.29.0
[INFO] running `Command { std: "docker" "create" "-v" "/var/lib/crater-agent-workspace/builds/worker-4-tc1/target:/opt/rustwide/target:rw,Z" "-v" "/var/lib/crater-agent-workspace/builds/worker-4-tc1/source:/opt/rustwide/workdir:ro,Z" "-v" "/var/lib/crater-agent-workspace/cargo-home:/opt/rustwide/cargo-home:ro,Z" "-v" "/var/lib/crater-agent-workspace/rustup-home:/opt/rustwide/rustup-home:ro,Z" "-e" "SOURCE_DIR=/opt/rustwide/workdir" "-e" "CARGO_TARGET_DIR=/opt/rustwide/target" "-e" "CARGO_HOME=/opt/rustwide/cargo-home" "-e" "RUSTUP_HOME=/opt/rustwide/rustup-home" "-w" "/opt/rustwide/workdir" "-m" "1610612736" "--user" "0:0" "--network" "none" "ghcr.io/rust-lang/crates-build-env/linux@sha256:4a844ea9eb2546a2d2c7022eacef16ef2e8229c7fbb2c7d4d55a9ceca922f72d" "/opt/rustwide/cargo-home/bin/cargo" "+nightly-2024-10-28" "metadata" "--no-deps" "--format-version=1", kill_on_drop: false }`
[INFO] [stdout] 9c3a6c86ae2c3d0474434c83ad0f572213994a7c328f468df0ffbaaa82e3d7ed
[INFO] running `Command { std: "docker" "start" "-a" "9c3a6c86ae2c3d0474434c83ad0f572213994a7c328f468df0ffbaaa82e3d7ed", kill_on_drop: false }`
[INFO] running `Command { std: "docker" "inspect" "9c3a6c86ae2c3d0474434c83ad0f572213994a7c328f468df0ffbaaa82e3d7ed", kill_on_drop: false }`
[INFO] running `Command { std: "docker" "rm" "-f" "9c3a6c86ae2c3d0474434c83ad0f572213994a7c328f468df0ffbaaa82e3d7ed", kill_on_drop: false }`
[INFO] [stdout] 9c3a6c86ae2c3d0474434c83ad0f572213994a7c328f468df0ffbaaa82e3d7ed
[INFO] running `Command { std: "docker" "create" "-v" "/var/lib/crater-agent-workspace/builds/worker-4-tc1/target:/opt/rustwide/target:rw,Z" "-v" "/var/lib/crater-agent-workspace/builds/worker-4-tc1/source:/opt/rustwide/workdir:ro,Z" "-v" "/var/lib/crater-agent-workspace/cargo-home:/opt/rustwide/cargo-home:ro,Z" "-v" "/var/lib/crater-agent-workspace/rustup-home:/opt/rustwide/rustup-home:ro,Z" "-e" "SOURCE_DIR=/opt/rustwide/workdir" "-e" "CARGO_TARGET_DIR=/opt/rustwide/target" "-e" "CARGO_INCREMENTAL=0" "-e" "RUST_BACKTRACE=full" "-e" "RUSTFLAGS=--cap-lints=forbid" "-e" "RUSTDOCFLAGS=--cap-lints=forbid" "-e" "CARGO_HOME=/opt/rustwide/cargo-home" "-e" "RUSTUP_HOME=/opt/rustwide/rustup-home" "-w" "/opt/rustwide/workdir" "-m" "1610612736" "--user" "0:0" "--network" "none" "ghcr.io/rust-lang/crates-build-env/linux@sha256:4a844ea9eb2546a2d2c7022eacef16ef2e8229c7fbb2c7d4d55a9ceca922f72d" "/opt/rustwide/cargo-home/bin/cargo" "+nightly-2024-10-28" "build" "--frozen" "--message-format=json", kill_on_drop: false }`
[INFO] [stdout] 97f50ff5439308f295cb62609035de643bba91da6123e6826eacfece163d225a
[INFO] running `Command { std: "docker" "start" "-a" "97f50ff5439308f295cb62609035de643bba91da6123e6826eacfece163d225a", kill_on_drop: false }`
[INFO] [stderr]    Compiling libc v0.2.158
[INFO] [stderr]    Compiling shlex v1.3.0
[INFO] [stderr]    Compiling proc-macro2 v1.0.86
[INFO] [stderr]    Compiling unicode-ident v1.0.13
[INFO] [stderr]    Compiling scratch v1.0.7
[INFO] [stderr]    Compiling termcolor v1.4.1
[INFO] [stderr]    Compiling unicode-width v0.1.14
[INFO] [stderr]    Compiling cxxbridge-flags v1.0.128
[INFO] [stderr]    Compiling once_cell v1.19.0
[INFO] [stderr]    Compiling glob v0.3.1
[INFO] [stderr]    Compiling codespan-reporting v0.11.1
[INFO] [stderr]    Compiling quote v1.0.37
[INFO] [stderr]    Compiling syn v2.0.77
[INFO] [stderr]    Compiling jobserver v0.1.32
[INFO] [stderr]    Compiling cc v1.1.21
[INFO] [stderr]    Compiling link-cplusplus v1.0.9
[INFO] [stderr]    Compiling cxx v1.0.128
[INFO] [stderr]    Compiling cxx-build v1.0.128
[INFO] [stderr]    Compiling cxxbridge-macro v1.0.128
[INFO] [stderr]    Compiling rocketsim_rs v0.33.2 (/opt/rustwide/workdir)
[INFO] [stderr] error: could not compile `cxxbridge-macro` (lib)
[INFO] [stderr] 
[INFO] [stderr] Caused by:
[INFO] [stderr]   process didn't exit successfully: `/opt/rustwide/rustup-home/toolchains/nightly-2024-10-28-x86_64-unknown-linux-gnu/bin/rustc --crate-name cxxbridge_macro --edition=2021 /opt/rustwide/cargo-home/registry/src/index.crates.io-6f17d22bba15001f/cxxbridge-macro-1.0.128/src/lib.rs --error-format=json --json=diagnostic-rendered-ansi,artifacts,future-incompat --crate-type proc-macro --emit=dep-info,link -C prefer-dynamic -C embed-bitcode=no --check-cfg 'cfg(docsrs)' --check-cfg 'cfg(feature, values("clang-ast", "experimental-async-fn", "experimental-enum-variants-from-header", "flate2", "memmap", "serde", "serde_derive", "serde_json"))' -C metadata=5eb55f38b76132df -C extra-filename=-5eb55f38b76132df --out-dir /opt/rustwide/target/debug/deps -L dependency=/opt/rustwide/target/debug/deps --extern proc_macro2=/opt/rustwide/target/debug/deps/libproc_macro2-a091e55f489dc14d.rlib --extern quote=/opt/rustwide/target/debug/deps/libquote-61833e818d6398f5.rlib --extern syn=/opt/rustwide/target/debug/deps/libsyn-1fed680553f17821.rlib --extern proc_macro --cap-lints allow --cap-lints=forbid` (signal: 9, SIGKILL: kill)
[INFO] [stderr] warning: build failed, waiting for other jobs to finish...
[INFO] [stderr] The following warnings were emitted during compilation:
[INFO] [stderr] 
[INFO] [stderr] warning: rocketsim_rs@0.33.2: c++: fatal error: Killed signal terminated program cc1plus
[INFO] [stderr] warning: rocketsim_rs@0.33.2: compilation terminated.
[INFO] [stderr] warning: rocketsim_rs@0.33.2: ToolExecError: Command "c++" "-O0" "-ffunction-sections" "-fdata-sections" "-fPIC" "-fno-plt" "-gdwarf-4" "-fno-omit-frame-pointer" "-m64" "-std=c++20" "-I" "/opt/rustwide/target/debug/build/rocketsim_rs-8182cfe214397f49/out/cxxbridge/include" "-I" "/opt/rustwide/target/debug/build/rocketsim_rs-8182cfe214397f49/out/cxxbridge/crate" "-I" "RocketSim/src/" "-I" "arenar/" "-march=native" "-w" "-o" "/opt/rustwide/target/debug/build/rocketsim_rs-8182cfe214397f49/out/a622ab4882ede4de-math.rs.o" "-c" "/opt/rustwide/target/debug/build/rocketsim_rs-8182cfe214397f49/out/cxxbridge/sources/rocketsim_rs/src/math.rs.cc" with args c++ did not execute successfully (status code exit status: 1).cargo:warning=c++: fatal error: Killed signal terminated program cc1plus
[INFO] [stderr] warning: rocketsim_rs@0.33.2: compilation terminated.
[INFO] [stderr] warning: rocketsim_rs@0.33.2: ToolExecError: Command "c++" "-O0" "-ffunction-sections" "-fdata-sections" "-fPIC" "-fno-plt" "-gdwarf-4" "-fno-omit-frame-pointer" "-m64" "-std=c++20" "-I" "/opt/rustwide/target/debug/build/rocketsim_rs-8182cfe214397f49/out/cxxbridge/include" "-I" "/opt/rustwide/target/debug/build/rocketsim_rs-8182cfe214397f49/out/cxxbridge/crate" "-I" "RocketSim/src/" "-I" "arenar/" "-march=native" "-w" "-o" "/opt/rustwide/target/debug/build/rocketsim_rs-8182cfe214397f49/out/085ff20477909993-car_config.rs.o" "-c" "/opt/rustwide/target/debug/build/rocketsim_rs-8182cfe214397f49/out/cxxbridge/sources/rocketsim_rs/src/sim/car_config.rs.cc" with args c++ did not execute successfully (status code exit status: 1).cargo:warning=c++: fatal error: Killed signal terminated program cc1plus
[INFO] [stderr] warning: rocketsim_rs@0.33.2: compilation terminated.
[INFO] [stderr] warning: rocketsim_rs@0.33.2: ToolExecError: Command "c++" "-O0" "-ffunction-sections" "-fdata-sections" "-fPIC" "-fno-plt" "-gdwarf-4" "-fno-omit-frame-pointer" "-m64" "-std=c++20" "-I" "/opt/rustwide/target/debug/build/rocketsim_rs-8182cfe214397f49/out/cxxbridge/include" "-I" "/opt/rustwide/target/debug/build/rocketsim_rs-8182cfe214397f49/out/cxxbridge/crate" "-I" "RocketSim/src/" "-I" "arenar/" "-march=native" "-w" "-o" "/opt/rustwide/target/debug/build/rocketsim_rs-8182cfe214397f49/out/085ff20477909993-ball_hit_info.rs.o" "-c" "/opt/rustwide/target/debug/build/rocketsim_rs-8182cfe214397f49/out/cxxbridge/sources/rocketsim_rs/src/sim/ball_hit_info.rs.cc" with args c++ did not execute successfully (status code exit status: 1).cargo:warning=c++: fatal error: Killed signal terminated program cc1plus
[INFO] [stderr] warning: rocketsim_rs@0.33.2: compilation terminated.
[INFO] [stderr] warning: rocketsim_rs@0.33.2: ToolExecError: Command "c++" "-O0" "-ffunction-sections" "-fdata-sections" "-fPIC" "-fno-plt" "-gdwarf-4" "-fno-omit-frame-pointer" "-m64" "-std=c++20" "-I" "/opt/rustwide/target/debug/build/rocketsim_rs-8182cfe214397f49/out/cxxbridge/include" "-I" "/opt/rustwide/target/debug/build/rocketsim_rs-8182cfe214397f49/out/cxxbridge/crate" "-I" "RocketSim/src/" "-I" "arenar/" "-march=native" "-w" "-o" "/opt/rustwide/target/debug/build/rocketsim_rs-8182cfe214397f49/out/085ff20477909993-arena_config.rs.o" "-c" "/opt/rustwide/target/debug/build/rocketsim_rs-8182cfe214397f49/out/cxxbridge/sources/rocketsim_rs/src/sim/arena_config.rs.cc" with args c++ did not execute successfully (status code exit status: 1).cargo:warning=c++: fatal error: Killed signal terminated program cc1plus
[INFO] [stderr] warning: rocketsim_rs@0.33.2: compilation terminated.
[INFO] [stderr] warning: rocketsim_rs@0.33.2: ToolExecError: Command "c++" "-O0" "-ffunction-sections" "-fdata-sections" "-fPIC" "-fno-plt" "-gdwarf-4" "-fno-omit-frame-pointer" "-m64" "-std=c++20" "-I" "/opt/rustwide/target/debug/build/rocketsim_rs-8182cfe214397f49/out/cxxbridge/include" "-I" "/opt/rustwide/target/debug/build/rocketsim_rs-8182cfe214397f49/out/cxxbridge/crate" "-I" "RocketSim/src/" "-I" "arenar/" "-march=native" "-w" "-o" "/opt/rustwide/target/debug/build/rocketsim_rs-8182cfe214397f49/out/085ff20477909993-arena.rs.o" "-c" "/opt/rustwide/target/debug/build/rocketsim_rs-8182cfe214397f49/out/cxxbridge/sources/rocketsim_rs/src/sim/arena.rs.cc" with args c++ did not execute successfully (status code exit status: 1).cargo:warning=c++: fatal error: Killed signal terminated program cc1plus
[INFO] [stderr] warning: rocketsim_rs@0.33.2: compilation terminated.
[INFO] [stderr] warning: rocketsim_rs@0.33.2: ToolExecError: Command "c++" "-O0" "-ffunction-sections" "-fdata-sections" "-fPIC" "-fno-plt" "-gdwarf-4" "-fno-omit-frame-pointer" "-m64" "-std=c++20" "-I" "/opt/rustwide/target/debug/build/rocketsim_rs-8182cfe214397f49/out/cxxbridge/include" "-I" "/opt/rustwide/target/debug/build/rocketsim_rs-8182cfe214397f49/out/cxxbridge/crate" "-I" "RocketSim/src/" "-I" "arenar/" "-march=native" "-w" "-o" "/opt/rustwide/target/debug/build/rocketsim_rs-8182cfe214397f49/out/a622ab4882ede4de-lib.rs.o" "-c" "/opt/rustwide/target/debug/build/rocketsim_rs-8182cfe214397f49/out/cxxbridge/sources/rocketsim_rs/src/lib.rs.cc" with args c++ did not execute successfully (status code exit status: 1).cargo:warning=c++: fatal error: Killed signal terminated program cc1plus
[INFO] [stderr] warning: rocketsim_rs@0.33.2: compilation terminated.
[INFO] [stderr] warning: rocketsim_rs@0.33.2: ToolExecError: Command "c++" "-O0" "-ffunction-sections" "-fdata-sections" "-fPIC" "-fno-plt" "-gdwarf-4" "-fno-omit-frame-pointer" "-m64" "-std=c++20" "-I" "/opt/rustwide/target/debug/build/rocketsim_rs-8182cfe214397f49/out/cxxbridge/include" "-I" "/opt/rustwide/target/debug/build/rocketsim_rs-8182cfe214397f49/out/cxxbridge/crate" "-I" "RocketSim/src/" "-I" "arenar/" "-march=native" "-w" "-o" "/opt/rustwide/target/debug/build/rocketsim_rs-8182cfe214397f49/out/085ff20477909993-boost_pad.rs.o" "-c" "/opt/rustwide/target/debug/build/rocketsim_rs-8182cfe214397f49/out/cxxbridge/sources/rocketsim_rs/src/sim/boost_pad.rs.cc" with args c++ did not execute successfully (status code exit status: 1).
[INFO] [stderr] warning: rocketsim_rs@0.33.2: c++: fatal error: Killed signal terminated program cc1plus
[INFO] [stderr] warning: rocketsim_rs@0.33.2: compilation terminated.
[INFO] [stderr] warning: rocketsim_rs@0.33.2: ToolExecError: Command "c++" "-O0" "-ffunction-sections" "-fdata-sections" "-fPIC" "-fno-plt" "-gdwarf-4" "-fno-omit-frame-pointer" "-m64" "-std=c++20" "-I" "/opt/rustwide/target/debug/build/rocketsim_rs-8182cfe214397f49/out/cxxbridge/include" "-I" "/opt/rustwide/target/debug/build/rocketsim_rs-8182cfe214397f49/out/cxxbridge/crate" "-I" "RocketSim/src/" "-I" "arenar/" "-march=native" "-w" "-o" "/opt/rustwide/target/debug/build/rocketsim_rs-8182cfe214397f49/out/2e1f5a480b5b86ae-Math.o" "-c" "RocketSim/src/Math/Math.cpp" with args c++ did not execute successfully (status code exit status: 1).cargo:warning=c++: fatal error: Killed signal terminated program cc1plus
[INFO] [stderr] warning: rocketsim_rs@0.33.2: compilation terminated.
[INFO] [stderr] warning: rocketsim_rs@0.33.2: ToolExecError: Command "c++" "-O0" "-ffunction-sections" "-fdata-sections" "-fPIC" "-fno-plt" "-gdwarf-4" "-fno-omit-frame-pointer" "-m64" "-std=c++20" "-I" "/opt/rustwide/target/debug/build/rocketsim_rs-8182cfe214397f49/out/cxxbridge/include" "-I" "/opt/rustwide/target/debug/build/rocketsim_rs-8182cfe214397f49/out/cxxbridge/crate" "-I" "RocketSim/src/" "-I" "arenar/" "-march=native" "-w" "-o" "/opt/rustwide/target/debug/build/rocketsim_rs-8182cfe214397f49/out/8f7b3b313be08b9b-BoostPad.o" "-c" "RocketSim/src/Sim/BoostPad/BoostPad.cpp" with args c++ did not execute successfully (status code exit status: 1).cargo:warning=c++: fatal error: Killed signal terminated program cc1plus
[INFO] [stderr] warning: rocketsim_rs@0.33.2: compilation terminated.
[INFO] [stderr] warning: rocketsim_rs@0.33.2: ToolExecError: Command "c++" "-O0" "-ffunction-sections" "-fdata-sections" "-fPIC" "-fno-plt" "-gdwarf-4" "-fno-omit-frame-pointer" "-m64" "-std=c++20" "-I" "/opt/rustwide/target/debug/build/rocketsim_rs-8182cfe214397f49/out/cxxbridge/include" "-I" "/opt/rustwide/target/debug/build/rocketsim_rs-8182cfe214397f49/out/cxxbridge/crate" "-I" "RocketSim/src/" "-I" "arenar/" "-march=native" "-w" "-o" "/opt/rustwide/target/debug/build/rocketsim_rs-8182cfe214397f49/out/571cebbeeb5d2256-MathTypes.o" "-c" "RocketSim/src/Math/MathTypes/MathTypes.cpp" with args c++ did not execute successfully (status code exit status: 1).cargo:warning=c++: fatal error: Killed signal terminated program cc1plus
[INFO] [stderr] warning: rocketsim_rs@0.33.2: compilation terminated.
[INFO] [stderr] warning: rocketsim_rs@0.33.2: ToolExecError: Command "c++" "-O0" "-ffunction-sections" "-fdata-sections" "-fPIC" "-fno-plt" "-gdwarf-4" "-fno-omit-frame-pointer" "-m64" "-std=c++20" "-I" "/opt/rustwide/target/debug/build/rocketsim_rs-8182cfe214397f49/out/cxxbridge/include" "-I" "/opt/rustwide/target/debug/build/rocketsim_rs-8182cfe214397f49/out/cxxbridge/crate" "-I" "RocketSim/src/" "-I" "arenar/" "-march=native" "-w" "-o" "/opt/rustwide/target/debug/build/rocketsim_rs-8182cfe214397f49/out/7eaf038ecc9fdfa1-CollisionMeshFile.o" "-c" "RocketSim/src/CollisionMeshFile/CollisionMeshFile.cpp" with args c++ did not execute successfully (status code exit status: 1).cargo:warning=c++: fatal error: Killed signal terminated program cc1plus
[INFO] [stderr] warning: rocketsim_rs@0.33.2: compilation terminated.
[INFO] [stderr] warning: rocketsim_rs@0.33.2: ToolExecError: Command "c++" "-O0" "-ffunction-sections" "-fdata-sections" "-fPIC" "-fno-plt" "-gdwarf-4" "-fno-omit-frame-pointer" "-m64" "-std=c++20" "-I" "/opt/rustwide/target/debug/build/rocketsim_rs-8182cfe214397f49/out/cxxbridge/include" "-I" "/opt/rustwide/target/debug/build/rocketsim_rs-8182cfe214397f49/out/cxxbridge/crate" "-I" "RocketSim/src/" "-I" "arenar/" "-march=native" "-w" "-o" "/opt/rustwide/target/debug/build/rocketsim_rs-8182cfe214397f49/out/9faa2981ce3dcff3-ArenaConfig.o" "-c" "RocketSim/src/Sim/Arena/ArenaConfig/ArenaConfig.cpp" with args c++ did not execute successfully (status code exit status: 1).cargo:warning=c++: fatal error: Killed signal terminated program cc1plus
[INFO] [stderr] warning: rocketsim_rs@0.33.2: compilation terminated.
[INFO] [stderr] warning: rocketsim_rs@0.33.2: ToolExecError: Command "c++" "-O0" "-ffunction-sections" "-fdata-sections" "-fPIC" "-fno-plt" "-gdwarf-4" "-fno-omit-frame-pointer" "-m64" "-std=c++20" "-I" "/opt/rustwide/target/debug/build/rocketsim_rs-8182cfe214397f49/out/cxxbridge/include" "-I" "/opt/rustwide/target/debug/build/rocketsim_rs-8182cfe214397f49/out/cxxbridge/crate" "-I" "RocketSim/src/" "-I" "arenar/" "-march=native" "-w" "-o" "/opt/rustwide/target/debug/build/rocketsim_rs-8182cfe214397f49/out/1f425a370352fa37-Arena.o" "-c" "RocketSim/src/Sim/Arena/Arena.cpp" with args c++ did not execute successfully (status code exit status: 1).cargo:warning=c++: fatal error: Killed signal terminated program cc1plus
[INFO] [stderr] warning: rocketsim_rs@0.33.2: compilation terminated.
[INFO] [stderr] warning: rocketsim_rs@0.33.2: ToolExecError: Command "c++" "-O0" "-ffunction-sections" "-fdata-sections" "-fPIC" "-fno-plt" "-gdwarf-4" "-fno-omit-frame-pointer" "-m64" "-std=c++20" "-I" "/opt/rustwide/target/debug/build/rocketsim_rs-8182cfe214397f49/out/cxxbridge/include" "-I" "/opt/rustwide/target/debug/build/rocketsim_rs-8182cfe214397f49/out/cxxbridge/crate" "-I" "RocketSim/src/" "-I" "arenar/" "-march=native" "-w" "-o" "/opt/rustwide/target/debug/build/rocketsim_rs-8182cfe214397f49/out/f193abbf77511bb5-Ball.o" "-c" "RocketSim/src/Sim/Ball/Ball.cpp" with args c++ did not execute successfully (status code exit status: 1).cargo:warning=c++: fatal error: Killed signal terminated program cc1plus
[INFO] [stderr] warning: rocketsim_rs@0.33.2: compilation terminated.
[INFO] [stderr] warning: rocketsim_rs@0.33.2: ToolExecError: Command "c++" "-O0" "-ffunction-sections" "-fdata-sections" "-fPIC" "-fno-plt" "-gdwarf-4" "-fno-omit-frame-pointer" "-m64" "-std=c++20" "-I" "/opt/rustwide/target/debug/build/rocketsim_rs-8182cfe214397f49/out/cxxbridge/include" "-I" "/opt/rustwide/target/debug/build/rocketsim_rs-8182cfe214397f49/out/cxxbridge/crate" "-I" "RocketSim/src/" "-I" "arenar/" "-march=native" "-w" "-o" "/opt/rustwide/target/debug/build/rocketsim_rs-8182cfe214397f49/out/015d72e8f61e330e-RocketSim.o" "-c" "RocketSim/src/RocketSim.cpp" with args c++ did not execute successfully (status code exit status: 1).cargo:warning=c++: fatal error: Killed signal terminated program cc1plus
[INFO] [stderr] warning: rocketsim_rs@0.33.2: compilation terminated.
[INFO] [stderr] warning: rocketsim_rs@0.33.2: ToolExecError: Command "c++" "-O0" "-ffunction-sections" "-fdata-sections" "-fPIC" "-fno-plt" "-gdwarf-4" "-fno-omit-frame-pointer" "-m64" "-std=c++20" "-I" "/opt/rustwide/target/debug/build/rocketsim_rs-8182cfe214397f49/out/cxxbridge/include" "-I" "/opt/rustwide/target/debug/build/rocketsim_rs-8182cfe214397f49/out/cxxbridge/crate" "-I" "RocketSim/src/" "-I" "arenar/" "-march=native" "-w" "-o" "/opt/rustwide/target/debug/build/rocketsim_rs-8182cfe214397f49/out/865ab1a3a41918a0-BallHitInfo.o" "-c" "RocketSim/src/Sim/BallHitInfo/BallHitInfo.cpp" with args c++ did not execute successfully (status code exit status: 1).cargo:warning=c++: fatal error: Killed signal terminated program cc1plus
[INFO] [stderr] warning: rocketsim_rs@0.33.2: compilation terminated.
[INFO] [stderr] warning: rocketsim_rs@0.33.2: ToolExecError: Command "c++" "-O0" "-ffunction-sections" "-fdata-sections" "-fPIC" "-fno-plt" "-gdwarf-4" "-fno-omit-frame-pointer" "-m64" "-std=c++20" "-I" "/opt/rustwide/target/debug/build/rocketsim_rs-8182cfe214397f49/out/cxxbridge/include" "-I" "/opt/rustwide/target/debug/build/rocketsim_rs-8182cfe214397f49/out/cxxbridge/crate" "-I" "RocketSim/src/" "-I" "arenar/" "-march=native" "-w" "-o" "/opt/rustwide/target/debug/build/rocketsim_rs-8182cfe214397f49/out/bb91b55df9be4dad-BoostPadGrid.o" "-c" "RocketSim/src/Sim/BoostPad/BoostPadGrid/BoostPadGrid.cpp" with args c++ did not execute successfully (status code exit status: 1).cargo:warning=c++: fatal error: Killed signal terminated program cc1plus
[INFO] [stderr] warning: rocketsim_rs@0.33.2: compilation terminated.
[INFO] [stderr] warning: rocketsim_rs@0.33.2: ToolExecError: Command "c++" "-O0" "-ffunction-sections" "-fdata-sections" "-fPIC" "-fno-plt" "-gdwarf-4" "-fno-omit-frame-pointer" "-m64" "-std=c++20" "-I" "/opt/rustwide/target/debug/build/rocketsim_rs-8182cfe214397f49/out/cxxbridge/include" "-I" "/opt/rustwide/target/debug/build/rocketsim_rs-8182cfe214397f49/out/cxxbridge/crate" "-I" "RocketSim/src/" "-I" "arenar/" "-march=native" "-w" "-o" "/opt/rustwide/target/debug/build/rocketsim_rs-8182cfe214397f49/out/e94ccc3569e9b3ab-BallPredTracker.o" "-c" "RocketSim/src/Sim/BallPredTracker/BallPredTracker.cpp" with args c++ did not execute successfully (status code exit status: 1).
[INFO] [stderr] 
[INFO] [stderr] error: failed to run custom build command for `rocketsim_rs v0.33.2 (/opt/rustwide/workdir)`
[INFO] [stderr] note: To improve backtraces for build dependencies, set the CARGO_PROFILE_DEV_BUILD_OVERRIDE_DEBUG=true environment variable to enable debug information generation.
[INFO] [stderr] 
[INFO] [stderr] Caused by:
[INFO] [stderr]   process didn't exit successfully: `/opt/rustwide/target/debug/build/rocketsim_rs-c60e1cd00ce6c5fb/build-script-build` (exit status: 1)
[INFO] [stderr]   --- stdout
[INFO] [stderr]   cargo:rerun-if-changed=src/lib.rs
[INFO] [stderr]   cargo:rerun-if-changed=RocketSim/libsrc/bullet3-3.24/BulletCollision/BroadphaseCollision/btAxisSweep3.cpp
[INFO] [stderr]   cargo:rerun-if-changed=RocketSim/libsrc/bullet3-3.24/BulletCollision/BroadphaseCollision/btBroadphaseProxy.cpp
[INFO] [stderr]   cargo:rerun-if-changed=RocketSim/libsrc/bullet3-3.24/BulletCollision/BroadphaseCollision/btCollisionAlgorithm.cpp
[INFO] [stderr]   cargo:rerun-if-changed=RocketSim/libsrc/bullet3-3.24/BulletCollision/BroadphaseCollision/btDbvt.cpp
[INFO] [stderr]   cargo:rerun-if-changed=RocketSim/libsrc/bullet3-3.24/BulletCollision/BroadphaseCollision/btDbvtBroadphase.cpp
[INFO] [stderr]   cargo:rerun-if-changed=RocketSim/libsrc/bullet3-3.24/BulletCollision/BroadphaseCollision/btOverlappingPairCache.cpp
[INFO] [stderr]   cargo:rerun-if-changed=RocketSim/libsrc/bullet3-3.24/BulletCollision/BroadphaseCollision/btQuantizedBvh.cpp
[INFO] [stderr]   cargo:rerun-if-changed=RocketSim/libsrc/bullet3-3.24/BulletCollision/BroadphaseCollision/btRSBroadphase.cpp
[INFO] [stderr]   cargo:rerun-if-changed=RocketSim/libsrc/bullet3-3.24/BulletCollision/BroadphaseCollision/btSimpleBroadphase.cpp
[INFO] [stderr]   cargo:rerun-if-changed=RocketSim/libsrc/bullet3-3.24/BulletCollision/CollisionDispatch/SphereTriangleDetector.cpp
[INFO] [stderr]   cargo:rerun-if-changed=RocketSim/libsrc/bullet3-3.24/BulletCollision/CollisionDispatch/btActivatingCollisionAlgorithm.cpp
[INFO] [stderr]   cargo:rerun-if-changed=RocketSim/libsrc/bullet3-3.24/BulletCollision/CollisionDispatch/btBoxBoxCollisionAlgorithm.cpp
[INFO] [stderr]   cargo:rerun-if-changed=RocketSim/libsrc/bullet3-3.24/BulletCollision/CollisionDispatch/btBoxBoxDetector.cpp
[INFO] [stderr]   cargo:rerun-if-changed=RocketSim/libsrc/bullet3-3.24/BulletCollision/CollisionDispatch/btCollisionDispatcher.cpp
[INFO] [stderr]   cargo:rerun-if-changed=RocketSim/libsrc/bullet3-3.24/BulletCollision/CollisionDispatch/btCollisionObject.cpp
[INFO] [stderr]   cargo:rerun-if-changed=RocketSim/libsrc/bullet3-3.24/BulletCollision/CollisionDispatch/btCollisionWorld.cpp
[INFO] [stderr]   cargo:rerun-if-changed=RocketSim/libsrc/bullet3-3.24/BulletCollision/CollisionDispatch/btCompoundCollisionAlgorithm.cpp
[INFO] [stderr]   cargo:rerun-if-changed=RocketSim/libsrc/bullet3-3.24/BulletCollision/CollisionDispatch/btCompoundCompoundCollisionAlgorithm.cpp
[INFO] [stderr]   cargo:rerun-if-changed=RocketSim/libsrc/bullet3-3.24/BulletCollision/CollisionDispatch/btConvexConcaveCollisionAlgorithm.cpp
[INFO] [stderr]   cargo:rerun-if-changed=RocketSim/libsrc/bullet3-3.24/BulletCollision/CollisionDispatch/btConvexConvexAlgorithm.cpp
[INFO] [stderr]   cargo:rerun-if-changed=RocketSim/libsrc/bullet3-3.24/BulletCollision/CollisionDispatch/btConvexPlaneCollisionAlgorithm.cpp
[INFO] [stderr]   cargo:rerun-if-changed=RocketSim/libsrc/bullet3-3.24/BulletCollision/CollisionDispatch/btDefaultCollisionConfiguration.cpp
[INFO] [stderr]   cargo:rerun-if-changed=RocketSim/libsrc/bullet3-3.24/BulletCollision/CollisionDispatch/btEmptyCollisionAlgorithm.cpp
[INFO] [stderr]   cargo:rerun-if-changed=RocketSim/libsrc/bullet3-3.24/BulletCollision/CollisionDispatch/btGhostObject.cpp
[INFO] [stderr]   cargo:rerun-if-changed=RocketSim/libsrc/bullet3-3.24/BulletCollision/CollisionDispatch/btHashedSimplePairCache.cpp
[INFO] [stderr]   cargo:rerun-if-changed=RocketSim/libsrc/bullet3-3.24/BulletCollision/CollisionDispatch/btInternalEdgeUtility.cpp
[INFO] [stderr]   cargo:rerun-if-changed=RocketSim/libsrc/bullet3-3.24/BulletCollision/CollisionDispatch/btManifoldResult.cpp
[INFO] [stderr]   cargo:rerun-if-changed=RocketSim/libsrc/bullet3-3.24/BulletCollision/CollisionDispatch/btSimulationIslandManager.cpp
[INFO] [stderr]   cargo:rerun-if-changed=RocketSim/libsrc/bullet3-3.24/BulletCollision/CollisionDispatch/btSphereBoxCollisionAlgorithm.cpp
[INFO] [stderr]   cargo:rerun-if-changed=RocketSim/libsrc/bullet3-3.24/BulletCollision/CollisionDispatch/btSphereSphereCollisionAlgorithm.cpp
[INFO] [stderr]   cargo:rerun-if-changed=RocketSim/libsrc/bullet3-3.24/BulletCollision/CollisionDispatch/btSphereTriangleCollisionAlgorithm.cpp
[INFO] [stderr]   cargo:rerun-if-changed=RocketSim/libsrc/bullet3-3.24/BulletCollision/CollisionDispatch/btUnionFind.cpp
[INFO] [stderr]   cargo:rerun-if-changed=RocketSim/libsrc/bullet3-3.24/BulletCollision/CollisionShapes/btBoxShape.cpp
[INFO] [stderr]   cargo:rerun-if-changed=RocketSim/libsrc/bullet3-3.24/BulletCollision/CollisionShapes/btBvhTriangleMeshShape.cpp
[INFO] [stderr]   cargo:rerun-if-changed=RocketSim/libsrc/bullet3-3.24/BulletCollision/CollisionShapes/btCollisionShape.cpp
[INFO] [stderr]   cargo:rerun-if-changed=RocketSim/libsrc/bullet3-3.24/BulletCollision/CollisionShapes/btCompoundShape.cpp
[INFO] [stderr]   cargo:rerun-if-changed=RocketSim/libsrc/bullet3-3.24/BulletCollision/CollisionShapes/btConcaveShape.cpp
[INFO] [stderr]   cargo:rerun-if-changed=RocketSim/libsrc/bullet3-3.24/BulletCollision/CollisionShapes/btConvexHullShape.cpp
[INFO] [stderr]   cargo:rerun-if-changed=RocketSim/libsrc/bullet3-3.24/BulletCollision/CollisionShapes/btConvexInternalShape.cpp
[INFO] [stderr]   cargo:rerun-if-changed=RocketSim/libsrc/bullet3-3.24/BulletCollision/CollisionShapes/btConvexPolyhedron.cpp
[INFO] [stderr]   cargo:rerun-if-changed=RocketSim/libsrc/bullet3-3.24/BulletCollision/CollisionShapes/btConvexShape.cpp
[INFO] [stderr]   cargo:rerun-if-changed=RocketSim/libsrc/bullet3-3.24/BulletCollision/CollisionShapes/btEmptyShape.cpp
[INFO] [stderr]   cargo:rerun-if-changed=RocketSim/libsrc/bullet3-3.24/BulletCollision/CollisionShapes/btOptimizedBvh.cpp
[INFO] [stderr]   cargo:rerun-if-changed=RocketSim/libsrc/bullet3-3.24/BulletCollision/CollisionShapes/btPolyhedralConvexShape.cpp
[INFO] [stderr]   cargo:rerun-if-changed=RocketSim/libsrc/bullet3-3.24/BulletCollision/CollisionShapes/btShapeHull.cpp
[INFO] [stderr]   cargo:rerun-if-changed=RocketSim/libsrc/bullet3-3.24/BulletCollision/CollisionShapes/btSphereShape.cpp
[INFO] [stderr]   cargo:rerun-if-changed=RocketSim/libsrc/bullet3-3.24/BulletCollision/CollisionShapes/btStaticPlaneShape.cpp
[INFO] [stderr]   cargo:rerun-if-changed=RocketSim/libsrc/bullet3-3.24/BulletCollision/CollisionShapes/btStridingMeshInterface.cpp
[INFO] [stderr]   cargo:rerun-if-changed=RocketSim/libsrc/bullet3-3.24/BulletCollision/CollisionShapes/btTetrahedronShape.cpp
[INFO] [stderr]   cargo:rerun-if-changed=RocketSim/libsrc/bullet3-3.24/BulletCollision/CollisionShapes/btTriangleBuffer.cpp
[INFO] [stderr]   cargo:rerun-if-changed=RocketSim/libsrc/bullet3-3.24/BulletCollision/CollisionShapes/btTriangleCallback.cpp
[INFO] [stderr]   cargo:rerun-if-changed=RocketSim/libsrc/bullet3-3.24/BulletCollision/CollisionShapes/btTriangleIndexVertexArray.cpp
[INFO] [stderr]   cargo:rerun-if-changed=RocketSim/libsrc/bullet3-3.24/BulletCollision/CollisionShapes/btTriangleMesh.cpp
[INFO] [stderr]   cargo:rerun-if-changed=RocketSim/libsrc/bullet3-3.24/BulletCollision/CollisionShapes/btTriangleMeshShape.cpp
[INFO] [stderr]   cargo:rerun-if-changed=RocketSim/libsrc/bullet3-3.24/BulletCollision/NarrowPhaseCollision/btContinuousConvexCollision.cpp
[INFO] [stderr]   cargo:rerun-if-changed=RocketSim/libsrc/bullet3-3.24/BulletCollision/NarrowPhaseCollision/btConvexCast.cpp
[INFO] [stderr]   cargo:rerun-if-changed=RocketSim/libsrc/bullet3-3.24/BulletCollision/NarrowPhaseCollision/btGjkConvexCast.cpp
[INFO] [stderr]   cargo:rerun-if-changed=RocketSim/libsrc/bullet3-3.24/BulletCollision/NarrowPhaseCollision/btGjkEpa2.cpp
[INFO] [stderr]   cargo:rerun-if-changed=RocketSim/libsrc/bullet3-3.24/BulletCollision/NarrowPhaseCollision/btGjkEpaPenetrationDepthSolver.cpp
[INFO] [stderr]   cargo:rerun-if-changed=RocketSim/libsrc/bullet3-3.24/BulletCollision/NarrowPhaseCollision/btGjkPairDetector.cpp
[INFO] [stderr]   cargo:rerun-if-changed=RocketSim/libsrc/bullet3-3.24/BulletCollision/NarrowPhaseCollision/btPersistentManifold.cpp
[INFO] [stderr]   cargo:rerun-if-changed=RocketSim/libsrc/bullet3-3.24/BulletCollision/NarrowPhaseCollision/btPolyhedralContactClipping.cpp
[INFO] [stderr]   cargo:rerun-if-changed=RocketSim/libsrc/bullet3-3.24/BulletCollision/NarrowPhaseCollision/btRaycastCallback.cpp
[INFO] [stderr]   cargo:rerun-if-changed=RocketSim/libsrc/bullet3-3.24/BulletCollision/NarrowPhaseCollision/btSubSimplexConvexCast.cpp
[INFO] [stderr]   cargo:rerun-if-changed=RocketSim/libsrc/bullet3-3.24/BulletCollision/NarrowPhaseCollision/btVoronoiSimplexSolver.cpp
[INFO] [stderr]   cargo:rerun-if-changed=RocketSim/libsrc/bullet3-3.24/BulletDynamics/ConstraintSolver/btContactConstraint.cpp
[INFO] [stderr]   cargo:rerun-if-changed=RocketSim/libsrc/bullet3-3.24/BulletDynamics/ConstraintSolver/btSequentialImpulseConstraintSolver.cpp
[INFO] [stderr]   cargo:rerun-if-changed=RocketSim/libsrc/bullet3-3.24/BulletDynamics/ConstraintSolver/btTypedConstraint.cpp
[INFO] [stderr]   cargo:rerun-if-changed=RocketSim/libsrc/bullet3-3.24/BulletDynamics/Dynamics/btDiscreteDynamicsWorld.cpp
[INFO] [stderr]   cargo:rerun-if-changed=RocketSim/libsrc/bullet3-3.24/BulletDynamics/Dynamics/btRigidBody.cpp
[INFO] [stderr]   cargo:rerun-if-changed=RocketSim/libsrc/bullet3-3.24/BulletDynamics/Vehicle/btDefaultVehicleRaycaster.cpp
[INFO] [stderr]   cargo:rerun-if-changed=RocketSim/libsrc/bullet3-3.24/BulletDynamics/Vehicle/btWheelInfo.cpp
[INFO] [stderr]   cargo:rerun-if-changed=RocketSim/libsrc/bullet3-3.24/LinearMath/TaskScheduler/btTaskScheduler.cpp
[INFO] [stderr]   cargo:rerun-if-changed=RocketSim/libsrc/bullet3-3.24/LinearMath/TaskScheduler/btThreadSupportPosix.cpp
[INFO] [stderr]   cargo:rerun-if-changed=RocketSim/libsrc/bullet3-3.24/LinearMath/TaskScheduler/btThreadSupportWin32.cpp
[INFO] [stderr]   cargo:rerun-if-changed=RocketSim/libsrc/bullet3-3.24/LinearMath/btAlignedAllocator.cpp
[INFO] [stderr]   cargo:rerun-if-changed=RocketSim/libsrc/bullet3-3.24/LinearMath/btConvexHull.cpp
[INFO] [stderr]   cargo:rerun-if-changed=RocketSim/libsrc/bullet3-3.24/LinearMath/btConvexHullComputer.cpp
[INFO] [stderr]   cargo:rerun-if-changed=RocketSim/libsrc/bullet3-3.24/LinearMath/btGeometryUtil.cpp
[INFO] [stderr]   cargo:rerun-if-changed=RocketSim/libsrc/bullet3-3.24/LinearMath/btPolarDecomposition.cpp
[INFO] [stderr]   cargo:rerun-if-changed=RocketSim/libsrc/bullet3-3.24/LinearMath/btQuickprof.cpp
[INFO] [stderr]   cargo:rerun-if-changed=RocketSim/libsrc/bullet3-3.24/LinearMath/btReducedVector.cpp
[INFO] [stderr]   cargo:rerun-if-changed=RocketSim/libsrc/bullet3-3.24/LinearMath/btSerializer.cpp
[INFO] [stderr]   cargo:rerun-if-changed=RocketSim/libsrc/bullet3-3.24/LinearMath/btSerializer64.cpp
[INFO] [stderr]   cargo:rerun-if-changed=RocketSim/libsrc/bullet3-3.24/LinearMath/btThreads.cpp
[INFO] [stderr]   cargo:rerun-if-changed=RocketSim/libsrc/bullet3-3.24/LinearMath/btVector3.cpp
[INFO] [stderr]   cargo:rerun-if-changed=RocketSim/src/BulletLink.cpp
[INFO] [stderr]   cargo:rerun-if-changed=RocketSim/src/CollisionMeshFile/CollisionMeshFile.cpp
[INFO] [stderr]   cargo:rerun-if-changed=RocketSim/src/Math/Math.cpp
[INFO] [stderr]   cargo:rerun-if-changed=RocketSim/src/Math/MathTypes/MathTypes.cpp
[INFO] [stderr]   cargo:rerun-if-changed=RocketSim/src/RocketSim.cpp
[INFO] [stderr]   cargo:rerun-if-changed=RocketSim/src/Sim/Arena/Arena.cpp
[INFO] [stderr]   cargo:rerun-if-changed=RocketSim/src/Sim/Arena/ArenaConfig/ArenaConfig.cpp
[INFO] [stderr]   cargo:rerun-if-changed=RocketSim/src/Sim/Ball/Ball.cpp
[INFO] [stderr]   cargo:rerun-if-changed=RocketSim/src/Sim/BallHitInfo/BallHitInfo.cpp
[INFO] [stderr]   cargo:rerun-if-changed=RocketSim/src/Sim/BallPredTracker/BallPredTracker.cpp
[INFO] [stderr]   cargo:rerun-if-changed=RocketSim/src/Sim/BoostPad/BoostPad.cpp
[INFO] [stderr]   cargo:rerun-if-changed=RocketSim/src/Sim/BoostPad/BoostPadGrid/BoostPadGrid.cpp
[INFO] [stderr]   cargo:rerun-if-changed=RocketSim/src/Sim/Car/Car.cpp
[INFO] [stderr]   cargo:rerun-if-changed=RocketSim/src/Sim/Car/CarConfig/CarConfig.cpp
[INFO] [stderr]   cargo:rerun-if-changed=RocketSim/src/Sim/GameEventTracker/GameEventTracker.cpp
[INFO] [stderr]   cargo:rerun-if-changed=RocketSim/src/Sim/MutatorConfig/MutatorConfig.cpp
[INFO] [stderr]   cargo:rerun-if-changed=RocketSim/src/Sim/PhysState/PhysState.cpp
[INFO] [stderr]   cargo:rerun-if-changed=RocketSim/src/Sim/SuspensionCollisionGrid/SuspensionCollisionGrid.cpp
[INFO] [stderr]   cargo:rerun-if-changed=RocketSim/src/Sim/btVehicleRL/btVehicleRL.cpp
[INFO] [stderr]   cargo:rerun-if-changed=arenar/arenar.cpp
[INFO] [stderr]   cargo:CXXBRIDGE_PREFIX=rocketsim_rs
[INFO] [stderr]   cargo:CXXBRIDGE_DIR0=/opt/rustwide/target/debug/build/rocketsim_rs-8182cfe214397f49/out/cxxbridge/include
[INFO] [stderr]   cargo:CXXBRIDGE_DIR1=/opt/rustwide/target/debug/build/rocketsim_rs-8182cfe214397f49/out/cxxbridge/crate
[INFO] [stderr]   OUT_DIR = Some(/opt/rustwide/target/debug/build/rocketsim_rs-8182cfe214397f49/out)
[INFO] [stderr]   TARGET = Some(x86_64-unknown-linux-gnu)
[INFO] [stderr]   OPT_LEVEL = Some(0)
[INFO] [stderr]   HOST = Some(x86_64-unknown-linux-gnu)
[INFO] [stderr]   cargo:rerun-if-env-changed=CXX_x86_64-unknown-linux-gnu
[INFO] [stderr]   CXX_x86_64-unknown-linux-gnu = None
[INFO] [stderr]   cargo:rerun-if-env-changed=CXX_x86_64_unknown_linux_gnu
[INFO] [stderr]   CXX_x86_64_unknown_linux_gnu = None
[INFO] [stderr]   cargo:rerun-if-env-changed=HOST_CXX
[INFO] [stderr]   HOST_CXX = None
[INFO] [stderr]   cargo:rerun-if-env-changed=CXX
[INFO] [stderr]   CXX = None
[INFO] [stderr]   cargo:rerun-if-env-changed=CC_ENABLE_DEBUG_OUTPUT
[INFO] [stderr]   RUSTC_WRAPPER = None
[INFO] [stderr]   cargo:rerun-if-env-changed=CRATE_CC_NO_DEFAULTS
[INFO] [stderr]   CRATE_CC_NO_DEFAULTS = None
[INFO] [stderr]   DEBUG = Some(true)
[INFO] [stderr]   CARGO_CFG_TARGET_FEATURE = Some(fxsr,sse,sse2)
[INFO] [stderr]   cargo:rerun-if-env-changed=CXXFLAGS_x86_64-unknown-linux-gnu
[INFO] [stderr]   CXXFLAGS_x86_64-unknown-linux-gnu = None
[INFO] [stderr]   cargo:rerun-if-env-changed=CXXFLAGS_x86_64_unknown_linux_gnu
[INFO] [stderr]   CXXFLAGS_x86_64_unknown_linux_gnu = None
[INFO] [stderr]   cargo:rerun-if-env-changed=HOST_CXXFLAGS
[INFO] [stderr]   HOST_CXXFLAGS = None
[INFO] [stderr]   cargo:rerun-if-env-changed=CXXFLAGS
[INFO] [stderr]   CXXFLAGS = None
[INFO] [stderr]   OUT_DIR = Some(/opt/rustwide/target/debug/build/rocketsim_rs-8182cfe214397f49/out)
[INFO] [stderr]   cargo:rerun-if-env-changed=CC_ENABLE_DEBUG_OUTPUT
[INFO] [stderr]   cargo:rerun-if-env-changed=CRATE_CC_NO_DEFAULTS
[INFO] [stderr]   CRATE_CC_NO_DEFAULTS = None
[INFO] [stderr]   CARGO_CFG_TARGET_FEATURE = Some(fxsr,sse,sse2)
[INFO] [stderr]   cargo:rerun-if-env-changed=CXXFLAGS_x86_64-unknown-linux-gnu
[INFO] [stderr]   CXXFLAGS_x86_64-unknown-linux-gnu = None
[INFO] [stderr]   cargo:rerun-if-env-changed=CXXFLAGS_x86_64_unknown_linux_gnu
[INFO] [stderr]   CXXFLAGS_x86_64_unknown_linux_gnu = None
[INFO] [stderr]   cargo:rerun-if-env-changed=HOST_CXXFLAGS
[INFO] [stderr]   HOST_CXXFLAGS = None
[INFO] [stderr]   cargo:rerun-if-env-changed=CXXFLAGS
[INFO] [stderr]   CXXFLAGS = None
[INFO] [stderr]   OUT_DIR = Some(/opt/rustwide/target/debug/build/rocketsim_rs-8182cfe214397f49/out)
[INFO] [stderr]   cargo:rerun-if-env-changed=CC_ENABLE_DEBUG_OUTPUT
[INFO] [stderr]   cargo:rerun-if-env-changed=CRATE_CC_NO_DEFAULTS
[INFO] [stderr]   CRATE_CC_NO_DEFAULTS = None
[INFO] [stderr]   CARGO_CFG_TARGET_FEATURE = Some(fxsr,sse,sse2)
[INFO] [stderr]   cargo:rerun-if-env-changed=CXXFLAGS_x86_64-unknown-linux-gnu
[INFO] [stderr]   CXXFLAGS_x86_64-unknown-linux-gnu = None
[INFO] [stderr]   cargo:rerun-if-env-changed=CXXFLAGS_x86_64_unknown_linux_gnu
[INFO] [stderr]   CXXFLAGS_x86_64_unknown_linux_gnu = None
[INFO] [stderr]   cargo:rerun-if-env-changed=HOST_CXXFLAGS
[INFO] [stderr]   HOST_CXXFLAGS = None
[INFO] [stderr]   cargo:rerun-if-env-changed=CXXFLAGS
[INFO] [stderr]   CXXFLAGS = None
[INFO] [stderr]   cargo:warning=c++: fatal error: Killed signal terminated program cc1plus
[INFO] [stderr]   cargo:warning=compilation terminated.
[INFO] [stderr]   exit status: 0
[INFO] [stderr]   exit status: 0
[INFO] [stderr]   exit status: 0
[INFO] [stderr]   exit status: 0
[INFO] [stderr]   exit status: 1
[INFO] [stderr]   cargo:warning=ToolExecError: Command "c++" "-O0" "-ffunction-sections" "-fdata-sections" "-fPIC" "-fno-plt" "-gdwarf-4" "-fno-omit-frame-pointer" "-m64" "-std=c++20" "-I" "/opt/rustwide/target/debug/build/rocketsim_rs-8182cfe214397f49/out/cxxbridge/include" "-I" "/opt/rustwide/target/debug/build/rocketsim_rs-8182cfe214397f49/out/cxxbridge/crate" "-I" "RocketSim/src/" "-I" "arenar/" "-march=native" "-w" "-o" "/opt/rustwide/target/debug/build/rocketsim_rs-8182cfe214397f49/out/a622ab4882ede4de-math.rs.o" "-c" "/opt/rustwide/target/debug/build/rocketsim_rs-8182cfe214397f49/out/cxxbridge/sources/rocketsim_rs/src/math.rs.cc" with args c++ did not execute successfully (status code exit status: 1).cargo:warning=c++: fatal error: Killed signal terminated program cc1plus
[INFO] [stderr]   cargo:warning=compilation terminated.
[INFO] [stderr] 
[INFO] [stderr]   exit status: 1
[INFO] [stderr]   cargo:warning=ToolExecError: Command "c++" "-O0" "-ffunction-sections" "-fdata-sections" "-fPIC" "-fno-plt" "-gdwarf-4" "-fno-omit-frame-pointer" "-m64" "-std=c++20" "-I" "/opt/rustwide/target/debug/build/rocketsim_rs-8182cfe214397f49/out/cxxbridge/include" "-I" "/opt/rustwide/target/debug/build/rocketsim_rs-8182cfe214397f49/out/cxxbridge/crate" "-I" "RocketSim/src/" "-I" "arenar/" "-march=native" "-w" "-o" "/opt/rustwide/target/debug/build/rocketsim_rs-8182cfe214397f49/out/085ff20477909993-car_config.rs.o" "-c" "/opt/rustwide/target/debug/build/rocketsim_rs-8182cfe214397f49/out/cxxbridge/sources/rocketsim_rs/src/sim/car_config.rs.cc" with args c++ did not execute successfully (status code exit status: 1).cargo:warning=c++: fatal error: Killed signal terminated program cc1plus
[INFO] [stderr]   cargo:warning=compilation terminated.
[INFO] [stderr] 
[INFO] [stderr]   exit status: 1
[INFO] [stderr]   cargo:warning=ToolExecError: Command "c++" "-O0" "-ffunction-sections" "-fdata-sections" "-fPIC" "-fno-plt" "-gdwarf-4" "-fno-omit-frame-pointer" "-m64" "-std=c++20" "-I" "/opt/rustwide/target/debug/build/rocketsim_rs-8182cfe214397f49/out/cxxbridge/include" "-I" "/opt/rustwide/target/debug/build/rocketsim_rs-8182cfe214397f49/out/cxxbridge/crate" "-I" "RocketSim/src/" "-I" "arenar/" "-march=native" "-w" "-o" "/opt/rustwide/target/debug/build/rocketsim_rs-8182cfe214397f49/out/085ff20477909993-ball_hit_info.rs.o" "-c" "/opt/rustwide/target/debug/build/rocketsim_rs-8182cfe214397f49/out/cxxbridge/sources/rocketsim_rs/src/sim/ball_hit_info.rs.cc" with args c++ did not execute successfully (status code exit status: 1).cargo:warning=c++: fatal error: Killed signal terminated program cc1plus
[INFO] [stderr]   cargo:warning=compilation terminated.
[INFO] [stderr] 
[INFO] [stderr]   exit status: 1
[INFO] [stderr]   cargo:warning=ToolExecError: Command "c++" "-O0" "-ffunction-sections" "-fdata-sections" "-fPIC" "-fno-plt" "-gdwarf-4" "-fno-omit-frame-pointer" "-m64" "-std=c++20" "-I" "/opt/rustwide/target/debug/build/rocketsim_rs-8182cfe214397f49/out/cxxbridge/include" "-I" "/opt/rustwide/target/debug/build/rocketsim_rs-8182cfe214397f49/out/cxxbridge/crate" "-I" "RocketSim/src/" "-I" "arenar/" "-march=native" "-w" "-o" "/opt/rustwide/target/debug/build/rocketsim_rs-8182cfe214397f49/out/085ff20477909993-arena_config.rs.o" "-c" "/opt/rustwide/target/debug/build/rocketsim_rs-8182cfe214397f49/out/cxxbridge/sources/rocketsim_rs/src/sim/arena_config.rs.cc" with args c++ did not execute successfully (status code exit status: 1).cargo:warning=c++: fatal error: Killed signal terminated program cc1plus
[INFO] [stderr]   cargo:warning=compilation terminated.
[INFO] [stderr] 
[INFO] [stderr]   exit status: 1
[INFO] [stderr]   cargo:warning=ToolExecError: Command "c++" "-O0" "-ffunction-sections" "-fdata-sections" "-fPIC" "-fno-plt" "-gdwarf-4" "-fno-omit-frame-pointer" "-m64" "-std=c++20" "-I" "/opt/rustwide/target/debug/build/rocketsim_rs-8182cfe214397f49/out/cxxbridge/include" "-I" "/opt/rustwide/target/debug/build/rocketsim_rs-8182cfe214397f49/out/cxxbridge/crate" "-I" "RocketSim/src/" "-I" "arenar/" "-march=native" "-w" "-o" "/opt/rustwide/target/debug/build/rocketsim_rs-8182cfe214397f49/out/085ff20477909993-arena.rs.o" "-c" "/opt/rustwide/target/debug/build/rocketsim_rs-8182cfe214397f49/out/cxxbridge/sources/rocketsim_rs/src/sim/arena.rs.cc" with args c++ did not execute successfully (status code exit status: 1).cargo:warning=c++: fatal error: Killed signal terminated program cc1plus
[INFO] [stderr]   cargo:warning=compilation terminated.
[INFO] [stderr] 
[INFO] [stderr]   exit status: 0
[INFO] [stderr]   exit status: 0
[INFO] [stderr]   exit status: 1
[INFO] [stderr]   cargo:warning=ToolExecError: Command "c++" "-O0" "-ffunction-sections" "-fdata-sections" "-fPIC" "-fno-plt" "-gdwarf-4" "-fno-omit-frame-pointer" "-m64" "-std=c++20" "-I" "/opt/rustwide/target/debug/build/rocketsim_rs-8182cfe214397f49/out/cxxbridge/include" "-I" "/opt/rustwide/target/debug/build/rocketsim_rs-8182cfe214397f49/out/cxxbridge/crate" "-I" "RocketSim/src/" "-I" "arenar/" "-march=native" "-w" "-o" "/opt/rustwide/target/debug/build/rocketsim_rs-8182cfe214397f49/out/a622ab4882ede4de-lib.rs.o" "-c" "/opt/rustwide/target/debug/build/rocketsim_rs-8182cfe214397f49/out/cxxbridge/sources/rocketsim_rs/src/lib.rs.cc" with args c++ did not execute successfully (status code exit status: 1).cargo:warning=c++: fatal error: Killed signal terminated program cc1plus
[INFO] [stderr]   cargo:warning=compilation terminated.
[INFO] [stderr] 
[INFO] [stderr]   exit status: 0
[INFO] [stderr]   exit status: 1
[INFO] [stderr]   cargo:warning=ToolExecError: Command "c++" "-O0" "-ffunction-sections" "-fdata-sections" "-fPIC" "-fno-plt" "-gdwarf-4" "-fno-omit-frame-pointer" "-m64" "-std=c++20" "-I" "/opt/rustwide/target/debug/build/rocketsim_rs-8182cfe214397f49/out/cxxbridge/include" "-I" "/opt/rustwide/target/debug/build/rocketsim_rs-8182cfe214397f49/out/cxxbridge/crate" "-I" "RocketSim/src/" "-I" "arenar/" "-march=native" "-w" "-o" "/opt/rustwide/target/debug/build/rocketsim_rs-8182cfe214397f49/out/085ff20477909993-boost_pad.rs.o" "-c" "/opt/rustwide/target/debug/build/rocketsim_rs-8182cfe214397f49/out/cxxbridge/sources/rocketsim_rs/src/sim/boost_pad.rs.cc" with args c++ did not execute successfully (status code exit status: 1).
[INFO] [stderr]   exit status: 0
[INFO] [stderr]   exit status: 0
[INFO] [stderr]   exit status: 0
[INFO] [stderr]   exit status: 0
[INFO] [stderr]   exit status: 0
[INFO] [stderr]   exit status: 0
[INFO] [stderr]   exit status: 0
[INFO] [stderr]   exit status: 0
[INFO] [stderr]   exit status: 0
[INFO] [stderr]   exit status: 0
[INFO] [stderr]   exit status: 0
[INFO] [stderr]   exit status: 0
[INFO] [stderr]   exit status: 0
[INFO] [stderr]   exit status: 0
[INFO] [stderr]   exit status: 0
[INFO] [stderr]   exit status: 0
[INFO] [stderr]   exit status: 0
[INFO] [stderr]   exit status: 0
[INFO] [stderr]   exit status: 0
[INFO] [stderr]   exit status: 0
[INFO] [stderr]   exit status: 0
[INFO] [stderr]   exit status: 0
[INFO] [stderr]   exit status: 0
[INFO] [stderr]   exit status: 0
[INFO] [stderr]   exit status: 0
[INFO] [stderr]   exit status: 0
[INFO] [stderr]   exit status: 0
[INFO] [stderr]   exit status: 0
[INFO] [stderr]   exit status: 0
[INFO] [stderr]   exit status: 0
[INFO] [stderr]   exit status: 0
[INFO] [stderr]   exit status: 0
[INFO] [stderr]   exit status: 0
[INFO] [stderr]   exit status: 0
[INFO] [stderr]   exit status: 0
[INFO] [stderr]   exit status: 0
[INFO] [stderr]   exit status: 0
[INFO] [stderr]   exit status: 0
[INFO] [stderr]   exit status: 0
[INFO] [stderr]   exit status: 0
[INFO] [stderr]   exit status: 0
[INFO] [stderr]   exit status: 0
[INFO] [stderr]   exit status: 0
[INFO] [stderr]   exit status: 0
[INFO] [stderr]   exit status: 0
[INFO] [stderr]   exit status: 0
[INFO] [stderr]   exit status: 0
[INFO] [stderr]   exit status: 0
[INFO] [stderr]   exit status: 0
[INFO] [stderr]   exit status: 0
[INFO] [stderr]   exit status: 0
[INFO] [stderr]   exit status: 0
[INFO] [stderr]   exit status: 0
[INFO] [stderr]   exit status: 0
[INFO] [stderr]   exit status: 0
[INFO] [stderr]   exit status: 0
[INFO] [stderr]   exit status: 0
[INFO] [stderr]   exit status: 0
[INFO] [stderr]   exit status: 0
[INFO] [stderr]   exit status: 0
[INFO] [stderr]   exit status: 0
[INFO] [stderr]   exit status: 0
[INFO] [stderr]   exit status: 0
[INFO] [stderr]   exit status: 0
[INFO] [stderr]   exit status: 0
[INFO] [stderr]   exit status: 0
[INFO] [stderr]   exit status: 0
[INFO] [stderr]   exit status: 0
[INFO] [stderr]   exit status: 0
[INFO] [stderr]   exit status: 0
[INFO] [stderr]   exit status: 0
[INFO] [stderr]   exit status: 0
[INFO] [stderr]   exit status: 0
[INFO] [stderr]   exit status: 0
[INFO] [stderr]   exit status: 0
[INFO] [stderr]   exit status: 0
[INFO] [stderr]   exit status: 0
[INFO] [stderr]   exit status: 0
[INFO] [stderr]   exit status: 0
[INFO] [stderr]   exit status: 0
[INFO] [stderr]   cargo:warning=c++: fatal error: Killed signal terminated program cc1plus
[INFO] [stderr]   cargo:warning=compilation terminated.
[INFO] [stderr]   exit status: 0
[INFO] [stderr]   exit status: 0
[INFO] [stderr]   exit status: 0
[INFO] [stderr]   exit status: 0
[INFO] [stderr]   exit status: 1
[INFO] [stderr]   cargo:warning=ToolExecError: Command "c++" "-O0" "-ffunction-sections" "-fdata-sections" "-fPIC" "-fno-plt" "-gdwarf-4" "-fno-omit-frame-pointer" "-m64" "-std=c++20" "-I" "/opt/rustwide/target/debug/build/rocketsim_rs-8182cfe214397f49/out/cxxbridge/include" "-I" "/opt/rustwide/target/debug/build/rocketsim_rs-8182cfe214397f49/out/cxxbridge/crate" "-I" "RocketSim/src/" "-I" "arenar/" "-march=native" "-w" "-o" "/opt/rustwide/target/debug/build/rocketsim_rs-8182cfe214397f49/out/2e1f5a480b5b86ae-Math.o" "-c" "RocketSim/src/Math/Math.cpp" with args c++ did not execute successfully (status code exit status: 1).cargo:warning=c++: fatal error: Killed signal terminated program cc1plus
[INFO] [stderr]   cargo:warning=compilation terminated.
[INFO] [stderr] 
[INFO] [stderr]   exit status: 1
[INFO] [stderr]   cargo:warning=ToolExecError: Command "c++" "-O0" "-ffunction-sections" "-fdata-sections" "-fPIC" "-fno-plt" "-gdwarf-4" "-fno-omit-frame-pointer" "-m64" "-std=c++20" "-I" "/opt/rustwide/target/debug/build/rocketsim_rs-8182cfe214397f49/out/cxxbridge/include" "-I" "/opt/rustwide/target/debug/build/rocketsim_rs-8182cfe214397f49/out/cxxbridge/crate" "-I" "RocketSim/src/" "-I" "arenar/" "-march=native" "-w" "-o" "/opt/rustwide/target/debug/build/rocketsim_rs-8182cfe214397f49/out/8f7b3b313be08b9b-BoostPad.o" "-c" "RocketSim/src/Sim/BoostPad/BoostPad.cpp" with args c++ did not execute successfully (status code exit status: 1).cargo:warning=c++: fatal error: Killed signal terminated program cc1plus
[INFO] [stderr]   cargo:warning=compilation terminated.
[INFO] [stderr] 
[INFO] [stderr]   exit status: 1
[INFO] [stderr]   cargo:warning=ToolExecError: Command "c++" "-O0" "-ffunction-sections" "-fdata-sections" "-fPIC" "-fno-plt" "-gdwarf-4" "-fno-omit-frame-pointer" "-m64" "-std=c++20" "-I" "/opt/rustwide/target/debug/build/rocketsim_rs-8182cfe214397f49/out/cxxbridge/include" "-I" "/opt/rustwide/target/debug/build/rocketsim_rs-8182cfe214397f49/out/cxxbridge/crate" "-I" "RocketSim/src/" "-I" "arenar/" "-march=native" "-w" "-o" "/opt/rustwide/target/debug/build/rocketsim_rs-8182cfe214397f49/out/571cebbeeb5d2256-MathTypes.o" "-c" "RocketSim/src/Math/MathTypes/MathTypes.cpp" with args c++ did not execute successfully (status code exit status: 1).cargo:warning=c++: fatal error: Killed signal terminated program cc1plus
[INFO] [stderr]   cargo:warning=compilation terminated.
[INFO] [stderr] 
[INFO] [stderr]   exit status: 1
[INFO] [stderr]   cargo:warning=ToolExecError: Command "c++" "-O0" "-ffunction-sections" "-fdata-sections" "-fPIC" "-fno-plt" "-gdwarf-4" "-fno-omit-frame-pointer" "-m64" "-std=c++20" "-I" "/opt/rustwide/target/debug/build/rocketsim_rs-8182cfe214397f49/out/cxxbridge/include" "-I" "/opt/rustwide/target/debug/build/rocketsim_rs-8182cfe214397f49/out/cxxbridge/crate" "-I" "RocketSim/src/" "-I" "arenar/" "-march=native" "-w" "-o" "/opt/rustwide/target/debug/build/rocketsim_rs-8182cfe214397f49/out/7eaf038ecc9fdfa1-CollisionMeshFile.o" "-c" "RocketSim/src/CollisionMeshFile/CollisionMeshFile.cpp" with args c++ did not execute successfully (status code exit status: 1).cargo:warning=c++: fatal error: Killed signal terminated program cc1plus
[INFO] [stderr]   cargo:warning=compilation terminated.
[INFO] [stderr] 
[INFO] [stderr]   exit status: 1
[INFO] [stderr]   cargo:warning=ToolExecError: Command "c++" "-O0" "-ffunction-sections" "-fdata-sections" "-fPIC" "-fno-plt" "-gdwarf-4" "-fno-omit-frame-pointer" "-m64" "-std=c++20" "-I" "/opt/rustwide/target/debug/build/rocketsim_rs-8182cfe214397f49/out/cxxbridge/include" "-I" "/opt/rustwide/target/debug/build/rocketsim_rs-8182cfe214397f49/out/cxxbridge/crate" "-I" "RocketSim/src/" "-I" "arenar/" "-march=native" "-w" "-o" "/opt/rustwide/target/debug/build/rocketsim_rs-8182cfe214397f49/out/9faa2981ce3dcff3-ArenaConfig.o" "-c" "RocketSim/src/Sim/Arena/ArenaConfig/ArenaConfig.cpp" with args c++ did not execute successfully (status code exit status: 1).cargo:warning=c++: fatal error: Killed signal terminated program cc1plus
[INFO] [stderr]   cargo:warning=compilation terminated.
[INFO] [stderr] 
[INFO] [stderr]   exit status: 1
[INFO] [stderr]   cargo:warning=ToolExecError: Command "c++" "-O0" "-ffunction-sections" "-fdata-sections" "-fPIC" "-fno-plt" "-gdwarf-4" "-fno-omit-frame-pointer" "-m64" "-std=c++20" "-I" "/opt/rustwide/target/debug/build/rocketsim_rs-8182cfe214397f49/out/cxxbridge/include" "-I" "/opt/rustwide/target/debug/build/rocketsim_rs-8182cfe214397f49/out/cxxbridge/crate" "-I" "RocketSim/src/" "-I" "arenar/" "-march=native" "-w" "-o" "/opt/rustwide/target/debug/build/rocketsim_rs-8182cfe214397f49/out/1f425a370352fa37-Arena.o" "-c" "RocketSim/src/Sim/Arena/Arena.cpp" with args c++ did not execute successfully (status code exit status: 1).cargo:warning=c++: fatal error: Killed signal terminated program cc1plus
[INFO] [stderr]   cargo:warning=compilation terminated.
[INFO] [stderr] 
[INFO] [stderr]   exit status: 1
[INFO] [stderr]   cargo:warning=ToolExecError: Command "c++" "-O0" "-ffunction-sections" "-fdata-sections" "-fPIC" "-fno-plt" "-gdwarf-4" "-fno-omit-frame-pointer" "-m64" "-std=c++20" "-I" "/opt/rustwide/target/debug/build/rocketsim_rs-8182cfe214397f49/out/cxxbridge/include" "-I" "/opt/rustwide/target/debug/build/rocketsim_rs-8182cfe214397f49/out/cxxbridge/crate" "-I" "RocketSim/src/" "-I" "arenar/" "-march=native" "-w" "-o" "/opt/rustwide/target/debug/build/rocketsim_rs-8182cfe214397f49/out/f193abbf77511bb5-Ball.o" "-c" "RocketSim/src/Sim/Ball/Ball.cpp" with args c++ did not execute successfully (status code exit status: 1).cargo:warning=c++: fatal error: Killed signal terminated program cc1plus
[INFO] [stderr]   cargo:warning=compilation terminated.
[INFO] [stderr] 
[INFO] [stderr]   exit status: 1
[INFO] [stderr]   cargo:warning=ToolExecError: Command "c++" "-O0" "-ffunction-sections" "-fdata-sections" "-fPIC" "-fno-plt" "-gdwarf-4" "-fno-omit-frame-pointer" "-m64" "-std=c++20" "-I" "/opt/rustwide/target/debug/build/rocketsim_rs-8182cfe214397f49/out/cxxbridge/include" "-I" "/opt/rustwide/target/debug/build/rocketsim_rs-8182cfe214397f49/out/cxxbridge/crate" "-I" "RocketSim/src/" "-I" "arenar/" "-march=native" "-w" "-o" "/opt/rustwide/target/debug/build/rocketsim_rs-8182cfe214397f49/out/015d72e8f61e330e-RocketSim.o" "-c" "RocketSim/src/RocketSim.cpp" with args c++ did not execute successfully (status code exit status: 1).cargo:warning=c++: fatal error: Killed signal terminated program cc1plus
[INFO] [stderr]   cargo:warning=compilation terminated.
[INFO] [stderr] 
[INFO] [stderr]   exit status: 1
[INFO] [stderr]   cargo:warning=ToolExecError: Command "c++" "-O0" "-ffunction-sections" "-fdata-sections" "-fPIC" "-fno-plt" "-gdwarf-4" "-fno-omit-frame-pointer" "-m64" "-std=c++20" "-I" "/opt/rustwide/target/debug/build/rocketsim_rs-8182cfe214397f49/out/cxxbridge/include" "-I" "/opt/rustwide/target/debug/build/rocketsim_rs-8182cfe214397f49/out/cxxbridge/crate" "-I" "RocketSim/src/" "-I" "arenar/" "-march=native" "-w" "-o" "/opt/rustwide/target/debug/build/rocketsim_rs-8182cfe214397f49/out/865ab1a3a41918a0-BallHitInfo.o" "-c" "RocketSim/src/Sim/BallHitInfo/BallHitInfo.cpp" with args c++ did not execute successfully (status code exit status: 1).cargo:warning=c++: fatal error: Killed signal terminated program cc1plus
[INFO] [stderr]   cargo:warning=compilation terminated.
[INFO] [stderr] 
[INFO] [stderr]   exit status: 1
[INFO] [stderr]   cargo:warning=ToolExecError: Command "c++" "-O0" "-ffunction-sections" "-fdata-sections" "-fPIC" "-fno-plt" "-gdwarf-4" "-fno-omit-frame-pointer" "-m64" "-std=c++20" "-I" "/opt/rustwide/target/debug/build/rocketsim_rs-8182cfe214397f49/out/cxxbridge/include" "-I" "/opt/rustwide/target/debug/build/rocketsim_rs-8182cfe214397f49/out/cxxbridge/crate" "-I" "RocketSim/src/" "-I" "arenar/" "-march=native" "-w" "-o" "/opt/rustwide/target/debug/build/rocketsim_rs-8182cfe214397f49/out/bb91b55df9be4dad-BoostPadGrid.o" "-c" "RocketSim/src/Sim/BoostPad/BoostPadGrid/BoostPadGrid.cpp" with args c++ did not execute successfully (status code exit status: 1).cargo:warning=c++: fatal error: Killed signal terminated program cc1plus
[INFO] [stderr]   cargo:warning=compilation terminated.
[INFO] [stderr] 
[INFO] [stderr]   exit status: 0
[INFO] [stderr]   exit status: 1
[INFO] [stderr]   cargo:warning=ToolExecError: Command "c++" "-O0" "-ffunction-sections" "-fdata-sections" "-fPIC" "-fno-plt" "-gdwarf-4" "-fno-omit-frame-pointer" "-m64" "-std=c++20" "-I" "/opt/rustwide/target/debug/build/rocketsim_rs-8182cfe214397f49/out/cxxbridge/include" "-I" "/opt/rustwide/target/debug/build/rocketsim_rs-8182cfe214397f49/out/cxxbridge/crate" "-I" "RocketSim/src/" "-I" "arenar/" "-march=native" "-w" "-o" "/opt/rustwide/target/debug/build/rocketsim_rs-8182cfe214397f49/out/e94ccc3569e9b3ab-BallPredTracker.o" "-c" "RocketSim/src/Sim/BallPredTracker/BallPredTracker.cpp" with args c++ did not execute successfully (status code exit status: 1).
[INFO] [stderr]   exit status: 0
[INFO] [stderr]   exit status: 0
[INFO] [stderr]   exit status: 0
[INFO] [stderr]   exit status: 0
[INFO] [stderr]   exit status: 0
[INFO] [stderr]   exit status: 0
[INFO] [stderr]   exit status: 0
[INFO] [stderr] 
[INFO] [stderr]   --- stderr
[INFO] [stderr] 
[INFO] [stderr]   CXX include path:
[INFO] [stderr]     /opt/rustwide/target/debug/build/rocketsim_rs-8182cfe214397f49/out/cxxbridge/include
[INFO] [stderr]     /opt/rustwide/target/debug/build/rocketsim_rs-8182cfe214397f49/out/cxxbridge/crate
[INFO] [stderr] 
[INFO] [stderr] 
[INFO] [stderr]   error occurred: Command "c++" "-O0" "-ffunction-sections" "-fdata-sections" "-fPIC" "-fno-plt" "-gdwarf-4" "-fno-omit-frame-pointer" "-m64" "-std=c++20" "-I" "/opt/rustwide/target/debug/build/rocketsim_rs-8182cfe214397f49/out/cxxbridge/include" "-I" "/opt/rustwide/target/debug/build/rocketsim_rs-8182cfe214397f49/out/cxxbridge/crate" "-I" "RocketSim/src/" "-I" "arenar/" "-march=native" "-w" "-o" "/opt/rustwide/target/debug/build/rocketsim_rs-8182cfe214397f49/out/e94ccc3569e9b3ab-BallPredTracker.o" "-c" "RocketSim/src/Sim/BallPredTracker/BallPredTracker.cpp" with args c++ did not execute successfully (status code exit status: 1).
[INFO] [stderr] 
[INFO] [stderr] 
[INFO] running `Command { std: "docker" "inspect" "97f50ff5439308f295cb62609035de643bba91da6123e6826eacfece163d225a", kill_on_drop: false }`
[INFO] running `Command { std: "docker" "rm" "-f" "97f50ff5439308f295cb62609035de643bba91da6123e6826eacfece163d225a", kill_on_drop: false }`
[INFO] [stdout] 97f50ff5439308f295cb62609035de643bba91da6123e6826eacfece163d225a
