[INFO] fetching crate rocket_casbin_auth 0.1.1...
[INFO] testing rocket_casbin_auth-0.1.1 against nightly-2024-10-28+rustflags=-Zrandomize-layout for randomize-layout
[INFO] extracting crate rocket_casbin_auth 0.1.1 into /workspace/builds/worker-3-tc2/source
[INFO] validating manifest of crates.io crate rocket_casbin_auth 0.1.1 on toolchain nightly-2024-10-28
[INFO] running `Command { std: CARGO_HOME="/workspace/cargo-home" RUSTUP_HOME="/workspace/rustup-home" "/workspace/cargo-home/bin/cargo" "+nightly-2024-10-28" "metadata" "--manifest-path" "Cargo.toml" "--no-deps", kill_on_drop: false }`
[INFO] started tweaking crates.io crate rocket_casbin_auth 0.1.1
[INFO] finished tweaking crates.io crate rocket_casbin_auth 0.1.1
[INFO] tweaked toml for crates.io crate rocket_casbin_auth 0.1.1 written to /workspace/builds/worker-3-tc2/source/Cargo.toml
[INFO] running `Command { std: CARGO_HOME="/workspace/cargo-home" RUSTUP_HOME="/workspace/rustup-home" "/workspace/cargo-home/bin/cargo" "+nightly-2024-10-28" "generate-lockfile" "--manifest-path" "Cargo.toml", kill_on_drop: false }`
[INFO] [stderr]     Updating crates.io index
[INFO] [stderr]      Locking 122 packages to latest compatible versions
[INFO] [stderr]       Adding casbin v1.1.3 (available: v2.5.0)
[INFO] [stderr]       Adding rocket v0.4.11 (available: v0.5.1)
[INFO] [stderr]       Adding subtle v2.4.1 (available: v2.6.1)
[INFO] [stderr]       Adding tokio v0.2.25 (available: v1.41.0)
[INFO] [stderr]       Adding wasi v0.10.0+wasi-snapshot-preview1 (available: v0.10.2+wasi-snapshot-preview1)
[INFO] running `Command { std: CARGO_HOME="/workspace/cargo-home" RUSTUP_HOME="/workspace/rustup-home" "/workspace/cargo-home/bin/cargo" "+nightly-2024-10-28" "fetch" "--manifest-path" "Cargo.toml", kill_on_drop: false }`
[INFO] running `Command { std: "docker" "create" "-v" "/var/lib/crater-agent-workspace/builds/worker-3-tc2/target:/opt/rustwide/target:rw,Z" "-v" "/var/lib/crater-agent-workspace/builds/worker-3-tc2/source:/opt/rustwide/workdir:ro,Z" "-v" "/var/lib/crater-agent-workspace/cargo-home:/opt/rustwide/cargo-home:ro,Z" "-v" "/var/lib/crater-agent-workspace/rustup-home:/opt/rustwide/rustup-home:ro,Z" "-e" "SOURCE_DIR=/opt/rustwide/workdir" "-e" "CARGO_TARGET_DIR=/opt/rustwide/target" "-e" "CARGO_HOME=/opt/rustwide/cargo-home" "-e" "RUSTUP_HOME=/opt/rustwide/rustup-home" "-w" "/opt/rustwide/workdir" "-m" "1610612736" "--user" "0:0" "--network" "none" "ghcr.io/rust-lang/crates-build-env/linux@sha256:4a844ea9eb2546a2d2c7022eacef16ef2e8229c7fbb2c7d4d55a9ceca922f72d" "/opt/rustwide/cargo-home/bin/cargo" "+nightly-2024-10-28" "metadata" "--no-deps" "--format-version=1", kill_on_drop: false }`
[INFO] [stdout] b49ac9399ab5a884f3d0ca11c9a2ad393311beceacda0724b3f80a0f19ec090b
[INFO] running `Command { std: "docker" "start" "-a" "b49ac9399ab5a884f3d0ca11c9a2ad393311beceacda0724b3f80a0f19ec090b", kill_on_drop: false }`
[INFO] running `Command { std: "docker" "inspect" "b49ac9399ab5a884f3d0ca11c9a2ad393311beceacda0724b3f80a0f19ec090b", kill_on_drop: false }`
[INFO] running `Command { std: "docker" "rm" "-f" "b49ac9399ab5a884f3d0ca11c9a2ad393311beceacda0724b3f80a0f19ec090b", kill_on_drop: false }`
[INFO] [stdout] b49ac9399ab5a884f3d0ca11c9a2ad393311beceacda0724b3f80a0f19ec090b
[INFO] running `Command { std: "docker" "create" "-v" "/var/lib/crater-agent-workspace/builds/worker-3-tc2/target:/opt/rustwide/target:rw,Z" "-v" "/var/lib/crater-agent-workspace/builds/worker-3-tc2/source:/opt/rustwide/workdir:ro,Z" "-v" "/var/lib/crater-agent-workspace/cargo-home:/opt/rustwide/cargo-home:ro,Z" "-v" "/var/lib/crater-agent-workspace/rustup-home:/opt/rustwide/rustup-home:ro,Z" "-e" "SOURCE_DIR=/opt/rustwide/workdir" "-e" "CARGO_TARGET_DIR=/opt/rustwide/target" "-e" "CARGO_INCREMENTAL=0" "-e" "RUST_BACKTRACE=full" "-e" "RUSTFLAGS=--cap-lints=forbid -Zrandomize-layout" "-e" "RUSTDOCFLAGS=--cap-lints=forbid" "-e" "CARGO_HOME=/opt/rustwide/cargo-home" "-e" "RUSTUP_HOME=/opt/rustwide/rustup-home" "-w" "/opt/rustwide/workdir" "-m" "1610612736" "--user" "0:0" "--network" "none" "ghcr.io/rust-lang/crates-build-env/linux@sha256:4a844ea9eb2546a2d2c7022eacef16ef2e8229c7fbb2c7d4d55a9ceca922f72d" "/opt/rustwide/cargo-home/bin/cargo" "+nightly-2024-10-28" "build" "--frozen" "--message-format=json", kill_on_drop: false }`
[INFO] [stdout] 7e5fa312852863cea9c6a40290ffb41f8b30542c887410ec1985055b693e9e00
[INFO] running `Command { std: "docker" "start" "-a" "7e5fa312852863cea9c6a40290ffb41f8b30542c887410ec1985055b693e9e00", kill_on_drop: false }`
[INFO] [stderr]    Compiling generic-array v0.14.7
[INFO] [stderr]    Compiling proc-macro2 v0.4.30
[INFO] [stderr]    Compiling subtle v2.4.1
[INFO] [stderr]    Compiling unicode-xid v0.1.0
[INFO] [stderr]    Compiling yansi v0.5.1
[INFO] [stderr]    Compiling syn v0.15.44
[INFO] [stderr]    Compiling opaque-debug v0.3.1
[INFO] [stderr]    Compiling version_check v0.1.5
[INFO] [stderr]    Compiling cpuid-bool v0.2.0
[INFO] [stderr]    Compiling matches v0.1.10
[INFO] [stderr]    Compiling unicode-bidi v0.3.17
[INFO] [stderr]    Compiling unicode-normalization v0.1.24
[INFO] [stderr]    Compiling time v0.1.45
[INFO] [stderr]    Compiling log v0.3.9
[INFO] [stderr]    Compiling safemem v0.3.3
[INFO] [stderr]    Compiling rand_chacha v0.3.1
[INFO] [stderr]    Compiling bitflags v1.3.2
[INFO] [stderr]    Compiling percent-encoding v1.0.1
[INFO] [stderr]    Compiling num_cpus v1.16.0
[INFO] [stderr]    Compiling base64 v0.9.3
[INFO] [stderr]    Compiling language-tags v0.2.2
[INFO] [stderr]    Compiling serde v1.0.214
[INFO] [stderr]    Compiling mime v0.2.6
[INFO] [stderr]    Compiling typeable v0.1.2
[INFO] [stderr]    Compiling pear_codegen v0.1.5
[INFO] [stderr]    Compiling rand v0.8.5
[INFO] [stderr]    Compiling traitobject v0.1.0
[INFO] [stderr]    Compiling rocket_codegen v0.4.11
[INFO] [stderr]    Compiling unicase v1.4.2
[INFO] [stderr]    Compiling state v0.4.2
[INFO] [stderr]    Compiling rocket v0.4.11
[INFO] [stderr]    Compiling glob v0.3.1
[INFO] [stderr]    Compiling pin-project-lite v0.1.12
[INFO] [stderr]    Compiling tokio v0.2.25
[INFO] [stderr]    Compiling ttl_cache v0.5.1
[INFO] [stderr]    Compiling rhai v0.17.0
[INFO] [stderr]    Compiling atty v0.2.14
[INFO] [stderr]    Compiling idna v0.1.5
[INFO] [stderr]    Compiling cipher v0.2.5
[INFO] [stderr]    Compiling digest v0.9.0
[INFO] [stderr]    Compiling universal-hash v0.4.1
[INFO] [stderr]    Compiling crypto-mac v0.10.1
[INFO] [stderr]    Compiling quote v0.6.13
[INFO] [stderr]    Compiling block-buffer v0.9.0
[INFO] [stderr]    Compiling polyval v0.4.5
[INFO] [stderr]    Compiling aes-soft v0.6.4
[INFO] [stderr]    Compiling ctr v0.6.0
[INFO] [stderr]    Compiling hmac v0.10.1
[INFO] [stderr]    Compiling aead v0.3.2
[INFO] [stderr]    Compiling ghash v0.3.1
[INFO] [stderr]    Compiling hkdf v0.10.0
[INFO] [stderr]    Compiling sha2 v0.9.9
[INFO] [stderr]    Compiling aes v0.6.0
[INFO] [stderr]    Compiling url v1.7.2
[INFO] [stderr]    Compiling aes-gcm v0.8.0
[INFO] [stderr]    Compiling cookie v0.11.5
[INFO] [stderr]    Compiling hyper v0.10.16
[INFO] [stderr]    Compiling casbin v1.1.3
[INFO] [stderr]    Compiling toml v0.4.10
[INFO] [stderr]    Compiling devise_core v0.2.1
[INFO] [stderr]    Compiling devise_codegen v0.2.1
[INFO] [stderr]    Compiling devise v0.2.1
[INFO] [stderr]    Compiling pear v0.1.5
[INFO] [stderr]    Compiling rocket_http v0.4.11
[INFO] [stderr]    Compiling rocket_casbin_auth v0.1.1 (/opt/rustwide/workdir)
[INFO] [stdout] error[E0557]: feature has been removed
[INFO] [stdout]  --> src/lib.rs:1:12
[INFO] [stdout]   |
[INFO] [stdout] 1 | #![feature(in_band_lifetimes)]
[INFO] [stdout]   |            ^^^^^^^^^^^^^^^^^ feature has been removed
[INFO] [stdout]   |
[INFO] [stdout]   = note: removed due to unsolved ergonomic questions and added lifetime resolution complexity
[INFO] [stdout] 
[INFO] [stdout] 
[INFO] [stdout] error[E0261]: use of undeclared lifetime name `'a`
[INFO] [stdout]   --> src/lib.rs:16:33
[INFO] [stdout]    |
[INFO] [stdout] 16 |     fn casbin_vals(&self, req: &'a Request<'r>) -> Vec<String>;
[INFO] [stdout]    |                                 ^^ undeclared lifetime
[INFO] [stdout]    |
[INFO] [stdout] help: consider introducing lifetime `'a` here
[INFO] [stdout]    |
[INFO] [stdout] 16 |     fn casbin_vals<'a>(&self, req: &'a Request<'r>) -> Vec<String>;
[INFO] [stdout]    |                   ++++
[INFO] [stdout] help: consider introducing lifetime `'a` here
[INFO] [stdout]    |
[INFO] [stdout] 13 | pub trait CasbinMiddleware<'a>: Fairing {
[INFO] [stdout]    |                           ++++
[INFO] [stdout] 
[INFO] [stdout] 
[INFO] [stdout] error[E0261]: use of undeclared lifetime name `'r`
[INFO] [stdout]   --> src/lib.rs:16:44
[INFO] [stdout]    |
[INFO] [stdout] 16 |     fn casbin_vals(&self, req: &'a Request<'r>) -> Vec<String>;
[INFO] [stdout]    |                                            ^^ undeclared lifetime
[INFO] [stdout]    |
[INFO] [stdout] help: consider introducing lifetime `'r` here
[INFO] [stdout]    |
[INFO] [stdout] 16 |     fn casbin_vals<'r>(&self, req: &'a Request<'r>) -> Vec<String>;
[INFO] [stdout]    |                   ++++
[INFO] [stdout] help: consider introducing lifetime `'r` here
[INFO] [stdout]    |
[INFO] [stdout] 13 | pub trait CasbinMiddleware<'r>: Fairing {
[INFO] [stdout]    |                           ++++
[INFO] [stdout] 
[INFO] [stdout] 
[INFO] [stdout] error[E0261]: use of undeclared lifetime name `'a`
[INFO] [stdout]   --> src/lib.rs:21:29
[INFO] [stdout]    |
[INFO] [stdout] 21 |     fn enforce(&self, req: &'a Request<'r>) {
[INFO] [stdout]    |                             ^^ undeclared lifetime
[INFO] [stdout]    |
[INFO] [stdout] help: consider introducing lifetime `'a` here
[INFO] [stdout]    |
[INFO] [stdout] 21 |     fn enforce<'a>(&self, req: &'a Request<'r>) {
[INFO] [stdout]    |               ++++
[INFO] [stdout] help: consider introducing lifetime `'a` here
[INFO] [stdout]    |
[INFO] [stdout] 13 | pub trait CasbinMiddleware<'a>: Fairing {
[INFO] [stdout]    |                           ++++
[INFO] [stdout] 
[INFO] [stdout] 
[INFO] [stdout] error[E0261]: use of undeclared lifetime name `'r`
[INFO] [stdout]   --> src/lib.rs:21:40
[INFO] [stdout]    |
[INFO] [stdout] 21 |     fn enforce(&self, req: &'a Request<'r>) {
[INFO] [stdout]    |                                        ^^ undeclared lifetime
[INFO] [stdout]    |
[INFO] [stdout] help: consider introducing lifetime `'r` here
[INFO] [stdout]    |
[INFO] [stdout] 21 |     fn enforce<'r>(&self, req: &'a Request<'r>) {
[INFO] [stdout]    |               ++++
[INFO] [stdout] help: consider introducing lifetime `'r` here
[INFO] [stdout]    |
[INFO] [stdout] 13 | pub trait CasbinMiddleware<'r>: Fairing {
[INFO] [stdout]    |                           ++++
[INFO] [stdout] 
[INFO] [stdout] 
[INFO] [stdout] Some errors have detailed explanations: E0261, E0557.
[INFO] [stdout] 
[INFO] [stdout] For more information about an error, try `rustc --explain E0261`.
[INFO] [stdout] 
[INFO] [stderr] error: could not compile `rocket_casbin_auth` (lib) due to 5 previous errors
[INFO] [stderr] warning: build failed, waiting for other jobs to finish...
[INFO] running `Command { std: "docker" "inspect" "7e5fa312852863cea9c6a40290ffb41f8b30542c887410ec1985055b693e9e00", kill_on_drop: false }`
[INFO] running `Command { std: "docker" "rm" "-f" "7e5fa312852863cea9c6a40290ffb41f8b30542c887410ec1985055b693e9e00", kill_on_drop: false }`
[INFO] [stdout] 7e5fa312852863cea9c6a40290ffb41f8b30542c887410ec1985055b693e9e00
