[INFO] fetching crate rkyv-owned-archive 0.0.8...
[INFO] testing rkyv-owned-archive-0.0.8 against nightly-2024-10-28+rustflags=-Zrandomize-layout for randomize-layout
[INFO] extracting crate rkyv-owned-archive 0.0.8 into /workspace/builds/worker-6-tc2/source
[INFO] validating manifest of crates.io crate rkyv-owned-archive 0.0.8 on toolchain nightly-2024-10-28
[INFO] running `Command { std: CARGO_HOME="/workspace/cargo-home" RUSTUP_HOME="/workspace/rustup-home" "/workspace/cargo-home/bin/cargo" "+nightly-2024-10-28" "metadata" "--manifest-path" "Cargo.toml" "--no-deps", kill_on_drop: false }`
[INFO] started tweaking crates.io crate rkyv-owned-archive 0.0.8
[INFO] finished tweaking crates.io crate rkyv-owned-archive 0.0.8
[INFO] tweaked toml for crates.io crate rkyv-owned-archive 0.0.8 written to /workspace/builds/worker-6-tc2/source/Cargo.toml
[INFO] running `Command { std: CARGO_HOME="/workspace/cargo-home" RUSTUP_HOME="/workspace/rustup-home" "/workspace/cargo-home/bin/cargo" "+nightly-2024-10-28" "generate-lockfile" "--manifest-path" "Cargo.toml", kill_on_drop: false }`
[INFO] [stderr]     Updating crates.io index
[INFO] [stderr]      Locking 33 packages to latest compatible versions
[INFO] running `Command { std: CARGO_HOME="/workspace/cargo-home" RUSTUP_HOME="/workspace/rustup-home" "/workspace/cargo-home/bin/cargo" "+nightly-2024-10-28" "fetch" "--manifest-path" "Cargo.toml", kill_on_drop: false }`
[INFO] running `Command { std: "docker" "create" "-v" "/var/lib/crater-agent-workspace/builds/worker-6-tc2/target:/opt/rustwide/target:rw,Z" "-v" "/var/lib/crater-agent-workspace/builds/worker-6-tc2/source:/opt/rustwide/workdir:ro,Z" "-v" "/var/lib/crater-agent-workspace/cargo-home:/opt/rustwide/cargo-home:ro,Z" "-v" "/var/lib/crater-agent-workspace/rustup-home:/opt/rustwide/rustup-home:ro,Z" "-e" "SOURCE_DIR=/opt/rustwide/workdir" "-e" "CARGO_TARGET_DIR=/opt/rustwide/target" "-e" "CARGO_HOME=/opt/rustwide/cargo-home" "-e" "RUSTUP_HOME=/opt/rustwide/rustup-home" "-w" "/opt/rustwide/workdir" "-m" "1610612736" "--user" "0:0" "--network" "none" "ghcr.io/rust-lang/crates-build-env/linux@sha256:4a844ea9eb2546a2d2c7022eacef16ef2e8229c7fbb2c7d4d55a9ceca922f72d" "/opt/rustwide/cargo-home/bin/cargo" "+nightly-2024-10-28" "metadata" "--no-deps" "--format-version=1", kill_on_drop: false }`
[INFO] [stdout] b7d00a21b5daae17f27af019a0c65e28585adf4ad0a4574214b6a80618f4dfd4
[INFO] running `Command { std: "docker" "start" "-a" "b7d00a21b5daae17f27af019a0c65e28585adf4ad0a4574214b6a80618f4dfd4", kill_on_drop: false }`
[INFO] running `Command { std: "docker" "inspect" "b7d00a21b5daae17f27af019a0c65e28585adf4ad0a4574214b6a80618f4dfd4", kill_on_drop: false }`
[INFO] running `Command { std: "docker" "rm" "-f" "b7d00a21b5daae17f27af019a0c65e28585adf4ad0a4574214b6a80618f4dfd4", kill_on_drop: false }`
[INFO] [stdout] b7d00a21b5daae17f27af019a0c65e28585adf4ad0a4574214b6a80618f4dfd4
[INFO] running `Command { std: "docker" "create" "-v" "/var/lib/crater-agent-workspace/builds/worker-6-tc2/target:/opt/rustwide/target:rw,Z" "-v" "/var/lib/crater-agent-workspace/builds/worker-6-tc2/source:/opt/rustwide/workdir:ro,Z" "-v" "/var/lib/crater-agent-workspace/cargo-home:/opt/rustwide/cargo-home:ro,Z" "-v" "/var/lib/crater-agent-workspace/rustup-home:/opt/rustwide/rustup-home:ro,Z" "-e" "SOURCE_DIR=/opt/rustwide/workdir" "-e" "CARGO_TARGET_DIR=/opt/rustwide/target" "-e" "CARGO_INCREMENTAL=0" "-e" "RUST_BACKTRACE=full" "-e" "RUSTFLAGS=--cap-lints=forbid -Zrandomize-layout" "-e" "RUSTDOCFLAGS=--cap-lints=forbid" "-e" "CARGO_HOME=/opt/rustwide/cargo-home" "-e" "RUSTUP_HOME=/opt/rustwide/rustup-home" "-w" "/opt/rustwide/workdir" "-m" "1610612736" "--user" "0:0" "--network" "none" "ghcr.io/rust-lang/crates-build-env/linux@sha256:4a844ea9eb2546a2d2c7022eacef16ef2e8229c7fbb2c7d4d55a9ceca922f72d" "/opt/rustwide/cargo-home/bin/cargo" "+nightly-2024-10-28" "build" "--frozen" "--message-format=json", kill_on_drop: false }`
[INFO] [stdout] 941e32ff146b917e7c6e07d06c168f5746fc3149ecdfc67b9d2a0a77a354a9f6
[INFO] running `Command { std: "docker" "start" "-a" "941e32ff146b917e7c6e07d06c168f5746fc3149ecdfc67b9d2a0a77a354a9f6", kill_on_drop: false }`
[INFO] [stderr]    Compiling simdutf8 v0.1.5
[INFO] [stderr]    Compiling const_panic v0.2.10
[INFO] [stderr]    Compiling syn v2.0.86
[INFO] [stderr]    Compiling ptr_meta_derive v0.3.0
[INFO] [stderr]    Compiling bytecheck_derive v0.8.0
[INFO] [stderr]    Compiling thiserror-impl v1.0.66
[INFO] [stderr]    Compiling munge_macro v0.4.1
[INFO] [stderr]    Compiling rkyv_derive v0.8.8
[INFO] [stderr]    Compiling ptr_meta v0.3.0
[INFO] [stderr]    Compiling rancor v0.1.0
[INFO] [stderr]    Compiling munge v0.4.1
[INFO] [stderr]    Compiling bytecheck v0.8.0
[INFO] [stderr]    Compiling rend v0.5.2
[INFO] [stderr]    Compiling thiserror v1.0.66
[INFO] [stderr]    Compiling aligned-buffer v0.0.9
[INFO] [stderr]    Compiling rkyv v0.8.8
[INFO] [stderr]    Compiling rkyv-owned-archive v0.0.8 (/opt/rustwide/workdir)
[INFO] [stdout] error[E0432]: unresolved imports `rkyv::validation::util`, `rkyv::validation::validators`
[INFO] [stdout]   --> src/lib.rs:12:15
[INFO] [stdout]    |
[INFO] [stdout] 12 |     validation::{util::access_pos_with_context, validators::DefaultValidator, ArchiveContext},
[INFO] [stdout]    |                  ^^^^                           ^^^^^^^^^^ could not find `validators` in `validation`
[INFO] [stdout]    |                  |
[INFO] [stdout]    |                  could not find `util` in `validation`
[INFO] [stdout] 
[INFO] [stdout] 
[INFO] [stdout] error[E0404]: expected trait, found struct `rancor::Error`
[INFO] [stdout]   --> src/lib.rs:65:6
[INFO] [stdout]    |
[INFO] [stdout] 65 |         E: rancor::Error,
[INFO] [stdout]    |            ^^^^^^^^^^^^^ not a trait
[INFO] [stdout]    |
[INFO] [stdout] help: consider importing this trait instead
[INFO] [stdout]    |
[INFO] [stdout] 4  + use std::error::Error;
[INFO] [stdout]    |
[INFO] [stdout] help: if you import `Error`, refer to it directly
[INFO] [stdout]    |
[INFO] [stdout] 65 -         E: rancor::Error,
[INFO] [stdout] 65 +         E: Error,
[INFO] [stdout]    |
[INFO] [stdout] 
[INFO] [stdout] 
[INFO] [stdout] error[E0404]: expected trait, found struct `rancor::Error`
[INFO] [stdout]   --> src/lib.rs:74:6
[INFO] [stdout]    |
[INFO] [stdout] 74 |         E: rancor::Error,
[INFO] [stdout]    |            ^^^^^^^^^^^^^ not a trait
[INFO] [stdout]    |
[INFO] [stdout] help: consider importing this trait instead
[INFO] [stdout]    |
[INFO] [stdout] 4  + use std::error::Error;
[INFO] [stdout]    |
[INFO] [stdout] help: if you import `Error`, refer to it directly
[INFO] [stdout]    |
[INFO] [stdout] 74 -         E: rancor::Error,
[INFO] [stdout] 74 +         E: Error,
[INFO] [stdout]    |
[INFO] [stdout] 
[INFO] [stdout] 
[INFO] [stdout] error[E0404]: expected trait, found struct `rancor::Error`
[INFO] [stdout]   --> src/lib.rs:88:6
[INFO] [stdout]    |
[INFO] [stdout] 88 |         E: rancor::Error,
[INFO] [stdout]    |            ^^^^^^^^^^^^^ not a trait
[INFO] [stdout]    |
[INFO] [stdout] help: consider importing this trait instead
[INFO] [stdout]    |
[INFO] [stdout] 4  + use std::error::Error;
[INFO] [stdout]    |
[INFO] [stdout] help: if you import `Error`, refer to it directly
[INFO] [stdout]    |
[INFO] [stdout] 88 -         E: rancor::Error,
[INFO] [stdout] 88 +         E: Error,
[INFO] [stdout]    |
[INFO] [stdout] 
[INFO] [stdout] 
[INFO] [stdout] error[E0404]: expected trait, found struct `rancor::Error`
[INFO] [stdout]    --> src/lib.rs:102:6
[INFO] [stdout]     |
[INFO] [stdout] 102 |         E: rancor::Error,
[INFO] [stdout]     |            ^^^^^^^^^^^^^ not a trait
[INFO] [stdout]     |
[INFO] [stdout] help: consider importing this trait instead
[INFO] [stdout]     |
[INFO] [stdout] 4   + use std::error::Error;
[INFO] [stdout]     |
[INFO] [stdout] help: if you import `Error`, refer to it directly
[INFO] [stdout]     |
[INFO] [stdout] 102 -         E: rancor::Error,
[INFO] [stdout] 102 +         E: Error,
[INFO] [stdout]     |
[INFO] [stdout] 
[INFO] [stdout] 
[INFO] [stdout] error[E0425]: cannot find function `access_pos_unchecked` in module `rkyv::util`
[INFO] [stdout]    --> src/lib.rs:207:24
[INFO] [stdout]     |
[INFO] [stdout] 207 |         unsafe { rkyv::util::access_pos_unchecked::<T>(&self.buffer, self.pos) }
[INFO] [stdout]     |                              ^^^^^^^^^^^^^^^^^^^^ not found in `rkyv::util`
[INFO] [stdout]     |
[INFO] [stdout] help: consider importing this function
[INFO] [stdout]     |
[INFO] [stdout] 4   + use rkyv::api::access_pos_unchecked;
[INFO] [stdout]     |
[INFO] [stdout] help: if you import `access_pos_unchecked`, refer to it directly
[INFO] [stdout]     |
[INFO] [stdout] 207 -         unsafe { rkyv::util::access_pos_unchecked::<T>(&self.buffer, self.pos) }
[INFO] [stdout] 207 +         unsafe { access_pos_unchecked::<T>(&self.buffer, self.pos) }
[INFO] [stdout]     |
[INFO] [stdout] 
[INFO] [stdout] 
[INFO] [stdout] Some errors have detailed explanations: E0404, E0425, E0432.
[INFO] [stdout] 
[INFO] [stdout] For more information about an error, try `rustc --explain E0404`.
[INFO] [stdout] 
[INFO] [stderr] error: could not compile `rkyv-owned-archive` (lib) due to 6 previous errors
[INFO] running `Command { std: "docker" "inspect" "941e32ff146b917e7c6e07d06c168f5746fc3149ecdfc67b9d2a0a77a354a9f6", kill_on_drop: false }`
[INFO] running `Command { std: "docker" "rm" "-f" "941e32ff146b917e7c6e07d06c168f5746fc3149ecdfc67b9d2a0a77a354a9f6", kill_on_drop: false }`
[INFO] [stdout] 941e32ff146b917e7c6e07d06c168f5746fc3149ecdfc67b9d2a0a77a354a9f6
