[INFO] fetching crate risc0-zkvm-sys 0.11.1...
[INFO] testing risc0-zkvm-sys-0.11.1 against nightly-2024-10-28+rustflags=-Zrandomize-layout for randomize-layout
[INFO] extracting crate risc0-zkvm-sys 0.11.1 into /workspace/builds/worker-3-tc2/source
[INFO] validating manifest of crates.io crate risc0-zkvm-sys 0.11.1 on toolchain nightly-2024-10-28
[INFO] running `Command { std: CARGO_HOME="/workspace/cargo-home" RUSTUP_HOME="/workspace/rustup-home" "/workspace/cargo-home/bin/cargo" "+nightly-2024-10-28" "metadata" "--manifest-path" "Cargo.toml" "--no-deps", kill_on_drop: false }`
[INFO] started tweaking crates.io crate risc0-zkvm-sys 0.11.1
[INFO] finished tweaking crates.io crate risc0-zkvm-sys 0.11.1
[INFO] tweaked toml for crates.io crate risc0-zkvm-sys 0.11.1 written to /workspace/builds/worker-3-tc2/source/Cargo.toml
[INFO] running `Command { std: CARGO_HOME="/workspace/cargo-home" RUSTUP_HOME="/workspace/rustup-home" "/workspace/cargo-home/bin/cargo" "+nightly-2024-10-28" "generate-lockfile" "--manifest-path" "Cargo.toml", kill_on_drop: false }`
[INFO] [stderr]     Updating crates.io index
[INFO] [stderr]      Locking 38 packages to latest compatible versions
[INFO] running `Command { std: CARGO_HOME="/workspace/cargo-home" RUSTUP_HOME="/workspace/rustup-home" "/workspace/cargo-home/bin/cargo" "+nightly-2024-10-28" "fetch" "--manifest-path" "Cargo.toml", kill_on_drop: false }`
[INFO] running `Command { std: "docker" "create" "-v" "/var/lib/crater-agent-workspace/builds/worker-3-tc2/target:/opt/rustwide/target:rw,Z" "-v" "/var/lib/crater-agent-workspace/builds/worker-3-tc2/source:/opt/rustwide/workdir:ro,Z" "-v" "/var/lib/crater-agent-workspace/cargo-home:/opt/rustwide/cargo-home:ro,Z" "-v" "/var/lib/crater-agent-workspace/rustup-home:/opt/rustwide/rustup-home:ro,Z" "-e" "SOURCE_DIR=/opt/rustwide/workdir" "-e" "CARGO_TARGET_DIR=/opt/rustwide/target" "-e" "CARGO_HOME=/opt/rustwide/cargo-home" "-e" "RUSTUP_HOME=/opt/rustwide/rustup-home" "-w" "/opt/rustwide/workdir" "-m" "1610612736" "--user" "0:0" "--network" "none" "ghcr.io/rust-lang/crates-build-env/linux@sha256:4a844ea9eb2546a2d2c7022eacef16ef2e8229c7fbb2c7d4d55a9ceca922f72d" "/opt/rustwide/cargo-home/bin/cargo" "+nightly-2024-10-28" "metadata" "--no-deps" "--format-version=1", kill_on_drop: false }`
[INFO] [stdout] c8bc1436979a632cf7e3ae0a765d928058726042e1478d85cd0108ed4544e478
[INFO] running `Command { std: "docker" "start" "-a" "c8bc1436979a632cf7e3ae0a765d928058726042e1478d85cd0108ed4544e478", kill_on_drop: false }`
[INFO] running `Command { std: "docker" "inspect" "c8bc1436979a632cf7e3ae0a765d928058726042e1478d85cd0108ed4544e478", kill_on_drop: false }`
[INFO] running `Command { std: "docker" "rm" "-f" "c8bc1436979a632cf7e3ae0a765d928058726042e1478d85cd0108ed4544e478", kill_on_drop: false }`
[INFO] [stdout] c8bc1436979a632cf7e3ae0a765d928058726042e1478d85cd0108ed4544e478
[INFO] running `Command { std: "docker" "create" "-v" "/var/lib/crater-agent-workspace/builds/worker-3-tc2/target:/opt/rustwide/target:rw,Z" "-v" "/var/lib/crater-agent-workspace/builds/worker-3-tc2/source:/opt/rustwide/workdir:ro,Z" "-v" "/var/lib/crater-agent-workspace/cargo-home:/opt/rustwide/cargo-home:ro,Z" "-v" "/var/lib/crater-agent-workspace/rustup-home:/opt/rustwide/rustup-home:ro,Z" "-e" "SOURCE_DIR=/opt/rustwide/workdir" "-e" "CARGO_TARGET_DIR=/opt/rustwide/target" "-e" "CARGO_INCREMENTAL=0" "-e" "RUST_BACKTRACE=full" "-e" "RUSTFLAGS=--cap-lints=forbid -Zrandomize-layout" "-e" "RUSTDOCFLAGS=--cap-lints=forbid" "-e" "CARGO_HOME=/opt/rustwide/cargo-home" "-e" "RUSTUP_HOME=/opt/rustwide/rustup-home" "-w" "/opt/rustwide/workdir" "-m" "1610612736" "--user" "0:0" "--network" "none" "ghcr.io/rust-lang/crates-build-env/linux@sha256:4a844ea9eb2546a2d2c7022eacef16ef2e8229c7fbb2c7d4d55a9ceca922f72d" "/opt/rustwide/cargo-home/bin/cargo" "+nightly-2024-10-28" "build" "--frozen" "--message-format=json", kill_on_drop: false }`
[INFO] [stdout] ac5c18cd90200d5e3c6ed24fe7def3199798d91710d0226caccb9385c71d03fe
[INFO] running `Command { std: "docker" "start" "-a" "ac5c18cd90200d5e3c6ed24fe7def3199798d91710d0226caccb9385c71d03fe", kill_on_drop: false }`
[INFO] [stderr]    Compiling libc v0.2.161
[INFO] [stderr]    Compiling shlex v1.3.0
[INFO] [stderr]    Compiling proc-macro2 v1.0.89
[INFO] [stderr]    Compiling unicode-ident v1.0.13
[INFO] [stderr]    Compiling scratch v1.0.7
[INFO] [stderr]    Compiling unicode-width v0.1.14
[INFO] [stderr]    Compiling termcolor v1.4.1
[INFO] [stderr]    Compiling once_cell v1.20.2
[INFO] [stderr]    Compiling cxxbridge-flags v1.0.129
[INFO] [stderr]    Compiling glob v0.3.1
[INFO] [stderr]    Compiling anyhow v1.0.92
[INFO] [stderr]    Compiling log v0.4.22
[INFO] [stderr]    Compiling codespan-reporting v0.11.1
[INFO] [stderr]    Compiling jobserver v0.1.32
[INFO] [stderr]    Compiling quote v1.0.37
[INFO] [stderr]    Compiling syn v2.0.86
[INFO] [stderr]    Compiling cc v1.1.31
[INFO] [stderr]    Compiling link-cplusplus v1.0.9
[INFO] [stderr]    Compiling cxx v1.0.129
[INFO] [stderr]    Compiling tbb-sys v1.1.0+2021.5.0
[INFO] [stderr]    Compiling cxx-build v1.0.129
[INFO] [stderr]    Compiling cxxbridge-macro v1.0.129
[INFO] [stderr] error: could not compile `cxx-build` (lib)
[INFO] [stderr] 
[INFO] [stderr] Caused by:
[INFO] [stderr]   process didn't exit successfully: `/opt/rustwide/rustup-home/toolchains/nightly-2024-10-28-x86_64-unknown-linux-gnu/bin/rustc --crate-name cxx_build --edition=2021 /opt/rustwide/cargo-home/registry/src/index.crates.io-6f17d22bba15001f/cxx-build-1.0.129/src/lib.rs --error-format=json --json=diagnostic-rendered-ansi,artifacts,future-incompat --crate-type lib --emit=dep-info,metadata,link -C embed-bitcode=no --check-cfg 'cfg(docsrs)' --check-cfg 'cfg(feature, values("experimental-async-fn", "parallel"))' -C metadata=8593ae7737da252a -C extra-filename=-8593ae7737da252a --out-dir /opt/rustwide/target/debug/deps -L dependency=/opt/rustwide/target/debug/deps --extern cc=/opt/rustwide/target/debug/deps/libcc-6eb3163c30aaba2c.rmeta --extern codespan_reporting=/opt/rustwide/target/debug/deps/libcodespan_reporting-f992d78642208545.rmeta --extern once_cell=/opt/rustwide/target/debug/deps/libonce_cell-b6a55d11aa22310d.rmeta --extern proc_macro2=/opt/rustwide/target/debug/deps/libproc_macro2-afd5d928775fccc4.rmeta --extern quote=/opt/rustwide/target/debug/deps/libquote-5f6006dfceb9b39d.rmeta --extern scratch=/opt/rustwide/target/debug/deps/libscratch-97e16f1aedb27581.rmeta --extern syn=/opt/rustwide/target/debug/deps/libsyn-ba0910082a2c50b7.rmeta --cap-lints allow --cap-lints=forbid -Zrandomize-layout` (signal: 9, SIGKILL: kill)
[INFO] [stderr] warning: build failed, waiting for other jobs to finish...
[INFO] [stderr] error: could not compile `cxxbridge-macro` (lib)
[INFO] [stderr] 
[INFO] [stderr] Caused by:
[INFO] [stderr]   process didn't exit successfully: `/opt/rustwide/rustup-home/toolchains/nightly-2024-10-28-x86_64-unknown-linux-gnu/bin/rustc --crate-name cxxbridge_macro --edition=2021 /opt/rustwide/cargo-home/registry/src/index.crates.io-6f17d22bba15001f/cxxbridge-macro-1.0.129/src/lib.rs --error-format=json --json=diagnostic-rendered-ansi,artifacts,future-incompat --crate-type proc-macro --emit=dep-info,link -C prefer-dynamic -C embed-bitcode=no --check-cfg 'cfg(docsrs)' --check-cfg 'cfg(feature, values("clang-ast", "experimental-async-fn", "experimental-enum-variants-from-header", "flate2", "memmap", "serde", "serde_derive", "serde_json"))' -C metadata=145780343cb4af43 -C extra-filename=-145780343cb4af43 --out-dir /opt/rustwide/target/debug/deps -L dependency=/opt/rustwide/target/debug/deps --extern proc_macro2=/opt/rustwide/target/debug/deps/libproc_macro2-afd5d928775fccc4.rlib --extern quote=/opt/rustwide/target/debug/deps/libquote-5f6006dfceb9b39d.rlib --extern syn=/opt/rustwide/target/debug/deps/libsyn-ba0910082a2c50b7.rlib --extern proc_macro --cap-lints allow --cap-lints=forbid -Zrandomize-layout` (signal: 9, SIGKILL: kill)
[INFO] [stderr] The following warnings were emitted during compilation:
[INFO] [stderr] 
[INFO] [stderr] warning: tbb-sys@1.1.0+2021.5.0: c++: fatal error: Killed signal terminated program cc1plus
[INFO] [stderr] warning: tbb-sys@1.1.0+2021.5.0: compilation terminated.
[INFO] [stderr] warning: tbb-sys@1.1.0+2021.5.0: ToolExecError: Command "c++" "-O0" "-ffunction-sections" "-fdata-sections" "-fPIC" "-gdwarf-4" "-fno-omit-frame-pointer" "-m64" "-I" "/opt/rustwide/cargo-home/registry/src/index.crates.io-6f17d22bba15001f/tbb-sys-1.1.0+2021.5.0/tbb/include" "-w" "-std=c++17" "-mwaitpkg" "-D__TBB_BUILD" "-D__TBB_NO_IMPLICIT_LINKAGE" "-D__TBB_USE_ITT_NOTIFY" "-o" "/opt/rustwide/target/debug/build/tbb-sys-3556aaf61c8ae2d2/out/6a7fa38a8961e212-governor.o" "-c" "tbb/src/tbb/governor.cpp" with args c++ did not execute successfully (status code exit status: 1).cargo:warning=c++: fatal error: Killed signal terminated program cc1plus
[INFO] [stderr] warning: tbb-sys@1.1.0+2021.5.0: compilation terminated.
[INFO] [stderr] warning: tbb-sys@1.1.0+2021.5.0: ToolExecError: Command "c++" "-O0" "-ffunction-sections" "-fdata-sections" "-fPIC" "-gdwarf-4" "-fno-omit-frame-pointer" "-m64" "-I" "/opt/rustwide/cargo-home/registry/src/index.crates.io-6f17d22bba15001f/tbb-sys-1.1.0+2021.5.0/tbb/include" "-w" "-std=c++17" "-mwaitpkg" "-D__TBB_BUILD" "-D__TBB_NO_IMPLICIT_LINKAGE" "-D__TBB_USE_ITT_NOTIFY" "-o" "/opt/rustwide/target/debug/build/tbb-sys-3556aaf61c8ae2d2/out/6a7fa38a8961e212-global_control.o" "-c" "tbb/src/tbb/global_control.cpp" with args c++ did not execute successfully (status code exit status: 1).cargo:warning=c++: fatal error: Killed signal terminated program cc1plus
[INFO] [stderr] warning: tbb-sys@1.1.0+2021.5.0: compilation terminated.
[INFO] [stderr] warning: tbb-sys@1.1.0+2021.5.0: ToolExecError: Command "c++" "-O0" "-ffunction-sections" "-fdata-sections" "-fPIC" "-gdwarf-4" "-fno-omit-frame-pointer" "-m64" "-I" "/opt/rustwide/cargo-home/registry/src/index.crates.io-6f17d22bba15001f/tbb-sys-1.1.0+2021.5.0/tbb/include" "-w" "-std=c++17" "-mwaitpkg" "-D__TBB_BUILD" "-D__TBB_NO_IMPLICIT_LINKAGE" "-D__TBB_USE_ITT_NOTIFY" "-o" "/opt/rustwide/target/debug/build/tbb-sys-3556aaf61c8ae2d2/out/6a7fa38a8961e212-main.o" "-c" "tbb/src/tbb/main.cpp" with args c++ did not execute successfully (status code exit status: 1).
[INFO] [stderr] warning: tbb-sys@1.1.0+2021.5.0: c++: fatal error: Killed signal terminated program cc1plus
[INFO] [stderr] warning: tbb-sys@1.1.0+2021.5.0: compilation terminated.
[INFO] [stderr] warning: tbb-sys@1.1.0+2021.5.0: ToolExecError: Command "c++" "-O0" "-ffunction-sections" "-fdata-sections" "-fPIC" "-gdwarf-4" "-fno-omit-frame-pointer" "-m64" "-I" "/opt/rustwide/cargo-home/registry/src/index.crates.io-6f17d22bba15001f/tbb-sys-1.1.0+2021.5.0/tbb/include" "-w" "-std=c++17" "-mwaitpkg" "-D__TBB_BUILD" "-D__TBB_NO_IMPLICIT_LINKAGE" "-D__TBB_USE_ITT_NOTIFY" "-o" "/opt/rustwide/target/debug/build/tbb-sys-3556aaf61c8ae2d2/out/6a7fa38a8961e212-arena.o" "-c" "tbb/src/tbb/arena.cpp" with args c++ did not execute successfully (status code exit status: 1).
[INFO] [stderr] 
[INFO] [stderr] error: failed to run custom build command for `tbb-sys v1.1.0+2021.5.0`
[INFO] [stderr] note: To improve backtraces for build dependencies, set the CARGO_PROFILE_DEV_BUILD_OVERRIDE_DEBUG=true environment variable to enable debug information generation.
[INFO] [stderr] 
[INFO] [stderr] Caused by:
[INFO] [stderr]   process didn't exit successfully: `/opt/rustwide/target/debug/build/tbb-sys-e29edbf1954a766c/build-script-build` (exit status: 1)
[INFO] [stderr]   --- stdout
[INFO] [stderr]   OUT_DIR = Some(/opt/rustwide/target/debug/build/tbb-sys-3556aaf61c8ae2d2/out)
[INFO] [stderr]   TARGET = Some(x86_64-unknown-linux-gnu)
[INFO] [stderr]   OPT_LEVEL = Some(0)
[INFO] [stderr]   HOST = Some(x86_64-unknown-linux-gnu)
[INFO] [stderr]   cargo:rerun-if-env-changed=CXX_x86_64-unknown-linux-gnu
[INFO] [stderr]   CXX_x86_64-unknown-linux-gnu = None
[INFO] [stderr]   cargo:rerun-if-env-changed=CXX_x86_64_unknown_linux_gnu
[INFO] [stderr]   CXX_x86_64_unknown_linux_gnu = None
[INFO] [stderr]   cargo:rerun-if-env-changed=HOST_CXX
[INFO] [stderr]   HOST_CXX = None
[INFO] [stderr]   cargo:rerun-if-env-changed=CXX
[INFO] [stderr]   CXX = None
[INFO] [stderr]   cargo:rerun-if-env-changed=CC_ENABLE_DEBUG_OUTPUT
[INFO] [stderr]   RUSTC_WRAPPER = None
[INFO] [stderr]   cargo:rerun-if-env-changed=CRATE_CC_NO_DEFAULTS
[INFO] [stderr]   CRATE_CC_NO_DEFAULTS = None
[INFO] [stderr]   DEBUG = Some(true)
[INFO] [stderr]   CARGO_CFG_TARGET_FEATURE = Some(fxsr,sse,sse2)
[INFO] [stderr]   cargo:rerun-if-env-changed=CXXFLAGS_x86_64-unknown-linux-gnu
[INFO] [stderr]   CXXFLAGS_x86_64-unknown-linux-gnu = None
[INFO] [stderr]   cargo:rerun-if-env-changed=CXXFLAGS_x86_64_unknown_linux_gnu
[INFO] [stderr]   CXXFLAGS_x86_64_unknown_linux_gnu = None
[INFO] [stderr]   cargo:rerun-if-env-changed=HOST_CXXFLAGS
[INFO] [stderr]   HOST_CXXFLAGS = None
[INFO] [stderr]   cargo:rerun-if-env-changed=CXXFLAGS
[INFO] [stderr]   CXXFLAGS = None
[INFO] [stderr]   OUT_DIR = Some(/opt/rustwide/target/debug/build/tbb-sys-3556aaf61c8ae2d2/out)
[INFO] [stderr]   cargo:rerun-if-env-changed=CC_ENABLE_DEBUG_OUTPUT
[INFO] [stderr]   cargo:rerun-if-env-changed=CRATE_CC_NO_DEFAULTS
[INFO] [stderr]   CRATE_CC_NO_DEFAULTS = None
[INFO] [stderr]   CARGO_CFG_TARGET_FEATURE = Some(fxsr,sse,sse2)
[INFO] [stderr]   HOST = Some(x86_64-unknown-linux-gnu)
[INFO] [stderr]   cargo:rerun-if-env-changed=CXXFLAGS_x86_64-unknown-linux-gnu
[INFO] [stderr]   CXXFLAGS_x86_64-unknown-linux-gnu = None
[INFO] [stderr]   cargo:rerun-if-env-changed=CXXFLAGS_x86_64_unknown_linux_gnu
[INFO] [stderr]   CXXFLAGS_x86_64_unknown_linux_gnu = None
[INFO] [stderr]   cargo:rerun-if-env-changed=HOST_CXXFLAGS
[INFO] [stderr]   HOST_CXXFLAGS = None
[INFO] [stderr]   cargo:rerun-if-env-changed=CXXFLAGS
[INFO] [stderr]   CXXFLAGS = None
[INFO] [stderr]   OUT_DIR = Some(/opt/rustwide/target/debug/build/tbb-sys-3556aaf61c8ae2d2/out)
[INFO] [stderr]   cargo:rerun-if-env-changed=CC_ENABLE_DEBUG_OUTPUT
[INFO] [stderr]   cargo:rerun-if-env-changed=CRATE_CC_NO_DEFAULTS
[INFO] [stderr]   CRATE_CC_NO_DEFAULTS = None
[INFO] [stderr]   CARGO_CFG_TARGET_FEATURE = Some(fxsr,sse,sse2)
[INFO] [stderr]   HOST = Some(x86_64-unknown-linux-gnu)
[INFO] [stderr]   cargo:rerun-if-env-changed=CXXFLAGS_x86_64-unknown-linux-gnu
[INFO] [stderr]   CXXFLAGS_x86_64-unknown-linux-gnu = None
[INFO] [stderr]   cargo:rerun-if-env-changed=CXXFLAGS_x86_64_unknown_linux_gnu
[INFO] [stderr]   CXXFLAGS_x86_64_unknown_linux_gnu = None
[INFO] [stderr]   cargo:rerun-if-env-changed=HOST_CXXFLAGS
[INFO] [stderr]   HOST_CXXFLAGS = None
[INFO] [stderr]   cargo:rerun-if-env-changed=CXXFLAGS
[INFO] [stderr]   CXXFLAGS = None
[INFO] [stderr]   OUT_DIR = Some(/opt/rustwide/target/debug/build/tbb-sys-3556aaf61c8ae2d2/out)
[INFO] [stderr]   cargo:rerun-if-env-changed=CC_ENABLE_DEBUG_OUTPUT
[INFO] [stderr]   cargo:rerun-if-env-changed=CRATE_CC_NO_DEFAULTS
[INFO] [stderr]   CRATE_CC_NO_DEFAULTS = None
[INFO] [stderr]   CARGO_CFG_TARGET_FEATURE = Some(fxsr,sse,sse2)
[INFO] [stderr]   HOST = Some(x86_64-unknown-linux-gnu)
[INFO] [stderr]   cargo:rerun-if-env-changed=CXXFLAGS_x86_64-unknown-linux-gnu
[INFO] [stderr]   CXXFLAGS_x86_64-unknown-linux-gnu = None
[INFO] [stderr]   cargo:rerun-if-env-changed=CXXFLAGS_x86_64_unknown_linux_gnu
[INFO] [stderr]   CXXFLAGS_x86_64_unknown_linux_gnu = None
[INFO] [stderr]   cargo:rerun-if-env-changed=HOST_CXXFLAGS
[INFO] [stderr]   HOST_CXXFLAGS = None
[INFO] [stderr]   cargo:rerun-if-env-changed=CXXFLAGS
[INFO] [stderr]   CXXFLAGS = None
[INFO] [stderr]   OUT_DIR = Some(/opt/rustwide/target/debug/build/tbb-sys-3556aaf61c8ae2d2/out)
[INFO] [stderr]   cargo:rerun-if-env-changed=CC_ENABLE_DEBUG_OUTPUT
[INFO] [stderr]   cargo:rerun-if-env-changed=CRATE_CC_NO_DEFAULTS
[INFO] [stderr]   CRATE_CC_NO_DEFAULTS = None
[INFO] [stderr]   CARGO_CFG_TARGET_FEATURE = Some(fxsr,sse,sse2)
[INFO] [stderr]   HOST = Some(x86_64-unknown-linux-gnu)
[INFO] [stderr]   cargo:rerun-if-env-changed=CXXFLAGS_x86_64-unknown-linux-gnu
[INFO] [stderr]   CXXFLAGS_x86_64-unknown-linux-gnu = None
[INFO] [stderr]   cargo:rerun-if-env-changed=CXXFLAGS_x86_64_unknown_linux_gnu
[INFO] [stderr]   CXXFLAGS_x86_64_unknown_linux_gnu = None
[INFO] [stderr]   cargo:rerun-if-env-changed=HOST_CXXFLAGS
[INFO] [stderr]   HOST_CXXFLAGS = None
[INFO] [stderr]   cargo:rerun-if-env-changed=CXXFLAGS
[INFO] [stderr]   CXXFLAGS = None
[INFO] [stderr]   OUT_DIR = Some(/opt/rustwide/target/debug/build/tbb-sys-3556aaf61c8ae2d2/out)
[INFO] [stderr]   cargo:rerun-if-env-changed=CC_ENABLE_DEBUG_OUTPUT
[INFO] [stderr]   cargo:rerun-if-env-changed=CRATE_CC_NO_DEFAULTS
[INFO] [stderr]   CRATE_CC_NO_DEFAULTS = None
[INFO] [stderr]   CARGO_CFG_TARGET_FEATURE = Some(fxsr,sse,sse2)
[INFO] [stderr]   HOST = Some(x86_64-unknown-linux-gnu)
[INFO] [stderr]   cargo:rerun-if-env-changed=CXXFLAGS_x86_64-unknown-linux-gnu
[INFO] [stderr]   CXXFLAGS_x86_64-unknown-linux-gnu = None
[INFO] [stderr]   cargo:rerun-if-env-changed=CXXFLAGS_x86_64_unknown_linux_gnu
[INFO] [stderr]   CXXFLAGS_x86_64_unknown_linux_gnu = None
[INFO] [stderr]   cargo:rerun-if-env-changed=HOST_CXXFLAGS
[INFO] [stderr]   HOST_CXXFLAGS = None
[INFO] [stderr]   cargo:rerun-if-env-changed=CXXFLAGS
[INFO] [stderr]   CXXFLAGS = None
[INFO] [stderr]   OUT_DIR = Some(/opt/rustwide/target/debug/build/tbb-sys-3556aaf61c8ae2d2/out)
[INFO] [stderr]   cargo:rerun-if-env-changed=CC_ENABLE_DEBUG_OUTPUT
[INFO] [stderr]   cargo:rerun-if-env-changed=CRATE_CC_NO_DEFAULTS
[INFO] [stderr]   CRATE_CC_NO_DEFAULTS = None
[INFO] [stderr]   CARGO_CFG_TARGET_FEATURE = Some(fxsr,sse,sse2)
[INFO] [stderr]   HOST = Some(x86_64-unknown-linux-gnu)
[INFO] [stderr]   cargo:rerun-if-env-changed=CXXFLAGS_x86_64-unknown-linux-gnu
[INFO] [stderr]   CXXFLAGS_x86_64-unknown-linux-gnu = None
[INFO] [stderr]   cargo:rerun-if-env-changed=CXXFLAGS_x86_64_unknown_linux_gnu
[INFO] [stderr]   CXXFLAGS_x86_64_unknown_linux_gnu = None
[INFO] [stderr]   cargo:rerun-if-env-changed=HOST_CXXFLAGS
[INFO] [stderr]   HOST_CXXFLAGS = None
[INFO] [stderr]   cargo:rerun-if-env-changed=CXXFLAGS
[INFO] [stderr]   CXXFLAGS = None
[INFO] [stderr]   cargo:warning=c++: fatal error: Killed signal terminated program cc1plus
[INFO] [stderr]   cargo:warning=compilation terminated.
[INFO] [stderr]   exit status: 0
[INFO] [stderr]   exit status: 1
[INFO] [stderr]   cargo:warning=ToolExecError: Command "c++" "-O0" "-ffunction-sections" "-fdata-sections" "-fPIC" "-gdwarf-4" "-fno-omit-frame-pointer" "-m64" "-I" "/opt/rustwide/cargo-home/registry/src/index.crates.io-6f17d22bba15001f/tbb-sys-1.1.0+2021.5.0/tbb/include" "-w" "-std=c++17" "-mwaitpkg" "-D__TBB_BUILD" "-D__TBB_NO_IMPLICIT_LINKAGE" "-D__TBB_USE_ITT_NOTIFY" "-o" "/opt/rustwide/target/debug/build/tbb-sys-3556aaf61c8ae2d2/out/6a7fa38a8961e212-governor.o" "-c" "tbb/src/tbb/governor.cpp" with args c++ did not execute successfully (status code exit status: 1).cargo:warning=c++: fatal error: Killed signal terminated program cc1plus
[INFO] [stderr]   cargo:warning=compilation terminated.
[INFO] [stderr] 
[INFO] [stderr]   exit status: 1
[INFO] [stderr]   cargo:warning=ToolExecError: Command "c++" "-O0" "-ffunction-sections" "-fdata-sections" "-fPIC" "-gdwarf-4" "-fno-omit-frame-pointer" "-m64" "-I" "/opt/rustwide/cargo-home/registry/src/index.crates.io-6f17d22bba15001f/tbb-sys-1.1.0+2021.5.0/tbb/include" "-w" "-std=c++17" "-mwaitpkg" "-D__TBB_BUILD" "-D__TBB_NO_IMPLICIT_LINKAGE" "-D__TBB_USE_ITT_NOTIFY" "-o" "/opt/rustwide/target/debug/build/tbb-sys-3556aaf61c8ae2d2/out/6a7fa38a8961e212-global_control.o" "-c" "tbb/src/tbb/global_control.cpp" with args c++ did not execute successfully (status code exit status: 1).cargo:warning=c++: fatal error: Killed signal terminated program cc1plus
[INFO] [stderr]   cargo:warning=compilation terminated.
[INFO] [stderr] 
[INFO] [stderr]   exit status: 0
[INFO] [stderr]   exit status: 0
[INFO] [stderr]   exit status: 0
[INFO] [stderr]   exit status: 0
[INFO] [stderr]   exit status: 1
[INFO] [stderr]   cargo:warning=ToolExecError: Command "c++" "-O0" "-ffunction-sections" "-fdata-sections" "-fPIC" "-gdwarf-4" "-fno-omit-frame-pointer" "-m64" "-I" "/opt/rustwide/cargo-home/registry/src/index.crates.io-6f17d22bba15001f/tbb-sys-1.1.0+2021.5.0/tbb/include" "-w" "-std=c++17" "-mwaitpkg" "-D__TBB_BUILD" "-D__TBB_NO_IMPLICIT_LINKAGE" "-D__TBB_USE_ITT_NOTIFY" "-o" "/opt/rustwide/target/debug/build/tbb-sys-3556aaf61c8ae2d2/out/6a7fa38a8961e212-main.o" "-c" "tbb/src/tbb/main.cpp" with args c++ did not execute successfully (status code exit status: 1).
[INFO] [stderr]   exit status: 0
[INFO] [stderr]   exit status: 0
[INFO] [stderr]   exit status: 0
[INFO] [stderr]   exit status: 0
[INFO] [stderr]   exit status: 0
[INFO] [stderr]   exit status: 0
[INFO] [stderr]   exit status: 0
[INFO] [stderr]   exit status: 0
[INFO] [stderr]   cargo:warning=c++: fatal error: Killed signal terminated program cc1plus
[INFO] [stderr]   cargo:warning=compilation terminated.
[INFO] [stderr]   exit status: 0
[INFO] [stderr]   exit status: 1
[INFO] [stderr]   cargo:warning=ToolExecError: Command "c++" "-O0" "-ffunction-sections" "-fdata-sections" "-fPIC" "-gdwarf-4" "-fno-omit-frame-pointer" "-m64" "-I" "/opt/rustwide/cargo-home/registry/src/index.crates.io-6f17d22bba15001f/tbb-sys-1.1.0+2021.5.0/tbb/include" "-w" "-std=c++17" "-mwaitpkg" "-D__TBB_BUILD" "-D__TBB_NO_IMPLICIT_LINKAGE" "-D__TBB_USE_ITT_NOTIFY" "-o" "/opt/rustwide/target/debug/build/tbb-sys-3556aaf61c8ae2d2/out/6a7fa38a8961e212-arena.o" "-c" "tbb/src/tbb/arena.cpp" with args c++ did not execute successfully (status code exit status: 1).
[INFO] [stderr]   exit status: 0
[INFO] [stderr]   exit status: 0
[INFO] [stderr]   exit status: 0
[INFO] [stderr]   exit status: 0
[INFO] [stderr]   exit status: 0
[INFO] [stderr]   exit status: 0
[INFO] [stderr]   exit status: 0
[INFO] [stderr]   exit status: 0
[INFO] [stderr]   exit status: 0
[INFO] [stderr]   exit status: 0
[INFO] [stderr] 
[INFO] [stderr]   --- stderr
[INFO] [stderr] 
[INFO] [stderr] 
[INFO] [stderr]   error occurred: Command "c++" "-O0" "-ffunction-sections" "-fdata-sections" "-fPIC" "-gdwarf-4" "-fno-omit-frame-pointer" "-m64" "-I" "/opt/rustwide/cargo-home/registry/src/index.crates.io-6f17d22bba15001f/tbb-sys-1.1.0+2021.5.0/tbb/include" "-w" "-std=c++17" "-mwaitpkg" "-D__TBB_BUILD" "-D__TBB_NO_IMPLICIT_LINKAGE" "-D__TBB_USE_ITT_NOTIFY" "-o" "/opt/rustwide/target/debug/build/tbb-sys-3556aaf61c8ae2d2/out/6a7fa38a8961e212-arena.o" "-c" "tbb/src/tbb/arena.cpp" with args c++ did not execute successfully (status code exit status: 1).
[INFO] [stderr] 
[INFO] [stderr] 
[INFO] running `Command { std: "docker" "inspect" "ac5c18cd90200d5e3c6ed24fe7def3199798d91710d0226caccb9385c71d03fe", kill_on_drop: false }`
[INFO] running `Command { std: "docker" "rm" "-f" "ac5c18cd90200d5e3c6ed24fe7def3199798d91710d0226caccb9385c71d03fe", kill_on_drop: false }`
[INFO] [stdout] ac5c18cd90200d5e3c6ed24fe7def3199798d91710d0226caccb9385c71d03fe
