[INFO] fetching crate risc0-steel 0.11.1...
[INFO] testing risc0-steel-0.11.1 against nightly-2024-10-28 for randomize-layout
[INFO] extracting crate risc0-steel 0.11.1 into /workspace/builds/worker-3-tc1/source
[INFO] validating manifest of crates.io crate risc0-steel 0.11.1 on toolchain nightly-2024-10-28
[INFO] running `Command { std: CARGO_HOME="/workspace/cargo-home" RUSTUP_HOME="/workspace/rustup-home" "/workspace/cargo-home/bin/cargo" "+nightly-2024-10-28" "metadata" "--manifest-path" "Cargo.toml" "--no-deps", kill_on_drop: false }`
[INFO] started tweaking crates.io crate risc0-steel 0.11.1
[INFO] finished tweaking crates.io crate risc0-steel 0.11.1
[INFO] tweaked toml for crates.io crate risc0-steel 0.11.1 written to /workspace/builds/worker-3-tc1/source/Cargo.toml
[INFO] running `Command { std: CARGO_HOME="/workspace/cargo-home" RUSTUP_HOME="/workspace/rustup-home" "/workspace/cargo-home/bin/cargo" "+nightly-2024-10-28" "generate-lockfile" "--manifest-path" "Cargo.toml", kill_on_drop: false }`
[INFO] [stderr]     Updating crates.io index
[INFO] [stderr]      Locking 357 packages to latest compatible versions
[INFO] [stderr]       Adding alloy-primitives v0.7.7 (available: v0.8.10)
[INFO] [stderr]       Adding alloy-sol-types v0.7.7 (available: v0.8.10)
[INFO] [stderr]       Adding alloy-trie v0.4.1 (available: v0.7.2)
[INFO] [stderr]       Adding revm v9.0.0 (available: v17.1.0)
[INFO] [stderr]       Adding rlp v0.5.2 (available: v0.6.1)
[INFO] running `Command { std: CARGO_HOME="/workspace/cargo-home" RUSTUP_HOME="/workspace/rustup-home" "/workspace/cargo-home/bin/cargo" "+nightly-2024-10-28" "fetch" "--manifest-path" "Cargo.toml", kill_on_drop: false }`
[INFO] [stderr]  Downloading crates ...
[INFO] [stderr]   Downloaded revm-precompile v7.0.0
[INFO] [stderr]   Downloaded aurora-engine-modexp v1.1.0
[INFO] [stderr]   Downloaded alloy-trie v0.4.1
[INFO] [stderr]   Downloaded nybbles v0.2.1
[INFO] [stderr]   Downloaded substrate-bn v0.6.0
[INFO] [stderr]   Downloaded revm v9.0.0
[INFO] [stderr]   Downloaded revm-interpreter v5.0.0
[INFO] [stderr]   Downloaded revm-primitives v4.0.0
[INFO] running `Command { std: "docker" "create" "-v" "/var/lib/crater-agent-workspace/builds/worker-3-tc1/target:/opt/rustwide/target:rw,Z" "-v" "/var/lib/crater-agent-workspace/builds/worker-3-tc1/source:/opt/rustwide/workdir:ro,Z" "-v" "/var/lib/crater-agent-workspace/cargo-home:/opt/rustwide/cargo-home:ro,Z" "-v" "/var/lib/crater-agent-workspace/rustup-home:/opt/rustwide/rustup-home:ro,Z" "-e" "SOURCE_DIR=/opt/rustwide/workdir" "-e" "CARGO_TARGET_DIR=/opt/rustwide/target" "-e" "CARGO_HOME=/opt/rustwide/cargo-home" "-e" "RUSTUP_HOME=/opt/rustwide/rustup-home" "-w" "/opt/rustwide/workdir" "-m" "1610612736" "--user" "0:0" "--network" "none" "ghcr.io/rust-lang/crates-build-env/linux@sha256:4a844ea9eb2546a2d2c7022eacef16ef2e8229c7fbb2c7d4d55a9ceca922f72d" "/opt/rustwide/cargo-home/bin/cargo" "+nightly-2024-10-28" "metadata" "--no-deps" "--format-version=1", kill_on_drop: false }`
[INFO] [stdout] 74b91e17142c70153776c83248b7d20880aed018e45df69df8fd77186cca99e7
[INFO] running `Command { std: "docker" "start" "-a" "74b91e17142c70153776c83248b7d20880aed018e45df69df8fd77186cca99e7", kill_on_drop: false }`
[INFO] running `Command { std: "docker" "inspect" "74b91e17142c70153776c83248b7d20880aed018e45df69df8fd77186cca99e7", kill_on_drop: false }`
[INFO] running `Command { std: "docker" "rm" "-f" "74b91e17142c70153776c83248b7d20880aed018e45df69df8fd77186cca99e7", kill_on_drop: false }`
[INFO] [stdout] 74b91e17142c70153776c83248b7d20880aed018e45df69df8fd77186cca99e7
[INFO] running `Command { std: "docker" "create" "-v" "/var/lib/crater-agent-workspace/builds/worker-3-tc1/target:/opt/rustwide/target:rw,Z" "-v" "/var/lib/crater-agent-workspace/builds/worker-3-tc1/source:/opt/rustwide/workdir:ro,Z" "-v" "/var/lib/crater-agent-workspace/cargo-home:/opt/rustwide/cargo-home:ro,Z" "-v" "/var/lib/crater-agent-workspace/rustup-home:/opt/rustwide/rustup-home:ro,Z" "-e" "SOURCE_DIR=/opt/rustwide/workdir" "-e" "CARGO_TARGET_DIR=/opt/rustwide/target" "-e" "CARGO_INCREMENTAL=0" "-e" "RUST_BACKTRACE=full" "-e" "RUSTFLAGS=--cap-lints=forbid" "-e" "RUSTDOCFLAGS=--cap-lints=forbid" "-e" "CARGO_HOME=/opt/rustwide/cargo-home" "-e" "RUSTUP_HOME=/opt/rustwide/rustup-home" "-w" "/opt/rustwide/workdir" "-m" "1610612736" "--user" "0:0" "--network" "none" "ghcr.io/rust-lang/crates-build-env/linux@sha256:4a844ea9eb2546a2d2c7022eacef16ef2e8229c7fbb2c7d4d55a9ceca922f72d" "/opt/rustwide/cargo-home/bin/cargo" "+nightly-2024-10-28" "build" "--frozen" "--message-format=json", kill_on_drop: false }`
[INFO] [stdout] 53f450fc8fdaf604d1ed902c23f81072f5f1cc00e65ffe244c3ac7acf85caefc
[INFO] running `Command { std: "docker" "start" "-a" "53f450fc8fdaf604d1ed902c23f81072f5f1cc00e65ffe244c3ac7acf85caefc", kill_on_drop: false }`
[INFO] [stderr]    Compiling proc-macro2 v1.0.89
[INFO] [stderr]    Compiling unicode-ident v1.0.13
[INFO] [stderr]    Compiling version_check v0.9.5
[INFO] [stderr]    Compiling typenum v1.17.0
[INFO] [stderr]    Compiling zeroize v1.8.1
[INFO] [stderr]    Compiling serde v1.0.214
[INFO] [stderr]    Compiling libc v0.2.161
[INFO] [stderr]    Compiling subtle v2.6.1
[INFO] [stderr]    Compiling const-oid v0.9.6
[INFO] [stderr]    Compiling cpufeatures v0.2.14
[INFO] [stderr]    Compiling autocfg v1.4.0
[INFO] [stderr]    Compiling crunchy v0.2.2
[INFO] [stderr]    Compiling tiny-keccak v2.0.2
[INFO] [stderr]    Compiling paste v1.0.15
[INFO] [stderr]    Compiling ruint-macro v1.2.1
[INFO] [stderr]    Compiling radium v0.7.0
[INFO] [stderr]    Compiling convert_case v0.4.0
[INFO] [stderr]    Compiling zerocopy v0.7.35
[INFO] [stderr]    Compiling der v0.7.9
[INFO] [stderr]    Compiling syn v1.0.109
[INFO] [stderr]    Compiling itoa v1.0.11
[INFO] [stderr]    Compiling base16ct v0.2.0
[INFO] [stderr]    Compiling hex-literal v0.4.1
[INFO] [stderr]    Compiling once_cell v1.20.2
[INFO] [stderr]    Compiling tap v1.0.1
[INFO] [stderr]    Compiling generic-array v0.14.7
[INFO] [stderr]    Compiling ahash v0.8.11
[INFO] [stderr]    Compiling proc-macro-error-attr v1.0.4
[INFO] [stderr]    Compiling wyz v0.5.1
[INFO] [stderr]    Compiling proc-macro-error v1.0.4
[INFO] [stderr]    Compiling funty v2.0.0
[INFO] [stderr]    Compiling allocator-api2 v0.2.18
[INFO] [stderr]    Compiling num-traits v0.2.19
[INFO] [stderr]    Compiling const-hex v1.13.1
[INFO] [stderr]    Compiling dyn-clone v1.0.17
[INFO] [stderr]    Compiling heck v0.5.0
[INFO] [stderr]    Compiling dunce v1.0.5
[INFO] [stderr]    Compiling hashbrown v0.15.0
[INFO] [stderr]    Compiling equivalent v1.0.1
[INFO] [stderr]    Compiling rustc-hex v2.1.0
[INFO] [stderr]    Compiling spin v0.9.8
[INFO] [stderr]    Compiling hex v0.4.3
[INFO] [stderr]    Compiling byteorder v1.5.0
[INFO] [stderr]    Compiling lazy_static v1.5.0
[INFO] [stderr]    Compiling anyhow v1.0.92
[INFO] [stderr]    Compiling thiserror v1.0.66
[INFO] [stderr]    Compiling quote v1.0.37
[INFO] [stderr]    Compiling syn v2.0.86
[INFO] [stderr]    Compiling getrandom v0.2.15
[INFO] [stderr]    Compiling rand_core v0.6.4
[INFO] [stderr]    Compiling indexmap v2.6.0
[INFO] [stderr]    Compiling spki v0.7.3
[INFO] [stderr]    Compiling ff v0.13.0
[INFO] [stderr]    Compiling rand v0.8.5
[INFO] [stderr]    Compiling num-integer v0.1.46
[INFO] [stderr]    Compiling num-complex v0.4.6
[INFO] [stderr]    Compiling group v0.13.0
[INFO] [stderr]    Compiling num-bigint v0.4.6
[INFO] [stderr]    Compiling num-iter v0.1.45
[INFO] [stderr]    Compiling block-buffer v0.10.4
[INFO] [stderr]    Compiling crypto-common v0.1.6
[INFO] [stderr]    Compiling crypto-bigint v0.5.5
[INFO] [stderr]    Compiling sec1 v0.7.3
[INFO] [stderr]    Compiling digest v0.10.7
[INFO] [stderr]    Compiling substrate-bn v0.6.0
[INFO] [stderr]    Compiling hmac v0.12.1
[INFO] [stderr]    Compiling signature v2.2.0
[INFO] [stderr]    Compiling sha2 v0.10.8
[INFO] [stderr]    Compiling ripemd v0.1.3
[INFO] [stderr]    Compiling rfc6979 v0.4.0
[INFO] [stderr]    Compiling num-rational v0.4.2
[INFO] [stderr]    Compiling num v0.4.3
[INFO] [stderr]    Compiling aurora-engine-modexp v1.1.0
[INFO] [stderr]    Compiling elliptic-curve v0.13.8
[INFO] [stderr]    Compiling ecdsa v0.16.9
[INFO] [stderr]    Compiling k256 v0.13.4
[INFO] [stderr]    Compiling syn-solidity v0.7.7
[INFO] [stderr]    Compiling serde_derive v1.0.214
[INFO] [stderr]    Compiling derive_more v0.99.18
[INFO] [stderr]    Compiling auto_impl v1.2.0
[INFO] [stderr]    Compiling enumn v0.1.14
[INFO] [stderr]    Compiling thiserror-impl v1.0.66
[INFO] [stderr]    Compiling alloy-rlp-derive v0.3.9
[INFO] [stderr]    Compiling alloy-sol-macro-input v0.7.7
[INFO] [stderr]    Compiling alloy-sol-macro-expander v0.7.7
[INFO] [stderr]    Compiling alloy-sol-macro v0.7.7
[INFO] [stderr]    Compiling bytes v1.8.0
[INFO] [stderr]    Compiling hashbrown v0.14.5
[INFO] [stderr]    Compiling bitvec v1.0.1
[INFO] [stderr]    Compiling bitflags v2.6.0
[INFO] [stderr]    Compiling smallvec v1.13.2
[INFO] [stderr]    Compiling nybbles v0.2.1
[INFO] [stderr]    Compiling alloy-rlp v0.3.9
[INFO] [stderr]    Compiling rlp v0.5.2
[INFO] [stderr]    Compiling ruint v1.12.3
[INFO] [stderr]    Compiling alloy-primitives v0.7.7
[INFO] [stderr]    Compiling alloy-sol-types v0.7.7
[INFO] [stderr]    Compiling revm-primitives v4.0.0
[INFO] [stderr]    Compiling revm-precompile v7.0.0
[INFO] [stderr]    Compiling revm-interpreter v5.0.0
[INFO] [stderr]    Compiling revm v9.0.0
[INFO] [stderr]    Compiling risc0-steel v0.11.1 (/opt/rustwide/workdir)
[INFO] [stderr]     Finished `dev` profile [unoptimized + debuginfo] target(s) in 15.51s
[INFO] running `Command { std: "docker" "inspect" "53f450fc8fdaf604d1ed902c23f81072f5f1cc00e65ffe244c3ac7acf85caefc", kill_on_drop: false }`
[INFO] running `Command { std: "docker" "rm" "-f" "53f450fc8fdaf604d1ed902c23f81072f5f1cc00e65ffe244c3ac7acf85caefc", kill_on_drop: false }`
[INFO] [stdout] 53f450fc8fdaf604d1ed902c23f81072f5f1cc00e65ffe244c3ac7acf85caefc
[INFO] running `Command { std: "docker" "create" "-v" "/var/lib/crater-agent-workspace/builds/worker-3-tc1/target:/opt/rustwide/target:rw,Z" "-v" "/var/lib/crater-agent-workspace/builds/worker-3-tc1/source:/opt/rustwide/workdir:ro,Z" "-v" "/var/lib/crater-agent-workspace/cargo-home:/opt/rustwide/cargo-home:ro,Z" "-v" "/var/lib/crater-agent-workspace/rustup-home:/opt/rustwide/rustup-home:ro,Z" "-e" "SOURCE_DIR=/opt/rustwide/workdir" "-e" "CARGO_TARGET_DIR=/opt/rustwide/target" "-e" "CARGO_INCREMENTAL=0" "-e" "RUST_BACKTRACE=full" "-e" "RUSTFLAGS=--cap-lints=forbid" "-e" "RUSTDOCFLAGS=--cap-lints=forbid" "-e" "CARGO_HOME=/opt/rustwide/cargo-home" "-e" "RUSTUP_HOME=/opt/rustwide/rustup-home" "-w" "/opt/rustwide/workdir" "-m" "1610612736" "--user" "0:0" "--network" "none" "ghcr.io/rust-lang/crates-build-env/linux@sha256:4a844ea9eb2546a2d2c7022eacef16ef2e8229c7fbb2c7d4d55a9ceca922f72d" "/opt/rustwide/cargo-home/bin/cargo" "+nightly-2024-10-28" "test" "--frozen" "--no-run" "--message-format=json", kill_on_drop: false }`
[INFO] [stdout] 345d8ccd3d56f02d8f6a47c4237ada2bcf7ae0f2f5ff7d931fac143542e49713
[INFO] running `Command { std: "docker" "start" "-a" "345d8ccd3d56f02d8f6a47c4237ada2bcf7ae0f2f5ff7d931fac143542e49713", kill_on_drop: false }`
[INFO] [stderr]    Compiling utf8parse v0.2.2
[INFO] [stderr]    Compiling anstyle-query v1.1.2
[INFO] [stderr]    Compiling alloy-rlp v0.3.9
[INFO] [stderr]    Compiling is_terminal_polyfill v1.70.1
[INFO] [stderr]    Compiling colorchoice v1.0.3
[INFO] [stderr]    Compiling log v0.4.22
[INFO] [stderr]    Compiling anstyle v1.0.10
[INFO] [stderr]    Compiling tracing-core v0.1.32
[INFO] [stderr]    Compiling pin-project-lite v0.2.15
[INFO] [stderr]    Compiling test-log-macros v0.2.16
[INFO] [stderr]    Compiling anstyle-parse v0.2.6
[INFO] [stderr]    Compiling env_filter v0.1.2
[INFO] [stderr]    Compiling ruint v1.12.3
[INFO] [stderr]    Compiling anstream v0.6.17
[INFO] [stderr]    Compiling tracing v0.1.40
[INFO] [stderr]    Compiling env_logger v0.11.5
[INFO] [stderr]    Compiling test-log v0.2.16
[INFO] [stderr]    Compiling alloy-primitives v0.7.7
[INFO] [stderr]    Compiling revm-primitives v4.0.0
[INFO] [stderr]    Compiling alloy-sol-types v0.7.7
[INFO] [stderr]    Compiling alloy-trie v0.4.1
[INFO] [stderr]    Compiling revm-precompile v7.0.0
[INFO] [stderr]    Compiling revm-interpreter v5.0.0
[INFO] [stderr]    Compiling revm v9.0.0
[INFO] [stderr]    Compiling risc0-steel v0.11.1 (/opt/rustwide/workdir)
[INFO] [stdout] error[E0432]: unresolved import `serde_json`
[INFO] [stdout]    --> src/mpt.rs:365:9
[INFO] [stdout]     |
[INFO] [stdout] 365 |     use serde_json::json;
[INFO] [stdout]     |         ^^^^^^^^^^ use of undeclared crate or module `serde_json`
[INFO] [stdout] 
[INFO] [stdout] 
[INFO] [stdout] error[E0433]: failed to resolve: use of undeclared crate or module `serde_json`
[INFO] [stdout]    --> src/mpt.rs:541:29
[INFO] [stdout]     |
[INFO] [stdout] 541 |         let account_proof = serde_json::from_value::<Vec<Bytes>>(value).unwrap();
[INFO] [stdout]     |                             ^^^^^^^^^^ use of undeclared crate or module `serde_json`
[INFO] [stdout] 
[INFO] [stdout] 
[INFO] [stdout] error[E0433]: failed to resolve: use of undeclared crate or module `serde_json`
[INFO] [stdout]    --> src/mpt.rs:562:29
[INFO] [stdout]     |
[INFO] [stdout] 562 |         let account_proof = serde_json::from_value::<Vec<Bytes>>(value).unwrap();
[INFO] [stdout]     |                             ^^^^^^^^^^ use of undeclared crate or module `serde_json`
[INFO] [stdout] 
[INFO] [stdout] 
[INFO] [stdout] Some errors have detailed explanations: E0432, E0433.
[INFO] [stdout] 
[INFO] [stdout] For more information about an error, try `rustc --explain E0432`.
[INFO] [stdout] 
[INFO] [stderr] error: could not compile `risc0-steel` (lib test) due to 3 previous errors
[INFO] running `Command { std: "docker" "inspect" "345d8ccd3d56f02d8f6a47c4237ada2bcf7ae0f2f5ff7d931fac143542e49713", kill_on_drop: false }`
[INFO] running `Command { std: "docker" "rm" "-f" "345d8ccd3d56f02d8f6a47c4237ada2bcf7ae0f2f5ff7d931fac143542e49713", kill_on_drop: false }`
[INFO] [stdout] 345d8ccd3d56f02d8f6a47c4237ada2bcf7ae0f2f5ff7d931fac143542e49713
