[INFO] fetching crate rinkey 0.2.5...
[INFO] testing rinkey-0.2.5 against nightly-2024-10-28 for randomize-layout
[INFO] extracting crate rinkey 0.2.5 into /workspace/builds/worker-4-tc1/source
[INFO] validating manifest of crates.io crate rinkey 0.2.5 on toolchain nightly-2024-10-28
[INFO] running `Command { std: CARGO_HOME="/workspace/cargo-home" RUSTUP_HOME="/workspace/rustup-home" "/workspace/cargo-home/bin/cargo" "+nightly-2024-10-28" "metadata" "--manifest-path" "Cargo.toml" "--no-deps", kill_on_drop: false }`
[INFO] started tweaking crates.io crate rinkey 0.2.5
[INFO] finished tweaking crates.io crate rinkey 0.2.5
[INFO] tweaked toml for crates.io crate rinkey 0.2.5 written to /workspace/builds/worker-4-tc1/source/Cargo.toml
[INFO] crate crates.io crate rinkey 0.2.5 already has a lockfile, it will not be regenerated
[INFO] running `Command { std: CARGO_HOME="/workspace/cargo-home" RUSTUP_HOME="/workspace/rustup-home" "/workspace/cargo-home/bin/cargo" "+nightly-2024-10-28" "fetch" "--manifest-path" "Cargo.toml", kill_on_drop: false }`
[INFO] [stderr]     Updating crates.io index
[INFO] [stderr]  Downloading crates ...
[INFO] [stderr]   Downloaded tink-mac v0.2.5
[INFO] [stderr]   Downloaded prost v0.11.8
[INFO] [stderr]   Downloaded prost-types v0.11.8
[INFO] [stderr]   Downloaded prettyplease v0.1.24
[INFO] [stderr]   Downloaded tink-gcpkms v0.2.5
[INFO] [stderr]   Downloaded tink-proto v0.2.5
[INFO] [stderr]   Downloaded tink-awskms v0.2.5
[INFO] [stderr]   Downloaded aes-siv v0.7.0
[INFO] [stderr]   Downloaded tink-aead v0.2.5
[INFO] [stderr]   Downloaded chacha20 v0.9.0
[INFO] [stderr]   Downloaded tink-core v0.2.5
[INFO] [stderr]   Downloaded polyval v0.6.0
[INFO] [stderr]   Downloaded tink-prf v0.2.5
[INFO] [stderr]   Downloaded prost-build v0.11.8
[INFO] [stderr]   Downloaded tink-signature v0.2.5
[INFO] [stderr]   Downloaded yup-oauth2 v5.1.0
[INFO] [stderr]   Downloaded aes-gcm v0.10.1
[INFO] [stderr]   Downloaded aead v0.5.1
[INFO] [stderr]   Downloaded tink-streaming-aead v0.2.5
[INFO] [stderr]   Downloaded tink-daead v0.2.5
[INFO] [stderr]   Downloaded tink-hybrid v0.2.5
[INFO] [stderr]   Downloaded universal-hash v0.5.0
[INFO] [stderr]   Downloaded prost-derive v0.11.8
[INFO] [stderr]   Downloaded csv v1.2.1
[INFO] [stderr]   Downloaded cmac v0.7.1
[INFO] running `Command { std: "docker" "create" "-v" "/var/lib/crater-agent-workspace/builds/worker-4-tc1/target:/opt/rustwide/target:rw,Z" "-v" "/var/lib/crater-agent-workspace/builds/worker-4-tc1/source:/opt/rustwide/workdir:ro,Z" "-v" "/var/lib/crater-agent-workspace/cargo-home:/opt/rustwide/cargo-home:ro,Z" "-v" "/var/lib/crater-agent-workspace/rustup-home:/opt/rustwide/rustup-home:ro,Z" "-e" "SOURCE_DIR=/opt/rustwide/workdir" "-e" "CARGO_TARGET_DIR=/opt/rustwide/target" "-e" "CARGO_HOME=/opt/rustwide/cargo-home" "-e" "RUSTUP_HOME=/opt/rustwide/rustup-home" "-w" "/opt/rustwide/workdir" "-m" "1610612736" "--user" "0:0" "--network" "none" "ghcr.io/rust-lang/crates-build-env/linux@sha256:4a844ea9eb2546a2d2c7022eacef16ef2e8229c7fbb2c7d4d55a9ceca922f72d" "/opt/rustwide/cargo-home/bin/cargo" "+nightly-2024-10-28" "metadata" "--no-deps" "--format-version=1", kill_on_drop: false }`
[INFO] [stdout] 3c51ff738da9be58a0125f869522a16b9f3251f21cfc669f0bf2fa7626c68081
[INFO] running `Command { std: "docker" "start" "-a" "3c51ff738da9be58a0125f869522a16b9f3251f21cfc669f0bf2fa7626c68081", kill_on_drop: false }`
[INFO] running `Command { std: "docker" "inspect" "3c51ff738da9be58a0125f869522a16b9f3251f21cfc669f0bf2fa7626c68081", kill_on_drop: false }`
[INFO] running `Command { std: "docker" "rm" "-f" "3c51ff738da9be58a0125f869522a16b9f3251f21cfc669f0bf2fa7626c68081", kill_on_drop: false }`
[INFO] [stdout] 3c51ff738da9be58a0125f869522a16b9f3251f21cfc669f0bf2fa7626c68081
[INFO] running `Command { std: "docker" "create" "-v" "/var/lib/crater-agent-workspace/builds/worker-4-tc1/target:/opt/rustwide/target:rw,Z" "-v" "/var/lib/crater-agent-workspace/builds/worker-4-tc1/source:/opt/rustwide/workdir:ro,Z" "-v" "/var/lib/crater-agent-workspace/cargo-home:/opt/rustwide/cargo-home:ro,Z" "-v" "/var/lib/crater-agent-workspace/rustup-home:/opt/rustwide/rustup-home:ro,Z" "-e" "SOURCE_DIR=/opt/rustwide/workdir" "-e" "CARGO_TARGET_DIR=/opt/rustwide/target" "-e" "CARGO_INCREMENTAL=0" "-e" "RUST_BACKTRACE=full" "-e" "RUSTFLAGS=--cap-lints=forbid" "-e" "RUSTDOCFLAGS=--cap-lints=forbid" "-e" "CARGO_HOME=/opt/rustwide/cargo-home" "-e" "RUSTUP_HOME=/opt/rustwide/rustup-home" "-w" "/opt/rustwide/workdir" "-m" "1610612736" "--user" "0:0" "--network" "none" "ghcr.io/rust-lang/crates-build-env/linux@sha256:4a844ea9eb2546a2d2c7022eacef16ef2e8229c7fbb2c7d4d55a9ceca922f72d" "/opt/rustwide/cargo-home/bin/cargo" "+nightly-2024-10-28" "build" "--frozen" "--message-format=json", kill_on_drop: false }`
[INFO] [stdout] 78df145cfbdb2255a0cf9fbe5b4e48d91958f8540d2ec149ae98b63cf68c6f13
[INFO] running `Command { std: "docker" "start" "-a" "78df145cfbdb2255a0cf9fbe5b4e48d91958f8540d2ec149ae98b63cf68c6f13", kill_on_drop: false }`
[INFO] [stderr]    Compiling libc v0.2.140
[INFO] [stderr]    Compiling proc-macro2 v1.0.52
[INFO] [stderr]    Compiling quote v1.0.26
[INFO] [stderr]    Compiling unicode-ident v1.0.8
[INFO] [stderr]    Compiling syn v1.0.109
[INFO] [stderr]    Compiling version_check v0.9.4
[INFO] [stderr]    Compiling typenum v1.16.0
[INFO] [stderr]    Compiling subtle v2.4.1
[INFO] [stderr]    Compiling memchr v2.5.0
[INFO] [stderr]    Compiling unicode-xid v0.2.4
[INFO] [stderr]    Compiling log v0.4.17
[INFO] [stderr]    Compiling bytes v1.4.0
[INFO] [stderr]    Compiling cpufeatures v0.2.5
[INFO] [stderr]    Compiling indexmap v1.9.2
[INFO] [stderr]    Compiling generic-array v0.14.6
[INFO] [stdout] error[E0422]: cannot find struct, variant or union type `LineColumn` in crate `proc_macro`
[INFO] [stdout]    --> /opt/rustwide/cargo-home/registry/src/index.crates.io-6f17d22bba15001f/proc-macro2-1.0.52/src/wrapper.rs:475:33
[INFO] [stdout]     |
[INFO] [stdout] 475 |                 let proc_macro::LineColumn { line, column } = s.start();
[INFO] [stdout]     |                                 ^^^^^^^^^^ not found in `proc_macro`
[INFO] [stdout]     |
[INFO] [stdout] help: consider importing this struct through its public re-export
[INFO] [stdout]     |
[INFO] [stdout] 1   + use crate::LineColumn;
[INFO] [stdout]     |
[INFO] [stdout] help: if you import `LineColumn`, refer to it directly
[INFO] [stdout]     |
[INFO] [stdout] 475 -                 let proc_macro::LineColumn { line, column } = s.start();
[INFO] [stdout] 475 +                 let LineColumn { line, column } = s.start();
[INFO] [stdout]     |
[INFO] [stdout] 
[INFO] [stdout] 
[INFO] [stdout] error[E0422]: cannot find struct, variant or union type `LineColumn` in crate `proc_macro`
[INFO] [stdout]    --> /opt/rustwide/cargo-home/registry/src/index.crates.io-6f17d22bba15001f/proc-macro2-1.0.52/src/wrapper.rs:489:33
[INFO] [stdout]     |
[INFO] [stdout] 489 |                 let proc_macro::LineColumn { line, column } = s.end();
[INFO] [stdout]     |                                 ^^^^^^^^^^ not found in `proc_macro`
[INFO] [stdout]     |
[INFO] [stdout] help: consider importing this struct through its public re-export
[INFO] [stdout]     |
[INFO] [stdout] 1   + use crate::LineColumn;
[INFO] [stdout]     |
[INFO] [stdout] help: if you import `LineColumn`, refer to it directly
[INFO] [stdout]     |
[INFO] [stdout] 489 -                 let proc_macro::LineColumn { line, column } = s.end();
[INFO] [stdout] 489 +                 let LineColumn { line, column } = s.end();
[INFO] [stdout]     |
[INFO] [stdout] 
[INFO] [stdout] 
[INFO] [stdout] error[E0635]: unknown feature `proc_macro_span_shrink`
[INFO] [stdout]   --> /opt/rustwide/cargo-home/registry/src/index.crates.io-6f17d22bba15001f/proc-macro2-1.0.52/src/lib.rs:92:30
[INFO] [stdout]    |
[INFO] [stdout] 92 |     feature(proc_macro_span, proc_macro_span_shrink)
[INFO] [stdout]    |                              ^^^^^^^^^^^^^^^^^^^^^^
[INFO] [stdout] 
[INFO] [stdout] 
[INFO] [stderr]    Compiling hashbrown v0.12.3
[INFO] [stderr]    Compiling once_cell v1.17.1
[INFO] [stderr]    Compiling cc v1.0.79
[INFO] [stdout] Some errors have detailed explanations: E0422, E0635.
[INFO] [stdout] 
[INFO] [stdout] For more information about an error, try `rustc --explain E0422`.
[INFO] [stdout] 
[INFO] [stderr] error: could not compile `proc-macro2` (lib) due to 3 previous errors
[INFO] [stderr] warning: build failed, waiting for other jobs to finish...
[INFO] running `Command { std: "docker" "inspect" "78df145cfbdb2255a0cf9fbe5b4e48d91958f8540d2ec149ae98b63cf68c6f13", kill_on_drop: false }`
[INFO] running `Command { std: "docker" "rm" "-f" "78df145cfbdb2255a0cf9fbe5b4e48d91958f8540d2ec149ae98b63cf68c6f13", kill_on_drop: false }`
[INFO] [stdout] 78df145cfbdb2255a0cf9fbe5b4e48d91958f8540d2ec149ae98b63cf68c6f13
