[INFO] fetching crate ribir_gpu 0.4.0-alpha.13...
[INFO] testing ribir_gpu-0.4.0-alpha.13 against nightly-2024-10-28 for randomize-layout
[INFO] extracting crate ribir_gpu 0.4.0-alpha.13 into /workspace/builds/worker-6-tc1/source
[INFO] validating manifest of crates.io crate ribir_gpu 0.4.0-alpha.13 on toolchain nightly-2024-10-28
[INFO] running `Command { std: CARGO_HOME="/workspace/cargo-home" RUSTUP_HOME="/workspace/rustup-home" "/workspace/cargo-home/bin/cargo" "+nightly-2024-10-28" "metadata" "--manifest-path" "Cargo.toml" "--no-deps", kill_on_drop: false }`
[INFO] started tweaking crates.io crate ribir_gpu 0.4.0-alpha.13
[INFO] finished tweaking crates.io crate ribir_gpu 0.4.0-alpha.13
[INFO] tweaked toml for crates.io crate ribir_gpu 0.4.0-alpha.13 written to /workspace/builds/worker-6-tc1/source/Cargo.toml
[INFO] running `Command { std: CARGO_HOME="/workspace/cargo-home" RUSTUP_HOME="/workspace/rustup-home" "/workspace/cargo-home/bin/cargo" "+nightly-2024-10-28" "generate-lockfile" "--manifest-path" "Cargo.toml", kill_on_drop: false }`
[INFO] [stderr]     Updating crates.io index
[INFO] [stderr]      Locking 211 packages to latest compatible versions
[INFO] [stderr]       Adding wgpu v0.20.1 (available: v23.0.0)
[INFO] [stderr]       Adding zerocopy v0.7.35 (available: v0.8.8)
[INFO] running `Command { std: CARGO_HOME="/workspace/cargo-home" RUSTUP_HOME="/workspace/rustup-home" "/workspace/cargo-home/bin/cargo" "+nightly-2024-10-28" "fetch" "--manifest-path" "Cargo.toml", kill_on_drop: false }`
[INFO] [stderr]  Downloading crates ...
[INFO] [stderr]   Downloaded usvg v0.36.0
[INFO] [stderr]   Downloaded ribir_geom v0.4.0-alpha.14
[INFO] [stderr]   Downloaded material-color-utilities-rs v0.2.1
[INFO] [stderr]   Downloaded ribir_algo v0.4.0-alpha.14
[INFO] [stderr]   Downloaded core_maths v0.1.0
[INFO] [stderr]   Downloaded usvg-tree v0.36.0
[INFO] [stderr]   Downloaded usvg-parser v0.36.0
[INFO] [stderr]   Downloaded lyon_path v1.0.6
[INFO] [stderr]   Downloaded ribir_painter v0.4.0-alpha.14
[INFO] [stderr]   Downloaded fontdb v0.22.0
[INFO] [stderr]   Downloaded lyon_tessellation v1.0.15
[INFO] [stderr]   Downloaded rustybuzz v0.11.0
[INFO] running `Command { std: "docker" "create" "-v" "/var/lib/crater-agent-workspace/builds/worker-6-tc1/target:/opt/rustwide/target:rw,Z" "-v" "/var/lib/crater-agent-workspace/builds/worker-6-tc1/source:/opt/rustwide/workdir:ro,Z" "-v" "/var/lib/crater-agent-workspace/cargo-home:/opt/rustwide/cargo-home:ro,Z" "-v" "/var/lib/crater-agent-workspace/rustup-home:/opt/rustwide/rustup-home:ro,Z" "-e" "SOURCE_DIR=/opt/rustwide/workdir" "-e" "CARGO_TARGET_DIR=/opt/rustwide/target" "-e" "CARGO_HOME=/opt/rustwide/cargo-home" "-e" "RUSTUP_HOME=/opt/rustwide/rustup-home" "-w" "/opt/rustwide/workdir" "-m" "1610612736" "--user" "0:0" "--network" "none" "ghcr.io/rust-lang/crates-build-env/linux@sha256:4a844ea9eb2546a2d2c7022eacef16ef2e8229c7fbb2c7d4d55a9ceca922f72d" "/opt/rustwide/cargo-home/bin/cargo" "+nightly-2024-10-28" "metadata" "--no-deps" "--format-version=1", kill_on_drop: false }`
[INFO] [stdout] 5045e5c805bf131a310cdcd065558c5b96d9407d6e545cff3f29dbca96060556
[INFO] running `Command { std: "docker" "start" "-a" "5045e5c805bf131a310cdcd065558c5b96d9407d6e545cff3f29dbca96060556", kill_on_drop: false }`
[INFO] running `Command { std: "docker" "inspect" "5045e5c805bf131a310cdcd065558c5b96d9407d6e545cff3f29dbca96060556", kill_on_drop: false }`
[INFO] running `Command { std: "docker" "rm" "-f" "5045e5c805bf131a310cdcd065558c5b96d9407d6e545cff3f29dbca96060556", kill_on_drop: false }`
[INFO] [stdout] 5045e5c805bf131a310cdcd065558c5b96d9407d6e545cff3f29dbca96060556
[INFO] running `Command { std: "docker" "create" "-v" "/var/lib/crater-agent-workspace/builds/worker-6-tc1/target:/opt/rustwide/target:rw,Z" "-v" "/var/lib/crater-agent-workspace/builds/worker-6-tc1/source:/opt/rustwide/workdir:ro,Z" "-v" "/var/lib/crater-agent-workspace/cargo-home:/opt/rustwide/cargo-home:ro,Z" "-v" "/var/lib/crater-agent-workspace/rustup-home:/opt/rustwide/rustup-home:ro,Z" "-e" "SOURCE_DIR=/opt/rustwide/workdir" "-e" "CARGO_TARGET_DIR=/opt/rustwide/target" "-e" "CARGO_INCREMENTAL=0" "-e" "RUST_BACKTRACE=full" "-e" "RUSTFLAGS=--cap-lints=forbid" "-e" "RUSTDOCFLAGS=--cap-lints=forbid" "-e" "CARGO_HOME=/opt/rustwide/cargo-home" "-e" "RUSTUP_HOME=/opt/rustwide/rustup-home" "-w" "/opt/rustwide/workdir" "-m" "1610612736" "--user" "0:0" "--network" "none" "ghcr.io/rust-lang/crates-build-env/linux@sha256:4a844ea9eb2546a2d2c7022eacef16ef2e8229c7fbb2c7d4d55a9ceca922f72d" "/opt/rustwide/cargo-home/bin/cargo" "+nightly-2024-10-28" "build" "--frozen" "--message-format=json", kill_on_drop: false }`
[INFO] [stdout] 8bda90de34261fc6aa1408fc1795e59a78b44bf271095f5bac82dd99940fb334
[INFO] running `Command { std: "docker" "start" "-a" "8bda90de34261fc6aa1408fc1795e59a78b44bf271095f5bac82dd99940fb334", kill_on_drop: false }`
[INFO] [stderr]    Compiling proc-macro2 v1.0.89
[INFO] [stderr]    Compiling unicode-ident v1.0.13
[INFO] [stderr]    Compiling autocfg v1.4.0
[INFO] [stderr]    Compiling libm v0.2.11
[INFO] [stderr]    Compiling cfg-if v1.0.0
[INFO] [stderr]    Compiling version_check v0.9.5
[INFO] [stderr]    Compiling arrayvec v0.7.6
[INFO] [stderr]    Compiling serde v1.0.214
[INFO] [stderr]    Compiling byteorder v1.5.0
[INFO] [stderr]    Compiling bitflags v2.6.0
[INFO] [stderr]    Compiling log v0.4.22
[INFO] [stderr]    Compiling cfg_aliases v0.1.1
[INFO] [stderr]    Compiling once_cell v1.20.2
[INFO] [stderr]    Compiling smallvec v1.13.2
[INFO] [stderr]    Compiling memchr v2.7.4
[INFO] [stderr]    Compiling parking_lot_core v0.9.10
[INFO] [stderr]    Compiling getrandom v0.2.15
[INFO] [stderr]    Compiling thiserror v1.0.66
[INFO] [stderr]    Compiling crossbeam-utils v0.8.20
[INFO] [stderr]    Compiling bytemuck v1.19.0
[INFO] [stderr]    Compiling float-cmp v0.9.0
[INFO] [stderr]    Compiling kurbo v0.9.5
[INFO] [stderr]    Compiling khronos-egl v6.0.0
[INFO] [stderr]    Compiling adler2 v2.0.0
[INFO] [stderr]    Compiling siphasher v0.3.11
[INFO] [stderr]    Compiling hashbrown v0.15.0
[INFO] [stderr]    Compiling bit-vec v0.6.3
[INFO] [stderr]    Compiling strict-num v0.1.1
[INFO] [stderr]    Compiling scopeguard v1.2.0
[INFO] [stderr]    Compiling equivalent v1.0.1
[INFO] [stderr]    Compiling termcolor v1.4.1
[INFO] [stderr]    Compiling ash v0.37.3+1.3.251
[INFO] [stderr]    Compiling arrayref v0.3.9
[INFO] [stderr]    Compiling ahash v0.8.11
[INFO] [stderr]    Compiling allocator-api2 v0.2.18
[INFO] [stderr]    Compiling unicode-width v0.1.14
[INFO] [stderr]    Compiling tiny-skia-path v0.11.4
[INFO] [stderr]    Compiling bit-set v0.5.3
[INFO] [stderr]    Compiling slotmap v1.0.7
[INFO] [stderr]    Compiling miniz_oxide v0.8.0
[INFO] [stderr]    Compiling num-traits v0.2.19
[INFO] [stderr]    Compiling lock_api v0.4.12
[INFO] [stderr]    Compiling slab v0.4.9
[INFO] [stderr]    Compiling codespan-reporting v0.11.1
[INFO] [stderr]    Compiling rand_core v0.6.4
[INFO] [stderr]    Compiling gpu-descriptor-types v0.2.0
[INFO] [stderr]    Compiling quote v1.0.37
[INFO] [stderr]    Compiling gpu-alloc-types v0.3.0
[INFO] [stderr]    Compiling spirv v0.3.0+sdk-1.3.268.0
[INFO] [stderr]    Compiling wgpu-hal v0.21.1
[INFO] [stderr]    Compiling libloading v0.7.4
[INFO] [stderr]    Compiling indexmap v2.6.0
[INFO] [stderr]    Compiling syn v2.0.86
[INFO] [stderr]    Compiling svgtypes v0.12.0
[INFO] [stderr]    Compiling libloading v0.8.5
[INFO] [stderr]    Compiling crc32fast v1.4.2
[INFO] [stderr]    Compiling futures-sink v0.3.31
[INFO] [stderr]    Compiling rctree v0.5.0
[INFO] [stderr]    Compiling unicode-xid v0.2.6
[INFO] [stderr]    Compiling futures-core v0.3.31
[INFO] [stderr]    Compiling hexf-parse v0.2.1
[INFO] [stderr]    Compiling xmlparser v0.13.6
[INFO] [stderr]    Compiling rustc-hash v1.1.0
[INFO] [stderr]    Compiling flate2 v1.0.34
[INFO] [stderr]    Compiling futures-channel v0.3.31
[INFO] [stderr]    Compiling gpu-alloc v0.6.0
[INFO] [stderr]    Compiling parking_lot v0.12.3
[INFO] [stderr]    Compiling crossbeam-epoch v0.9.18
[INFO] [stderr]    Compiling usvg-tree v0.36.0
[INFO] [stderr]    Compiling roxmltree v0.18.1
[INFO] [stderr]    Compiling core_maths v0.1.0
[INFO] [stderr]    Compiling num-integer v0.1.46
[INFO] [stderr]    Compiling num-complex v0.4.6
[INFO] [stderr]    Compiling simplecss v0.2.1
[INFO] [stderr]    Compiling wgpu-types v0.20.0
[INFO] [stderr]    Compiling wgpu-core v0.21.1
[INFO] [stderr]    Compiling roxmltree v0.20.0
[INFO] [stderr]    Compiling litrs v0.4.1
[INFO] [stderr]    Compiling tinyvec_macros v0.1.1
[INFO] [stderr]    Compiling raw-window-handle v0.6.2
[INFO] [stderr]    Compiling futures-task v0.3.31
[INFO] [stderr]    Compiling rayon-core v1.12.1
[INFO] [stderr]    Compiling data-url v0.3.1
[INFO] [stderr]    Compiling num-bigint v0.4.6
[INFO] [stderr]    Compiling num-iter v0.1.45
[INFO] [stderr]    Compiling imagesize v0.12.0
[INFO] [stderr]    Compiling renderdoc-sys v1.1.0
[INFO] [stderr]    Compiling stable_deref_trait v1.2.0
[INFO] [stderr]    Compiling pin-project-lite v0.2.15
[INFO] [stderr]    Compiling futures-io v0.3.31
[INFO] [stderr]    Compiling glow v0.13.1
[INFO] [stderr]    Compiling pin-utils v0.1.0
[INFO] [stderr]    Compiling profiling v1.0.16
[INFO] [stderr]    Compiling serde_json v1.0.132
[INFO] [stderr]    Compiling tinyvec v1.8.0
[INFO] [stderr]    Compiling crossbeam-deque v0.8.5
[INFO] [stderr]    Compiling ttf-parser v0.24.1
[INFO] [stderr]    Compiling usvg-parser v0.36.0
[INFO] [stderr]    Compiling fontconfig-parser v0.5.7
[INFO] [stderr]    Compiling document-features v0.2.10
[INFO] [stderr]    Compiling wgpu v0.20.1
[INFO] [stderr]    Compiling memmap2 v0.9.5
[INFO] [stderr]    Compiling unicode-ccc v0.1.2
[INFO] [stderr]    Compiling lazy_static v1.5.0
[INFO] [stderr]    Compiling base64 v0.21.7
[INFO] [stderr]    Compiling ryu v1.0.18
[INFO] [stderr]    Compiling pico-args v0.5.0
[INFO] [stderr]    Compiling ttf-parser v0.20.0
[INFO] [stderr]    Compiling itoa v1.0.11
[INFO] [stderr]    Compiling unicode-properties v0.1.3
[INFO] [stderr]    Compiling unicode-script v0.5.7
[INFO] [stderr]    Compiling unicode-bidi-mirroring v0.1.0
[INFO] [stderr]    Compiling bitflags v1.3.2
[INFO] [stderr]    Compiling xmlwriter v0.1.0
[INFO] [stderr]    Compiling float_next_after v1.0.0
[INFO] [stderr]    Compiling quick-xml v0.31.0
[INFO] [stderr]    Compiling svg_fmt v0.4.3
[INFO] [stderr]    Compiling unicode-bidi v0.3.17
[INFO] [stderr]    Compiling either v1.13.0
[INFO] [stderr]    Compiling unicode-segmentation v1.12.0
[INFO] [stderr]    Compiling static_assertions v1.1.0
[INFO] [stderr]    Compiling usvg v0.36.0
[INFO] [stderr]    Compiling num-rational v0.4.2
[INFO] [stderr]    Compiling rayon v1.10.0
[INFO] [stderr]    Compiling num v0.4.3
[INFO] [stderr]    Compiling fontdb v0.22.0
[INFO] [stderr]    Compiling rustybuzz v0.11.0
[INFO] [stderr]    Compiling zerocopy-derive v0.7.35
[INFO] [stderr]    Compiling serde_derive v1.0.214
[INFO] [stderr]    Compiling thiserror-impl v1.0.66
[INFO] [stderr]    Compiling futures-macro v0.3.31
[INFO] [stderr]    Compiling derive_more-impl v1.0.0
[INFO] [stderr]    Compiling zerocopy v0.7.35
[INFO] [stderr]    Compiling futures-util v0.3.31
[INFO] [stderr]    Compiling naga v0.20.0
[INFO] [stderr]    Compiling derive_more v1.0.0
[INFO] [stderr]    Compiling ppv-lite86 v0.2.20
[INFO] [stderr]    Compiling hashbrown v0.14.5
[INFO] [stderr]    Compiling rand_chacha v0.3.1
[INFO] [stderr]    Compiling rand v0.8.5
[INFO] [stderr]    Compiling gpu-descriptor v0.3.0
[INFO] [stderr]    Compiling material-color-utilities-rs v0.2.1
[INFO] [stderr]    Compiling futures-executor v0.3.31
[INFO] [stderr]    Compiling futures v0.3.31
[INFO] [stderr]    Compiling euclid v0.22.11
[INFO] [stderr]    Compiling triomphe v0.1.14
[INFO] [stderr]    Compiling ribir_algo v0.4.0-alpha.14
[INFO] [stderr]    Compiling lyon_geom v1.0.6
[INFO] [stderr]    Compiling ribir_geom v0.4.0-alpha.14
[INFO] [stderr]    Compiling guillotiere v0.6.2
[INFO] [stderr]    Compiling lyon_path v1.0.6
[INFO] [stderr]    Compiling lyon_tessellation v1.0.15
[INFO] [stderr]    Compiling lyon_algorithms v1.0.4
[INFO] [stderr]    Compiling ribir_painter v0.4.0-alpha.14
[INFO] [stderr]    Compiling ribir_gpu v0.4.0-alpha.13 (/opt/rustwide/workdir)
[INFO] [stderr]     Finished `dev` profile [unoptimized + debuginfo] target(s) in 24.53s
[INFO] running `Command { std: "docker" "inspect" "8bda90de34261fc6aa1408fc1795e59a78b44bf271095f5bac82dd99940fb334", kill_on_drop: false }`
[INFO] running `Command { std: "docker" "rm" "-f" "8bda90de34261fc6aa1408fc1795e59a78b44bf271095f5bac82dd99940fb334", kill_on_drop: false }`
[INFO] [stdout] 8bda90de34261fc6aa1408fc1795e59a78b44bf271095f5bac82dd99940fb334
[INFO] running `Command { std: "docker" "create" "-v" "/var/lib/crater-agent-workspace/builds/worker-6-tc1/target:/opt/rustwide/target:rw,Z" "-v" "/var/lib/crater-agent-workspace/builds/worker-6-tc1/source:/opt/rustwide/workdir:ro,Z" "-v" "/var/lib/crater-agent-workspace/cargo-home:/opt/rustwide/cargo-home:ro,Z" "-v" "/var/lib/crater-agent-workspace/rustup-home:/opt/rustwide/rustup-home:ro,Z" "-e" "SOURCE_DIR=/opt/rustwide/workdir" "-e" "CARGO_TARGET_DIR=/opt/rustwide/target" "-e" "CARGO_INCREMENTAL=0" "-e" "RUST_BACKTRACE=full" "-e" "RUSTFLAGS=--cap-lints=forbid" "-e" "RUSTDOCFLAGS=--cap-lints=forbid" "-e" "CARGO_HOME=/opt/rustwide/cargo-home" "-e" "RUSTUP_HOME=/opt/rustwide/rustup-home" "-w" "/opt/rustwide/workdir" "-m" "1610612736" "--user" "0:0" "--network" "none" "ghcr.io/rust-lang/crates-build-env/linux@sha256:4a844ea9eb2546a2d2c7022eacef16ef2e8229c7fbb2c7d4d55a9ceca922f72d" "/opt/rustwide/cargo-home/bin/cargo" "+nightly-2024-10-28" "test" "--frozen" "--no-run" "--message-format=json", kill_on_drop: false }`
[INFO] [stdout] cb0eefbb3a6c587e4f3578c40c27cbfc6a31b995867880f026febcf1a97f8153
[INFO] running `Command { std: "docker" "start" "-a" "cb0eefbb3a6c587e4f3578c40c27cbfc6a31b995867880f026febcf1a97f8153", kill_on_drop: false }`
[INFO] [stderr]    Compiling paste v1.0.15
[INFO] [stderr]    Compiling ribir_gpu v0.4.0-alpha.13 (/opt/rustwide/workdir)
[INFO] [stdout] error: couldn't read `src/../../examples/attachments/3DDD-1.png`: No such file or directory (os error 2)
[INFO] [stdout]    --> src/gpu_backend.rs:714:39
[INFO] [stdout]     |
[INFO] [stdout] 714 |     let brush2 = PixelImage::from_png(include_bytes!("../../examples/attachments/3DDD-1.png"));
[INFO] [stdout]     |                                       ^^^^^^^^^^^^^^^^^^^^^^^^^^^^^^^^^^^^^^^^^^^^^^^^^^^^^^^
[INFO] [stdout]     |
[INFO] [stdout]     = note: this error originates in the macro `include_bytes` (in Nightly builds, run with -Z macro-backtrace for more info)
[INFO] [stdout] 
[INFO] [stdout] 
[INFO] [stdout] error: couldn't read `src/../../tests/assets/fill_with_gradient.svg`: No such file or directory (os error 2)
[INFO] [stdout]    --> src/gpu_backend.rs:752:29
[INFO] [stdout]     |
[INFO] [stdout] 752 |       Svg::parse_from_bytes(include_bytes!("../../tests/assets/fill_with_gradient.svg")).unwrap();
[INFO] [stdout]     |                             ^^^^^^^^^^^^^^^^^^^^^^^^^^^^^^^^^^^^^^^^^^^^^^^^^^^^^^^^^^^
[INFO] [stdout]     |
[INFO] [stdout]     = note: this error originates in the macro `include_bytes` (in Nightly builds, run with -Z macro-backtrace for more info)
[INFO] [stdout] 
[INFO] [stdout] 
[INFO] [stdout] error[E0432]: unresolved import `ribir_dev_helper`
[INFO] [stdout]    --> src/gpu_backend.rs:601:7
[INFO] [stdout]     |
[INFO] [stdout] 601 |   use ribir_dev_helper::*;
[INFO] [stdout]     |       ^^^^^^^^^^^^^^^^ use of undeclared crate or module `ribir_dev_helper`
[INFO] [stdout] 
[INFO] [stdout] 
[INFO] [stdout] error: cannot find macro `painter_backend_eq_image_test` in this scope
[INFO] [stdout]    --> src/gpu_backend.rs:609:3
[INFO] [stdout]     |
[INFO] [stdout] 609 |   painter_backend_eq_image_test!(smoke, comparison = 0.001);
[INFO] [stdout]     |   ^^^^^^^^^^^^^^^^^^^^^^^^^^^^^
[INFO] [stdout] 
[INFO] [stdout] 
[INFO] [stdout] error: cannot find macro `painter_backend_eq_image_test` in this scope
[INFO] [stdout]    --> src/gpu_backend.rs:654:3
[INFO] [stdout]     |
[INFO] [stdout] 654 |   painter_backend_eq_image_test!(transform_img_brush, comparison = 0.001);
[INFO] [stdout]     |   ^^^^^^^^^^^^^^^^^^^^^^^^^^^^^
[INFO] [stdout] 
[INFO] [stdout] 
[INFO] [stdout] error: cannot find macro `painter_backend_eq_image_test` in this scope
[INFO] [stdout]    --> src/gpu_backend.rs:677:3
[INFO] [stdout]     |
[INFO] [stdout] 677 |   painter_backend_eq_image_test!(clip_layers, comparison = 0.0065);
[INFO] [stdout]     |   ^^^^^^^^^^^^^^^^^^^^^^^^^^^^^
[INFO] [stdout] 
[INFO] [stdout] 
[INFO] [stdout] error: cannot find macro `painter_backend_eq_image_test` in this scope
[INFO] [stdout]    --> src/gpu_backend.rs:694:3
[INFO] [stdout]     |
[INFO] [stdout] 694 |   painter_backend_eq_image_test!(stroke_include_border, comparison = 0.0004);
[INFO] [stdout]     |   ^^^^^^^^^^^^^^^^^^^^^^^^^^^^^
[INFO] [stdout] 
[INFO] [stdout] 
[INFO] [stdout] error: cannot find macro `painter_backend_eq_image_test` in this scope
[INFO] [stdout]    --> src/gpu_backend.rs:709:3
[INFO] [stdout]     |
[INFO] [stdout] 709 |   painter_backend_eq_image_test!(two_img_brush, comparison = 0.006);
[INFO] [stdout]     |   ^^^^^^^^^^^^^^^^^^^^^^^^^^^^^
[INFO] [stdout] 
[INFO] [stdout] 
[INFO] [stdout] error: cannot find macro `painter_backend_eq_image_test` in this scope
[INFO] [stdout]    --> src/gpu_backend.rs:729:3
[INFO] [stdout]     |
[INFO] [stdout] 729 |   painter_backend_eq_image_test!(draw_partial_img, comparison = 0.0015);
[INFO] [stdout]     |   ^^^^^^^^^^^^^^^^^^^^^^^^^^^^^
[INFO] [stdout] 
[INFO] [stdout] 
[INFO] [stdout] error: cannot find macro `painter_backend_eq_image_test` in this scope
[INFO] [stdout]    --> src/gpu_backend.rs:748:3
[INFO] [stdout]     |
[INFO] [stdout] 748 |   painter_backend_eq_image_test!(draw_svg_gradient, comparison = 0.0025);
[INFO] [stdout]     |   ^^^^^^^^^^^^^^^^^^^^^^^^^^^^^
[INFO] [stdout] 
[INFO] [stdout] 
[INFO] [stdout] error: cannot find macro `painter_backend_eq_image_test` in this scope
[INFO] [stdout]    --> src/gpu_backend.rs:777:3
[INFO] [stdout]     |
[INFO] [stdout] 777 |   painter_backend_eq_image_test!(multi_draw_phase, comparison = 0.001);
[INFO] [stdout]     |   ^^^^^^^^^^^^^^^^^^^^^^^^^^^^^
[INFO] [stdout] 
[INFO] [stdout] 
[INFO] [stdout] error: cannot find macro `painter_backend_eq_image_test` in this scope
[INFO] [stdout]    --> src/gpu_backend.rs:798:3
[INFO] [stdout]     |
[INFO] [stdout] 798 |   painter_backend_eq_image_test!(draw_bundle_svg, comparison = 0.001);
[INFO] [stdout]     |   ^^^^^^^^^^^^^^^^^^^^^^^^^^^^^
[INFO] [stdout] 
[INFO] [stdout] 
[INFO] [stdout] error[E0599]: no function or associated item named `from_png` found for struct `ribir_painter::PixelImage` in the current scope
[INFO] [stdout]    --> src/gpu_backend.rs:625:27
[INFO] [stdout]     |
[INFO] [stdout] 625 |     let img = PixelImage::from_png(include_bytes!("../imgs/leaves.png"));
[INFO] [stdout]     |                           ^^^^^^^^ function or associated item not found in `PixelImage`
[INFO] [stdout]     |
[INFO] [stdout] note: if you're trying to build a new `ribir_painter::PixelImage`, consider using `ribir_painter::PixelImage::new` which returns `ribir_painter::PixelImage`
[INFO] [stdout]    --> /opt/rustwide/cargo-home/registry/src/index.crates.io-6f17d22bba15001f/ribir_painter-0.4.0-alpha.14/src/image.rs:32:3
[INFO] [stdout]     |
[INFO] [stdout] 32  |   pub fn new(data: Cow<'static, [u8]>, width: u32, height: u32, format: ColorFormat) -> Self {
[INFO] [stdout]     |   ^^^^^^^^^^^^^^^^^^^^^^^^^^^^^^^^^^^^^^^^^^^^^^^^^^^^^^^^^^^^^^^^^^^^^^^^^^^^^^^^^^^^^^^^^^
[INFO] [stdout] help: there is an associated function `from` with a similar name
[INFO] [stdout]     |
[INFO] [stdout] 625 |     let img = PixelImage::from(include_bytes!("../imgs/leaves.png"));
[INFO] [stdout]     |                           ~~~~
[INFO] [stdout] 
[INFO] [stdout] 
[INFO] [stdout] error[E0599]: no function or associated item named `from_png` found for struct `ribir_painter::PixelImage` in the current scope
[INFO] [stdout]    --> src/gpu_backend.rs:666:50
[INFO] [stdout]     |
[INFO] [stdout] 666 |     let leaves_brush = Resource::new(PixelImage::from_png(include_bytes!("../imgs/leaves.png")));
[INFO] [stdout]     |                                                  ^^^^^^^^ function or associated item not found in `PixelImage`
[INFO] [stdout]     |
[INFO] [stdout] note: if you're trying to build a new `ribir_painter::PixelImage`, consider using `ribir_painter::PixelImage::new` which returns `ribir_painter::PixelImage`
[INFO] [stdout]    --> /opt/rustwide/cargo-home/registry/src/index.crates.io-6f17d22bba15001f/ribir_painter-0.4.0-alpha.14/src/image.rs:32:3
[INFO] [stdout]     |
[INFO] [stdout] 32  |   pub fn new(data: Cow<'static, [u8]>, width: u32, height: u32, format: ColorFormat) -> Self {
[INFO] [stdout]     |   ^^^^^^^^^^^^^^^^^^^^^^^^^^^^^^^^^^^^^^^^^^^^^^^^^^^^^^^^^^^^^^^^^^^^^^^^^^^^^^^^^^^^^^^^^^
[INFO] [stdout] help: there is an associated function `from` with a similar name
[INFO] [stdout]     |
[INFO] [stdout] 666 |     let leaves_brush = Resource::new(PixelImage::from(include_bytes!("../imgs/leaves.png")));
[INFO] [stdout]     |                                                  ~~~~
[INFO] [stdout] 
[INFO] [stdout] 
[INFO] [stdout] error[E0599]: no function or associated item named `from_png` found for struct `ribir_painter::PixelImage` in the current scope
[INFO] [stdout]    --> src/gpu_backend.rs:713:30
[INFO] [stdout]     |
[INFO] [stdout] 713 |     let brush1 = PixelImage::from_png(include_bytes!("../imgs/leaves.png"));
[INFO] [stdout]     |                              ^^^^^^^^ function or associated item not found in `PixelImage`
[INFO] [stdout]     |
[INFO] [stdout] note: if you're trying to build a new `ribir_painter::PixelImage`, consider using `ribir_painter::PixelImage::new` which returns `ribir_painter::PixelImage`
[INFO] [stdout]    --> /opt/rustwide/cargo-home/registry/src/index.crates.io-6f17d22bba15001f/ribir_painter-0.4.0-alpha.14/src/image.rs:32:3
[INFO] [stdout]     |
[INFO] [stdout] 32  |   pub fn new(data: Cow<'static, [u8]>, width: u32, height: u32, format: ColorFormat) -> Self {
[INFO] [stdout]     |   ^^^^^^^^^^^^^^^^^^^^^^^^^^^^^^^^^^^^^^^^^^^^^^^^^^^^^^^^^^^^^^^^^^^^^^^^^^^^^^^^^^^^^^^^^^
[INFO] [stdout] help: there is an associated function `from` with a similar name
[INFO] [stdout]     |
[INFO] [stdout] 713 |     let brush1 = PixelImage::from(include_bytes!("../imgs/leaves.png"));
[INFO] [stdout]     |                              ~~~~
[INFO] [stdout] 
[INFO] [stdout] 
[INFO] [stdout] error[E0599]: no function or associated item named `from_png` found for struct `ribir_painter::PixelImage` in the current scope
[INFO] [stdout]    --> src/gpu_backend.rs:714:30
[INFO] [stdout]     |
[INFO] [stdout] 714 |     let brush2 = PixelImage::from_png(include_bytes!("../../examples/attachments/3DDD-1.png"));
[INFO] [stdout]     |                              ^^^^^^^^ function or associated item not found in `PixelImage`
[INFO] [stdout]     |
[INFO] [stdout] note: if you're trying to build a new `ribir_painter::PixelImage`, consider using `ribir_painter::PixelImage::new` which returns `ribir_painter::PixelImage`
[INFO] [stdout]    --> /opt/rustwide/cargo-home/registry/src/index.crates.io-6f17d22bba15001f/ribir_painter-0.4.0-alpha.14/src/image.rs:32:3
[INFO] [stdout]     |
[INFO] [stdout] 32  |   pub fn new(data: Cow<'static, [u8]>, width: u32, height: u32, format: ColorFormat) -> Self {
[INFO] [stdout]     |   ^^^^^^^^^^^^^^^^^^^^^^^^^^^^^^^^^^^^^^^^^^^^^^^^^^^^^^^^^^^^^^^^^^^^^^^^^^^^^^^^^^^^^^^^^^
[INFO] [stdout] help: there is an associated function `from` with a similar name
[INFO] [stdout]     |
[INFO] [stdout] 714 |     let brush2 = PixelImage::from(include_bytes!("../../examples/attachments/3DDD-1.png"));
[INFO] [stdout]     |                              ~~~~
[INFO] [stdout] 
[INFO] [stdout] 
[INFO] [stdout] error[E0599]: no function or associated item named `from_png` found for struct `ribir_painter::PixelImage` in the current scope
[INFO] [stdout]    --> src/gpu_backend.rs:731:41
[INFO] [stdout]     |
[INFO] [stdout] 731 |     let img = Resource::new(PixelImage::from_png(include_bytes!("../imgs/leaves.png")));
[INFO] [stdout]     |                                         ^^^^^^^^ function or associated item not found in `PixelImage`
[INFO] [stdout]     |
[INFO] [stdout] note: if you're trying to build a new `ribir_painter::PixelImage`, consider using `ribir_painter::PixelImage::new` which returns `ribir_painter::PixelImage`
[INFO] [stdout]    --> /opt/rustwide/cargo-home/registry/src/index.crates.io-6f17d22bba15001f/ribir_painter-0.4.0-alpha.14/src/image.rs:32:3
[INFO] [stdout]     |
[INFO] [stdout] 32  |   pub fn new(data: Cow<'static, [u8]>, width: u32, height: u32, format: ColorFormat) -> Self {
[INFO] [stdout]     |   ^^^^^^^^^^^^^^^^^^^^^^^^^^^^^^^^^^^^^^^^^^^^^^^^^^^^^^^^^^^^^^^^^^^^^^^^^^^^^^^^^^^^^^^^^^
[INFO] [stdout] help: there is an associated function `from` with a similar name
[INFO] [stdout]     |
[INFO] [stdout] 731 |     let img = Resource::new(PixelImage::from(include_bytes!("../imgs/leaves.png")));
[INFO] [stdout]     |                                         ~~~~
[INFO] [stdout] 
[INFO] [stdout] 
[INFO] [stdout] Some errors have detailed explanations: E0432, E0599.
[INFO] [stdout] 
[INFO] [stdout] For more information about an error, try `rustc --explain E0432`.
[INFO] [stdout] 
[INFO] [stderr] error: could not compile `ribir_gpu` (lib test) due to 17 previous errors
[INFO] running `Command { std: "docker" "inspect" "cb0eefbb3a6c587e4f3578c40c27cbfc6a31b995867880f026febcf1a97f8153", kill_on_drop: false }`
[INFO] running `Command { std: "docker" "rm" "-f" "cb0eefbb3a6c587e4f3578c40c27cbfc6a31b995867880f026febcf1a97f8153", kill_on_drop: false }`
[INFO] [stdout] cb0eefbb3a6c587e4f3578c40c27cbfc6a31b995867880f026febcf1a97f8153
