[INFO] fetching crate rfdx 0.1.2...
[INFO] testing rfdx-0.1.2 against nightly-2024-10-28+rustflags=-Zrandomize-layout for randomize-layout
[INFO] extracting crate rfdx 0.1.2 into /workspace/builds/worker-5-tc2/source
[INFO] validating manifest of crates.io crate rfdx 0.1.2 on toolchain nightly-2024-10-28
[INFO] running `Command { std: CARGO_HOME="/workspace/cargo-home" RUSTUP_HOME="/workspace/rustup-home" "/workspace/cargo-home/bin/cargo" "+nightly-2024-10-28" "metadata" "--manifest-path" "Cargo.toml" "--no-deps", kill_on_drop: false }`
[INFO] started tweaking crates.io crate rfdx 0.1.2
[INFO] removed 0 missing examples
[INFO] finished tweaking crates.io crate rfdx 0.1.2
[INFO] tweaked toml for crates.io crate rfdx 0.1.2 written to /workspace/builds/worker-5-tc2/source/Cargo.toml
[INFO] crate crates.io crate rfdx 0.1.2 already has a lockfile, it will not be regenerated
[INFO] running `Command { std: CARGO_HOME="/workspace/cargo-home" RUSTUP_HOME="/workspace/rustup-home" "/workspace/cargo-home/bin/cargo" "+nightly-2024-10-28" "fetch" "--manifest-path" "Cargo.toml", kill_on_drop: false }`
[INFO] running `Command { std: "docker" "create" "-v" "/var/lib/crater-agent-workspace/builds/worker-5-tc2/target:/opt/rustwide/target:rw,Z" "-v" "/var/lib/crater-agent-workspace/builds/worker-5-tc2/source:/opt/rustwide/workdir:ro,Z" "-v" "/var/lib/crater-agent-workspace/cargo-home:/opt/rustwide/cargo-home:ro,Z" "-v" "/var/lib/crater-agent-workspace/rustup-home:/opt/rustwide/rustup-home:ro,Z" "-e" "SOURCE_DIR=/opt/rustwide/workdir" "-e" "CARGO_TARGET_DIR=/opt/rustwide/target" "-e" "CARGO_HOME=/opt/rustwide/cargo-home" "-e" "RUSTUP_HOME=/opt/rustwide/rustup-home" "-w" "/opt/rustwide/workdir" "-m" "1610612736" "--user" "0:0" "--network" "none" "ghcr.io/rust-lang/crates-build-env/linux@sha256:4a844ea9eb2546a2d2c7022eacef16ef2e8229c7fbb2c7d4d55a9ceca922f72d" "/opt/rustwide/cargo-home/bin/cargo" "+nightly-2024-10-28" "metadata" "--no-deps" "--format-version=1", kill_on_drop: false }`
[INFO] [stdout] 17520d83d67561d56bef2734c519b3adc5b9cfae0a3c49ddf3e57db121ac63fa
[INFO] running `Command { std: "docker" "start" "-a" "17520d83d67561d56bef2734c519b3adc5b9cfae0a3c49ddf3e57db121ac63fa", kill_on_drop: false }`
[INFO] running `Command { std: "docker" "inspect" "17520d83d67561d56bef2734c519b3adc5b9cfae0a3c49ddf3e57db121ac63fa", kill_on_drop: false }`
[INFO] running `Command { std: "docker" "rm" "-f" "17520d83d67561d56bef2734c519b3adc5b9cfae0a3c49ddf3e57db121ac63fa", kill_on_drop: false }`
[INFO] [stdout] 17520d83d67561d56bef2734c519b3adc5b9cfae0a3c49ddf3e57db121ac63fa
[INFO] running `Command { std: "docker" "create" "-v" "/var/lib/crater-agent-workspace/builds/worker-5-tc2/target:/opt/rustwide/target:rw,Z" "-v" "/var/lib/crater-agent-workspace/builds/worker-5-tc2/source:/opt/rustwide/workdir:ro,Z" "-v" "/var/lib/crater-agent-workspace/cargo-home:/opt/rustwide/cargo-home:ro,Z" "-v" "/var/lib/crater-agent-workspace/rustup-home:/opt/rustwide/rustup-home:ro,Z" "-e" "SOURCE_DIR=/opt/rustwide/workdir" "-e" "CARGO_TARGET_DIR=/opt/rustwide/target" "-e" "CARGO_INCREMENTAL=0" "-e" "RUST_BACKTRACE=full" "-e" "RUSTFLAGS=--cap-lints=forbid -Zrandomize-layout" "-e" "RUSTDOCFLAGS=--cap-lints=forbid" "-e" "CARGO_HOME=/opt/rustwide/cargo-home" "-e" "RUSTUP_HOME=/opt/rustwide/rustup-home" "-w" "/opt/rustwide/workdir" "-m" "1610612736" "--user" "0:0" "--network" "none" "ghcr.io/rust-lang/crates-build-env/linux@sha256:4a844ea9eb2546a2d2c7022eacef16ef2e8229c7fbb2c7d4d55a9ceca922f72d" "/opt/rustwide/cargo-home/bin/cargo" "+nightly-2024-10-28" "build" "--frozen" "--message-format=json", kill_on_drop: false }`
[INFO] [stdout] 132bd3210c12d8c1a97c69641fcf6cfc59ecd7d0f0bdc642d852c150615fce77
[INFO] running `Command { std: "docker" "start" "-a" "132bd3210c12d8c1a97c69641fcf6cfc59ecd7d0f0bdc642d852c150615fce77", kill_on_drop: false }`
[INFO] [stderr]    Compiling serde v1.0.188
[INFO] [stderr]    Compiling hashbrown v0.14.0
[INFO] [stderr]    Compiling target-lexicon v0.12.11
[INFO] [stderr]    Compiling equivalent v1.0.1
[INFO] [stderr]    Compiling winnow v0.5.15
[INFO] [stderr]    Compiling smallvec v1.11.0
[INFO] [stderr]    Compiling heck v0.4.1
[INFO] [stderr]    Compiling pkg-config v0.3.27
[INFO] [stderr]    Compiling version-compare v0.1.1
[INFO] [stderr]    Compiling libc v0.2.147
[INFO] [stderr]    Compiling rfdx v0.1.2 (/opt/rustwide/workdir)
[INFO] [stderr]    Compiling raw-window-handle v0.5.2
[INFO] [stderr]    Compiling log v0.4.20
[INFO] [stderr]    Compiling indexmap v2.0.0
[INFO] [stderr]    Compiling cfg-expr v0.15.5
[INFO] [stderr]    Compiling toml_datetime v0.6.3
[INFO] [stderr]    Compiling serde_spanned v0.6.3
[INFO] [stderr]    Compiling toml_edit v0.19.15
[INFO] [stderr]    Compiling toml v0.7.8
[INFO] [stderr]    Compiling system-deps v6.1.1
[INFO] [stderr]    Compiling glib-sys v0.18.1
[INFO] [stderr]    Compiling gobject-sys v0.18.0
[INFO] [stderr]    Compiling atk-sys v0.18.0
[INFO] [stderr]    Compiling gdk-sys v0.18.0
[INFO] [stderr]    Compiling gio-sys v0.18.1
[INFO] [stderr]    Compiling cairo-sys-rs v0.18.0
[INFO] [stderr]    Compiling gdk-pixbuf-sys v0.18.0
[INFO] [stderr]    Compiling pango-sys v0.18.0
[INFO] [stderr]    Compiling gtk-sys v0.18.0
[INFO] [stderr]     Finished `dev` profile [unoptimized + debuginfo] target(s) in 12.84s
[INFO] running `Command { std: "docker" "inspect" "132bd3210c12d8c1a97c69641fcf6cfc59ecd7d0f0bdc642d852c150615fce77", kill_on_drop: false }`
[INFO] running `Command { std: "docker" "rm" "-f" "132bd3210c12d8c1a97c69641fcf6cfc59ecd7d0f0bdc642d852c150615fce77", kill_on_drop: false }`
[INFO] [stdout] 132bd3210c12d8c1a97c69641fcf6cfc59ecd7d0f0bdc642d852c150615fce77
[INFO] running `Command { std: "docker" "create" "-v" "/var/lib/crater-agent-workspace/builds/worker-5-tc2/target:/opt/rustwide/target:rw,Z" "-v" "/var/lib/crater-agent-workspace/builds/worker-5-tc2/source:/opt/rustwide/workdir:ro,Z" "-v" "/var/lib/crater-agent-workspace/cargo-home:/opt/rustwide/cargo-home:ro,Z" "-v" "/var/lib/crater-agent-workspace/rustup-home:/opt/rustwide/rustup-home:ro,Z" "-e" "SOURCE_DIR=/opt/rustwide/workdir" "-e" "CARGO_TARGET_DIR=/opt/rustwide/target" "-e" "CARGO_INCREMENTAL=0" "-e" "RUST_BACKTRACE=full" "-e" "RUSTFLAGS=--cap-lints=forbid -Zrandomize-layout" "-e" "RUSTDOCFLAGS=--cap-lints=forbid" "-e" "CARGO_HOME=/opt/rustwide/cargo-home" "-e" "RUSTUP_HOME=/opt/rustwide/rustup-home" "-w" "/opt/rustwide/workdir" "-m" "1610612736" "--user" "0:0" "--network" "none" "ghcr.io/rust-lang/crates-build-env/linux@sha256:4a844ea9eb2546a2d2c7022eacef16ef2e8229c7fbb2c7d4d55a9ceca922f72d" "/opt/rustwide/cargo-home/bin/cargo" "+nightly-2024-10-28" "test" "--frozen" "--no-run" "--message-format=json", kill_on_drop: false }`
[INFO] [stdout] d753584c8f2bdc048cab9f3a04e144be9d2e826c67eb4f9d068828256df2c706
[INFO] running `Command { std: "docker" "start" "-a" "d753584c8f2bdc048cab9f3a04e144be9d2e826c67eb4f9d068828256df2c706", kill_on_drop: false }`
[INFO] [stderr]    Compiling proc-macro2 v1.0.66
[INFO] [stderr]    Compiling unicode-ident v1.0.11
[INFO] [stderr]    Compiling autocfg v1.1.0
[INFO] [stderr]    Compiling futures-core v0.3.28
[INFO] [stderr]    Compiling futures-task v0.3.28
[INFO] [stderr]    Compiling futures-channel v0.3.28
[INFO] [stderr]    Compiling futures-util v0.3.28
[INFO] [stderr]    Compiling futures-sink v0.3.28
[INFO] [stderr]    Compiling pin-utils v0.1.0
[INFO] [stderr]    Compiling memchr v2.6.3
[INFO] [stderr]    Compiling futures-io v0.3.28
[INFO] [stderr]    Compiling pin-project-lite v0.2.13
[INFO] [stderr]    Compiling slab v0.4.9
[INFO] [stderr]    Compiling quote v1.0.33
[INFO] [stderr]    Compiling syn v2.0.31
[INFO] [stderr]    Compiling futures-macro v0.3.28
[INFO] [stderr]    Compiling futures-executor v0.3.28
[INFO] [stderr]    Compiling futures v0.3.28
[INFO] [stderr]    Compiling rfdx v0.1.2 (/opt/rustwide/workdir)
[INFO] [stdout] error[E0433]: failed to resolve: use of undeclared crate or module `rfd`
[INFO] [stdout]  --> examples/simple.rs:5:15
[INFO] [stdout]   |
[INFO] [stdout] 5 |     let res = rfd::FileDialog::new()
[INFO] [stdout]   |               ^^^ use of undeclared crate or module `rfd`
[INFO] [stdout]   |
[INFO] [stdout] help: there is a crate or module with a similar name
[INFO] [stdout]   |
[INFO] [stdout] 5 |     let res = rfdx::FileDialog::new()
[INFO] [stdout]   |               ~~~~
[INFO] [stdout] help: consider importing this struct
[INFO] [stdout]   |
[INFO] [stdout] 1 + use rfdx::FileDialog;
[INFO] [stdout]   |
[INFO] [stdout] help: if you import `FileDialog`, refer to it directly
[INFO] [stdout]   |
[INFO] [stdout] 5 -     let res = rfd::FileDialog::new()
[INFO] [stdout] 5 +     let res = FileDialog::new()
[INFO] [stdout]   |
[INFO] [stdout] 
[INFO] [stdout] 
[INFO] [stdout] For more information about this error, try `rustc --explain E0433`.
[INFO] [stdout] 
[INFO] [stdout] error[E0433]: failed to resolve: use of undeclared crate or module `rfd`
[INFO] [stdout]   --> examples/msg.rs:19:15
[INFO] [stdout]    |
[INFO] [stdout] 19 |     let res = rfd::MessageDialog::new()
[INFO] [stdout]    |               ^^^ use of undeclared crate or module `rfd`
[INFO] [stdout]    |
[INFO] [stdout] help: there is a crate or module with a similar name
[INFO] [stdout]    |
[INFO] [stdout] 19 |     let res = rfdx::MessageDialog::new()
[INFO] [stdout]    |               ~~~~
[INFO] [stdout] help: consider importing this struct
[INFO] [stdout]    |
[INFO] [stdout] 1  + use rfdx::MessageDialog;
[INFO] [stdout]    |
[INFO] [stdout] help: if you import `MessageDialog`, refer to it directly
[INFO] [stdout]    |
[INFO] [stdout] 19 -     let res = rfd::MessageDialog::new()
[INFO] [stdout] 19 +     let res = MessageDialog::new()
[INFO] [stdout]    |
[INFO] [stdout] 
[INFO] [stdout] 
[INFO] [stdout] error[E0433]: failed to resolve: use of undeclared crate or module `rfd`
[INFO] [stdout]   --> examples/msg.rs:22:22
[INFO] [stdout]    |
[INFO] [stdout] 22 |         .set_buttons(rfd::MessageButtons::OkCancel)
[INFO] [stdout]    |                      ^^^ use of undeclared crate or module `rfd`
[INFO] [stdout]    |
[INFO] [stdout] help: there is a crate or module with a similar name
[INFO] [stdout]    |
[INFO] [stdout] 22 |         .set_buttons(rfdx::MessageButtons::OkCancel)
[INFO] [stdout]    |                      ~~~~
[INFO] [stdout] help: consider importing this enum
[INFO] [stdout]    |
[INFO] [stdout] 1  + use rfdx::MessageButtons;
[INFO] [stdout]    |
[INFO] [stdout] help: if you import `MessageButtons`, refer to it directly
[INFO] [stdout]    |
[INFO] [stdout] 22 -         .set_buttons(rfd::MessageButtons::OkCancel)
[INFO] [stdout] 22 +         .set_buttons(MessageButtons::OkCancel)
[INFO] [stdout]    |
[INFO] [stdout] 
[INFO] [stdout] 
[INFO] [stdout] error[E0433]: failed to resolve: use of undeclared crate or module `rfd`
[INFO] [stdout]  --> examples/async.rs:3:16
[INFO] [stdout]   |
[INFO] [stdout] 3 |     let task = rfd::AsyncFileDialog::new().pick_file();
[INFO] [stdout]   |                ^^^ use of undeclared crate or module `rfd`
[INFO] [stdout]   |
[INFO] [stdout] help: there is a crate or module with a similar name
[INFO] [stdout]   |
[INFO] [stdout] 3 |     let task = rfdx::AsyncFileDialog::new().pick_file();
[INFO] [stdout]   |                ~~~~
[INFO] [stdout] help: consider importing this struct
[INFO] [stdout]   |
[INFO] [stdout] 22+ use rfdx::AsyncFileDialog;
[INFO] [stdout]   |
[INFO] [stdout] help: if you import `AsyncFileDialog`, refer to it directly
[INFO] [stdout]   |
[INFO] [stdout] 3 -     let task = rfd::AsyncFileDialog::new().pick_file();
[INFO] [stdout] 3 +     let task = AsyncFileDialog::new().pick_file();
[INFO] [stdout]   |
[INFO] [stdout] 
[INFO] [stdout] 
[INFO] [stdout] For more information about this error, try `rustc --explain E0433`.
[INFO] [stdout] 
[INFO] [stderr] error: could not compile `rfdx` (example "simple") due to 1 previous error
[INFO] [stderr] warning: build failed, waiting for other jobs to finish...
[INFO] [stderr] error: could not compile `rfdx` (example "msg") due to 2 previous errors
[INFO] [stdout] error[E0433]: failed to resolve: use of undeclared crate or module `rfd`
[INFO] [stdout]  --> examples/save.rs:5:15
[INFO] [stdout]   |
[INFO] [stdout] 5 |     let res = rfd::FileDialog::new()
[INFO] [stdout]   |               ^^^ use of undeclared crate or module `rfd`
[INFO] [stdout]   |
[INFO] [stdout] help: there is a crate or module with a similar name
[INFO] [stdout]   |
[INFO] [stdout] 5 |     let res = rfdx::FileDialog::new()
[INFO] [stdout]   |               ~~~~
[INFO] [stdout] help: consider importing this struct
[INFO] [stdout]   |
[INFO] [stdout] 1 + use rfdx::FileDialog;
[INFO] [stdout]   |
[INFO] [stdout] help: if you import `FileDialog`, refer to it directly
[INFO] [stdout]   |
[INFO] [stdout] 5 -     let res = rfd::FileDialog::new()
[INFO] [stdout] 5 +     let res = FileDialog::new()
[INFO] [stdout]   |
[INFO] [stdout] 
[INFO] [stdout] 
[INFO] [stdout] For more information about this error, try `rustc --explain E0433`.
[INFO] [stdout] 
[INFO] [stdout] For more information about this error, try `rustc --explain E0433`.
[INFO] [stdout] 
[INFO] [stderr] error: could not compile `rfdx` (example "save") due to 1 previous error
[INFO] [stderr] error: could not compile `rfdx` (example "async") due to 1 previous error
[INFO] running `Command { std: "docker" "inspect" "d753584c8f2bdc048cab9f3a04e144be9d2e826c67eb4f9d068828256df2c706", kill_on_drop: false }`
[INFO] running `Command { std: "docker" "rm" "-f" "d753584c8f2bdc048cab9f3a04e144be9d2e826c67eb4f9d068828256df2c706", kill_on_drop: false }`
[INFO] [stdout] d753584c8f2bdc048cab9f3a04e144be9d2e826c67eb4f9d068828256df2c706
