[INFO] fetching crate revolt_a2 0.10.1...
[INFO] testing revolt_a2-0.10.1 against nightly-2024-10-28+rustflags=-Zrandomize-layout for randomize-layout
[INFO] extracting crate revolt_a2 0.10.1 into /workspace/builds/worker-7-tc2/source
[INFO] validating manifest of crates.io crate revolt_a2 0.10.1 on toolchain nightly-2024-10-28
[INFO] running `Command { std: CARGO_HOME="/workspace/cargo-home" RUSTUP_HOME="/workspace/rustup-home" "/workspace/cargo-home/bin/cargo" "+nightly-2024-10-28" "metadata" "--manifest-path" "Cargo.toml" "--no-deps", kill_on_drop: false }`
[INFO] started tweaking crates.io crate revolt_a2 0.10.1
[INFO] finished tweaking crates.io crate revolt_a2 0.10.1
[INFO] tweaked toml for crates.io crate revolt_a2 0.10.1 written to /workspace/builds/worker-7-tc2/source/Cargo.toml
[INFO] crate crates.io crate revolt_a2 0.10.1 already has a lockfile, it will not be regenerated
[INFO] running `Command { std: CARGO_HOME="/workspace/cargo-home" RUSTUP_HOME="/workspace/rustup-home" "/workspace/cargo-home/bin/cargo" "+nightly-2024-10-28" "fetch" "--manifest-path" "Cargo.toml", kill_on_drop: false }`
[INFO] [stderr]     Blocking waiting for file lock on package cache
[INFO] running `Command { std: "docker" "create" "-v" "/var/lib/crater-agent-workspace/builds/worker-7-tc2/target:/opt/rustwide/target:rw,Z" "-v" "/var/lib/crater-agent-workspace/builds/worker-7-tc2/source:/opt/rustwide/workdir:ro,Z" "-v" "/var/lib/crater-agent-workspace/cargo-home:/opt/rustwide/cargo-home:ro,Z" "-v" "/var/lib/crater-agent-workspace/rustup-home:/opt/rustwide/rustup-home:ro,Z" "-e" "SOURCE_DIR=/opt/rustwide/workdir" "-e" "CARGO_TARGET_DIR=/opt/rustwide/target" "-e" "CARGO_HOME=/opt/rustwide/cargo-home" "-e" "RUSTUP_HOME=/opt/rustwide/rustup-home" "-w" "/opt/rustwide/workdir" "-m" "1610612736" "--user" "0:0" "--network" "none" "ghcr.io/rust-lang/crates-build-env/linux@sha256:4a844ea9eb2546a2d2c7022eacef16ef2e8229c7fbb2c7d4d55a9ceca922f72d" "/opt/rustwide/cargo-home/bin/cargo" "+nightly-2024-10-28" "metadata" "--no-deps" "--format-version=1", kill_on_drop: false }`
[INFO] [stdout] cf319ae45c3d9f76bfad833887903f535e2188dec132b8003b634375dab80d55
[INFO] running `Command { std: "docker" "start" "-a" "cf319ae45c3d9f76bfad833887903f535e2188dec132b8003b634375dab80d55", kill_on_drop: false }`
[INFO] running `Command { std: "docker" "inspect" "cf319ae45c3d9f76bfad833887903f535e2188dec132b8003b634375dab80d55", kill_on_drop: false }`
[INFO] running `Command { std: "docker" "rm" "-f" "cf319ae45c3d9f76bfad833887903f535e2188dec132b8003b634375dab80d55", kill_on_drop: false }`
[INFO] [stdout] cf319ae45c3d9f76bfad833887903f535e2188dec132b8003b634375dab80d55
[INFO] running `Command { std: "docker" "create" "-v" "/var/lib/crater-agent-workspace/builds/worker-7-tc2/target:/opt/rustwide/target:rw,Z" "-v" "/var/lib/crater-agent-workspace/builds/worker-7-tc2/source:/opt/rustwide/workdir:ro,Z" "-v" "/var/lib/crater-agent-workspace/cargo-home:/opt/rustwide/cargo-home:ro,Z" "-v" "/var/lib/crater-agent-workspace/rustup-home:/opt/rustwide/rustup-home:ro,Z" "-e" "SOURCE_DIR=/opt/rustwide/workdir" "-e" "CARGO_TARGET_DIR=/opt/rustwide/target" "-e" "CARGO_INCREMENTAL=0" "-e" "RUST_BACKTRACE=full" "-e" "RUSTFLAGS=--cap-lints=forbid -Zrandomize-layout" "-e" "RUSTDOCFLAGS=--cap-lints=forbid" "-e" "CARGO_HOME=/opt/rustwide/cargo-home" "-e" "RUSTUP_HOME=/opt/rustwide/rustup-home" "-w" "/opt/rustwide/workdir" "-m" "1610612736" "--user" "0:0" "--network" "none" "ghcr.io/rust-lang/crates-build-env/linux@sha256:4a844ea9eb2546a2d2c7022eacef16ef2e8229c7fbb2c7d4d55a9ceca922f72d" "/opt/rustwide/cargo-home/bin/cargo" "+nightly-2024-10-28" "build" "--frozen" "--message-format=json", kill_on_drop: false }`
[INFO] [stdout] 48ca03c2ce78de3ec4e8dac80d1c9fb15ad847cf48c08cdd8ef342e1195b6312
[INFO] running `Command { std: "docker" "start" "-a" "48ca03c2ce78de3ec4e8dac80d1c9fb15ad847cf48c08cdd8ef342e1195b6312", kill_on_drop: false }`
[INFO] [stderr]    Compiling proc-macro2 v1.0.79
[INFO] [stderr]    Compiling cc v1.0.90
[INFO] [stderr]    Compiling pin-project-lite v0.2.13
[INFO] [stderr]    Compiling bytes v1.6.0
[INFO] [stderr]    Compiling log v0.4.21
[INFO] [stderr]    Compiling once_cell v1.19.0
[INFO] [stderr]    Compiling futures-core v0.3.30
[INFO] [stderr]    Compiling mio v0.8.11
[INFO] [stderr]    Compiling socket2 v0.5.6
[INFO] [stderr]    Compiling itoa v1.0.10
[INFO] [stderr]    Compiling tracing-core v0.1.32
[INFO] [stderr]    Compiling slab v0.4.9
[INFO] [stderr]    Compiling futures-task v0.3.30
[INFO] [stderr]    Compiling http v1.1.0
[INFO] [stderr]    Compiling rustls-pki-types v1.4.0
[INFO] [stderr]    Compiling quote v1.0.35
[INFO] [stderr]    Compiling tokio v1.36.0
[INFO] [stderr]    Compiling syn v2.0.55
[INFO] [stderr]    Compiling tracing v0.1.40
[INFO] [stderr]    Compiling futures-util v0.3.30
[INFO] [stderr]    Compiling getrandom v0.2.12
[INFO] [stderr]    Compiling futures-sink v0.3.30
[INFO] [stderr]    Compiling untrusted v0.9.0
[INFO] [stderr]    Compiling pkg-config v0.3.30
[INFO] [stderr]    Compiling spin v0.9.8
[INFO] [stderr]    Compiling hashbrown v0.14.3
[INFO] [stderr]    Compiling smallvec v1.13.2
[INFO] [stderr]    Compiling ring v0.17.8
[INFO] [stderr]    Compiling http-body v1.0.0
[INFO] [stderr]    Compiling rustls v0.22.4
[INFO] [stderr]    Compiling openssl-sys v0.9.101
[INFO] [stderr]    Compiling indexmap v2.2.6
[INFO] [stderr]    Compiling serde v1.0.197
[INFO] [stderr]    Compiling futures-channel v0.3.30
[INFO] [stderr]    Compiling lock_api v0.4.12
[INFO] [stderr]    Compiling tower-service v0.3.2
[INFO] [stderr]    Compiling tower-layer v0.3.2
[INFO] [stderr]    Compiling subtle v2.5.0
[INFO] [stderr]    Compiling serde_json v1.0.114
[INFO] [stderr]    Compiling thiserror v1.0.58
[INFO] [stderr]    Compiling openssl v0.10.64
[INFO] [stderr]    Compiling parking_lot_core v0.9.10
[INFO] [stderr]    Compiling webpki-roots v0.26.1
[INFO] [stderr]    Compiling ryu v1.0.17
[INFO] [stderr]    Compiling bitflags v2.5.0
[INFO] [stderr]    Compiling rustls-pemfile v2.1.1
[INFO] [stderr]    Compiling parking_lot v0.12.2
[INFO] [stderr]    Compiling http-body-util v0.1.1
[INFO] [stderr]    Compiling pin-project-internal v1.1.5
[INFO] [stderr]    Compiling serde_derive v1.0.197
[INFO] [stderr]    Compiling thiserror-impl v1.0.58
[INFO] [stderr]    Compiling openssl-macros v0.1.1
[INFO] [stderr]    Compiling tokio-util v0.7.10
[INFO] [stderr]    Compiling rustls-webpki v0.102.2
[INFO] [stderr]    Compiling pin-project v1.1.5
[INFO] [stderr]    Compiling h2 v0.4.4
[INFO] [stderr]    Compiling tower v0.4.13
[INFO] [stderr]    Compiling tokio-rustls v0.25.0
[INFO] [stderr]    Compiling hyper v1.2.0
[INFO] [stderr]    Compiling hyper-util v0.1.3
[INFO] [stderr]    Compiling erased-serde v0.3.31
[INFO] [stderr]    Compiling hyper-rustls v0.26.0
[INFO] [stderr]    Compiling revolt_a2 v0.10.1 (/opt/rustwide/workdir)
[INFO] [stderr]     Finished `dev` profile [unoptimized + debuginfo] target(s) in 15.91s
[INFO] running `Command { std: "docker" "inspect" "48ca03c2ce78de3ec4e8dac80d1c9fb15ad847cf48c08cdd8ef342e1195b6312", kill_on_drop: false }`
[INFO] running `Command { std: "docker" "rm" "-f" "48ca03c2ce78de3ec4e8dac80d1c9fb15ad847cf48c08cdd8ef342e1195b6312", kill_on_drop: false }`
[INFO] [stdout] 48ca03c2ce78de3ec4e8dac80d1c9fb15ad847cf48c08cdd8ef342e1195b6312
[INFO] running `Command { std: "docker" "create" "-v" "/var/lib/crater-agent-workspace/builds/worker-7-tc2/target:/opt/rustwide/target:rw,Z" "-v" "/var/lib/crater-agent-workspace/builds/worker-7-tc2/source:/opt/rustwide/workdir:ro,Z" "-v" "/var/lib/crater-agent-workspace/cargo-home:/opt/rustwide/cargo-home:ro,Z" "-v" "/var/lib/crater-agent-workspace/rustup-home:/opt/rustwide/rustup-home:ro,Z" "-e" "SOURCE_DIR=/opt/rustwide/workdir" "-e" "CARGO_TARGET_DIR=/opt/rustwide/target" "-e" "CARGO_INCREMENTAL=0" "-e" "RUST_BACKTRACE=full" "-e" "RUSTFLAGS=--cap-lints=forbid -Zrandomize-layout" "-e" "RUSTDOCFLAGS=--cap-lints=forbid" "-e" "CARGO_HOME=/opt/rustwide/cargo-home" "-e" "RUSTUP_HOME=/opt/rustwide/rustup-home" "-w" "/opt/rustwide/workdir" "-m" "1610612736" "--user" "0:0" "--network" "none" "ghcr.io/rust-lang/crates-build-env/linux@sha256:4a844ea9eb2546a2d2c7022eacef16ef2e8229c7fbb2c7d4d55a9ceca922f72d" "/opt/rustwide/cargo-home/bin/cargo" "+nightly-2024-10-28" "test" "--frozen" "--no-run" "--message-format=json", kill_on_drop: false }`
[INFO] [stdout] f477efe4e141f68278d402121436712bde3d4603ce8f62b47088a77a51fe12b2
[INFO] running `Command { std: "docker" "start" "-a" "f477efe4e141f68278d402121436712bde3d4603ce8f62b47088a77a51fe12b2", kill_on_drop: false }`
[INFO] [stderr]    Compiling log v0.4.21
[INFO] [stderr]    Compiling tracing-core v0.1.32
[INFO] [stderr]    Compiling num_cpus v1.16.0
[INFO] [stderr]    Compiling tokio-macros v2.2.0
[INFO] [stderr]    Compiling overload v0.1.1
[INFO] [stderr]    Compiling sharded-slab v0.1.7
[INFO] [stderr]    Compiling thread_local v1.1.8
[INFO] [stderr]    Compiling argparse v0.2.2
[INFO] [stderr]    Compiling nu-ansi-term v0.46.0
[INFO] [stderr]    Compiling rustls v0.22.4
[INFO] [stderr]    Compiling tracing v0.1.40
[INFO] [stderr]    Compiling tracing-log v0.2.0
[INFO] [stderr]    Compiling tokio v1.36.0
[INFO] [stderr]    Compiling tracing-subscriber v0.3.18
[INFO] [stderr]    Compiling tokio-util v0.7.10
[INFO] [stderr]    Compiling tower v0.4.13
[INFO] [stderr]    Compiling tokio-rustls v0.25.0
[INFO] [stderr]    Compiling h2 v0.4.4
[INFO] [stderr]    Compiling hyper v1.2.0
[INFO] [stderr]    Compiling hyper-util v0.1.3
[INFO] [stderr]    Compiling hyper-rustls v0.26.0
[INFO] [stderr]    Compiling revolt_a2 v0.10.1 (/opt/rustwide/workdir)
[INFO] [stdout] error[E0433]: failed to resolve: use of undeclared crate or module `a2`
[INFO] [stdout]  --> examples/token_client.rs:4:5
[INFO] [stdout]   |
[INFO] [stdout] 4 | use a2::{
[INFO] [stdout]   |     ^^ use of undeclared crate or module `a2`
[INFO] [stdout] 
[INFO] [stdout] 
[INFO] [stdout] error[E0432]: unresolved import `a2`
[INFO] [stdout]  --> examples/token_client.rs:4:5
[INFO] [stdout]   |
[INFO] [stdout] 4 | use a2::{
[INFO] [stdout]   |     ^^ use of undeclared crate or module `a2`
[INFO] [stdout] 
[INFO] [stdout] 
[INFO] [stdout] error[E0432]: unresolved import `a2`
[INFO] [stdout]  --> examples/certificate_client.rs:1:5
[INFO] [stdout]   |
[INFO] [stdout] 1 | use a2::{Client, DefaultNotificationBuilder, NotificationBuilder, NotificationOptions};
[INFO] [stdout]   |     ^^ use of undeclared crate or module `a2`
[INFO] [stdout] 
[INFO] [stdout] 
[INFO] [stdout] Some errors have detailed explanations: E0432, E0433.
[INFO] [stdout] 
[INFO] [stdout] For more information about an error, try `rustc --explain E0432`.
[INFO] [stdout] 
[INFO] [stderr] error: could not compile `revolt_a2` (example "token_client") due to 2 previous errors
[INFO] [stderr] warning: build failed, waiting for other jobs to finish...
[INFO] [stdout] error[E0433]: failed to resolve: use of undeclared crate or module `a2`
[INFO] [stdout]   --> examples/certificate_client.rs:40:17
[INFO] [stdout]    |
[INFO] [stdout] 40 |                 a2::Endpoint::Sandbox
[INFO] [stdout]    |                 ^^ use of undeclared crate or module `a2`
[INFO] [stdout]    |
[INFO] [stdout] help: consider importing this enum
[INFO] [stdout]    |
[INFO] [stdout] 1  + use revolt_a2::Endpoint;
[INFO] [stdout]    |
[INFO] [stdout] help: if you import `Endpoint`, refer to it directly
[INFO] [stdout]    |
[INFO] [stdout] 40 -                 a2::Endpoint::Sandbox
[INFO] [stdout] 40 +                 Endpoint::Sandbox
[INFO] [stdout]    |
[INFO] [stdout] 
[INFO] [stdout] 
[INFO] [stdout] error[E0433]: failed to resolve: use of undeclared crate or module `a2`
[INFO] [stdout]   --> examples/certificate_client.rs:42:17
[INFO] [stdout]    |
[INFO] [stdout] 42 |                 a2::Endpoint::Production
[INFO] [stdout]    |                 ^^ use of undeclared crate or module `a2`
[INFO] [stdout]    |
[INFO] [stdout] help: consider importing this enum
[INFO] [stdout]    |
[INFO] [stdout] 1  + use revolt_a2::Endpoint;
[INFO] [stdout]    |
[INFO] [stdout] help: if you import `Endpoint`, refer to it directly
[INFO] [stdout]    |
[INFO] [stdout] 42 -                 a2::Endpoint::Production
[INFO] [stdout] 42 +                 Endpoint::Production
[INFO] [stdout]    |
[INFO] [stdout] 
[INFO] [stdout] 
[INFO] [stdout] error[E0433]: failed to resolve: use of undeclared crate or module `a2`
[INFO] [stdout]   --> examples/certificate_client.rs:48:33
[INFO] [stdout]    |
[INFO] [stdout] 48 |             let client_config = a2::ClientConfig::new(endpoint);
[INFO] [stdout]    |                                 ^^ use of undeclared crate or module `a2`
[INFO] [stdout]    |
[INFO] [stdout] help: consider importing one of these structs
[INFO] [stdout]    |
[INFO] [stdout] 1  + use revolt_a2::ClientConfig;
[INFO] [stdout]    |
[INFO] [stdout] 1  + use rustls::ClientConfig;
[INFO] [stdout]    |
[INFO] [stdout] help: if you import `ClientConfig`, refer to it directly
[INFO] [stdout]    |
[INFO] [stdout] 48 -             let client_config = a2::ClientConfig::new(endpoint);
[INFO] [stdout] 48 +             let client_config = ClientConfig::new(endpoint);
[INFO] [stdout]    |
[INFO] [stdout] 
[INFO] [stdout] 
[INFO] [stdout] Some errors have detailed explanations: E0432, E0433.
[INFO] [stdout] 
[INFO] [stdout] For more information about an error, try `rustc --explain E0432`.
[INFO] [stdout] 
[INFO] [stderr] error: could not compile `revolt_a2` (example "certificate_client") due to 4 previous errors
[INFO] running `Command { std: "docker" "inspect" "f477efe4e141f68278d402121436712bde3d4603ce8f62b47088a77a51fe12b2", kill_on_drop: false }`
[INFO] running `Command { std: "docker" "rm" "-f" "f477efe4e141f68278d402121436712bde3d4603ce8f62b47088a77a51fe12b2", kill_on_drop: false }`
[INFO] [stdout] f477efe4e141f68278d402121436712bde3d4603ce8f62b47088a77a51fe12b2
