[INFO] fetching crate retro-display 0.1.0...
[INFO] testing retro-display-0.1.0 against nightly-2024-10-28 for randomize-layout
[INFO] extracting crate retro-display 0.1.0 into /workspace/builds/worker-0-tc1/source
[INFO] validating manifest of crates.io crate retro-display 0.1.0 on toolchain nightly-2024-10-28
[INFO] running `Command { std: CARGO_HOME="/workspace/cargo-home" RUSTUP_HOME="/workspace/rustup-home" "/workspace/cargo-home/bin/cargo" "+nightly-2024-10-28" "metadata" "--manifest-path" "Cargo.toml" "--no-deps", kill_on_drop: false }`
[INFO] removed /workspace/builds/worker-0-tc1/source/.cargo/config.toml
[INFO] started tweaking crates.io crate retro-display 0.1.0
[INFO] finished tweaking crates.io crate retro-display 0.1.0
[INFO] tweaked toml for crates.io crate retro-display 0.1.0 written to /workspace/builds/worker-0-tc1/source/Cargo.toml
[INFO] crate crates.io crate retro-display 0.1.0 already has a lockfile, it will not be regenerated
[INFO] running `Command { std: CARGO_HOME="/workspace/cargo-home" RUSTUP_HOME="/workspace/rustup-home" "/workspace/cargo-home/bin/cargo" "+nightly-2024-10-28" "fetch" "--manifest-path" "Cargo.toml", kill_on_drop: false }`
[INFO] [stderr]     Updating crates.io index
[INFO] [stderr]  Downloading crates ...
[INFO] [stderr]   Downloaded tinytga v0.5.0
[INFO] running `Command { std: "docker" "create" "-v" "/var/lib/crater-agent-workspace/builds/worker-0-tc1/target:/opt/rustwide/target:rw,Z" "-v" "/var/lib/crater-agent-workspace/builds/worker-0-tc1/source:/opt/rustwide/workdir:ro,Z" "-v" "/var/lib/crater-agent-workspace/cargo-home:/opt/rustwide/cargo-home:ro,Z" "-v" "/var/lib/crater-agent-workspace/rustup-home:/opt/rustwide/rustup-home:ro,Z" "-e" "SOURCE_DIR=/opt/rustwide/workdir" "-e" "CARGO_TARGET_DIR=/opt/rustwide/target" "-e" "CARGO_HOME=/opt/rustwide/cargo-home" "-e" "RUSTUP_HOME=/opt/rustwide/rustup-home" "-w" "/opt/rustwide/workdir" "-m" "1610612736" "--user" "0:0" "--network" "none" "ghcr.io/rust-lang/crates-build-env/linux@sha256:4a844ea9eb2546a2d2c7022eacef16ef2e8229c7fbb2c7d4d55a9ceca922f72d" "/opt/rustwide/cargo-home/bin/cargo" "+nightly-2024-10-28" "metadata" "--no-deps" "--format-version=1", kill_on_drop: false }`
[INFO] [stdout] 23bb1ab3961ed7a112d36668ed66bad7a567e3254cc0d8d15e7afc5ea63d170a
[INFO] running `Command { std: "docker" "start" "-a" "23bb1ab3961ed7a112d36668ed66bad7a567e3254cc0d8d15e7afc5ea63d170a", kill_on_drop: false }`
[INFO] running `Command { std: "docker" "inspect" "23bb1ab3961ed7a112d36668ed66bad7a567e3254cc0d8d15e7afc5ea63d170a", kill_on_drop: false }`
[INFO] running `Command { std: "docker" "rm" "-f" "23bb1ab3961ed7a112d36668ed66bad7a567e3254cc0d8d15e7afc5ea63d170a", kill_on_drop: false }`
[INFO] [stdout] 23bb1ab3961ed7a112d36668ed66bad7a567e3254cc0d8d15e7afc5ea63d170a
[INFO] running `Command { std: "docker" "create" "-v" "/var/lib/crater-agent-workspace/builds/worker-0-tc1/target:/opt/rustwide/target:rw,Z" "-v" "/var/lib/crater-agent-workspace/builds/worker-0-tc1/source:/opt/rustwide/workdir:ro,Z" "-v" "/var/lib/crater-agent-workspace/cargo-home:/opt/rustwide/cargo-home:ro,Z" "-v" "/var/lib/crater-agent-workspace/rustup-home:/opt/rustwide/rustup-home:ro,Z" "-e" "SOURCE_DIR=/opt/rustwide/workdir" "-e" "CARGO_TARGET_DIR=/opt/rustwide/target" "-e" "CARGO_INCREMENTAL=0" "-e" "RUST_BACKTRACE=full" "-e" "RUSTFLAGS=--cap-lints=forbid" "-e" "RUSTDOCFLAGS=--cap-lints=forbid" "-e" "CARGO_HOME=/opt/rustwide/cargo-home" "-e" "RUSTUP_HOME=/opt/rustwide/rustup-home" "-w" "/opt/rustwide/workdir" "-m" "1610612736" "--user" "0:0" "--network" "none" "ghcr.io/rust-lang/crates-build-env/linux@sha256:4a844ea9eb2546a2d2c7022eacef16ef2e8229c7fbb2c7d4d55a9ceca922f72d" "/opt/rustwide/cargo-home/bin/cargo" "+nightly-2024-10-28" "build" "--frozen" "--message-format=json", kill_on_drop: false }`
[INFO] [stdout] c11c9b51d2e118964e71238e8cb8790579b963f70e405723f3807793ccf007b4
[INFO] running `Command { std: "docker" "start" "-a" "c11c9b51d2e118964e71238e8cb8790579b963f70e405723f3807793ccf007b4", kill_on_drop: false }`
[INFO] [stderr]    Compiling az v1.2.1
[INFO] [stderr]    Compiling byteorder v1.5.0
[INFO] [stderr]    Compiling embedded-graphics-core v0.4.0
[INFO] [stderr]    Compiling retro-display v0.1.0 (/opt/rustwide/workdir)
[INFO] [stdout] error: const `impl` for trait `From` which is not marked with `#[const_trait]`
[INFO] [stdout]   --> src/c64.rs:45:12
[INFO] [stdout]    |
[INFO] [stdout] 45 | impl const From<Gray8> for VicIIPalette {
[INFO] [stdout]    |            ^^^^^^^^^^^
[INFO] [stdout]    |
[INFO] [stdout]    = note: marking a trait with `#[const_trait]` ensures all default method bodies are `const`
[INFO] [stdout]    = note: adding a non-const method body in the future would be a breaking change
[INFO] [stdout] 
[INFO] [stdout] 
[INFO] [stdout] error: const `impl` for trait `From` which is not marked with `#[const_trait]`
[INFO] [stdout]   --> src/c64.rs:58:12
[INFO] [stdout]    |
[INFO] [stdout] 58 | impl const From<Rgb555> for VicIIPalette {
[INFO] [stdout]    |            ^^^^^^^^^^^^
[INFO] [stdout]    |
[INFO] [stdout]    = note: marking a trait with `#[const_trait]` ensures all default method bodies are `const`
[INFO] [stdout]    = note: adding a non-const method body in the future would be a breaking change
[INFO] [stdout] 
[INFO] [stdout] 
[INFO] [stdout] error: const `impl` for trait `From` which is not marked with `#[const_trait]`
[INFO] [stdout]   --> src/c64.rs:65:12
[INFO] [stdout]    |
[INFO] [stdout] 65 | impl const From<Rgb888> for VicIIPalette {
[INFO] [stdout]    |            ^^^^^^^^^^^^
[INFO] [stdout]    |
[INFO] [stdout]    = note: marking a trait with `#[const_trait]` ensures all default method bodies are `const`
[INFO] [stdout]    = note: adding a non-const method body in the future would be a breaking change
[INFO] [stdout] 
[INFO] [stdout] 
[INFO] [stdout] error: const `impl` for trait `From` which is not marked with `#[const_trait]`
[INFO] [stdout]   --> src/c64.rs:71:12
[INFO] [stdout]    |
[INFO] [stdout] 71 | impl const From<VicIIPalette> for Rgb888 {
[INFO] [stdout]    |            ^^^^^^^^^^^^^^^^^^
[INFO] [stdout]    |
[INFO] [stdout]    = note: marking a trait with `#[const_trait]` ensures all default method bodies are `const`
[INFO] [stdout]    = note: adding a non-const method body in the future would be a breaking change
[INFO] [stdout] 
[INFO] [stdout] 
[INFO] [stdout] error: const `impl` for trait `PixelColor` which is not marked with `#[const_trait]`
[INFO] [stdout]   --> src/c64.rs:94:12
[INFO] [stdout]    |
[INFO] [stdout] 94 | impl const PixelColor for VicIIPalette {
[INFO] [stdout]    |            ^^^^^^^^^^
[INFO] [stdout]    |
[INFO] [stdout]    = note: marking a trait with `#[const_trait]` ensures all default method bodies are `const`
[INFO] [stdout]    = note: adding a non-const method body in the future would be a breaking change
[INFO] [stdout] 
[INFO] [stdout] 
[INFO] [stdout] error: const `impl` for trait `OriginDimensions` which is not marked with `#[const_trait]`
[INFO] [stdout]    --> src/c64.rs:150:12
[INFO] [stdout]     |
[INFO] [stdout] 150 | impl const OriginDimensions for PetsciiDisplay {
[INFO] [stdout]     |            ^^^^^^^^^^^^^^^^
[INFO] [stdout]     |
[INFO] [stdout]     = note: marking a trait with `#[const_trait]` ensures all default method bodies are `const`
[INFO] [stdout]     = note: adding a non-const method body in the future would be a breaking change
[INFO] [stdout] 
[INFO] [stdout] 
[INFO] [stdout] error[E0015]: cannot call non-const fn `<embedded_graphics_core::pixelcolor::Gray8 as embedded_graphics_core::pixelcolor::GrayColor>::luma` in constant functions
[INFO] [stdout]   --> src/c64.rs:47:21
[INFO] [stdout]    |
[INFO] [stdout] 47 |         match value.luma() {
[INFO] [stdout]    |                     ^^^^^^
[INFO] [stdout]    |
[INFO] [stdout]    = note: calls in constant functions are limited to constant functions, tuple structs and tuple variants
[INFO] [stdout] 
[INFO] [stdout] 
[INFO] [stdout] error[E0015]: cannot call non-const fn `<embedded_graphics_core::pixelcolor::Gray8 as From<embedded_graphics_core::pixelcolor::Rgb555>>::from` in constant functions
[INFO] [stdout]   --> src/c64.rs:60:9
[INFO] [stdout]    |
[INFO] [stdout] 60 |         Gray8::from(value).into()
[INFO] [stdout]    |         ^^^^^^^^^^^^^^^^^^
[INFO] [stdout]    |
[INFO] [stdout]    = note: calls in constant functions are limited to constant functions, tuple structs and tuple variants
[INFO] [stdout] 
[INFO] [stdout] 
[INFO] [stdout] error[E0015]: cannot call non-const fn `<embedded_graphics_core::pixelcolor::Gray8 as Into<VicIIPalette>>::into` in constant functions
[INFO] [stdout]   --> src/c64.rs:60:28
[INFO] [stdout]    |
[INFO] [stdout] 60 |         Gray8::from(value).into()
[INFO] [stdout]    |                            ^^^^^^
[INFO] [stdout]    |
[INFO] [stdout]    = note: calls in constant functions are limited to constant functions, tuple structs and tuple variants
[INFO] [stdout] 
[INFO] [stdout] 
[INFO] [stdout] error[E0015]: cannot call non-const fn `<embedded_graphics_core::pixelcolor::Gray8 as From<embedded_graphics_core::pixelcolor::Rgb888>>::from` in constant functions
[INFO] [stdout]   --> src/c64.rs:67:9
[INFO] [stdout]    |
[INFO] [stdout] 67 |         Gray8::from(value).into()
[INFO] [stdout]    |         ^^^^^^^^^^^^^^^^^^
[INFO] [stdout]    |
[INFO] [stdout]    = note: calls in constant functions are limited to constant functions, tuple structs and tuple variants
[INFO] [stdout] 
[INFO] [stdout] 
[INFO] [stdout] error[E0015]: cannot call non-const fn `<embedded_graphics_core::pixelcolor::Gray8 as Into<VicIIPalette>>::into` in constant functions
[INFO] [stdout]   --> src/c64.rs:67:28
[INFO] [stdout]    |
[INFO] [stdout] 67 |         Gray8::from(value).into()
[INFO] [stdout]    |                            ^^^^^^
[INFO] [stdout]    |
[INFO] [stdout]    = note: calls in constant functions are limited to constant functions, tuple structs and tuple variants
[INFO] [stdout] 
[INFO] [stdout] 
[INFO] [stdout] For more information about this error, try `rustc --explain E0015`.
[INFO] [stdout] 
[INFO] [stderr] error: could not compile `retro-display` (lib) due to 11 previous errors
[INFO] [stderr] warning: build failed, waiting for other jobs to finish...
[INFO] running `Command { std: "docker" "inspect" "c11c9b51d2e118964e71238e8cb8790579b963f70e405723f3807793ccf007b4", kill_on_drop: false }`
[INFO] running `Command { std: "docker" "rm" "-f" "c11c9b51d2e118964e71238e8cb8790579b963f70e405723f3807793ccf007b4", kill_on_drop: false }`
[INFO] [stdout] c11c9b51d2e118964e71238e8cb8790579b963f70e405723f3807793ccf007b4
