[INFO] fetching crate restcrab_macros 0.2.0...
[INFO] testing restcrab_macros-0.2.0 against nightly-2024-10-28+rustflags=-Zrandomize-layout for randomize-layout
[INFO] extracting crate restcrab_macros 0.2.0 into /workspace/builds/worker-5-tc2/source
[INFO] validating manifest of crates.io crate restcrab_macros 0.2.0 on toolchain nightly-2024-10-28
[INFO] running `Command { std: CARGO_HOME="/workspace/cargo-home" RUSTUP_HOME="/workspace/rustup-home" "/workspace/cargo-home/bin/cargo" "+nightly-2024-10-28" "metadata" "--manifest-path" "Cargo.toml" "--no-deps", kill_on_drop: false }`
[INFO] started tweaking crates.io crate restcrab_macros 0.2.0
[INFO] removed 0 missing tests
[INFO] finished tweaking crates.io crate restcrab_macros 0.2.0
[INFO] tweaked toml for crates.io crate restcrab_macros 0.2.0 written to /workspace/builds/worker-5-tc2/source/Cargo.toml
[INFO] running `Command { std: CARGO_HOME="/workspace/cargo-home" RUSTUP_HOME="/workspace/rustup-home" "/workspace/cargo-home/bin/cargo" "+nightly-2024-10-28" "generate-lockfile" "--manifest-path" "Cargo.toml", kill_on_drop: false }`
[INFO] [stderr]     Updating crates.io index
[INFO] [stderr]      Locking 25 packages to latest compatible versions
[INFO] [stderr]       Adding darling v0.14.4 (available: v0.20.10)
[INFO] [stderr]       Adding http v0.2.12 (available: v1.1.0)
[INFO] [stderr]       Adding snafu v0.7.5 (available: v0.8.5)
[INFO] [stderr]       Adding syn v1.0.109 (available: v2.0.86)
[INFO] running `Command { std: CARGO_HOME="/workspace/cargo-home" RUSTUP_HOME="/workspace/rustup-home" "/workspace/cargo-home/bin/cargo" "+nightly-2024-10-28" "fetch" "--manifest-path" "Cargo.toml", kill_on_drop: false }`
[INFO] running `Command { std: "docker" "create" "-v" "/var/lib/crater-agent-workspace/builds/worker-5-tc2/target:/opt/rustwide/target:rw,Z" "-v" "/var/lib/crater-agent-workspace/builds/worker-5-tc2/source:/opt/rustwide/workdir:ro,Z" "-v" "/var/lib/crater-agent-workspace/cargo-home:/opt/rustwide/cargo-home:ro,Z" "-v" "/var/lib/crater-agent-workspace/rustup-home:/opt/rustwide/rustup-home:ro,Z" "-e" "SOURCE_DIR=/opt/rustwide/workdir" "-e" "CARGO_TARGET_DIR=/opt/rustwide/target" "-e" "CARGO_HOME=/opt/rustwide/cargo-home" "-e" "RUSTUP_HOME=/opt/rustwide/rustup-home" "-w" "/opt/rustwide/workdir" "-m" "1610612736" "--user" "0:0" "--network" "none" "ghcr.io/rust-lang/crates-build-env/linux@sha256:4a844ea9eb2546a2d2c7022eacef16ef2e8229c7fbb2c7d4d55a9ceca922f72d" "/opt/rustwide/cargo-home/bin/cargo" "+nightly-2024-10-28" "metadata" "--no-deps" "--format-version=1", kill_on_drop: false }`
[INFO] [stdout] 86e06e865612be395016ad333e303109a86a47e9f445f851d6d757da3cccf833
[INFO] running `Command { std: "docker" "start" "-a" "86e06e865612be395016ad333e303109a86a47e9f445f851d6d757da3cccf833", kill_on_drop: false }`
[INFO] running `Command { std: "docker" "inspect" "86e06e865612be395016ad333e303109a86a47e9f445f851d6d757da3cccf833", kill_on_drop: false }`
[INFO] running `Command { std: "docker" "rm" "-f" "86e06e865612be395016ad333e303109a86a47e9f445f851d6d757da3cccf833", kill_on_drop: false }`
[INFO] [stdout] 86e06e865612be395016ad333e303109a86a47e9f445f851d6d757da3cccf833
[INFO] running `Command { std: "docker" "create" "-v" "/var/lib/crater-agent-workspace/builds/worker-5-tc2/target:/opt/rustwide/target:rw,Z" "-v" "/var/lib/crater-agent-workspace/builds/worker-5-tc2/source:/opt/rustwide/workdir:ro,Z" "-v" "/var/lib/crater-agent-workspace/cargo-home:/opt/rustwide/cargo-home:ro,Z" "-v" "/var/lib/crater-agent-workspace/rustup-home:/opt/rustwide/rustup-home:ro,Z" "-e" "SOURCE_DIR=/opt/rustwide/workdir" "-e" "CARGO_TARGET_DIR=/opt/rustwide/target" "-e" "CARGO_INCREMENTAL=0" "-e" "RUST_BACKTRACE=full" "-e" "RUSTFLAGS=--cap-lints=forbid -Zrandomize-layout" "-e" "RUSTDOCFLAGS=--cap-lints=forbid" "-e" "CARGO_HOME=/opt/rustwide/cargo-home" "-e" "RUSTUP_HOME=/opt/rustwide/rustup-home" "-w" "/opt/rustwide/workdir" "-m" "1610612736" "--user" "0:0" "--network" "none" "ghcr.io/rust-lang/crates-build-env/linux@sha256:4a844ea9eb2546a2d2c7022eacef16ef2e8229c7fbb2c7d4d55a9ceca922f72d" "/opt/rustwide/cargo-home/bin/cargo" "+nightly-2024-10-28" "build" "--frozen" "--message-format=json", kill_on_drop: false }`
[INFO] [stdout] 71ae52314cf6b411b567939c5e8241dd08e42e385cfce0069fd7cb0398014cf4
[INFO] running `Command { std: "docker" "start" "-a" "71ae52314cf6b411b567939c5e8241dd08e42e385cfce0069fd7cb0398014cf4", kill_on_drop: false }`
[INFO] [stderr]    Compiling doc-comment v0.3.3
[INFO] [stderr]    Compiling strsim v0.10.0
[INFO] [stderr]    Compiling memchr v2.7.4
[INFO] [stderr]    Compiling heck v0.4.1
[INFO] [stderr]    Compiling regex-syntax v0.8.5
[INFO] [stderr]    Compiling bytes v1.8.0
[INFO] [stderr]    Compiling itoa v1.0.11
[INFO] [stderr]    Compiling syn v1.0.109
[INFO] [stderr]    Compiling http v0.2.12
[INFO] [stderr]    Compiling aho-corasick v1.1.3
[INFO] [stderr]    Compiling regex-automata v0.4.8
[INFO] [stderr]    Compiling darling_core v0.14.4
[INFO] [stderr]    Compiling snafu-derive v0.7.5
[INFO] [stderr]    Compiling regex v1.11.1
[INFO] [stderr]    Compiling darling_macro v0.14.4
[INFO] [stderr]    Compiling darling v0.14.4
[INFO] [stderr]    Compiling snafu v0.7.5
[INFO] [stderr]    Compiling restcrab_macros v0.2.0 (/opt/rustwide/workdir)
[INFO] [stderr]     Finished `dev` profile [unoptimized + debuginfo] target(s) in 3.96s
[INFO] running `Command { std: "docker" "inspect" "71ae52314cf6b411b567939c5e8241dd08e42e385cfce0069fd7cb0398014cf4", kill_on_drop: false }`
[INFO] running `Command { std: "docker" "rm" "-f" "71ae52314cf6b411b567939c5e8241dd08e42e385cfce0069fd7cb0398014cf4", kill_on_drop: false }`
[INFO] [stdout] 71ae52314cf6b411b567939c5e8241dd08e42e385cfce0069fd7cb0398014cf4
[INFO] running `Command { std: "docker" "create" "-v" "/var/lib/crater-agent-workspace/builds/worker-5-tc2/target:/opt/rustwide/target:rw,Z" "-v" "/var/lib/crater-agent-workspace/builds/worker-5-tc2/source:/opt/rustwide/workdir:ro,Z" "-v" "/var/lib/crater-agent-workspace/cargo-home:/opt/rustwide/cargo-home:ro,Z" "-v" "/var/lib/crater-agent-workspace/rustup-home:/opt/rustwide/rustup-home:ro,Z" "-e" "SOURCE_DIR=/opt/rustwide/workdir" "-e" "CARGO_TARGET_DIR=/opt/rustwide/target" "-e" "CARGO_INCREMENTAL=0" "-e" "RUST_BACKTRACE=full" "-e" "RUSTFLAGS=--cap-lints=forbid -Zrandomize-layout" "-e" "RUSTDOCFLAGS=--cap-lints=forbid" "-e" "CARGO_HOME=/opt/rustwide/cargo-home" "-e" "RUSTUP_HOME=/opt/rustwide/rustup-home" "-w" "/opt/rustwide/workdir" "-m" "1610612736" "--user" "0:0" "--network" "none" "ghcr.io/rust-lang/crates-build-env/linux@sha256:4a844ea9eb2546a2d2c7022eacef16ef2e8229c7fbb2c7d4d55a9ceca922f72d" "/opt/rustwide/cargo-home/bin/cargo" "+nightly-2024-10-28" "test" "--frozen" "--no-run" "--message-format=json", kill_on_drop: false }`
[INFO] [stdout] 09da6024deeff161800c5df937b69c279f5b19918ddc52eb2f40cd48a3f22105
[INFO] running `Command { std: "docker" "start" "-a" "09da6024deeff161800c5df937b69c279f5b19918ddc52eb2f40cd48a3f22105", kill_on_drop: false }`
[INFO] [stderr]    Compiling proc-macro2 v1.0.89
[INFO] [stderr]    Compiling unicode-ident v1.0.13
[INFO] [stderr]    Compiling memchr v2.7.4
[INFO] [stderr]    Compiling strsim v0.10.0
[INFO] [stderr]    Compiling ident_case v1.0.1
[INFO] [stderr]    Compiling syn v1.0.109
[INFO] [stderr]    Compiling doc-comment v0.3.3
[INFO] [stderr]    Compiling serde v1.0.214
[INFO] [stderr]    Compiling http v0.2.12
[INFO] [stderr]    Compiling quote v1.0.37
[INFO] [stderr]    Compiling aho-corasick v1.1.3
[INFO] [stderr]    Compiling syn v2.0.86
[INFO] [stderr]    Compiling regex-automata v0.4.8
[INFO] [stderr]    Compiling serde_derive v1.0.214
[INFO] [stderr]    Compiling darling_core v0.14.4
[INFO] [stderr]    Compiling regex v1.11.1
[INFO] [stderr]    Compiling snafu-derive v0.7.5
[INFO] [stderr]    Compiling darling_macro v0.14.4
[INFO] [stderr]    Compiling darling v0.14.4
[INFO] [stderr]    Compiling snafu v0.7.5
[INFO] [stderr]    Compiling restcrab_macros v0.2.0 (/opt/rustwide/workdir)
[INFO] [stdout] error[E0433]: failed to resolve: use of undeclared crate or module `restcrab`
[INFO] [stdout]  --> test/tests.rs:3:5
[INFO] [stdout]   |
[INFO] [stdout] 3 | use restcrab::{crabs::reqwest::*, restcrab, Restcrab};
[INFO] [stdout]   |     ^^^^^^^^ use of undeclared crate or module `restcrab`
[INFO] [stdout] 
[INFO] [stdout] 
[INFO] [stdout] error[E0432]: unresolved import `restcrab`
[INFO] [stdout]  --> test/tests.rs:3:5
[INFO] [stdout]   |
[INFO] [stdout] 3 | use restcrab::{crabs::reqwest::*, restcrab, Restcrab};
[INFO] [stdout]   |     ^^^^^^^^ use of undeclared crate or module `restcrab`
[INFO] [stdout] 
[INFO] [stdout] 
[INFO] [stdout] error: cannot find attribute `body` in this scope
[INFO] [stdout]   --> test/tests.rs:10:15
[INFO] [stdout]    |
[INFO] [stdout] 10 |     fn echo(#[body] body: String) -> String;
[INFO] [stdout]    |               ^^^^
[INFO] [stdout] 
[INFO] [stdout] 
[INFO] [stdout] error: cannot find attribute `headers` in this scope
[INFO] [stdout]   --> test/tests.rs:13:15
[INFO] [stdout]    |
[INFO] [stdout] 13 |     fn test(#[headers] headers: HashMap<String, String>) -> String;
[INFO] [stdout]    |               ^^^^^^^
[INFO] [stdout] 
[INFO] [stdout] 
[INFO] [stdout] error: cannot find attribute `headers` in this scope
[INFO] [stdout]   --> test/tests.rs:16:14
[INFO] [stdout]    |
[INFO] [stdout] 16 |     fn get(#[headers] headers: HashMap<String, String>);
[INFO] [stdout]    |              ^^^^^^^
[INFO] [stdout] 
[INFO] [stdout] 
[INFO] [stdout] error: cannot find attribute `queries` in this scope
[INFO] [stdout]   --> test/tests.rs:22:24
[INFO] [stdout]    |
[INFO] [stdout] 22 |     fn dynamic_query(#[queries] queries: HashMap<String, String>);
[INFO] [stdout]    |                        ^^^^^^^
[INFO] [stdout] 
[INFO] [stdout] 
[INFO] [stdout] error: cannot find attribute `parameter` in this scope
[INFO] [stdout]   --> test/tests.rs:25:26
[INFO] [stdout]    |
[INFO] [stdout] 25 |     fn path_parameters(#[parameter] test: String);
[INFO] [stdout]    |                          ^^^^^^^^^
[INFO] [stdout] 
[INFO] [stdout] 
[INFO] [stdout] error[E0422]: cannot find struct, variant or union type `Options` in this scope
[INFO] [stdout]   --> test/tests.rs:28:28
[INFO] [stdout]    |
[INFO] [stdout] 28 |   CrabClient::from_options(Options {
[INFO] [stdout]    |                            ^^^^^^^ not found in this scope
[INFO] [stdout]    |
[INFO] [stdout] help: consider importing this struct
[INFO] [stdout]    |
[INFO] [stdout] 1  + use darling::usage::Options;
[INFO] [stdout]    |
[INFO] [stdout] 
[INFO] [stdout] 
[INFO] [stdout] error[E0422]: cannot find struct, variant or union type `Options` in this scope
[INFO] [stdout]   --> test/tests.rs:34:27
[INFO] [stdout]    |
[INFO] [stdout] 34 |     Reqwest::from_options(Options {
[INFO] [stdout]    |                           ^^^^^^^ not found in this scope
[INFO] [stdout]    |
[INFO] [stdout] help: consider importing this struct
[INFO] [stdout]    |
[INFO] [stdout] 1  + use darling::usage::Options;
[INFO] [stdout]    |
[INFO] [stdout] 
[INFO] [stdout] 
[INFO] [stdout] error[E0433]: failed to resolve: use of undeclared type `CrabClient`
[INFO] [stdout]   --> test/tests.rs:28:3
[INFO] [stdout]    |
[INFO] [stdout] 28 |   CrabClient::from_options(Options {
[INFO] [stdout]    |   ^^^^^^^^^^ use of undeclared type `CrabClient`
[INFO] [stdout] 
[INFO] [stdout] 
[INFO] [stdout] error[E0433]: failed to resolve: use of undeclared type `CrabClient`
[INFO] [stdout]   --> test/tests.rs:33:3
[INFO] [stdout]    |
[INFO] [stdout] 33 |   CrabClient::from_crab(
[INFO] [stdout]    |   ^^^^^^^^^^ use of undeclared type `CrabClient`
[INFO] [stdout] 
[INFO] [stdout] 
[INFO] [stdout] error[E0433]: failed to resolve: use of undeclared type `Reqwest`
[INFO] [stdout]   --> test/tests.rs:34:5
[INFO] [stdout]    |
[INFO] [stdout] 34 |     Reqwest::from_options(Options {
[INFO] [stdout]    |     ^^^^^^^ use of undeclared type `Reqwest`
[INFO] [stdout] 
[INFO] [stdout] 
[INFO] [stdout] Some errors have detailed explanations: E0422, E0432, E0433.
[INFO] [stdout] 
[INFO] [stdout] For more information about an error, try `rustc --explain E0422`.
[INFO] [stdout] 
[INFO] [stderr] error: could not compile `restcrab_macros` (test "test") due to 12 previous errors
[INFO] [stderr] warning: build failed, waiting for other jobs to finish...
[INFO] running `Command { std: "docker" "inspect" "09da6024deeff161800c5df937b69c279f5b19918ddc52eb2f40cd48a3f22105", kill_on_drop: false }`
[INFO] running `Command { std: "docker" "rm" "-f" "09da6024deeff161800c5df937b69c279f5b19918ddc52eb2f40cd48a3f22105", kill_on_drop: false }`
[INFO] [stdout] 09da6024deeff161800c5df937b69c279f5b19918ddc52eb2f40cd48a3f22105
