[INFO] fetching crate resource-proxy-pingora 0.1.1...
[INFO] testing resource-proxy-pingora-0.1.1 against nightly-2024-10-28+rustflags=-Zrandomize-layout for randomize-layout
[INFO] extracting crate resource-proxy-pingora 0.1.1 into /workspace/builds/worker-5-tc2/source
[INFO] validating manifest of crates.io crate resource-proxy-pingora 0.1.1 on toolchain nightly-2024-10-28
[INFO] running `Command { std: CARGO_HOME="/workspace/cargo-home" RUSTUP_HOME="/workspace/rustup-home" "/workspace/cargo-home/bin/cargo" "+nightly-2024-10-28" "metadata" "--manifest-path" "Cargo.toml" "--no-deps", kill_on_drop: false }`
[INFO] started tweaking crates.io crate resource-proxy-pingora 0.1.1
[INFO] finished tweaking crates.io crate resource-proxy-pingora 0.1.1
[INFO] tweaked toml for crates.io crate resource-proxy-pingora 0.1.1 written to /workspace/builds/worker-5-tc2/source/Cargo.toml
[INFO] running `Command { std: CARGO_HOME="/workspace/cargo-home" RUSTUP_HOME="/workspace/rustup-home" "/workspace/cargo-home/bin/cargo" "+nightly-2024-10-28" "generate-lockfile" "--manifest-path" "Cargo.toml", kill_on_drop: false }`
[INFO] [stderr]     Updating crates.io index
[INFO] [stderr]      Locking 305 packages to latest compatible versions
[INFO] [stderr]       Adding env_logger v0.9.3 (available: v0.11.5)
[INFO] [stderr]       Adding serde_yaml v0.8.26 (available: v0.9.34+deprecated)
[INFO] running `Command { std: CARGO_HOME="/workspace/cargo-home" RUSTUP_HOME="/workspace/rustup-home" "/workspace/cargo-home/bin/cargo" "+nightly-2024-10-28" "fetch" "--manifest-path" "Cargo.toml", kill_on_drop: false }`
[INFO] running `Command { std: "docker" "create" "-v" "/var/lib/crater-agent-workspace/builds/worker-5-tc2/target:/opt/rustwide/target:rw,Z" "-v" "/var/lib/crater-agent-workspace/builds/worker-5-tc2/source:/opt/rustwide/workdir:ro,Z" "-v" "/var/lib/crater-agent-workspace/cargo-home:/opt/rustwide/cargo-home:ro,Z" "-v" "/var/lib/crater-agent-workspace/rustup-home:/opt/rustwide/rustup-home:ro,Z" "-e" "SOURCE_DIR=/opt/rustwide/workdir" "-e" "CARGO_TARGET_DIR=/opt/rustwide/target" "-e" "CARGO_HOME=/opt/rustwide/cargo-home" "-e" "RUSTUP_HOME=/opt/rustwide/rustup-home" "-w" "/opt/rustwide/workdir" "-m" "1610612736" "--user" "0:0" "--network" "none" "ghcr.io/rust-lang/crates-build-env/linux@sha256:4a844ea9eb2546a2d2c7022eacef16ef2e8229c7fbb2c7d4d55a9ceca922f72d" "/opt/rustwide/cargo-home/bin/cargo" "+nightly-2024-10-28" "metadata" "--no-deps" "--format-version=1", kill_on_drop: false }`
[INFO] [stdout] 4f5b4195efd09458183aab70dca6ec77ff1c7d6443940e1f87502f55669a0798
[INFO] running `Command { std: "docker" "start" "-a" "4f5b4195efd09458183aab70dca6ec77ff1c7d6443940e1f87502f55669a0798", kill_on_drop: false }`
[INFO] running `Command { std: "docker" "inspect" "4f5b4195efd09458183aab70dca6ec77ff1c7d6443940e1f87502f55669a0798", kill_on_drop: false }`
[INFO] running `Command { std: "docker" "rm" "-f" "4f5b4195efd09458183aab70dca6ec77ff1c7d6443940e1f87502f55669a0798", kill_on_drop: false }`
[INFO] [stdout] 4f5b4195efd09458183aab70dca6ec77ff1c7d6443940e1f87502f55669a0798
[INFO] running `Command { std: "docker" "create" "-v" "/var/lib/crater-agent-workspace/builds/worker-5-tc2/target:/opt/rustwide/target:rw,Z" "-v" "/var/lib/crater-agent-workspace/builds/worker-5-tc2/source:/opt/rustwide/workdir:ro,Z" "-v" "/var/lib/crater-agent-workspace/cargo-home:/opt/rustwide/cargo-home:ro,Z" "-v" "/var/lib/crater-agent-workspace/rustup-home:/opt/rustwide/rustup-home:ro,Z" "-e" "SOURCE_DIR=/opt/rustwide/workdir" "-e" "CARGO_TARGET_DIR=/opt/rustwide/target" "-e" "CARGO_INCREMENTAL=0" "-e" "RUST_BACKTRACE=full" "-e" "RUSTFLAGS=--cap-lints=forbid -Zrandomize-layout" "-e" "RUSTDOCFLAGS=--cap-lints=forbid" "-e" "CARGO_HOME=/opt/rustwide/cargo-home" "-e" "RUSTUP_HOME=/opt/rustwide/rustup-home" "-w" "/opt/rustwide/workdir" "-m" "1610612736" "--user" "0:0" "--network" "none" "ghcr.io/rust-lang/crates-build-env/linux@sha256:4a844ea9eb2546a2d2c7022eacef16ef2e8229c7fbb2c7d4d55a9ceca922f72d" "/opt/rustwide/cargo-home/bin/cargo" "+nightly-2024-10-28" "build" "--frozen" "--message-format=json", kill_on_drop: false }`
[INFO] [stdout] 9b932dd277472f1c6f3c255459fc36c4dfc2746c3f049ad3c7bede90490523e9
[INFO] running `Command { std: "docker" "start" "-a" "9b932dd277472f1c6f3c255459fc36c4dfc2746c3f049ad3c7bede90490523e9", kill_on_drop: false }`
[INFO] [stderr]    Compiling proc-macro2 v1.0.89
[INFO] [stderr]    Compiling unicode-ident v1.0.13
[INFO] [stderr]    Compiling libc v0.2.161
[INFO] [stderr]    Compiling shlex v1.3.0
[INFO] [stderr]    Compiling memchr v2.7.4
[INFO] [stderr]    Compiling pin-project-lite v0.2.15
[INFO] [stderr]    Compiling bytes v1.8.0
[INFO] [stderr]    Compiling itoa v1.0.11
[INFO] [stderr]    Compiling once_cell v1.20.2
[INFO] [stderr]    Compiling byteorder v1.5.0
[INFO] [stderr]    Compiling futures-core v0.3.31
[INFO] [stderr]    Compiling pkg-config v0.3.31
[INFO] [stderr]    Compiling slab v0.4.9
[INFO] [stderr]    Compiling syn v1.0.109
[INFO] [stderr]    Compiling futures-sink v0.3.31
[INFO] [stderr]    Compiling quote v1.0.37
[INFO] [stderr]    Compiling allocator-api2 v0.2.18
[INFO] [stderr]    Compiling equivalent v1.0.1
[INFO] [stderr]    Compiling fnv v1.0.7
[INFO] [stderr]    Compiling syn v2.0.86
[INFO] [stderr]    Compiling jobserver v0.1.32
[INFO] [stderr]    Compiling foldhash v0.1.3
[INFO] [stderr]    Compiling hashbrown v0.15.0
[INFO] [stderr]    Compiling tinyvec_macros v0.1.1
[INFO] [stderr]    Compiling tinyvec v1.8.0
[INFO] [stderr]    Compiling cc v1.1.31
[INFO] [stderr]    Compiling futures-channel v0.3.31
[INFO] [stderr]    Compiling pin-utils v0.1.0
[INFO] [stderr]    Compiling futures-io v0.3.31
[INFO] [stderr]    Compiling futures-task v0.3.31
[INFO] [stderr]    Compiling form_urlencoded v1.2.1
[INFO] [stderr]    Compiling thiserror v1.0.66
[INFO] [stderr]    Compiling serde_json v1.0.132
[INFO] [stderr]    Compiling getrandom v0.2.15
[INFO] [stderr]    Compiling signal-hook-registry v1.4.2
[INFO] [stderr]    Compiling socket2 v0.5.7
[INFO] [stderr]    Compiling mio v1.0.2
[INFO] [stderr]    Compiling rand_core v0.6.4
[INFO] [stderr]    Compiling unicode-normalization v0.1.24
[INFO] [stderr]    Compiling unicode-bidi v0.3.17
[INFO] [stderr]    Compiling openssl-src v300.4.0+3.4.0
[INFO] [stderr]    Compiling idna v0.5.0
[INFO] [stderr]    Compiling vcpkg v0.2.15
[INFO] [stderr]    Compiling untrusted v0.9.0
[INFO] [stderr]    Compiling spin v0.9.8
[INFO] [stderr]    Compiling powerfmt v0.2.0
[INFO] [stderr]    Compiling indexmap v2.6.0
[INFO] [stderr]    Compiling deranged v0.3.11
[INFO] [stderr]    Compiling tracing-core v0.1.32
[INFO] [stderr]    Compiling ring v0.17.8
[INFO] [stderr]    Compiling proc-macro-error-attr v1.0.4
[INFO] [stderr]    Compiling openssl-sys v0.9.104
[INFO] [stderr]    Compiling num-traits v0.2.19
[INFO] [stderr]    Compiling lock_api v0.4.12
[INFO] [stderr]    Compiling crossbeam-utils v0.8.20
[INFO] [stderr]    Compiling httparse v1.9.5
[INFO] [stderr]    Compiling adler2 v2.0.0
[INFO] [stderr]    Compiling semver v1.0.23
[INFO] [stderr]    Compiling time-core v0.1.2
[INFO] [stderr]    Compiling num-conv v0.1.0
[INFO] [stderr]    Compiling parking_lot_core v0.9.10
[INFO] [stderr]    Compiling gimli v0.31.1
[INFO] [stderr]    Compiling time v0.3.36
[INFO] [stderr]    Compiling miniz_oxide v0.8.0
[INFO] [stderr]    Compiling tracing v0.1.40
[INFO] [stderr]    Compiling zstd-sys v2.0.13+zstd.1.5.6
[INFO] [stderr]    Compiling http v0.2.12
[INFO] [stderr]    Compiling object v0.36.5
[INFO] [stderr]    Compiling proc-macro-error v1.0.4
[INFO] [stderr]    Compiling smallvec v1.13.2
[INFO] [stderr]    Compiling rustc-demangle v0.1.24
[INFO] [stderr]    Compiling log v0.4.22
[INFO] [stderr]    Compiling hex v0.4.3
[INFO] [stderr]    Compiling rustls v0.21.12
[INFO] [stderr]    Compiling addr2line v0.24.2
[INFO] [stderr]    Compiling scopeguard v1.2.0
[INFO] [stderr]    Compiling tokio-macros v2.4.0
[INFO] [stderr]    Compiling serde_derive v1.0.214
[INFO] [stderr]    Compiling zerocopy-derive v0.7.35
[INFO] [stderr]    Compiling futures-macro v0.3.31
[INFO] [stderr]    Compiling tokio v1.41.0
[INFO] [stderr]    Compiling thiserror-impl v1.0.66
[INFO] [stderr]    Compiling futures-util v0.3.31
[INFO] [stderr]    Compiling zerocopy v0.7.35
[INFO] [stderr]    Compiling ppv-lite86 v0.2.20
[INFO] [stderr]    Compiling lazy_static v1.5.0
[INFO] [stderr]    Compiling rand_chacha v0.3.1
[INFO] [stderr]    Compiling rustls-webpki v0.101.7
[INFO] [stderr]    Compiling sct v0.7.1
[INFO] [stderr]    Compiling rand v0.8.5
[INFO] [stderr]    Compiling backtrace v0.3.74
[INFO] [stderr]    Compiling serde v1.0.214
[INFO] [stderr]    Compiling tokio-util v0.7.12
[INFO] [stderr]    Compiling aho-corasick v1.1.3
[INFO] [stderr]    Compiling generic-array v0.14.7
[INFO] [stderr]    Compiling regex-syntax v0.8.5
[INFO] [stderr]    Compiling try-lock v0.2.5
[INFO] [stderr]    Compiling want v0.3.1
[INFO] [stderr]    Compiling h2 v0.3.26
[INFO] [stderr]    Compiling rustc_version v0.4.1
[INFO] [stderr]    Compiling parking_lot v0.12.3
[INFO] [stderr]    Compiling uuid v1.11.0
[INFO] [stderr]    Compiling url v2.5.2
[INFO] [stderr]    Compiling debugid v0.8.0
[INFO] [stderr]    Compiling regex-automata v0.4.8
[INFO] [stderr]    Compiling trackable_derive v1.0.0
[INFO] [stderr]    Compiling sentry-types v0.26.0
[INFO] [stderr]    Compiling http-body v0.4.6
[INFO] [stderr]    Compiling cmake v0.1.51
[INFO] [stderr]    Compiling thread_local v1.1.8
[INFO] [stderr]    Compiling indexmap v1.9.3
[INFO] [stderr]    Compiling openssl v0.10.68
[INFO] [stderr]    Compiling match_cfg v0.1.0
[INFO] [stderr]    Compiling foreign-types-shared v0.1.1
[INFO] [stderr]    Compiling zstd-safe v7.2.1
[INFO] [stderr]    Compiling httpdate v1.0.3
[INFO] [stderr]    Compiling tower-service v0.3.3
[INFO] [stderr]    Compiling hyper v0.14.31
[INFO] [stderr]    Compiling foreign-types v0.3.2
[INFO] [stderr]    Compiling hostname v0.3.1
[INFO] [stderr]    Compiling libz-ng-sys v1.1.20
[INFO] [stderr]    Compiling trackable v1.3.0
[INFO] [stderr]    Compiling tokio-rustls v0.24.1
[INFO] [stderr]    Compiling sentry-contexts v0.26.0
[INFO] [stderr]    Compiling futures-executor v0.3.31
[INFO] [stderr]    Compiling sentry-core v0.26.0
[INFO] [stderr]    Compiling regex v1.11.1
[INFO] [stderr]    Compiling openssl-macros v0.1.1
[INFO] [stderr]    Compiling http v1.1.0
[INFO] [stderr]    Compiling memoffset v0.6.5
[INFO] [stderr]    Compiling bitflags v2.6.0
[INFO] [stderr]    Compiling rustversion v1.0.18
[INFO] [stderr]    Compiling hashbrown v0.12.3
[INFO] [stderr]    Compiling paste v1.0.15
[INFO] [stderr]    Compiling tokio-openssl v0.6.5
[INFO] [stderr]    Compiling base64 v0.21.7
[INFO] [stderr]    Compiling protobuf v2.28.0
[INFO] [stderr]    Compiling heck v0.5.0
[INFO] [stderr]    Compiling rust_decimal v1.36.0
[INFO] [stderr]    Compiling mime v0.3.17
[INFO] [stderr]    Compiling unicase v2.8.0
[INFO] [stderr]    Compiling arrayvec v0.7.6
[INFO] [stderr]    Compiling rustls-pemfile v1.0.4
[INFO] [stderr]    Compiling hyper-rustls v0.24.2
[INFO] [stderr]    Compiling sentry-backtrace v0.26.0
[INFO] [stderr]    Compiling futures v0.3.31
[INFO] [stderr]    Compiling trackable v0.2.24
[INFO] [stderr]    Compiling serde_urlencoded v0.7.1
[INFO] [stderr]    Compiling async-stream-impl v0.3.6
[INFO] [stderr]    Compiling uname v0.1.1
[INFO] [stderr]    Compiling ahash v0.8.11
[INFO] [stderr]    Compiling encoding_rs v0.8.35
[INFO] [stderr]    Compiling os_str_bytes v6.6.1
[INFO] [stderr]    Compiling linked-hash-map v0.5.6
[INFO] [stderr]    Compiling sync_wrapper v0.1.2
[INFO] [stderr]    Compiling prometheus v0.13.4
[INFO] [stderr]    Compiling webpki-roots v0.25.4
[INFO] [stderr]    Compiling pingora-error v0.3.0
[INFO] [stderr]    Compiling heck v0.4.1
[INFO] [stderr]    Compiling ipnet v2.10.1
[INFO] [stderr]    Compiling pingora-http v0.3.0
[INFO] [stderr]    Compiling clap_derive v3.2.25
[INFO] [stderr]    Compiling yaml-rust v0.4.5
[INFO] [stderr]    Compiling reqwest v0.11.27
[INFO] [stderr]    Compiling async-stream v0.3.6
[INFO] [stderr]    Compiling clap_lex v0.2.4
[INFO] [stderr]    Compiling sentry-panic v0.26.0
[INFO] [stderr]    Compiling pingora-timeout v0.3.0
[INFO] [stderr]    Compiling brotli-decompressor v2.5.1
[INFO] [stderr]    Compiling crypto-common v0.1.6
[INFO] [stderr]    Compiling block-buffer v0.10.4
[INFO] [stderr]    Compiling crossbeam-queue v0.3.11
[INFO] [stderr]    Compiling crossbeam-channel v0.5.13
[INFO] [stderr]    Compiling tokio-stream v0.1.16
[INFO] [stderr]    Compiling lru v0.12.5
[INFO] [stderr]    Compiling atty v0.2.14
[INFO] [stderr]    Compiling crc32fast v1.4.2
[INFO] [stderr]    Compiling termcolor v1.4.1
[INFO] [stderr]    Compiling strsim v0.10.0
[INFO] [stderr]    Compiling atomic-waker v1.1.2
[INFO] [stderr]    Compiling subtle v2.6.1
[INFO] [stderr]    Compiling textwrap v0.16.1
[INFO] [stderr]    Compiling data-encoding v2.6.0
[INFO] [stderr]    Compiling digest v0.10.7
[INFO] [stderr]    Compiling clap v3.2.25
[INFO] [stderr]    Compiling sfv v0.9.4
[INFO] [stderr]    Compiling h2 v0.4.6
[INFO] [stderr]    Compiling zstd v0.13.2
[INFO] [stderr]    Compiling pingora-pool v0.3.0
[INFO] [stderr]    Compiling brotli v3.5.0
[INFO] [stderr]    Compiling tokio-test v0.4.4
[INFO] [stderr]    Compiling rustracing v0.5.1
[INFO] [stderr]    Compiling rmp v0.8.14
[INFO] [stderr]    Compiling strum_macros v0.26.4
[INFO] [stderr]    Compiling nix v0.24.3
[INFO] [stderr]    Compiling sentry v0.26.0
[INFO] [stderr]    Compiling serde_yaml v0.8.26
[INFO] [stderr]    Compiling thrift_codec v0.1.1
[INFO] [stderr]    Compiling pingora-runtime v0.3.0
[INFO] [stderr]    Compiling chrono v0.4.38
[INFO] [stderr]    Compiling async-trait v0.1.83
[INFO] [stderr]    Compiling daemonize v0.5.0
[INFO] [stderr]    Compiling openssl-probe v0.1.5
[INFO] [stderr]    Compiling strum v0.26.3
[INFO] [stderr]    Compiling utf8parse v0.2.2
[INFO] [stderr]    Compiling anstyle-parse v0.2.6
[INFO] [stderr]    Compiling rustracing_jaeger v0.7.0
[INFO] [stderr]    Compiling rmp-serde v1.3.0
[INFO] [stderr]    Compiling pingora-header-serde v0.3.0
[INFO] [stderr]    Compiling blake2 v0.10.6
[INFO] [stderr]    Compiling pingora-lru v0.3.0
[INFO] [stderr]    Compiling anstyle v1.0.10
[INFO] [stderr]    Compiling colorchoice v1.0.3
[INFO] [stderr]    Compiling anstyle-query v1.1.2
[INFO] [stderr]    Compiling is_terminal_polyfill v1.70.1
[INFO] [stderr]    Compiling mime_guess v2.0.5
[INFO] [stderr]    Compiling strsim v0.11.1
[INFO] [stderr]    Compiling anstream v0.6.17
[INFO] [stderr]    Compiling clap_lex v0.7.2
[INFO] [stderr]    Compiling clap_derive v4.5.18
[INFO] [stderr]    Compiling clap_builder v4.5.20
[INFO] [stderr]    Compiling maud_macros v0.26.0
[INFO] [stderr]    Compiling maud v0.26.0
[INFO] [stderr]    Compiling flate2 v1.0.34
[INFO] [stderr]    Compiling clap v4.5.20
[INFO] [stderr]    Compiling pingora-openssl v0.3.0
[INFO] [stderr]    Compiling pingora-core v0.3.0
[INFO] [stderr]    Compiling pingora-cache v0.3.0
[INFO] [stderr]    Compiling pingora-proxy v0.3.0
[INFO] [stderr]    Compiling pingora v0.3.0
[INFO] [stderr]    Compiling resource-proxy-pingora v0.1.1 (/opt/rustwide/workdir)
[INFO] [stdout] warning: unused import: `DeserializeMap`
[INFO] [stdout]   --> src/configuration.rs:20:26
[INFO] [stdout]    |
[INFO] [stdout] 20 | use crate::deserialize::{DeserializeMap, OneOrMany};
[INFO] [stdout]    |                          ^^^^^^^^^^^^^^
[INFO] [stdout]    |
[INFO] [stdout]    = note: `#[warn(unused_imports)]` on by default
[INFO] [stdout] 
[INFO] [stdout] 
[INFO] [stdout] warning: unused import: `crate::request_filter::RequestFilter`
[INFO] [stdout]   --> src/range.rs:19:5
[INFO] [stdout]    |
[INFO] [stdout] 19 | use crate::request_filter::RequestFilter;
[INFO] [stdout]    |     ^^^^^^^^^^^^^^^^^^^^^^^^^^^^^^^^^^^^
[INFO] [stdout] 
[INFO] [stdout] 
[INFO] [stdout] warning: unused imports: `error`, `info`, and `trace`
[INFO] [stdout]  --> src/request_filter.rs:3:11
[INFO] [stdout]   |
[INFO] [stdout] 3 | use log::{error, info, trace};
[INFO] [stdout]   |           ^^^^^  ^^^^  ^^^^^
[INFO] [stdout] 
[INFO] [stdout] 
[INFO] [stdout] warning: unused import: `ErrorType`
[INFO] [stdout]  --> src/request_filter.rs:4:22
[INFO] [stdout]   |
[INFO] [stdout] 4 | use pingora::{Error, ErrorType};
[INFO] [stdout]   |                      ^^^^^^^^^
[INFO] [stdout] 
[INFO] [stdout] 
[INFO] [stdout] warning: unused import: `std::fs::File`
[INFO] [stdout]   --> src/request_filter.rs:11:5
[INFO] [stdout]    |
[INFO] [stdout] 11 | use std::fs::File;
[INFO] [stdout]    |     ^^^^^^^^^^^^^
[INFO] [stdout] 
[INFO] [stdout] 
[INFO] [stdout] warning: unused import: `std::io::BufReader`
[INFO] [stdout]   --> src/request_filter.rs:12:5
[INFO] [stdout]    |
[INFO] [stdout] 12 | use std::io::BufReader;
[INFO] [stdout]    |     ^^^^^^^^^^^^^^^^^^
[INFO] [stdout] 
[INFO] [stdout] 
[INFO] [stdout] warning: unused import: `std::path::Path`
[INFO] [stdout]   --> src/request_filter.rs:13:5
[INFO] [stdout]    |
[INFO] [stdout] 13 | use std::path::Path;
[INFO] [stdout]    |     ^^^^^^^^^^^^^^^
[INFO] [stdout] 
[INFO] [stdout] 
[INFO] [stdout] warning: unused import: `clap`
[INFO] [stdout]   --> src/request_filter.rs:22:9
[INFO] [stdout]    |
[INFO] [stdout] 22 | pub use clap;
[INFO] [stdout]    |         ^^^^
[INFO] [stdout] 
[INFO] [stdout] 
[INFO] [stdout] warning: unused import: `serde_yaml`
[INFO] [stdout]   --> src/request_filter.rs:27:9
[INFO] [stdout]    |
[INFO] [stdout] 27 | pub use serde_yaml;
[INFO] [stdout]    |         ^^^^^^^^^^
[INFO] [stdout] 
[INFO] [stdout] 
[INFO] [stdout] warning: unused import: `de::DeserializeSeed`
[INFO] [stdout]  --> src/request_filter.rs:9:13
[INFO] [stdout]   |
[INFO] [stdout] 9 | use serde::{de::DeserializeSeed, Deserialize};
[INFO] [stdout]   |             ^^^^^^^^^^^^^^^^^^^
[INFO] [stdout] 
[INFO] [stdout] 
[INFO] [stdout] warning: function `redirect_response_with_cookie` is never used
[INFO] [stdout]   --> src/standard_response.rs:82:14
[INFO] [stdout]    |
[INFO] [stdout] 82 | pub async fn redirect_response_with_cookie(
[INFO] [stdout]    |              ^^^^^^^^^^^^^^^^^^^^^^^^^^^^^
[INFO] [stdout]    |
[INFO] [stdout]    = note: `#[warn(dead_code)]` on by default
[INFO] [stdout] 
[INFO] [stdout] 
[INFO] [stdout] warning: method `visitor` is never used
[INFO] [stdout]   --> src/deserialize.rs:13:8
[INFO] [stdout]    |
[INFO] [stdout] 8  | pub trait DeserializeMap<'de>: Deserialize<'de> {
[INFO] [stdout]    |           -------------- method in this trait
[INFO] [stdout] ...
[INFO] [stdout] 13 |     fn visitor(self) -> Self::Visitor;
[INFO] [stdout]    |        ^^^^^^^
[INFO] [stdout] 
[INFO] [stdout] 
[INFO] [stdout] warning: associated items `accepts_field`, `list_fields`, `visit_field`, and `finalize` are never used
[INFO] [stdout]   --> src/deserialize.rs:22:8
[INFO] [stdout]    |
[INFO] [stdout] 17 | pub trait MapVisitor<'de> {
[INFO] [stdout]    |           ---------- associated items in this trait
[INFO] [stdout] ...
[INFO] [stdout] 22 |     fn accepts_field(field: &str) -> bool;
[INFO] [stdout]    |        ^^^^^^^^^^^^^
[INFO] [stdout] ...
[INFO] [stdout] 25 |     fn list_fields(list: &mut Vec<&'static str>);
[INFO] [stdout]    |        ^^^^^^^^^^^
[INFO] [stdout] ...
[INFO] [stdout] 28 |     fn visit_field<D>(self, field: &str, deserializer: D) -> Result<Self, D::Error>
[INFO] [stdout]    |        ^^^^^^^^^^^
[INFO] [stdout] ...
[INFO] [stdout] 34 |     fn finalize<E>(self) -> Result<Self::Value, E>
[INFO] [stdout]    |        ^^^^^^^^
[INFO] [stdout] 
[INFO] [stdout] 
[INFO] [stdout] warning: method `deserialize_merge` is never used
[INFO] [stdout]    --> src/deserialize.rs:304:12
[INFO] [stdout]     |
[INFO] [stdout] 303 |     pub trait DeserializeMerge<'de, T> {
[INFO] [stdout]     |               ---------------- method in this trait
[INFO] [stdout] 304 |         fn deserialize_merge<D>(&self, initial: T, deserializer: D) -> Result<T, D::Error>
[INFO] [stdout]     |            ^^^^^^^^^^^^^^^^^
[INFO] [stdout] 
[INFO] [stdout] 
[INFO] [stderr]     Finished `dev` profile [unoptimized + debuginfo] target(s) in 2m 02s
[INFO] running `Command { std: "docker" "inspect" "9b932dd277472f1c6f3c255459fc36c4dfc2746c3f049ad3c7bede90490523e9", kill_on_drop: false }`
[INFO] running `Command { std: "docker" "rm" "-f" "9b932dd277472f1c6f3c255459fc36c4dfc2746c3f049ad3c7bede90490523e9", kill_on_drop: false }`
[INFO] [stdout] 9b932dd277472f1c6f3c255459fc36c4dfc2746c3f049ad3c7bede90490523e9
[INFO] running `Command { std: "docker" "create" "-v" "/var/lib/crater-agent-workspace/builds/worker-5-tc2/target:/opt/rustwide/target:rw,Z" "-v" "/var/lib/crater-agent-workspace/builds/worker-5-tc2/source:/opt/rustwide/workdir:ro,Z" "-v" "/var/lib/crater-agent-workspace/cargo-home:/opt/rustwide/cargo-home:ro,Z" "-v" "/var/lib/crater-agent-workspace/rustup-home:/opt/rustwide/rustup-home:ro,Z" "-e" "SOURCE_DIR=/opt/rustwide/workdir" "-e" "CARGO_TARGET_DIR=/opt/rustwide/target" "-e" "CARGO_INCREMENTAL=0" "-e" "RUST_BACKTRACE=full" "-e" "RUSTFLAGS=--cap-lints=forbid -Zrandomize-layout" "-e" "RUSTDOCFLAGS=--cap-lints=forbid" "-e" "CARGO_HOME=/opt/rustwide/cargo-home" "-e" "RUSTUP_HOME=/opt/rustwide/rustup-home" "-w" "/opt/rustwide/workdir" "-m" "1610612736" "--user" "0:0" "--network" "none" "ghcr.io/rust-lang/crates-build-env/linux@sha256:4a844ea9eb2546a2d2c7022eacef16ef2e8229c7fbb2c7d4d55a9ceca922f72d" "/opt/rustwide/cargo-home/bin/cargo" "+nightly-2024-10-28" "test" "--frozen" "--no-run" "--message-format=json", kill_on_drop: false }`
[INFO] [stdout] fb6dad07a79d0de0f9089406edcb179327dce571009a39e611fd185acceb0c74
[INFO] running `Command { std: "docker" "start" "-a" "fb6dad07a79d0de0f9089406edcb179327dce571009a39e611fd185acceb0c74", kill_on_drop: false }`
[INFO] [stderr]    Compiling log v0.4.22
[INFO] [stderr]    Compiling unicode-xid v0.2.6
[INFO] [stderr]    Compiling test-log-macros v0.2.16
[INFO] [stderr]    Compiling humantime v2.1.0
[INFO] [stderr]    Compiling const_format_proc_macros v0.2.33
[INFO] [stderr]    Compiling rustls v0.21.12
[INFO] [stderr]    Compiling pingora-pool v0.3.0
[INFO] [stderr]    Compiling env_filter v0.1.2
[INFO] [stderr]    Compiling env_logger v0.9.3
[INFO] [stderr]    Compiling env_logger v0.11.5
[INFO] [stderr]    Compiling test-log v0.2.16
[INFO] [stderr]    Compiling const_format v0.2.33
[INFO] [stderr]    Compiling tokio-rustls v0.24.1
[INFO] [stderr]    Compiling hyper-rustls v0.24.2
[INFO] [stderr]    Compiling reqwest v0.11.27
[INFO] [stderr]    Compiling sentry v0.26.0
[INFO] [stderr]    Compiling pingora-core v0.3.0
[INFO] [stderr]    Compiling pingora-cache v0.3.0
[INFO] [stderr]    Compiling pingora-proxy v0.3.0
[INFO] [stderr]    Compiling pingora v0.3.0
[INFO] [stderr]    Compiling resource-proxy-pingora v0.1.1 (/opt/rustwide/workdir)
[INFO] [stdout] warning: unused import: `DeserializeMap`
[INFO] [stdout]   --> src/configuration.rs:20:26
[INFO] [stdout]    |
[INFO] [stdout] 20 | use crate::deserialize::{DeserializeMap, OneOrMany};
[INFO] [stdout]    |                          ^^^^^^^^^^^^^^
[INFO] [stdout]    |
[INFO] [stdout]    = note: `#[warn(unused_imports)]` on by default
[INFO] [stdout] 
[INFO] [stdout] 
[INFO] [stdout] warning: unused import: `crate::request_filter::RequestFilter`
[INFO] [stdout]   --> src/range.rs:19:5
[INFO] [stdout]    |
[INFO] [stdout] 19 | use crate::request_filter::RequestFilter;
[INFO] [stdout]    |     ^^^^^^^^^^^^^^^^^^^^^^^^^^^^^^^^^^^^
[INFO] [stdout] 
[INFO] [stdout] 
[INFO] [stdout] warning: unused imports: `error`, `info`, and `trace`
[INFO] [stdout]  --> src/request_filter.rs:3:11
[INFO] [stdout]   |
[INFO] [stdout] 3 | use log::{error, info, trace};
[INFO] [stdout]   |           ^^^^^  ^^^^  ^^^^^
[INFO] [stdout] 
[INFO] [stdout] 
[INFO] [stdout] warning: unused import: `ErrorType`
[INFO] [stdout]  --> src/request_filter.rs:4:22
[INFO] [stdout]   |
[INFO] [stdout] 4 | use pingora::{Error, ErrorType};
[INFO] [stdout]   |                      ^^^^^^^^^
[INFO] [stdout] 
[INFO] [stdout] 
[INFO] [stdout] warning: unused import: `std::fs::File`
[INFO] [stdout]   --> src/request_filter.rs:11:5
[INFO] [stdout]    |
[INFO] [stdout] 11 | use std::fs::File;
[INFO] [stdout]    |     ^^^^^^^^^^^^^
[INFO] [stdout] 
[INFO] [stdout] 
[INFO] [stdout] warning: unused import: `std::io::BufReader`
[INFO] [stdout]   --> src/request_filter.rs:12:5
[INFO] [stdout]    |
[INFO] [stdout] 12 | use std::io::BufReader;
[INFO] [stdout]    |     ^^^^^^^^^^^^^^^^^^
[INFO] [stdout] 
[INFO] [stdout] 
[INFO] [stdout] warning: unused import: `std::path::Path`
[INFO] [stdout]   --> src/request_filter.rs:13:5
[INFO] [stdout]    |
[INFO] [stdout] 13 | use std::path::Path;
[INFO] [stdout]    |     ^^^^^^^^^^^^^^^
[INFO] [stdout] 
[INFO] [stdout] 
[INFO] [stdout] warning: unused import: `clap`
[INFO] [stdout]   --> src/request_filter.rs:22:9
[INFO] [stdout]    |
[INFO] [stdout] 22 | pub use clap;
[INFO] [stdout]    |         ^^^^
[INFO] [stdout] 
[INFO] [stdout] 
[INFO] [stdout] warning: unused import: `serde_yaml`
[INFO] [stdout]   --> src/request_filter.rs:27:9
[INFO] [stdout]    |
[INFO] [stdout] 27 | pub use serde_yaml;
[INFO] [stdout]    |         ^^^^^^^^^^
[INFO] [stdout] 
[INFO] [stdout] 
[INFO] [stdout] warning: unused import: `de::DeserializeSeed`
[INFO] [stdout]  --> src/request_filter.rs:9:13
[INFO] [stdout]   |
[INFO] [stdout] 9 | use serde::{de::DeserializeSeed, Deserialize};
[INFO] [stdout]   |             ^^^^^^^^^^^^^^^^^^^
[INFO] [stdout] 
[INFO] [stdout] 
[INFO] [stdout] warning: function `redirect_response_with_cookie` is never used
[INFO] [stdout]   --> src/standard_response.rs:82:14
[INFO] [stdout]    |
[INFO] [stdout] 82 | pub async fn redirect_response_with_cookie(
[INFO] [stdout]    |              ^^^^^^^^^^^^^^^^^^^^^^^^^^^^^
[INFO] [stdout]    |
[INFO] [stdout]    = note: `#[warn(dead_code)]` on by default
[INFO] [stdout] 
[INFO] [stdout] 
[INFO] [stdout] warning: method `visitor` is never used
[INFO] [stdout]   --> src/deserialize.rs:13:8
[INFO] [stdout]    |
[INFO] [stdout] 8  | pub trait DeserializeMap<'de>: Deserialize<'de> {
[INFO] [stdout]    |           -------------- method in this trait
[INFO] [stdout] ...
[INFO] [stdout] 13 |     fn visitor(self) -> Self::Visitor;
[INFO] [stdout]    |        ^^^^^^^
[INFO] [stdout] 
[INFO] [stdout] 
[INFO] [stdout] warning: associated items `accepts_field`, `list_fields`, `visit_field`, and `finalize` are never used
[INFO] [stdout]   --> src/deserialize.rs:22:8
[INFO] [stdout]    |
[INFO] [stdout] 17 | pub trait MapVisitor<'de> {
[INFO] [stdout]    |           ---------- associated items in this trait
[INFO] [stdout] ...
[INFO] [stdout] 22 |     fn accepts_field(field: &str) -> bool;
[INFO] [stdout]    |        ^^^^^^^^^^^^^
[INFO] [stdout] ...
[INFO] [stdout] 25 |     fn list_fields(list: &mut Vec<&'static str>);
[INFO] [stdout]    |        ^^^^^^^^^^^
[INFO] [stdout] ...
[INFO] [stdout] 28 |     fn visit_field<D>(self, field: &str, deserializer: D) -> Result<Self, D::Error>
[INFO] [stdout]    |        ^^^^^^^^^^^
[INFO] [stdout] ...
[INFO] [stdout] 34 |     fn finalize<E>(self) -> Result<Self::Value, E>
[INFO] [stdout]    |        ^^^^^^^^
[INFO] [stdout] 
[INFO] [stdout] 
[INFO] [stdout] warning: method `deserialize_merge` is never used
[INFO] [stdout]    --> src/deserialize.rs:304:12
[INFO] [stdout]     |
[INFO] [stdout] 303 |     pub trait DeserializeMerge<'de, T> {
[INFO] [stdout]     |               ---------------- method in this trait
[INFO] [stdout] 304 |         fn deserialize_merge<D>(&self, initial: T, deserializer: D) -> Result<T, D::Error>
[INFO] [stdout]     |            ^^^^^^^^^^^^^^^^^
[INFO] [stdout] 
[INFO] [stdout] 
[INFO] [stdout] error[E0433]: failed to resolve: use of undeclared crate or module `pandora_module_utils`
[INFO] [stdout]   --> src/tests.rs:21:5
[INFO] [stdout]    |
[INFO] [stdout] 21 | use pandora_module_utils::pingora::{
[INFO] [stdout]    |     ^^^^^^^^^^^^^^^^^^^^ use of undeclared crate or module `pandora_module_utils`
[INFO] [stdout] 
[INFO] [stdout] 
[INFO] [stdout] error[E0433]: failed to resolve: use of undeclared crate or module `pandora_module_utils`
[INFO] [stdout]   --> src/tests.rs:24:5
[INFO] [stdout]    |
[INFO] [stdout] 24 | use pandora_module_utils::standard_response::response_text;
[INFO] [stdout]    |     ^^^^^^^^^^^^^^^^^^^^ use of undeclared crate or module `pandora_module_utils`
[INFO] [stdout] 
[INFO] [stdout] 
[INFO] [stdout] error[E0432]: unresolved import `compression_module`
[INFO] [stdout]   --> src/tests.rs:18:5
[INFO] [stdout]    |
[INFO] [stdout] 18 | use compression_module::CompressionHandler;
[INFO] [stdout]    |     ^^^^^^^^^^^^^^^^^^ use of undeclared crate or module `compression_module`
[INFO] [stdout] 
[INFO] [stdout] 
[INFO] [stdout] error[E0432]: unresolved import `pandora_module_utils`
[INFO] [stdout]   --> src/tests.rs:25:5
[INFO] [stdout]    |
[INFO] [stdout] 25 | use pandora_module_utils::{FromYaml, RequestFilter};
[INFO] [stdout]    |     ^^^^^^^^^^^^^^^^^^^^ use of undeclared crate or module `pandora_module_utils`
[INFO] [stdout] 
[INFO] [stdout] 
[INFO] [stdout] error[E0432]: unresolved import `rewrite_module`
[INFO] [stdout]   --> src/tests.rs:26:5
[INFO] [stdout]    |
[INFO] [stdout] 26 | use rewrite_module::RewriteHandler;
[INFO] [stdout]    |     ^^^^^^^^^^^^^^ use of undeclared crate or module `rewrite_module`
[INFO] [stdout] 
[INFO] [stdout] 
[INFO] [stdout] error[E0432]: unresolved import `startup_module`
[INFO] [stdout]   --> src/tests.rs:27:5
[INFO] [stdout]    |
[INFO] [stdout] 27 | use startup_module::{AppResult, DefaultApp};
[INFO] [stdout]    |     ^^^^^^^^^^^^^^ use of undeclared crate or module `startup_module`
[INFO] [stdout] 
[INFO] [stdout] 
[INFO] [stdout] warning: unused import: `DeserializeMap`
[INFO] [stdout]   --> src/configuration.rs:20:26
[INFO] [stdout]    |
[INFO] [stdout] 20 | use crate::deserialize::{DeserializeMap, OneOrMany};
[INFO] [stdout]    |                          ^^^^^^^^^^^^^^
[INFO] [stdout]    |
[INFO] [stdout]    = note: `#[warn(unused_imports)]` on by default
[INFO] [stdout] 
[INFO] [stdout] 
[INFO] [stdout] warning: unused import: `crate::request_filter::RequestFilter`
[INFO] [stdout]   --> src/range.rs:19:5
[INFO] [stdout]    |
[INFO] [stdout] 19 | use crate::request_filter::RequestFilter;
[INFO] [stdout]    |     ^^^^^^^^^^^^^^^^^^^^^^^^^^^^^^^^^^^^
[INFO] [stdout] 
[INFO] [stdout] 
[INFO] [stdout] warning: unused import: `super::*`
[INFO] [stdout]   --> src/range.rs:98:9
[INFO] [stdout]    |
[INFO] [stdout] 98 |     use super::*;
[INFO] [stdout]    |         ^^^^^^^^
[INFO] [stdout] 
[INFO] [stdout] 
[INFO] [stdout] warning: unused imports: `error`, `info`, and `trace`
[INFO] [stdout]  --> src/request_filter.rs:3:11
[INFO] [stdout]   |
[INFO] [stdout] 3 | use log::{error, info, trace};
[INFO] [stdout]   |           ^^^^^  ^^^^  ^^^^^
[INFO] [stdout] 
[INFO] [stdout] 
[INFO] [stdout] warning: unused import: `ErrorType`
[INFO] [stdout]  --> src/request_filter.rs:4:22
[INFO] [stdout]   |
[INFO] [stdout] 4 | use pingora::{Error, ErrorType};
[INFO] [stdout]   |                      ^^^^^^^^^
[INFO] [stdout] 
[INFO] [stdout] 
[INFO] [stdout] warning: unused import: `de::DeserializeSeed`
[INFO] [stdout]  --> src/request_filter.rs:9:13
[INFO] [stdout]   |
[INFO] [stdout] 9 | use serde::{de::DeserializeSeed, Deserialize};
[INFO] [stdout]   |             ^^^^^^^^^^^^^^^^^^^
[INFO] [stdout] 
[INFO] [stdout] 
[INFO] [stdout] warning: unused import: `std::fs::File`
[INFO] [stdout]   --> src/request_filter.rs:11:5
[INFO] [stdout]    |
[INFO] [stdout] 11 | use std::fs::File;
[INFO] [stdout]    |     ^^^^^^^^^^^^^
[INFO] [stdout] 
[INFO] [stdout] 
[INFO] [stdout] warning: unused import: `std::io::BufReader`
[INFO] [stdout]   --> src/request_filter.rs:12:5
[INFO] [stdout]    |
[INFO] [stdout] 12 | use std::io::BufReader;
[INFO] [stdout]    |     ^^^^^^^^^^^^^^^^^^
[INFO] [stdout] 
[INFO] [stdout] 
[INFO] [stdout] warning: unused import: `std::path::Path`
[INFO] [stdout]   --> src/request_filter.rs:13:5
[INFO] [stdout]    |
[INFO] [stdout] 13 | use std::path::Path;
[INFO] [stdout]    |     ^^^^^^^^^^^^^^^
[INFO] [stdout] 
[INFO] [stdout] 
[INFO] [stdout] warning: unused import: `clap`
[INFO] [stdout]   --> src/request_filter.rs:22:9
[INFO] [stdout]    |
[INFO] [stdout] 22 | pub use clap;
[INFO] [stdout]    |         ^^^^
[INFO] [stdout] 
[INFO] [stdout] 
[INFO] [stdout] warning: unused import: `serde_yaml`
[INFO] [stdout]   --> src/request_filter.rs:27:9
[INFO] [stdout]    |
[INFO] [stdout] 27 | pub use serde_yaml;
[INFO] [stdout]    |         ^^^^^^^^^^
[INFO] [stdout] 
[INFO] [stdout] 
[INFO] [stdout] Some errors have detailed explanations: E0432, E0433.
[INFO] [stdout] 
[INFO] [stdout] For more information about an error, try `rustc --explain E0432`.
[INFO] [stdout] 
[INFO] [stderr] error: could not compile `resource-proxy-pingora` (lib test) due to 6 previous errors; 11 warnings emitted
[INFO] running `Command { std: "docker" "inspect" "fb6dad07a79d0de0f9089406edcb179327dce571009a39e611fd185acceb0c74", kill_on_drop: false }`
[INFO] running `Command { std: "docker" "rm" "-f" "fb6dad07a79d0de0f9089406edcb179327dce571009a39e611fd185acceb0c74", kill_on_drop: false }`
[INFO] [stdout] fb6dad07a79d0de0f9089406edcb179327dce571009a39e611fd185acceb0c74
