[INFO] fetching crate resolvo 0.8.2...
[INFO] testing resolvo-0.8.2 against nightly-2024-10-28 for randomize-layout
[INFO] extracting crate resolvo 0.8.2 into /workspace/builds/worker-1-tc1/source
[INFO] validating manifest of crates.io crate resolvo 0.8.2 on toolchain nightly-2024-10-28
[INFO] running `Command { std: CARGO_HOME="/workspace/cargo-home" RUSTUP_HOME="/workspace/rustup-home" "/workspace/cargo-home/bin/cargo" "+nightly-2024-10-28" "metadata" "--manifest-path" "Cargo.toml" "--no-deps", kill_on_drop: false }`
[INFO] removed /workspace/builds/worker-1-tc1/source/rust-toolchain
[INFO] started tweaking crates.io crate resolvo 0.8.2
[INFO] finished tweaking crates.io crate resolvo 0.8.2
[INFO] tweaked toml for crates.io crate resolvo 0.8.2 written to /workspace/builds/worker-1-tc1/source/Cargo.toml
[INFO] running `Command { std: CARGO_HOME="/workspace/cargo-home" RUSTUP_HOME="/workspace/rustup-home" "/workspace/cargo-home/bin/cargo" "+nightly-2024-10-28" "generate-lockfile" "--manifest-path" "Cargo.toml", kill_on_drop: false }`
[INFO] [stderr]     Updating crates.io index
[INFO] [stderr]      Locking 147 packages to latest compatible versions
[INFO] running `Command { std: CARGO_HOME="/workspace/cargo-home" RUSTUP_HOME="/workspace/rustup-home" "/workspace/cargo-home/bin/cargo" "+nightly-2024-10-28" "fetch" "--manifest-path" "Cargo.toml", kill_on_drop: false }`
[INFO] [stderr]  Downloading crates ...
[INFO] [stderr]   Downloaded elsa v1.10.0
[INFO] running `Command { std: "docker" "create" "-v" "/var/lib/crater-agent-workspace/builds/worker-1-tc1/target:/opt/rustwide/target:rw,Z" "-v" "/var/lib/crater-agent-workspace/builds/worker-1-tc1/source:/opt/rustwide/workdir:ro,Z" "-v" "/var/lib/crater-agent-workspace/cargo-home:/opt/rustwide/cargo-home:ro,Z" "-v" "/var/lib/crater-agent-workspace/rustup-home:/opt/rustwide/rustup-home:ro,Z" "-e" "SOURCE_DIR=/opt/rustwide/workdir" "-e" "CARGO_TARGET_DIR=/opt/rustwide/target" "-e" "CARGO_HOME=/opt/rustwide/cargo-home" "-e" "RUSTUP_HOME=/opt/rustwide/rustup-home" "-w" "/opt/rustwide/workdir" "-m" "1610612736" "--user" "0:0" "--network" "none" "ghcr.io/rust-lang/crates-build-env/linux@sha256:4a844ea9eb2546a2d2c7022eacef16ef2e8229c7fbb2c7d4d55a9ceca922f72d" "/opt/rustwide/cargo-home/bin/cargo" "+nightly-2024-10-28" "metadata" "--no-deps" "--format-version=1", kill_on_drop: false }`
[INFO] [stdout] b65d77ccbff8aeff1a6ed1a8971444ea8f5b5165ff3e31408f68260ccdf7893b
[INFO] running `Command { std: "docker" "start" "-a" "b65d77ccbff8aeff1a6ed1a8971444ea8f5b5165ff3e31408f68260ccdf7893b", kill_on_drop: false }`
[INFO] running `Command { std: "docker" "inspect" "b65d77ccbff8aeff1a6ed1a8971444ea8f5b5165ff3e31408f68260ccdf7893b", kill_on_drop: false }`
[INFO] running `Command { std: "docker" "rm" "-f" "b65d77ccbff8aeff1a6ed1a8971444ea8f5b5165ff3e31408f68260ccdf7893b", kill_on_drop: false }`
[INFO] [stdout] b65d77ccbff8aeff1a6ed1a8971444ea8f5b5165ff3e31408f68260ccdf7893b
[INFO] running `Command { std: "docker" "create" "-v" "/var/lib/crater-agent-workspace/builds/worker-1-tc1/target:/opt/rustwide/target:rw,Z" "-v" "/var/lib/crater-agent-workspace/builds/worker-1-tc1/source:/opt/rustwide/workdir:ro,Z" "-v" "/var/lib/crater-agent-workspace/cargo-home:/opt/rustwide/cargo-home:ro,Z" "-v" "/var/lib/crater-agent-workspace/rustup-home:/opt/rustwide/rustup-home:ro,Z" "-e" "SOURCE_DIR=/opt/rustwide/workdir" "-e" "CARGO_TARGET_DIR=/opt/rustwide/target" "-e" "CARGO_INCREMENTAL=0" "-e" "RUST_BACKTRACE=full" "-e" "RUSTFLAGS=--cap-lints=forbid" "-e" "RUSTDOCFLAGS=--cap-lints=forbid" "-e" "CARGO_HOME=/opt/rustwide/cargo-home" "-e" "RUSTUP_HOME=/opt/rustwide/rustup-home" "-w" "/opt/rustwide/workdir" "-m" "1610612736" "--user" "0:0" "--network" "none" "ghcr.io/rust-lang/crates-build-env/linux@sha256:4a844ea9eb2546a2d2c7022eacef16ef2e8229c7fbb2c7d4d55a9ceca922f72d" "/opt/rustwide/cargo-home/bin/cargo" "+nightly-2024-10-28" "build" "--frozen" "--message-format=json", kill_on_drop: false }`
[INFO] [stdout] e7e497535b652f2c9dc9357ca61e467c5dfbc18ca5782ce597053e5f9d552fb7
[INFO] running `Command { std: "docker" "start" "-a" "e7e497535b652f2c9dc9357ca61e467c5dfbc18ca5782ce597053e5f9d552fb7", kill_on_drop: false }`
[INFO] [stderr]    Compiling proc-macro2 v1.0.89
[INFO] [stderr]    Compiling unicode-ident v1.0.13
[INFO] [stderr]    Compiling libc v0.2.161
[INFO] [stderr]    Compiling pin-project-lite v0.2.15
[INFO] [stderr]    Compiling crossbeam-utils v0.8.20
[INFO] [stderr]    Compiling radium v0.7.0
[INFO] [stderr]    Compiling futures-core v0.3.31
[INFO] [stderr]    Compiling futures-sink v0.3.31
[INFO] [stderr]    Compiling version_check v0.9.5
[INFO] [stderr]    Compiling once_cell v1.20.2
[INFO] [stderr]    Compiling tap v1.0.1
[INFO] [stderr]    Compiling hashbrown v0.15.0
[INFO] [stderr]    Compiling futures-task v0.3.31
[INFO] [stderr]    Compiling pin-utils v0.1.0
[INFO] [stderr]    Compiling cfg-if v1.0.0
[INFO] [stderr]    Compiling equivalent v1.0.1
[INFO] [stderr]    Compiling fixedbitset v0.4.2
[INFO] [stderr]    Compiling futures-io v0.3.31
[INFO] [stderr]    Compiling either v1.13.0
[INFO] [stderr]    Compiling zerocopy v0.7.35
[INFO] [stderr]    Compiling funty v2.0.0
[INFO] [stderr]    Compiling wyz v0.5.1
[INFO] [stderr]    Compiling futures-channel v0.3.31
[INFO] [stderr]    Compiling parking v2.2.1
[INFO] [stderr]    Compiling stable_deref_trait v1.2.0
[INFO] [stderr]    Compiling futures-util v0.3.31
[INFO] [stderr]    Compiling tracing-core v0.1.32
[INFO] [stderr]    Compiling elsa v1.10.0
[INFO] [stderr]    Compiling itertools v0.13.0
[INFO] [stderr]    Compiling ahash v0.8.11
[INFO] [stderr]    Compiling bitvec v1.0.1
[INFO] [stderr]    Compiling concurrent-queue v2.5.0
[INFO] [stderr]    Compiling indexmap v2.6.0
[INFO] [stderr]    Compiling quote v1.0.37
[INFO] [stderr]    Compiling event-listener v5.3.1
[INFO] [stderr]    Compiling syn v2.0.86
[INFO] [stderr]    Compiling getrandom v0.2.15
[INFO] [stderr]    Compiling petgraph v0.6.5
[INFO] [stderr]    Compiling futures v0.3.31
[INFO] [stderr]    Compiling tracing-attributes v0.1.27
[INFO] [stderr]    Compiling tracing v0.1.40
[INFO] [stderr]    Compiling resolvo v0.8.2 (/opt/rustwide/workdir)
[INFO] [stdout] warning: elided lifetime has a name
[INFO] [stdout]   --> src/requirement.rs:38:81
[INFO] [stdout]    |
[INFO] [stdout] 38 |     pub fn display<'i>(&'i self, interner: &'i impl Interner) -> impl Display + '_ {
[INFO] [stdout]    |                    -- lifetime `'i` declared here                               ^^ this elided lifetime gets resolved as `'i`
[INFO] [stdout]    |
[INFO] [stdout]    = note: `#[warn(elided_named_lifetimes)]` on by default
[INFO] [stdout] 
[INFO] [stdout] 
[INFO] [stderr]     Finished `dev` profile [unoptimized + debuginfo] target(s) in 6.88s
[INFO] running `Command { std: "docker" "inspect" "e7e497535b652f2c9dc9357ca61e467c5dfbc18ca5782ce597053e5f9d552fb7", kill_on_drop: false }`
[INFO] running `Command { std: "docker" "rm" "-f" "e7e497535b652f2c9dc9357ca61e467c5dfbc18ca5782ce597053e5f9d552fb7", kill_on_drop: false }`
[INFO] [stdout] e7e497535b652f2c9dc9357ca61e467c5dfbc18ca5782ce597053e5f9d552fb7
[INFO] running `Command { std: "docker" "create" "-v" "/var/lib/crater-agent-workspace/builds/worker-1-tc1/target:/opt/rustwide/target:rw,Z" "-v" "/var/lib/crater-agent-workspace/builds/worker-1-tc1/source:/opt/rustwide/workdir:ro,Z" "-v" "/var/lib/crater-agent-workspace/cargo-home:/opt/rustwide/cargo-home:ro,Z" "-v" "/var/lib/crater-agent-workspace/rustup-home:/opt/rustwide/rustup-home:ro,Z" "-e" "SOURCE_DIR=/opt/rustwide/workdir" "-e" "CARGO_TARGET_DIR=/opt/rustwide/target" "-e" "CARGO_INCREMENTAL=0" "-e" "RUST_BACKTRACE=full" "-e" "RUSTFLAGS=--cap-lints=forbid" "-e" "RUSTDOCFLAGS=--cap-lints=forbid" "-e" "CARGO_HOME=/opt/rustwide/cargo-home" "-e" "RUSTUP_HOME=/opt/rustwide/rustup-home" "-w" "/opt/rustwide/workdir" "-m" "1610612736" "--user" "0:0" "--network" "none" "ghcr.io/rust-lang/crates-build-env/linux@sha256:4a844ea9eb2546a2d2c7022eacef16ef2e8229c7fbb2c7d4d55a9ceca922f72d" "/opt/rustwide/cargo-home/bin/cargo" "+nightly-2024-10-28" "test" "--frozen" "--no-run" "--message-format=json", kill_on_drop: false }`
[INFO] [stdout] 49e1f2b1c1f351f462db6f44c2179724f4df99e16698fd7c50cfce5c572991f0
[INFO] running `Command { std: "docker" "start" "-a" "49e1f2b1c1f351f462db6f44c2179724f4df99e16698fd7c50cfce5c572991f0", kill_on_drop: false }`
[INFO] [stderr]    Compiling libc v0.2.161
[INFO] [stderr]    Compiling byteorder v1.5.0
[INFO] [stderr]    Compiling lazy_static v1.5.0
[INFO] [stderr]    Compiling rustix v0.38.38
[INFO] [stderr]    Compiling regex-syntax v0.8.5
[INFO] [stderr]    Compiling regex-syntax v0.6.29
[INFO] [stderr]    Compiling linux-raw-sys v0.4.14
[INFO] [stderr]    Compiling autocfg v1.4.0
[INFO] [stderr]    Compiling tracing-core v0.1.32
[INFO] [stderr]    Compiling bitflags v2.6.0
[INFO] [stderr]    Compiling libm v0.2.11
[INFO] [stderr]    Compiling overload v0.1.1
[INFO] [stderr]    Compiling fastrand v2.1.1
[INFO] [stderr]    Compiling syn v2.0.86
[INFO] [stderr]    Compiling log v0.4.22
[INFO] [stderr]    Compiling serde v1.0.214
[INFO] [stderr]    Compiling sharded-slab v0.1.7
[INFO] [stderr]    Compiling nu-ansi-term v0.46.0
[INFO] [stderr]    Compiling thread_local v1.1.8
[INFO] [stderr]    Compiling fnv v1.0.7
[INFO] [stderr]    Compiling quick-error v1.2.3
[INFO] [stderr]    Compiling bit-vec v0.6.3
[INFO] [stderr]    Compiling serde_json v1.0.132
[INFO] [stderr]    Compiling smallvec v1.13.2
[INFO] [stderr]    Compiling unarray v0.1.4
[INFO] [stderr]    Compiling memchr v2.7.4
[INFO] [stderr]    Compiling similar v2.6.0
[INFO] [stderr]    Compiling tracing-log v0.2.0
[INFO] [stderr]    Compiling bit-set v0.5.3
[INFO] [stderr]    Compiling num-traits v0.2.19
[INFO] [stderr]    Compiling ryu v1.0.18
[INFO] [stderr]    Compiling linked-hash-map v0.5.6
[INFO] [stderr]    Compiling itoa v1.0.11
[INFO] [stderr]    Compiling tokio v1.41.0
[INFO] [stderr]    Compiling getrandom v0.2.15
[INFO] [stderr]    Compiling wait-timeout v0.2.0
[INFO] [stderr]    Compiling console v0.15.8
[INFO] [stderr]    Compiling rand_core v0.6.4
[INFO] [stderr]    Compiling rand_xorshift v0.3.0
[INFO] [stderr]    Compiling insta v1.41.1
[INFO] [stderr]    Compiling regex-automata v0.1.10
[INFO] [stderr]    Compiling regex-automata v0.4.8
[INFO] [stderr]    Compiling tempfile v3.13.0
[INFO] [stderr]    Compiling rusty-fork v0.3.0
[INFO] [stderr]    Compiling matchers v0.1.0
[INFO] [stderr]    Compiling regex v1.11.1
[INFO] [stderr]    Compiling zerocopy-derive v0.7.35
[INFO] [stderr]    Compiling tracing-attributes v0.1.27
[INFO] [stderr]    Compiling tracing-test-macro v0.2.5
[INFO] [stderr]    Compiling zerocopy v0.7.35
[INFO] [stderr]    Compiling tracing v0.1.40
[INFO] [stderr]    Compiling tracing-subscriber v0.3.18
[INFO] [stderr]    Compiling ppv-lite86 v0.2.20
[INFO] [stderr]    Compiling ahash v0.8.11
[INFO] [stderr]    Compiling resolvo v0.8.2 (/opt/rustwide/workdir)
[INFO] [stderr]    Compiling rand_chacha v0.3.1
[INFO] [stdout] warning: elided lifetime has a name
[INFO] [stdout]   --> src/requirement.rs:38:81
[INFO] [stdout]    |
[INFO] [stdout] 38 |     pub fn display<'i>(&'i self, interner: &'i impl Interner) -> impl Display + '_ {
[INFO] [stdout]    |                    -- lifetime `'i` declared here                               ^^ this elided lifetime gets resolved as `'i`
[INFO] [stdout]    |
[INFO] [stdout]    = note: `#[warn(elided_named_lifetimes)]` on by default
[INFO] [stdout] 
[INFO] [stdout] 
[INFO] [stderr]    Compiling rand v0.8.5
[INFO] [stderr]    Compiling proptest v1.5.0
[INFO] [stderr]    Compiling tracing-test v0.2.5
[INFO] [stdout] warning: elided lifetime has a name
[INFO] [stdout]   --> src/requirement.rs:38:81
[INFO] [stdout]    |
[INFO] [stdout] 38 |     pub fn display<'i>(&'i self, interner: &'i impl Interner) -> impl Display + '_ {
[INFO] [stdout]    |                    -- lifetime `'i` declared here                               ^^ this elided lifetime gets resolved as `'i`
[INFO] [stdout]    |
[INFO] [stdout]    = note: `#[warn(elided_named_lifetimes)]` on by default
[INFO] [stdout] 
[INFO] [stdout] 
[INFO] [stdout] error[E0277]: the trait bound `Runtime: AsyncRuntime` is not satisfied
[INFO] [stdout]    --> tests/solver.rs:591:57
[INFO] [stdout]     |
[INFO] [stdout] 591 |     let mut solver = Solver::new(provider).with_runtime(runtime);
[INFO] [stdout]     |                                            ------------ ^^^^^^^ the trait `AsyncRuntime` is not implemented for `Runtime`
[INFO] [stdout]     |                                            |
[INFO] [stdout]     |                                            required by a bound introduced by this call
[INFO] [stdout]     |
[INFO] [stdout]     = help: the trait `AsyncRuntime` is implemented for `NowOrNeverRuntime`
[INFO] [stdout] note: required by a bound in `Solver::<D, RT>::with_runtime`
[INFO] [stdout]    --> /opt/rustwide/workdir/src/solver/mod.rs:263:30
[INFO] [stdout]     |
[INFO] [stdout] 263 |     pub fn with_runtime<RT2: AsyncRuntime>(self, runtime: RT2) -> Solver<D, RT2> {
[INFO] [stdout]     |                              ^^^^^^^^^^^^ required by this bound in `Solver::<D, RT>::with_runtime`
[INFO] [stdout] 
[INFO] [stdout] 
[INFO] [stdout] error[E0599]: the method `solve` exists for struct `Solver<BundleBoxProvider, Runtime>`, but its trait bounds were not satisfied
[INFO] [stdout]    --> tests/solver.rs:593:18
[INFO] [stdout]     |
[INFO] [stdout] 593 |     match solver.solve(problem) {
[INFO] [stdout]     |                  ^^^^^ method cannot be called on `Solver<BundleBoxProvider, Runtime>` due to unsatisfied trait bounds
[INFO] [stdout]     |
[INFO] [stdout]    ::: /opt/rustwide/cargo-home/registry/src/index.crates.io-6f17d22bba15001f/tokio-1.41.0/src/runtime/runtime.rs:99:1
[INFO] [stdout]     |
[INFO] [stdout] 99  | pub struct Runtime {
[INFO] [stdout]     | ------------------ doesn't satisfy `Runtime: AsyncRuntime`
[INFO] [stdout]     |
[INFO] [stdout]     = note: the following trait bounds were not satisfied:
[INFO] [stdout]             `Runtime: AsyncRuntime`
[INFO] [stdout] 
[INFO] [stdout] 
[INFO] [stdout] error[E0599]: the method `provider` exists for struct `Solver<BundleBoxProvider, Runtime>`, but its trait bounds were not satisfied
[INFO] [stdout]    --> tests/solver.rs:594:55
[INFO] [stdout]     |
[INFO] [stdout] 594 |         Ok(solvables) => transaction_to_string(solver.provider(), &solvables),
[INFO] [stdout]     |                                                       ^^^^^^^^ method cannot be called on `Solver<BundleBoxProvider, Runtime>` due to unsatisfied trait bounds
[INFO] [stdout]     |
[INFO] [stdout]    ::: /opt/rustwide/cargo-home/registry/src/index.crates.io-6f17d22bba15001f/tokio-1.41.0/src/runtime/runtime.rs:99:1
[INFO] [stdout]     |
[INFO] [stdout] 99  | pub struct Runtime {
[INFO] [stdout]     | ------------------ doesn't satisfy `Runtime: AsyncRuntime`
[INFO] [stdout]     |
[INFO] [stdout]     = note: the following trait bounds were not satisfied:
[INFO] [stdout]             `Runtime: AsyncRuntime`
[INFO] [stdout] 
[INFO] [stdout] 
[INFO] [stdout] error[E0277]: the trait bound `Runtime: AsyncRuntime` is not satisfied
[INFO] [stdout]    --> tests/solver.rs:597:40
[INFO] [stdout]     |
[INFO] [stdout] 597 |             let graph = conflict.graph(&solver);
[INFO] [stdout]     |                                  ----- ^^^^^^^ the trait `AsyncRuntime` is not implemented for `Runtime`
[INFO] [stdout]     |                                  |
[INFO] [stdout]     |                                  required by a bound introduced by this call
[INFO] [stdout]     |
[INFO] [stdout]     = help: the trait `AsyncRuntime` is implemented for `NowOrNeverRuntime`
[INFO] [stdout] note: required by a bound in `Conflict::graph`
[INFO] [stdout]    --> /opt/rustwide/workdir/src/conflict.rs:44:45
[INFO] [stdout]     |
[INFO] [stdout] 44  |     pub fn graph<D: DependencyProvider, RT: AsyncRuntime>(
[INFO] [stdout]     |                                             ^^^^^^^^^^^^ required by this bound in `Conflict::graph`
[INFO] [stdout] 
[INFO] [stdout] 
[INFO] [stdout] error[E0599]: the method `provider` exists for struct `Solver<BundleBoxProvider, Runtime>`, but its trait bounds were not satisfied
[INFO] [stdout]    --> tests/solver.rs:601:47
[INFO] [stdout]     |
[INFO] [stdout] 601 |                 .graphviz(&mut output, solver.provider(), true)
[INFO] [stdout]     |                                               ^^^^^^^^ method cannot be called on `Solver<BundleBoxProvider, Runtime>` due to unsatisfied trait bounds
[INFO] [stdout]     |
[INFO] [stdout]    ::: /opt/rustwide/cargo-home/registry/src/index.crates.io-6f17d22bba15001f/tokio-1.41.0/src/runtime/runtime.rs:99:1
[INFO] [stdout]     |
[INFO] [stdout] 99  | pub struct Runtime {
[INFO] [stdout]     | ------------------ doesn't satisfy `Runtime: AsyncRuntime`
[INFO] [stdout]     |
[INFO] [stdout]     = note: the following trait bounds were not satisfied:
[INFO] [stdout]             `Runtime: AsyncRuntime`
[INFO] [stdout] 
[INFO] [stdout] 
[INFO] [stdout] error[E0277]: the trait bound `Runtime: AsyncRuntime` is not satisfied
[INFO] [stdout]    --> tests/solver.rs:606:44
[INFO] [stdout]     |
[INFO] [stdout] 606 |             conflict.display_user_friendly(&solver).to_string()
[INFO] [stdout]     |                      --------------------- ^^^^^^^ the trait `AsyncRuntime` is not implemented for `Runtime`
[INFO] [stdout]     |                      |
[INFO] [stdout]     |                      required by a bound introduced by this call
[INFO] [stdout]     |
[INFO] [stdout]     = help: the trait `AsyncRuntime` is implemented for `NowOrNeverRuntime`
[INFO] [stdout] note: required by a bound in `Conflict::display_user_friendly`
[INFO] [stdout]    --> /opt/rustwide/workdir/src/conflict.rs:164:65
[INFO] [stdout]     |
[INFO] [stdout] 164 |     pub fn display_user_friendly<'a, D: DependencyProvider, RT: AsyncRuntime>(
[INFO] [stdout]     |                                                                 ^^^^^^^^^^^^ required by this bound in `Conflict::display_user_friendly`
[INFO] [stdout] 
[INFO] [stdout] 
[INFO] [stdout] Some errors have detailed explanations: E0277, E0599.
[INFO] [stdout] 
[INFO] [stdout] For more information about an error, try `rustc --explain E0277`.
[INFO] [stdout] 
[INFO] [stderr] error: could not compile `resolvo` (test "solver") due to 6 previous errors
[INFO] [stderr] warning: build failed, waiting for other jobs to finish...
[INFO] running `Command { std: "docker" "inspect" "49e1f2b1c1f351f462db6f44c2179724f4df99e16698fd7c50cfce5c572991f0", kill_on_drop: false }`
[INFO] running `Command { std: "docker" "rm" "-f" "49e1f2b1c1f351f462db6f44c2179724f4df99e16698fd7c50cfce5c572991f0", kill_on_drop: false }`
[INFO] [stdout] 49e1f2b1c1f351f462db6f44c2179724f4df99e16698fd7c50cfce5c572991f0
