[INFO] fetching crate renga-api-rs 0.1.4...
[INFO] testing renga-api-rs-0.1.4 against nightly-2024-10-28+rustflags=-Zrandomize-layout for randomize-layout
[INFO] extracting crate renga-api-rs 0.1.4 into /workspace/builds/worker-7-tc2/source
[INFO] validating manifest of crates.io crate renga-api-rs 0.1.4 on toolchain nightly-2024-10-28
[INFO] running `Command { std: CARGO_HOME="/workspace/cargo-home" RUSTUP_HOME="/workspace/rustup-home" "/workspace/cargo-home/bin/cargo" "+nightly-2024-10-28" "metadata" "--manifest-path" "Cargo.toml" "--no-deps", kill_on_drop: false }`
[INFO] started tweaking crates.io crate renga-api-rs 0.1.4
[INFO] finished tweaking crates.io crate renga-api-rs 0.1.4
[INFO] tweaked toml for crates.io crate renga-api-rs 0.1.4 written to /workspace/builds/worker-7-tc2/source/Cargo.toml
[INFO] running `Command { std: CARGO_HOME="/workspace/cargo-home" RUSTUP_HOME="/workspace/rustup-home" "/workspace/cargo-home/bin/cargo" "+nightly-2024-10-28" "generate-lockfile" "--manifest-path" "Cargo.toml", kill_on_drop: false }`
[INFO] [stderr]     Updating crates.io index
[INFO] [stderr]      Locking 97 packages to latest compatible versions
[INFO] running `Command { std: CARGO_HOME="/workspace/cargo-home" RUSTUP_HOME="/workspace/rustup-home" "/workspace/cargo-home/bin/cargo" "+nightly-2024-10-28" "fetch" "--manifest-path" "Cargo.toml", kill_on_drop: false }`
[INFO] running `Command { std: "docker" "create" "-v" "/var/lib/crater-agent-workspace/builds/worker-7-tc2/target:/opt/rustwide/target:rw,Z" "-v" "/var/lib/crater-agent-workspace/builds/worker-7-tc2/source:/opt/rustwide/workdir:ro,Z" "-v" "/var/lib/crater-agent-workspace/cargo-home:/opt/rustwide/cargo-home:ro,Z" "-v" "/var/lib/crater-agent-workspace/rustup-home:/opt/rustwide/rustup-home:ro,Z" "-e" "SOURCE_DIR=/opt/rustwide/workdir" "-e" "CARGO_TARGET_DIR=/opt/rustwide/target" "-e" "CARGO_HOME=/opt/rustwide/cargo-home" "-e" "RUSTUP_HOME=/opt/rustwide/rustup-home" "-w" "/opt/rustwide/workdir" "-m" "1610612736" "--user" "0:0" "--network" "none" "ghcr.io/rust-lang/crates-build-env/linux@sha256:4a844ea9eb2546a2d2c7022eacef16ef2e8229c7fbb2c7d4d55a9ceca922f72d" "/opt/rustwide/cargo-home/bin/cargo" "+nightly-2024-10-28" "metadata" "--no-deps" "--format-version=1", kill_on_drop: false }`
[INFO] [stdout] ff0495b833c2bf685ed9640df54ee173f47f8870c8f015f0a1175dbaf82d9121
[INFO] running `Command { std: "docker" "start" "-a" "ff0495b833c2bf685ed9640df54ee173f47f8870c8f015f0a1175dbaf82d9121", kill_on_drop: false }`
[INFO] running `Command { std: "docker" "inspect" "ff0495b833c2bf685ed9640df54ee173f47f8870c8f015f0a1175dbaf82d9121", kill_on_drop: false }`
[INFO] running `Command { std: "docker" "rm" "-f" "ff0495b833c2bf685ed9640df54ee173f47f8870c8f015f0a1175dbaf82d9121", kill_on_drop: false }`
[INFO] [stdout] ff0495b833c2bf685ed9640df54ee173f47f8870c8f015f0a1175dbaf82d9121
[INFO] running `Command { std: "docker" "create" "-v" "/var/lib/crater-agent-workspace/builds/worker-7-tc2/target:/opt/rustwide/target:rw,Z" "-v" "/var/lib/crater-agent-workspace/builds/worker-7-tc2/source:/opt/rustwide/workdir:ro,Z" "-v" "/var/lib/crater-agent-workspace/cargo-home:/opt/rustwide/cargo-home:ro,Z" "-v" "/var/lib/crater-agent-workspace/rustup-home:/opt/rustwide/rustup-home:ro,Z" "-e" "SOURCE_DIR=/opt/rustwide/workdir" "-e" "CARGO_TARGET_DIR=/opt/rustwide/target" "-e" "CARGO_INCREMENTAL=0" "-e" "RUST_BACKTRACE=full" "-e" "RUSTFLAGS=--cap-lints=forbid -Zrandomize-layout" "-e" "RUSTDOCFLAGS=--cap-lints=forbid" "-e" "CARGO_HOME=/opt/rustwide/cargo-home" "-e" "RUSTUP_HOME=/opt/rustwide/rustup-home" "-w" "/opt/rustwide/workdir" "-m" "1610612736" "--user" "0:0" "--network" "none" "ghcr.io/rust-lang/crates-build-env/linux@sha256:4a844ea9eb2546a2d2c7022eacef16ef2e8229c7fbb2c7d4d55a9ceca922f72d" "/opt/rustwide/cargo-home/bin/cargo" "+nightly-2024-10-28" "build" "--frozen" "--message-format=json", kill_on_drop: false }`
[INFO] [stdout] 45b1f447a9f00ef5519d5afeec7d1bef5ce936b96b800f2c5838212dfc58bd63
[INFO] running `Command { std: "docker" "start" "-a" "45b1f447a9f00ef5519d5afeec7d1bef5ce936b96b800f2c5838212dfc58bd63", kill_on_drop: false }`
[INFO] [stderr]    Compiling proc-macro2 v1.0.89
[INFO] [stderr]    Compiling winapi-build v0.1.1
[INFO] [stderr]    Compiling libc v0.2.161
[INFO] [stderr]    Compiling shlex v1.3.0
[INFO] [stderr]    Compiling winapi v0.2.8
[INFO] [stderr]    Compiling windows_x86_64_gnu v0.52.6
[INFO] [stderr]    Compiling syn v1.0.109
[INFO] [stderr]    Compiling debug-builders v0.1.0
[INFO] [stderr]    Compiling debugtrace v0.1.0
[INFO] [stderr]    Compiling cfg-if v0.1.10
[INFO] [stderr]    Compiling adler2 v2.0.0
[INFO] [stderr]    Compiling memchr v2.7.4
[INFO] [stderr]    Compiling custom_derive v0.1.7
[INFO] [stderr]    Compiling gimli v0.31.1
[INFO] [stderr]    Compiling failure_derive v0.1.8
[INFO] [stderr]    Compiling unicode-xid v0.2.6
[INFO] [stderr]    Compiling conv v0.3.3
[INFO] [stderr]    Compiling either v0.1.7
[INFO] [stderr]    Compiling bitflags v0.7.0
[INFO] [stderr]    Compiling rustc-demangle v0.1.24
[INFO] [stderr]    Compiling kernel32-sys v0.2.2
[INFO] [stderr]    Compiling dbghelp-sys v0.2.0
[INFO] [stderr]    Compiling miniz_oxide v0.8.0
[INFO] [stderr]    Compiling thiserror v1.0.66
[INFO] [stderr]    Compiling semver v1.0.23
[INFO] [stderr]    Compiling windows-targets v0.52.6
[INFO] [stderr]    Compiling windows-result v0.2.0
[INFO] [stderr]    Compiling cc v1.1.31
[INFO] [stderr]    Compiling windows-strings v0.1.0
[INFO] [stderr]    Compiling object v0.36.5
[INFO] [stderr]    Compiling quote v1.0.37
[INFO] [stderr]    Compiling syn v2.0.86
[INFO] [stderr]    Compiling backtrace-sys v0.1.37
[INFO] [stderr]    Compiling backtrace v0.1.8
[INFO] [stderr]    Compiling addr2line v0.24.2
[INFO] [stderr]    Compiling chomp v0.3.1
[INFO] [stderr]    Compiling synstructure v0.12.6
[INFO] [stderr]    Compiling guid-parser v0.1.0
[INFO] [stderr]    Compiling windows-interface v0.58.0
[INFO] [stderr]    Compiling windows-implement v0.58.0
[INFO] [stderr]    Compiling thiserror-impl v1.0.66
[INFO] [stderr]    Compiling backtrace v0.3.74
[INFO] [stderr]    Compiling failure v0.1.8
[INFO] [stderr]    Compiling windows-core v0.58.0
[INFO] [stderr]    Compiling guid v0.1.0
[INFO] [stderr]    Compiling windows v0.58.0
[INFO] [stderr]    Compiling renga-api-rs v0.1.4 (/opt/rustwide/workdir)
[INFO] [stdout] error[E0433]: failed to resolve: could not find `Win32` in `windows`
[INFO] [stdout]  --> src/native/class_id.rs:8:3
[INFO] [stdout]   |
[INFO] [stdout] 8 |   Win32::System::Com::CLSIDFromProgID
[INFO] [stdout]   |   ^^^^^ could not find `Win32` in `windows`
[INFO] [stdout] 
[INFO] [stdout] 
[INFO] [stdout] error[E0432]: unresolved import `windows::core`
[INFO] [stdout]  --> src/native/class_id.rs:3:3
[INFO] [stdout]   |
[INFO] [stdout] 3 |   core::{
[INFO] [stdout]   |   ^^^^ could not find `core` in `windows`
[INFO] [stdout] 
[INFO] [stdout] 
[INFO] [stdout] error[E0433]: failed to resolve: could not find `Win32` in `windows`
[INFO] [stdout]  --> src/native/dispatch.rs:9:3
[INFO] [stdout]   |
[INFO] [stdout] 9 |   Win32::System::{
[INFO] [stdout]   |   ^^^^^ could not find `Win32` in `windows`
[INFO] [stdout] 
[INFO] [stdout] 
[INFO] [stdout] error[E0432]: unresolved import `windows::core`
[INFO] [stdout]  --> src/native/dispatch.rs:2:3
[INFO] [stdout]   |
[INFO] [stdout] 2 |   core::{
[INFO] [stdout]   |   ^^^^ could not find `core` in `windows`
[INFO] [stdout] 
[INFO] [stdout] 
[INFO] [stdout] error[E0433]: failed to resolve: could not find `Win32` in `windows`
[INFO] [stdout]   --> src/native/variant.rs:10:3
[INFO] [stdout]    |
[INFO] [stdout] 10 |   Win32::System::Com::IDispatch
[INFO] [stdout]    |   ^^^^^ could not find `Win32` in `windows`
[INFO] [stdout] 
[INFO] [stdout] 
[INFO] [stdout] error[E0433]: failed to resolve: could not find `Win32` in `windows`
[INFO] [stdout]  --> src/native/runtime.rs:5:14
[INFO] [stdout]   |
[INFO] [stdout] 5 | use windows::Win32::System::Com::{
[INFO] [stdout]   |              ^^^^^ could not find `Win32` in `windows`
[INFO] [stdout] 
[INFO] [stdout] 
[INFO] [stdout] error[E0432]: unresolved import `windows::core`
[INFO] [stdout]  --> src/native/variant.rs:6:3
[INFO] [stdout]   |
[INFO] [stdout] 6 |   core::{
[INFO] [stdout]   |   ^^^^ could not find `core` in `windows`
[INFO] [stdout] 
[INFO] [stdout] 
[INFO] [stdout] error[E0432]: unresolved import `guid::guid`
[INFO] [stdout]    --> src/api/uuid.rs:6:3
[INFO] [stdout]     |
[INFO] [stdout] 6   |   guid,
[INFO] [stdout]     |   ^^^^ no `guid` in the root
[INFO] [stdout]     |
[INFO] [stdout]     = help: consider importing this crate instead:
[INFO] [stdout]             crate::guid
[INFO] [stdout] note: found an item that was configured out
[INFO] [stdout]    --> /opt/rustwide/cargo-home/registry/src/index.crates.io-6f17d22bba15001f/guid-0.1.0/src/lib.rs:131:14
[INFO] [stdout]     |
[INFO] [stdout] 131 | macro_rules! guid {
[INFO] [stdout]     |              ^^^^
[INFO] [stdout] note: the item is gated here
[INFO] [stdout]    --> /opt/rustwide/cargo-home/registry/src/index.crates.io-6f17d22bba15001f/guid-0.1.0/src/lib.rs:117:1
[INFO] [stdout]     |
[INFO] [stdout] 117 | #[cfg(windows)]
[INFO] [stdout]     | ^^^^^^^^^^^^^^^
[INFO] [stdout] 
[INFO] [stdout] 
[INFO] [stdout] error[E0433]: failed to resolve: could not find `Win32` in `windows`
[INFO] [stdout]   --> src/lib.rs:44:20
[INFO] [stdout]    |
[INFO] [stdout] 44 |   pub use windows::Win32::Foundation::HWND;
[INFO] [stdout]    |                    ^^^^^ could not find `Win32` in `windows`
[INFO] [stdout] 
[INFO] [stdout] 
[INFO] [stdout] error[E0432]: unresolved import `guid::guid`
[INFO] [stdout]    --> src/api/mod.rs:14:3
[INFO] [stdout]     |
[INFO] [stdout] 14  |   guid,
[INFO] [stdout]     |   ^^^^ no `guid` in the root
[INFO] [stdout]     |
[INFO] [stdout]     = help: consider importing this crate instead:
[INFO] [stdout]             crate::guid
[INFO] [stdout] note: found an item that was configured out
[INFO] [stdout]    --> /opt/rustwide/cargo-home/registry/src/index.crates.io-6f17d22bba15001f/guid-0.1.0/src/lib.rs:131:14
[INFO] [stdout]     |
[INFO] [stdout] 131 | macro_rules! guid {
[INFO] [stdout]     |              ^^^^
[INFO] [stdout] note: the item is gated here
[INFO] [stdout]    --> /opt/rustwide/cargo-home/registry/src/index.crates.io-6f17d22bba15001f/guid-0.1.0/src/lib.rs:117:1
[INFO] [stdout]     |
[INFO] [stdout] 117 | #[cfg(windows)]
[INFO] [stdout]     | ^^^^^^^^^^^^^^^
[INFO] [stdout] 
[INFO] [stdout] 
[INFO] [stdout] error[E0433]: failed to resolve: could not find `core` in `windows`
[INFO] [stdout]   --> src/error.rs:40:27
[INFO] [stdout]    |
[INFO] [stdout] 40 |   WinApi(#[from] windows::core::Error),
[INFO] [stdout]    |                           ^^^^ could not find `core` in `windows`
[INFO] [stdout] 
[INFO] [stdout] 
[INFO] [stdout] warning: unused `#[macro_use]` import
[INFO] [stdout]   --> src/lib.rs:21:1
[INFO] [stdout]    |
[INFO] [stdout] 21 | #[macro_use]
[INFO] [stdout]    | ^^^^^^^^^^^^
[INFO] [stdout]    |
[INFO] [stdout]    = note: `#[warn(unused_imports)]` on by default
[INFO] [stdout] 
[INFO] [stdout] 
[INFO] [stdout] error[E0119]: conflicting implementations of trait `TryFrom<&str>` for type `ClassID`
[INFO] [stdout]   --> src/native/class_id.rs:33:1
[INFO] [stdout]    |
[INFO] [stdout] 33 | impl TryFrom<&str> for ClassID {
[INFO] [stdout]    | ^^^^^^^^^^^^^^^^^^^^^^^^^^^^^^
[INFO] [stdout]    |
[INFO] [stdout]    = note: conflicting implementation in crate `core`:
[INFO] [stdout]            - impl<T, U> TryFrom<U> for T
[INFO] [stdout]              where U: Into<T>;
[INFO] [stdout] 
[INFO] [stdout] 
[INFO] [stdout] error[E0119]: conflicting implementations of trait `TryFrom<String>` for type `ClassID`
[INFO] [stdout]   --> src/native/class_id.rs:38:1
[INFO] [stdout]    |
[INFO] [stdout] 38 | impl TryFrom<String> for ClassID {
[INFO] [stdout]    | ^^^^^^^^^^^^^^^^^^^^^^^^^^^^^^^^
[INFO] [stdout]    |
[INFO] [stdout]    = note: conflicting implementation in crate `core`:
[INFO] [stdout]            - impl<T, U> TryFrom<U> for T
[INFO] [stdout]              where U: Into<T>;
[INFO] [stdout] 
[INFO] [stdout] 
[INFO] [stdout] error[E0119]: conflicting implementations of trait `TryFrom<Variant>` for type `Dispatch`
[INFO] [stdout]   --> src/native/dispatch.rs:36:1
[INFO] [stdout]    |
[INFO] [stdout] 36 | impl TryFrom<Variant> for Dispatch {
[INFO] [stdout]    | ^^^^^^^^^^^^^^^^^^^^^^^^^^^^^^^^^^
[INFO] [stdout]    |
[INFO] [stdout]    = note: conflicting implementation in crate `core`:
[INFO] [stdout]            - impl<T, U> TryFrom<U> for T
[INFO] [stdout]              where U: Into<T>;
[INFO] [stdout] 
[INFO] [stdout] 
[INFO] [stdout] error[E0599]: the method `is_empty` exists for struct `Vec<Variant>`, but its trait bounds were not satisfied
[INFO] [stdout]    --> src/native/dispatch.rs:101:16
[INFO] [stdout]     |
[INFO] [stdout] 101 |       if !args.is_empty() {
[INFO] [stdout]     |                ^^^^^^^^ method cannot be called on `Vec<Variant>` due to unsatisfied trait bounds
[INFO] [stdout]     |
[INFO] [stdout]    ::: src/native/variant.rs:15:1
[INFO] [stdout]     |
[INFO] [stdout] 15  | pub struct Variant(VARIANT);
[INFO] [stdout]     | ------------------ doesn't satisfy `Variant: Sized`
[INFO] [stdout]     |
[INFO] [stdout]     = note: the following trait bounds were not satisfied:
[INFO] [stdout]             `{type error}: Sized`
[INFO] [stdout]             which is required by `Variant: Sized`
[INFO] [stdout] 
[INFO] [stdout] 
[INFO] [stdout] error[E0599]: no method named `reverse` found for struct `Vec` in the current scope
[INFO] [stdout]    --> src/native/dispatch.rs:102:14
[INFO] [stdout]     |
[INFO] [stdout] 102 |         args.reverse();
[INFO] [stdout]     |              ^^^^^^^ method not found in `Vec<Variant>`
[INFO] [stdout] 
[INFO] [stdout] 
[INFO] [stdout] error[E0599]: the method `len` exists for struct `Vec<Variant>`, but its trait bounds were not satisfied
[INFO] [stdout]    --> src/native/dispatch.rs:103:25
[INFO] [stdout]     |
[INFO] [stdout] 103 |         dp.cArgs = args.len() as u32;
[INFO] [stdout]     |                         ^^^ private field, not a method
[INFO] [stdout]     |
[INFO] [stdout]    ::: src/native/variant.rs:15:1
[INFO] [stdout]     |
[INFO] [stdout] 15  | pub struct Variant(VARIANT);
[INFO] [stdout]     | ------------------ doesn't satisfy `Variant: Sized`
[INFO] [stdout]     |
[INFO] [stdout]     = note: the following trait bounds were not satisfied:
[INFO] [stdout]             `{type error}: Sized`
[INFO] [stdout]             which is required by `Variant: Sized`
[INFO] [stdout] 
[INFO] [stdout] 
[INFO] [stdout] error[E0599]: the method `as_mut_ptr` exists for struct `Vec<Variant>`, but its trait bounds were not satisfied
[INFO] [stdout]    --> src/native/dispatch.rs:104:26
[INFO] [stdout]     |
[INFO] [stdout] 104 |         dp.rgvarg = args.as_mut_ptr() as *mut VARIANT;
[INFO] [stdout]     |                          ^^^^^^^^^^ method cannot be called on `Vec<Variant>` due to unsatisfied trait bounds
[INFO] [stdout]     |
[INFO] [stdout]    ::: src/native/variant.rs:15:1
[INFO] [stdout]     |
[INFO] [stdout] 15  | pub struct Variant(VARIANT);
[INFO] [stdout]     | ------------------ doesn't satisfy `Variant: Sized`
[INFO] [stdout]     |
[INFO] [stdout]     = note: the following trait bounds were not satisfied:
[INFO] [stdout]             `{type error}: Sized`
[INFO] [stdout]             which is required by `Variant: Sized`
[INFO] [stdout] 
[INFO] [stdout] 
[INFO] [stdout] error[E0277]: `?` couldn't convert the error to `error::Error`
[INFO] [stdout]   --> src/native/variant.rs:44:69
[INFO] [stdout]    |
[INFO] [stdout] 44 |   pub fn as_bool(&self) -> Result<bool> { Ok(bool::try_from(&self.0)?) }
[INFO] [stdout]    |                                                                     ^ the trait `From<Infallible>` is not implemented for `error::Error`, which is required by `std::result::Result<bool, error::Error>: FromResidual<std::result::Result<Infallible, Infallible>>`
[INFO] [stdout]    |
[INFO] [stdout]    = note: the question mark operation (`?`) implicitly performs a conversion on the error value using the `From` trait
[INFO] [stdout]    = help: the trait `FromResidual<std::result::Result<Infallible, E>>` is implemented for `std::result::Result<T, F>`
[INFO] [stdout]    = note: required for `std::result::Result<bool, error::Error>` to implement `FromResidual<std::result::Result<Infallible, Infallible>>`
[INFO] [stdout] 
[INFO] [stdout] 
[INFO] [stdout] error[E0277]: `?` couldn't convert the error to `error::Error`
[INFO] [stdout]   --> src/native/variant.rs:51:66
[INFO] [stdout]    |
[INFO] [stdout] 51 |   pub fn as_f64(&self) -> Result<f64> { Ok(f64::try_from(&self.0)?) }
[INFO] [stdout]    |                                                                  ^ the trait `From<Infallible>` is not implemented for `error::Error`, which is required by `std::result::Result<f64, error::Error>: FromResidual<std::result::Result<Infallible, Infallible>>`
[INFO] [stdout]    |
[INFO] [stdout]    = note: the question mark operation (`?`) implicitly performs a conversion on the error value using the `From` trait
[INFO] [stdout]    = help: the trait `FromResidual<std::result::Result<Infallible, E>>` is implemented for `std::result::Result<T, F>`
[INFO] [stdout]    = note: required for `std::result::Result<f64, error::Error>` to implement `FromResidual<std::result::Result<Infallible, Infallible>>`
[INFO] [stdout] 
[INFO] [stdout] 
[INFO] [stdout] error[E0277]: `?` couldn't convert the error to `error::Error`
[INFO] [stdout]   --> src/native/variant.rs:54:69
[INFO] [stdout]    |
[INFO] [stdout] 54 |   pub fn as_double(&self) -> Result<f64> { Ok(f64::try_from(&self.0)?) }
[INFO] [stdout]    |                                                                     ^ the trait `From<Infallible>` is not implemented for `error::Error`, which is required by `std::result::Result<f64, error::Error>: FromResidual<std::result::Result<Infallible, Infallible>>`
[INFO] [stdout]    |
[INFO] [stdout]    = note: the question mark operation (`?`) implicitly performs a conversion on the error value using the `From` trait
[INFO] [stdout]    = help: the trait `FromResidual<std::result::Result<Infallible, E>>` is implemented for `std::result::Result<T, F>`
[INFO] [stdout]    = note: required for `std::result::Result<f64, error::Error>` to implement `FromResidual<std::result::Result<Infallible, Infallible>>`
[INFO] [stdout] 
[INFO] [stdout] 
[INFO] [stdout] error[E0599]: the method `unwrap` exists for enum `Option<Project>`, but its trait bounds were not satisfied
[INFO] [stdout]    --> src/api/application.rs:163:16
[INFO] [stdout]     |
[INFO] [stdout] 163 |     Ok(project.unwrap())
[INFO] [stdout]     |                ^^^^^^ method cannot be called on `Option<Project>` due to unsatisfied trait bounds
[INFO] [stdout]     |
[INFO] [stdout]    ::: src/api/project.rs:39:1
[INFO] [stdout]     |
[INFO] [stdout] 39  | pub struct Project {
[INFO] [stdout]     | ------------------ doesn't satisfy `Project: Sized`
[INFO] [stdout]     |
[INFO] [stdout]     = note: the following trait bounds were not satisfied:
[INFO] [stdout]             `{type error}: Sized`
[INFO] [stdout]             which is required by `Project: Sized`
[INFO] [stdout] 
[INFO] [stdout] 
[INFO] [stdout] error[E0599]: the method `unwrap` exists for enum `Option<Project>`, but its trait bounds were not satisfied
[INFO] [stdout]    --> src/api/application.rs:187:16
[INFO] [stdout]     |
[INFO] [stdout] 187 |     Ok(project.unwrap())
[INFO] [stdout]     |                ^^^^^^ method cannot be called on `Option<Project>` due to unsatisfied trait bounds
[INFO] [stdout]     |
[INFO] [stdout]    ::: src/api/project.rs:39:1
[INFO] [stdout]     |
[INFO] [stdout] 39  | pub struct Project {
[INFO] [stdout]     | ------------------ doesn't satisfy `Project: Sized`
[INFO] [stdout]     |
[INFO] [stdout]     = note: the following trait bounds were not satisfied:
[INFO] [stdout]             `{type error}: Sized`
[INFO] [stdout]             which is required by `Project: Sized`
[INFO] [stdout] 
[INFO] [stdout] 
[INFO] [stdout] error[E0599]: the method `unwrap_or` exists for enum `Result<Variant, Error>`, but its trait bounds were not satisfied
[INFO] [stdout]    --> src/api/application.rs:210:10
[INFO] [stdout]     |
[INFO] [stdout] 208 |         locale: handle
[INFO] [stdout]     |  _______________-
[INFO] [stdout] 209 | |         .call("GetCurrentLocale", None)
[INFO] [stdout] 210 | |         .unwrap_or("C".to_owned().into())
[INFO] [stdout]     | |         -^^^^^^^^^ method cannot be called on `Result<Variant, Error>` due to unsatisfied trait bounds
[INFO] [stdout]     | |_________|
[INFO] [stdout]     |
[INFO] [stdout]     |
[INFO] [stdout]    ::: src/native/variant.rs:15:1
[INFO] [stdout]     |
[INFO] [stdout] 15  |   pub struct Variant(VARIANT);
[INFO] [stdout]     |   ------------------ doesn't satisfy `Variant: Sized`
[INFO] [stdout]     |
[INFO] [stdout]     = note: the following trait bounds were not satisfied:
[INFO] [stdout]             `{type error}: Sized`
[INFO] [stdout]             which is required by `Variant: Sized`
[INFO] [stdout] 
[INFO] [stdout] 
[INFO] [stdout] error[E0599]: the method `map` exists for enum `Option<Project>`, but its trait bounds were not satisfied
[INFO] [stdout]    --> src/api/application.rs:255:12
[INFO] [stdout]     |
[INFO] [stdout] 254 |           let _ = pr
[INFO] [stdout]     |  _________________-
[INFO] [stdout] 255 | |           .map(|mut p| { let _ = p
[INFO] [stdout]     | |           -^^^ method cannot be called on `Option<Project>` due to unsatisfied trait bounds
[INFO] [stdout]     | |___________|
[INFO] [stdout]     |
[INFO] [stdout]     |
[INFO] [stdout]    ::: src/api/project.rs:39:1
[INFO] [stdout]     |
[INFO] [stdout] 39  |   pub struct Project {
[INFO] [stdout]     |   ------------------ doesn't satisfy `Project: Sized`
[INFO] [stdout]     |
[INFO] [stdout]     = note: the following trait bounds were not satisfied:
[INFO] [stdout]             `{type error}: Sized`
[INFO] [stdout]             which is required by `Project: Sized`
[INFO] [stdout]             `Option<Project>: Iterator`
[INFO] [stdout]             which is required by `&mut Option<Project>: Iterator`
[INFO] [stdout] 
[INFO] [stdout] 
[INFO] [stdout] error[E0271]: type mismatch resolving `<EntityCollection as TryFrom<&Dispatch>>::Error == Error`
[INFO] [stdout]    --> src/api/project.rs:168:8
[INFO] [stdout]     |
[INFO] [stdout] 168 |       .try_into()?)
[INFO] [stdout]     |        ^^^^^^^^ expected `Error`, found `Infallible`
[INFO] [stdout] 
[INFO] [stdout] 
[INFO] [stdout] error[E0277]: the trait bound `EntityCollection: TryFrom<&Dispatch>` is not satisfied
[INFO] [stdout]    --> src/api/project.rs:168:8
[INFO] [stdout]     |
[INFO] [stdout] 168 |       .try_into()?)
[INFO] [stdout]     |        ^^^^^^^^ the trait `From<&Dispatch>` is not implemented for `EntityCollection`, which is required by `&Dispatch: TryInto<_>`
[INFO] [stdout]     |
[INFO] [stdout]     = note: required for `&Dispatch` to implement `Into<EntityCollection>`
[INFO] [stdout]     = note: required for `EntityCollection` to implement `TryFrom<&Dispatch>`
[INFO] [stdout]     = note: required for `&Dispatch` to implement `TryInto<EntityCollection>`
[INFO] [stdout] 
[INFO] [stdout] 
[INFO] [stdout] error[E0271]: type mismatch resolving `<Entity as TryFrom<&Dispatch>>::Error == Error`
[INFO] [stdout]    --> src/api/project.rs:182:8
[INFO] [stdout]     |
[INFO] [stdout] 182 |       .try_into()?;
[INFO] [stdout]     |        ^^^^^^^^ expected `Error`, found `Infallible`
[INFO] [stdout] 
[INFO] [stdout] 
[INFO] [stdout] error[E0277]: the trait bound `Entity: TryFrom<&Dispatch>` is not satisfied
[INFO] [stdout]    --> src/api/project.rs:182:8
[INFO] [stdout]     |
[INFO] [stdout] 182 |       .try_into()?;
[INFO] [stdout]     |        ^^^^^^^^ the trait `From<&Dispatch>` is not implemented for `Entity`, which is required by `&Dispatch: TryInto<_>`
[INFO] [stdout]     |
[INFO] [stdout]     = note: required for `&Dispatch` to implement `Into<Entity>`
[INFO] [stdout]     = note: required for `Entity` to implement `TryFrom<&Dispatch>`
[INFO] [stdout]     = note: required for `&Dispatch` to implement `TryInto<Entity>`
[INFO] [stdout] 
[INFO] [stdout] 
[INFO] [stdout] error[E0271]: type mismatch resolving `<Entity as TryFrom<&Dispatch>>::Error == Error`
[INFO] [stdout]    --> src/api/entity.rs:107:8
[INFO] [stdout]     |
[INFO] [stdout] 107 |       .try_into()
[INFO] [stdout]     |        ^^^^^^^^ expected `Error`, found `Infallible`
[INFO] [stdout] 
[INFO] [stdout] 
[INFO] [stdout] error[E0277]: the trait bound `Entity: TryFrom<&Dispatch>` is not satisfied
[INFO] [stdout]    --> src/api/entity.rs:107:8
[INFO] [stdout]     |
[INFO] [stdout] 107 |       .try_into()
[INFO] [stdout]     |        ^^^^^^^^ the trait `From<&Dispatch>` is not implemented for `Entity`, which is required by `&Dispatch: TryInto<_>`
[INFO] [stdout]     |
[INFO] [stdout]     = note: required for `&Dispatch` to implement `Into<Entity>`
[INFO] [stdout]     = note: required for `Entity` to implement `TryFrom<&Dispatch>`
[INFO] [stdout]     = note: required for `&Dispatch` to implement `TryInto<Entity>`
[INFO] [stdout] 
[INFO] [stdout] 
[INFO] [stdout] Some errors have detailed explanations: E0119, E0271, E0277, E0432, E0433, E0599.
[INFO] [stdout] 
[INFO] [stdout] For more information about an error, try `rustc --explain E0119`.
[INFO] [stdout] 
[INFO] [stderr] error: could not compile `renga-api-rs` (lib) due to 31 previous errors; 1 warning emitted
[INFO] running `Command { std: "docker" "inspect" "45b1f447a9f00ef5519d5afeec7d1bef5ce936b96b800f2c5838212dfc58bd63", kill_on_drop: false }`
[INFO] running `Command { std: "docker" "rm" "-f" "45b1f447a9f00ef5519d5afeec7d1bef5ce936b96b800f2c5838212dfc58bd63", kill_on_drop: false }`
[INFO] [stdout] 45b1f447a9f00ef5519d5afeec7d1bef5ce936b96b800f2c5838212dfc58bd63
