[INFO] fetching crate renderx 0.1.0...
[INFO] testing renderx-0.1.0 against nightly-2024-10-28 for randomize-layout
[INFO] extracting crate renderx 0.1.0 into /workspace/builds/worker-7-tc1/source
[INFO] validating manifest of crates.io crate renderx 0.1.0 on toolchain nightly-2024-10-28
[INFO] running `Command { std: CARGO_HOME="/workspace/cargo-home" RUSTUP_HOME="/workspace/rustup-home" "/workspace/cargo-home/bin/cargo" "+nightly-2024-10-28" "metadata" "--manifest-path" "Cargo.toml" "--no-deps", kill_on_drop: false }`
[INFO] started tweaking crates.io crate renderx 0.1.0
[INFO] finished tweaking crates.io crate renderx 0.1.0
[INFO] tweaked toml for crates.io crate renderx 0.1.0 written to /workspace/builds/worker-7-tc1/source/Cargo.toml
[INFO] crate crates.io crate renderx 0.1.0 already has a lockfile, it will not be regenerated
[INFO] running `Command { std: CARGO_HOME="/workspace/cargo-home" RUSTUP_HOME="/workspace/rustup-home" "/workspace/cargo-home/bin/cargo" "+nightly-2024-10-28" "fetch" "--manifest-path" "Cargo.toml", kill_on_drop: false }`
[INFO] running `Command { std: "docker" "create" "-v" "/var/lib/crater-agent-workspace/builds/worker-7-tc1/target:/opt/rustwide/target:rw,Z" "-v" "/var/lib/crater-agent-workspace/builds/worker-7-tc1/source:/opt/rustwide/workdir:ro,Z" "-v" "/var/lib/crater-agent-workspace/cargo-home:/opt/rustwide/cargo-home:ro,Z" "-v" "/var/lib/crater-agent-workspace/rustup-home:/opt/rustwide/rustup-home:ro,Z" "-e" "SOURCE_DIR=/opt/rustwide/workdir" "-e" "CARGO_TARGET_DIR=/opt/rustwide/target" "-e" "CARGO_HOME=/opt/rustwide/cargo-home" "-e" "RUSTUP_HOME=/opt/rustwide/rustup-home" "-w" "/opt/rustwide/workdir" "-m" "1610612736" "--user" "0:0" "--network" "none" "ghcr.io/rust-lang/crates-build-env/linux@sha256:4a844ea9eb2546a2d2c7022eacef16ef2e8229c7fbb2c7d4d55a9ceca922f72d" "/opt/rustwide/cargo-home/bin/cargo" "+nightly-2024-10-28" "metadata" "--no-deps" "--format-version=1", kill_on_drop: false }`
[INFO] [stdout] 86ca3360b6872cac063888b5847e6917e1ccfc1a464180397a893d7d9a78b496
[INFO] running `Command { std: "docker" "start" "-a" "86ca3360b6872cac063888b5847e6917e1ccfc1a464180397a893d7d9a78b496", kill_on_drop: false }`
[INFO] running `Command { std: "docker" "inspect" "86ca3360b6872cac063888b5847e6917e1ccfc1a464180397a893d7d9a78b496", kill_on_drop: false }`
[INFO] running `Command { std: "docker" "rm" "-f" "86ca3360b6872cac063888b5847e6917e1ccfc1a464180397a893d7d9a78b496", kill_on_drop: false }`
[INFO] [stdout] 86ca3360b6872cac063888b5847e6917e1ccfc1a464180397a893d7d9a78b496
[INFO] running `Command { std: "docker" "create" "-v" "/var/lib/crater-agent-workspace/builds/worker-7-tc1/target:/opt/rustwide/target:rw,Z" "-v" "/var/lib/crater-agent-workspace/builds/worker-7-tc1/source:/opt/rustwide/workdir:ro,Z" "-v" "/var/lib/crater-agent-workspace/cargo-home:/opt/rustwide/cargo-home:ro,Z" "-v" "/var/lib/crater-agent-workspace/rustup-home:/opt/rustwide/rustup-home:ro,Z" "-e" "SOURCE_DIR=/opt/rustwide/workdir" "-e" "CARGO_TARGET_DIR=/opt/rustwide/target" "-e" "CARGO_INCREMENTAL=0" "-e" "RUST_BACKTRACE=full" "-e" "RUSTFLAGS=--cap-lints=forbid" "-e" "RUSTDOCFLAGS=--cap-lints=forbid" "-e" "CARGO_HOME=/opt/rustwide/cargo-home" "-e" "RUSTUP_HOME=/opt/rustwide/rustup-home" "-w" "/opt/rustwide/workdir" "-m" "1610612736" "--user" "0:0" "--network" "none" "ghcr.io/rust-lang/crates-build-env/linux@sha256:4a844ea9eb2546a2d2c7022eacef16ef2e8229c7fbb2c7d4d55a9ceca922f72d" "/opt/rustwide/cargo-home/bin/cargo" "+nightly-2024-10-28" "build" "--frozen" "--message-format=json", kill_on_drop: false }`
[INFO] [stdout] de176a41347131cda84e0a2683f44c28fa5ea6fc8e24155785262b9e70011d21
[INFO] running `Command { std: "docker" "start" "-a" "de176a41347131cda84e0a2683f44c28fa5ea6fc8e24155785262b9e70011d21", kill_on_drop: false }`
[INFO] [stderr]    Compiling renderx v0.1.0 (/opt/rustwide/workdir)
[INFO] [stderr]     Finished `dev` profile [unoptimized + debuginfo] target(s) in 0.05s
[INFO] running `Command { std: "docker" "inspect" "de176a41347131cda84e0a2683f44c28fa5ea6fc8e24155785262b9e70011d21", kill_on_drop: false }`
[INFO] running `Command { std: "docker" "rm" "-f" "de176a41347131cda84e0a2683f44c28fa5ea6fc8e24155785262b9e70011d21", kill_on_drop: false }`
[INFO] [stdout] de176a41347131cda84e0a2683f44c28fa5ea6fc8e24155785262b9e70011d21
[INFO] running `Command { std: "docker" "create" "-v" "/var/lib/crater-agent-workspace/builds/worker-7-tc1/target:/opt/rustwide/target:rw,Z" "-v" "/var/lib/crater-agent-workspace/builds/worker-7-tc1/source:/opt/rustwide/workdir:ro,Z" "-v" "/var/lib/crater-agent-workspace/cargo-home:/opt/rustwide/cargo-home:ro,Z" "-v" "/var/lib/crater-agent-workspace/rustup-home:/opt/rustwide/rustup-home:ro,Z" "-e" "SOURCE_DIR=/opt/rustwide/workdir" "-e" "CARGO_TARGET_DIR=/opt/rustwide/target" "-e" "CARGO_INCREMENTAL=0" "-e" "RUST_BACKTRACE=full" "-e" "RUSTFLAGS=--cap-lints=forbid" "-e" "RUSTDOCFLAGS=--cap-lints=forbid" "-e" "CARGO_HOME=/opt/rustwide/cargo-home" "-e" "RUSTUP_HOME=/opt/rustwide/rustup-home" "-w" "/opt/rustwide/workdir" "-m" "1610612736" "--user" "0:0" "--network" "none" "ghcr.io/rust-lang/crates-build-env/linux@sha256:4a844ea9eb2546a2d2c7022eacef16ef2e8229c7fbb2c7d4d55a9ceca922f72d" "/opt/rustwide/cargo-home/bin/cargo" "+nightly-2024-10-28" "test" "--frozen" "--no-run" "--message-format=json", kill_on_drop: false }`
[INFO] [stdout] 19fa6e1280860ba351e44f2a30bef2838531cae12f92ed96904216385be376b4
[INFO] running `Command { std: "docker" "start" "-a" "19fa6e1280860ba351e44f2a30bef2838531cae12f92ed96904216385be376b4", kill_on_drop: false }`
[INFO] [stderr]    Compiling renderx v0.1.0 (/opt/rustwide/workdir)
[INFO] [stdout] error[E0433]: failed to resolve: could not find `awesome` in the list of imported crates
[INFO] [stdout]  --> examples/modal.rs:1:7
[INFO] [stdout]   |
[INFO] [stdout] 1 | use ::awesome::render::ccomponent;
[INFO] [stdout]   |       ^^^^^^^ could not find `awesome` in the list of imported crates
[INFO] [stdout] 
[INFO] [stdout] 
[INFO] [stdout] error[E0433]: failed to resolve: could not find `awesome` in the list of imported crates
[INFO] [stdout]  --> examples/modal.rs:2:7
[INFO] [stdout]   |
[INFO] [stdout] 2 | use ::awesome::render::rsx;
[INFO] [stdout]   |       ^^^^^^^ could not find `awesome` in the list of imported crates
[INFO] [stdout] 
[INFO] [stdout] 
[INFO] [stdout] error[E0433]: failed to resolve: could not find `awesome` in the list of imported crates
[INFO] [stdout]  --> examples/modal.rs:3:7
[INFO] [stdout]   |
[INFO] [stdout] 3 | use ::awesome::render::ServerRender;
[INFO] [stdout]   |       ^^^^^^^ could not find `awesome` in the list of imported crates
[INFO] [stdout] 
[INFO] [stdout] 
[INFO] [stdout] error[E0432]: unresolved import `classnames`
[INFO] [stdout]  --> examples/modal.rs:4:7
[INFO] [stdout]   |
[INFO] [stdout] 4 | use ::classnames::classname;
[INFO] [stdout]   |       ^^^^^^^^^^ could not find `classnames` in the list of imported crates
[INFO] [stdout] 
[INFO] [stdout] 
[INFO] [stdout] error: cannot find attribute `component` in this scope
[INFO] [stdout]   --> examples/modal.rs:13:3
[INFO] [stdout]    |
[INFO] [stdout] 13 | #[component]
[INFO] [stdout]    |   ^^^^^^^^^
[INFO] [stdout] 
[INFO] [stdout] 
[INFO] [stdout] error[E0061]: this function takes 2 arguments but 3 arguments were supplied
[INFO] [stdout]   --> examples/modal.rs:8:5
[INFO] [stdout]    |
[INFO] [stdout] 8  |     modal(render, &"", None);
[INFO] [stdout]    |     ^^^^^ ------ unexpected argument #1
[INFO] [stdout]    |
[INFO] [stdout] note: function defined here
[INFO] [stdout]   --> examples/modal.rs:14:4
[INFO] [stdout]    |
[INFO] [stdout] 14 | fn modal<'a>(value: &'a str, maybe_error: Option<String>) {
[INFO] [stdout]    |    ^^^^^     --------------  ---------------------------
[INFO] [stdout] help: remove the extra argument
[INFO] [stdout]    |
[INFO] [stdout] 8  -     modal(render, &"", None);
[INFO] [stdout] 8  +     modal(&"", None);
[INFO] [stdout]    |
[INFO] [stdout] 
[INFO] [stdout] 
[INFO] [stdout] Some errors have detailed explanations: E0061, E0432, E0433.
[INFO] [stdout] 
[INFO] [stdout] For more information about an error, try `rustc --explain E0061`.
[INFO] [stdout] 
[INFO] [stderr] error: could not compile `renderx` (example "modal") due to 6 previous errors
[INFO] [stderr] warning: build failed, waiting for other jobs to finish...
[INFO] running `Command { std: "docker" "inspect" "19fa6e1280860ba351e44f2a30bef2838531cae12f92ed96904216385be376b4", kill_on_drop: false }`
[INFO] running `Command { std: "docker" "rm" "-f" "19fa6e1280860ba351e44f2a30bef2838531cae12f92ed96904216385be376b4", kill_on_drop: false }`
[INFO] [stdout] 19fa6e1280860ba351e44f2a30bef2838531cae12f92ed96904216385be376b4
