[INFO] fetching crate regmock-rs 0.1.0...
[INFO] testing regmock-rs-0.1.0 against nightly-2024-10-28+rustflags=-Zrandomize-layout for randomize-layout
[INFO] extracting crate regmock-rs 0.1.0 into /workspace/builds/worker-2-tc2/source
[INFO] validating manifest of crates.io crate regmock-rs 0.1.0 on toolchain nightly-2024-10-28
[INFO] running `Command { std: CARGO_HOME="/workspace/cargo-home" RUSTUP_HOME="/workspace/rustup-home" "/workspace/cargo-home/bin/cargo" "+nightly-2024-10-28" "metadata" "--manifest-path" "Cargo.toml" "--no-deps", kill_on_drop: false }`
[INFO] started tweaking crates.io crate regmock-rs 0.1.0
[INFO] removed 0 missing tests
[INFO] finished tweaking crates.io crate regmock-rs 0.1.0
[INFO] tweaked toml for crates.io crate regmock-rs 0.1.0 written to /workspace/builds/worker-2-tc2/source/Cargo.toml
[INFO] running `Command { std: CARGO_HOME="/workspace/cargo-home" RUSTUP_HOME="/workspace/rustup-home" "/workspace/cargo-home/bin/cargo" "+nightly-2024-10-28" "generate-lockfile" "--manifest-path" "Cargo.toml", kill_on_drop: false }`
[INFO] [stderr]     Updating crates.io index
[INFO] [stderr]      Locking 27 packages to latest compatible versions
[INFO] [stderr]       Adding derive_builder v0.12.0 (available: v0.20.2)
[INFO] [stderr]       Adding itertools v0.11.0 (available: v0.13.0)
[INFO] running `Command { std: CARGO_HOME="/workspace/cargo-home" RUSTUP_HOME="/workspace/rustup-home" "/workspace/cargo-home/bin/cargo" "+nightly-2024-10-28" "fetch" "--manifest-path" "Cargo.toml", kill_on_drop: false }`
[INFO] running `Command { std: "docker" "create" "-v" "/var/lib/crater-agent-workspace/builds/worker-2-tc2/target:/opt/rustwide/target:rw,Z" "-v" "/var/lib/crater-agent-workspace/builds/worker-2-tc2/source:/opt/rustwide/workdir:ro,Z" "-v" "/var/lib/crater-agent-workspace/cargo-home:/opt/rustwide/cargo-home:ro,Z" "-v" "/var/lib/crater-agent-workspace/rustup-home:/opt/rustwide/rustup-home:ro,Z" "-e" "SOURCE_DIR=/opt/rustwide/workdir" "-e" "CARGO_TARGET_DIR=/opt/rustwide/target" "-e" "CARGO_HOME=/opt/rustwide/cargo-home" "-e" "RUSTUP_HOME=/opt/rustwide/rustup-home" "-w" "/opt/rustwide/workdir" "-m" "1610612736" "--user" "0:0" "--network" "none" "ghcr.io/rust-lang/crates-build-env/linux@sha256:4a844ea9eb2546a2d2c7022eacef16ef2e8229c7fbb2c7d4d55a9ceca922f72d" "/opt/rustwide/cargo-home/bin/cargo" "+nightly-2024-10-28" "metadata" "--no-deps" "--format-version=1", kill_on_drop: false }`
[INFO] [stdout] 78622f75663399e8a5fa0ce96697d72eae49acf806b4f8db0ba64bf755ba13f7
[INFO] running `Command { std: "docker" "start" "-a" "78622f75663399e8a5fa0ce96697d72eae49acf806b4f8db0ba64bf755ba13f7", kill_on_drop: false }`
[INFO] running `Command { std: "docker" "inspect" "78622f75663399e8a5fa0ce96697d72eae49acf806b4f8db0ba64bf755ba13f7", kill_on_drop: false }`
[INFO] running `Command { std: "docker" "rm" "-f" "78622f75663399e8a5fa0ce96697d72eae49acf806b4f8db0ba64bf755ba13f7", kill_on_drop: false }`
[INFO] [stdout] 78622f75663399e8a5fa0ce96697d72eae49acf806b4f8db0ba64bf755ba13f7
[INFO] running `Command { std: "docker" "create" "-v" "/var/lib/crater-agent-workspace/builds/worker-2-tc2/target:/opt/rustwide/target:rw,Z" "-v" "/var/lib/crater-agent-workspace/builds/worker-2-tc2/source:/opt/rustwide/workdir:ro,Z" "-v" "/var/lib/crater-agent-workspace/cargo-home:/opt/rustwide/cargo-home:ro,Z" "-v" "/var/lib/crater-agent-workspace/rustup-home:/opt/rustwide/rustup-home:ro,Z" "-e" "SOURCE_DIR=/opt/rustwide/workdir" "-e" "CARGO_TARGET_DIR=/opt/rustwide/target" "-e" "CARGO_INCREMENTAL=0" "-e" "RUST_BACKTRACE=full" "-e" "RUSTFLAGS=--cap-lints=forbid -Zrandomize-layout" "-e" "RUSTDOCFLAGS=--cap-lints=forbid" "-e" "CARGO_HOME=/opt/rustwide/cargo-home" "-e" "RUSTUP_HOME=/opt/rustwide/rustup-home" "-w" "/opt/rustwide/workdir" "-m" "1610612736" "--user" "0:0" "--network" "none" "ghcr.io/rust-lang/crates-build-env/linux@sha256:4a844ea9eb2546a2d2c7022eacef16ef2e8229c7fbb2c7d4d55a9ceca922f72d" "/opt/rustwide/cargo-home/bin/cargo" "+nightly-2024-10-28" "build" "--frozen" "--message-format=json", kill_on_drop: false }`
[INFO] [stdout] 21ddf092c2eef0f529c0ab19a85ad05551d1074b4ed5ca99ca1510880b7c7edb
[INFO] running `Command { std: "docker" "start" "-a" "21ddf092c2eef0f529c0ab19a85ad05551d1074b4ed5ca99ca1510880b7c7edb", kill_on_drop: false }`
[INFO] [stderr]    Compiling strsim v0.10.0
[INFO] [stderr]    Compiling serde v1.0.214
[INFO] [stderr]    Compiling serde_json v1.0.132
[INFO] [stderr]    Compiling siphasher v0.3.11
[INFO] [stderr]    Compiling memchr v2.7.4
[INFO] [stderr]    Compiling either v1.13.0
[INFO] [stderr]    Compiling log v0.4.22
[INFO] [stderr]    Compiling syn v1.0.109
[INFO] [stderr]    Compiling syn v2.0.86
[INFO] [stderr]    Compiling phf_shared v0.11.2
[INFO] [stderr]    Compiling itertools v0.11.0
[INFO] [stderr]    Compiling phf v0.11.2
[INFO] [stderr]    Compiling serde_derive v1.0.214
[INFO] [stderr]    Compiling darling_core v0.14.4
[INFO] [stderr]    Compiling darling_macro v0.14.4
[INFO] [stderr]    Compiling darling v0.14.4
[INFO] [stderr]    Compiling derive_builder_core v0.12.0
[INFO] [stderr]    Compiling derive_builder_macro v0.12.0
[INFO] [stderr]    Compiling derive_builder v0.12.0
[INFO] [stderr]    Compiling regmock-rs v0.1.0 (/opt/rustwide/workdir)
[INFO] [stderr]     Finished `dev` profile [unoptimized + debuginfo] target(s) in 12.20s
[INFO] running `Command { std: "docker" "inspect" "21ddf092c2eef0f529c0ab19a85ad05551d1074b4ed5ca99ca1510880b7c7edb", kill_on_drop: false }`
[INFO] running `Command { std: "docker" "rm" "-f" "21ddf092c2eef0f529c0ab19a85ad05551d1074b4ed5ca99ca1510880b7c7edb", kill_on_drop: false }`
[INFO] [stdout] 21ddf092c2eef0f529c0ab19a85ad05551d1074b4ed5ca99ca1510880b7c7edb
[INFO] running `Command { std: "docker" "create" "-v" "/var/lib/crater-agent-workspace/builds/worker-2-tc2/target:/opt/rustwide/target:rw,Z" "-v" "/var/lib/crater-agent-workspace/builds/worker-2-tc2/source:/opt/rustwide/workdir:ro,Z" "-v" "/var/lib/crater-agent-workspace/cargo-home:/opt/rustwide/cargo-home:ro,Z" "-v" "/var/lib/crater-agent-workspace/rustup-home:/opt/rustwide/rustup-home:ro,Z" "-e" "SOURCE_DIR=/opt/rustwide/workdir" "-e" "CARGO_TARGET_DIR=/opt/rustwide/target" "-e" "CARGO_INCREMENTAL=0" "-e" "RUST_BACKTRACE=full" "-e" "RUSTFLAGS=--cap-lints=forbid -Zrandomize-layout" "-e" "RUSTDOCFLAGS=--cap-lints=forbid" "-e" "CARGO_HOME=/opt/rustwide/cargo-home" "-e" "RUSTUP_HOME=/opt/rustwide/rustup-home" "-w" "/opt/rustwide/workdir" "-m" "1610612736" "--user" "0:0" "--network" "none" "ghcr.io/rust-lang/crates-build-env/linux@sha256:4a844ea9eb2546a2d2c7022eacef16ef2e8229c7fbb2c7d4d55a9ceca922f72d" "/opt/rustwide/cargo-home/bin/cargo" "+nightly-2024-10-28" "test" "--frozen" "--no-run" "--message-format=json", kill_on_drop: false }`
[INFO] [stdout] c401c94d8526ea3c392dc499ba729bfd05bb8b4d615b743ac6d2cafb561c56b6
[INFO] running `Command { std: "docker" "start" "-a" "c401c94d8526ea3c392dc499ba729bfd05bb8b4d615b743ac6d2cafb561c56b6", kill_on_drop: false }`
[INFO] [stderr]    Compiling closure v0.3.0
[INFO] [stderr]    Compiling regmock-rs v0.1.0 (/opt/rustwide/workdir)
[INFO] [stdout] error[E0432]: unresolved import `test_pac`
[INFO] [stdout]  --> tests/mocking.rs:8:5
[INFO] [stdout]   |
[INFO] [stdout] 8 | use test_pac as pac;
[INFO] [stdout]   |     ^^^^^^^^^^^^^^^ no external crate `test_pac`
[INFO] [stdout] 
[INFO] [stdout] 
[INFO] [stdout] error[E0432]: unresolved import `test_pac`
[INFO] [stdout]  --> tests/common/mod.rs:5:5
[INFO] [stdout]   |
[INFO] [stdout] 5 | use test_pac as pac;
[INFO] [stdout]   |     ^^^^^^^^^^^^^^^ no external crate `test_pac`
[INFO] [stdout] 
[INFO] [stdout] 
[INFO] [stdout] error[E0433]: failed to resolve: use of undeclared crate or module `test_pac`
[INFO] [stdout]   --> tests/common/mod.rs:12:33
[INFO] [stdout]    |
[INFO] [stdout] 12 |         Regmock::with_resolver(&test_pac::reg_name::reg_name_from_addr)
[INFO] [stdout]    |                                 ^^^^^^^^ use of undeclared crate or module `test_pac`
[INFO] [stdout] 
[INFO] [stdout] 
[INFO] [stdout] error[E0432]: unresolved import `test_pac`
[INFO] [stdout]  --> tests/tracing.rs:4:5
[INFO] [stdout]   |
[INFO] [stdout] 4 | use test_pac as pac;
[INFO] [stdout]   |     ^^^^^^^^^^^^^^^ no external crate `test_pac`
[INFO] [stdout] 
[INFO] [stdout] 
[INFO] [stdout] error[E0432]: unresolved import `test_pac`
[INFO] [stdout]  --> tests/common/mod.rs:5:5
[INFO] [stdout]   |
[INFO] [stdout] 5 | use test_pac as pac;
[INFO] [stdout]   |     ^^^^^^^^^^^^^^^ no external crate `test_pac`
[INFO] [stdout] 
[INFO] [stdout] 
[INFO] [stdout] error[E0433]: failed to resolve: use of undeclared crate or module `test_pac`
[INFO] [stdout]   --> tests/common/mod.rs:12:33
[INFO] [stdout]    |
[INFO] [stdout] 12 |         Regmock::with_resolver(&test_pac::reg_name::reg_name_from_addr)
[INFO] [stdout]    |                                 ^^^^^^^^ use of undeclared crate or module `test_pac`
[INFO] [stdout] 
[INFO] [stdout] 
[INFO] [stdout] error[E0432]: unresolved import `test_pac`
[INFO] [stdout]  --> tests/wait_polling.rs:9:5
[INFO] [stdout]   |
[INFO] [stdout] 9 | use test_pac as pac;
[INFO] [stdout]   |     ^^^^^^^^^^^^^^^ no external crate `test_pac`
[INFO] [stdout] 
[INFO] [stdout] 
[INFO] [stdout] error[E0432]: unresolved import `test_pac`
[INFO] [stdout]  --> tests/common/mod.rs:5:5
[INFO] [stdout]   |
[INFO] [stdout] 5 | use test_pac as pac;
[INFO] [stdout]   |     ^^^^^^^^^^^^^^^ no external crate `test_pac`
[INFO] [stdout] 
[INFO] [stdout] 
[INFO] [stdout] Some errors have detailed explanations: E0432, E0433.
[INFO] [stdout] 
[INFO] [stdout] For more information about an error, try `rustc --explain E0432`.
[INFO] [stdout] 
[INFO] [stdout] error[E0433]: failed to resolve: use of undeclared crate or module `test_pac`
[INFO] [stdout]   --> tests/common/mod.rs:12:33
[INFO] [stdout]    |
[INFO] [stdout] 12 |         Regmock::with_resolver(&test_pac::reg_name::reg_name_from_addr)
[INFO] [stdout]    |                                 ^^^^^^^^ use of undeclared crate or module `test_pac`
[INFO] [stdout] 
[INFO] [stdout] 
[INFO] [stderr] error: could not compile `regmock-rs` (test "mocking") due to 3 previous errors
[INFO] [stderr] warning: build failed, waiting for other jobs to finish...
[INFO] [stdout] Some errors have detailed explanations: E0432, E0433.
[INFO] [stdout] 
[INFO] [stdout] For more information about an error, try `rustc --explain E0432`.
[INFO] [stdout] 
[INFO] [stdout] Some errors have detailed explanations: E0432, E0433.
[INFO] [stdout] 
[INFO] [stdout] For more information about an error, try `rustc --explain E0432`.
[INFO] [stdout] 
[INFO] [stderr] error: could not compile `regmock-rs` (test "wait_polling") due to 3 previous errors
[INFO] [stderr] error: could not compile `regmock-rs` (test "tracing") due to 3 previous errors
[INFO] [stdout] error[E0432]: unresolved import `test_pac`
[INFO] [stdout]  --> tests/common/mod.rs:5:5
[INFO] [stdout]   |
[INFO] [stdout] 5 | use test_pac as pac;
[INFO] [stdout]   |     ^^^^^^^^^^^^^^^ no external crate `test_pac`
[INFO] [stdout] 
[INFO] [stdout] 
[INFO] [stdout] error[E0432]: unresolved import `test_pac`
[INFO] [stdout]  --> tests/matchers.rs:4:5
[INFO] [stdout]   |
[INFO] [stdout] 4 | use test_pac::GPIO;
[INFO] [stdout]   |     ^^^^^^^^ use of undeclared crate or module `test_pac`
[INFO] [stdout] 
[INFO] [stdout] 
[INFO] [stdout] error[E0432]: unresolved import `test_pac`
[INFO] [stdout]    --> tests/matchers.rs:247:9
[INFO] [stdout]     |
[INFO] [stdout] 247 |     use test_pac::SPI;
[INFO] [stdout]     |         ^^^^^^^^ use of undeclared crate or module `test_pac`
[INFO] [stdout] 
[INFO] [stdout] 
[INFO] [stdout] error[E0432]: unresolved import `test_pac`
[INFO] [stdout]    --> tests/matchers.rs:336:9
[INFO] [stdout]     |
[INFO] [stdout] 336 |     use test_pac::SPI;
[INFO] [stdout]     |         ^^^^^^^^ use of undeclared crate or module `test_pac`
[INFO] [stdout] 
[INFO] [stdout] 
[INFO] [stdout] error[E0432]: unresolved import `test_pac`
[INFO] [stdout]    --> tests/matchers.rs:423:9
[INFO] [stdout]     |
[INFO] [stdout] 423 |     use test_pac::{spi, SPI};
[INFO] [stdout]     |         ^^^^^^^^ use of undeclared crate or module `test_pac`
[INFO] [stdout] 
[INFO] [stdout] 
[INFO] [stdout] error[E0432]: unresolved import `test_pac`
[INFO] [stdout]    --> tests/matchers.rs:539:9
[INFO] [stdout]     |
[INFO] [stdout] 539 |     use test_pac::{RegisterValue, SPI};
[INFO] [stdout]     |         ^^^^^^^^ use of undeclared crate or module `test_pac`
[INFO] [stdout] 
[INFO] [stdout] 
[INFO] [stdout] error[E0433]: failed to resolve: use of undeclared crate or module `test_pac`
[INFO] [stdout]   --> tests/common/mod.rs:12:33
[INFO] [stdout]    |
[INFO] [stdout] 12 |         Regmock::with_resolver(&test_pac::reg_name::reg_name_from_addr)
[INFO] [stdout]    |                                 ^^^^^^^^ use of undeclared crate or module `test_pac`
[INFO] [stdout] 
[INFO] [stdout] 
[INFO] [stdout] Some errors have detailed explanations: E0432, E0433.
[INFO] [stdout] 
[INFO] [stdout] For more information about an error, try `rustc --explain E0432`.
[INFO] [stdout] 
[INFO] [stderr] error: could not compile `regmock-rs` (test "matchers") due to 7 previous errors
[INFO] running `Command { std: "docker" "inspect" "c401c94d8526ea3c392dc499ba729bfd05bb8b4d615b743ac6d2cafb561c56b6", kill_on_drop: false }`
[INFO] running `Command { std: "docker" "rm" "-f" "c401c94d8526ea3c392dc499ba729bfd05bb8b4d615b743ac6d2cafb561c56b6", kill_on_drop: false }`
[INFO] [stdout] c401c94d8526ea3c392dc499ba729bfd05bb8b4d615b743ac6d2cafb561c56b6
