[INFO] fetching crate read-fonts 0.22.5...
[INFO] testing read-fonts-0.22.5 against nightly-2024-10-28 for randomize-layout
[INFO] extracting crate read-fonts 0.22.5 into /workspace/builds/worker-0-tc1/source
[INFO] validating manifest of crates.io crate read-fonts 0.22.5 on toolchain nightly-2024-10-28
[INFO] running `Command { std: CARGO_HOME="/workspace/cargo-home" RUSTUP_HOME="/workspace/rustup-home" "/workspace/cargo-home/bin/cargo" "+nightly-2024-10-28" "metadata" "--manifest-path" "Cargo.toml" "--no-deps", kill_on_drop: false }`
[INFO] started tweaking crates.io crate read-fonts 0.22.5
[INFO] finished tweaking crates.io crate read-fonts 0.22.5
[INFO] tweaked toml for crates.io crate read-fonts 0.22.5 written to /workspace/builds/worker-0-tc1/source/Cargo.toml
[INFO] running `Command { std: CARGO_HOME="/workspace/cargo-home" RUSTUP_HOME="/workspace/rustup-home" "/workspace/cargo-home/bin/cargo" "+nightly-2024-10-28" "generate-lockfile" "--manifest-path" "Cargo.toml", kill_on_drop: false }`
[INFO] [stderr]     Updating crates.io index
[INFO] [stderr]      Locking 83 packages to latest compatible versions
[INFO] running `Command { std: CARGO_HOME="/workspace/cargo-home" RUSTUP_HOME="/workspace/rustup-home" "/workspace/cargo-home/bin/cargo" "+nightly-2024-10-28" "fetch" "--manifest-path" "Cargo.toml", kill_on_drop: false }`
[INFO] running `Command { std: "docker" "create" "-v" "/var/lib/crater-agent-workspace/builds/worker-0-tc1/target:/opt/rustwide/target:rw,Z" "-v" "/var/lib/crater-agent-workspace/builds/worker-0-tc1/source:/opt/rustwide/workdir:ro,Z" "-v" "/var/lib/crater-agent-workspace/cargo-home:/opt/rustwide/cargo-home:ro,Z" "-v" "/var/lib/crater-agent-workspace/rustup-home:/opt/rustwide/rustup-home:ro,Z" "-e" "SOURCE_DIR=/opt/rustwide/workdir" "-e" "CARGO_TARGET_DIR=/opt/rustwide/target" "-e" "CARGO_HOME=/opt/rustwide/cargo-home" "-e" "RUSTUP_HOME=/opt/rustwide/rustup-home" "-w" "/opt/rustwide/workdir" "-m" "1610612736" "--user" "0:0" "--network" "none" "ghcr.io/rust-lang/crates-build-env/linux@sha256:4a844ea9eb2546a2d2c7022eacef16ef2e8229c7fbb2c7d4d55a9ceca922f72d" "/opt/rustwide/cargo-home/bin/cargo" "+nightly-2024-10-28" "metadata" "--no-deps" "--format-version=1", kill_on_drop: false }`
[INFO] [stdout] 69f6b5193d6bb54aa0ce14c5a6d282431fcf96bfd2afefef23d8fc5e8386789f
[INFO] running `Command { std: "docker" "start" "-a" "69f6b5193d6bb54aa0ce14c5a6d282431fcf96bfd2afefef23d8fc5e8386789f", kill_on_drop: false }`
[INFO] running `Command { std: "docker" "inspect" "69f6b5193d6bb54aa0ce14c5a6d282431fcf96bfd2afefef23d8fc5e8386789f", kill_on_drop: false }`
[INFO] running `Command { std: "docker" "rm" "-f" "69f6b5193d6bb54aa0ce14c5a6d282431fcf96bfd2afefef23d8fc5e8386789f", kill_on_drop: false }`
[INFO] [stdout] 69f6b5193d6bb54aa0ce14c5a6d282431fcf96bfd2afefef23d8fc5e8386789f
[INFO] running `Command { std: "docker" "create" "-v" "/var/lib/crater-agent-workspace/builds/worker-0-tc1/target:/opt/rustwide/target:rw,Z" "-v" "/var/lib/crater-agent-workspace/builds/worker-0-tc1/source:/opt/rustwide/workdir:ro,Z" "-v" "/var/lib/crater-agent-workspace/cargo-home:/opt/rustwide/cargo-home:ro,Z" "-v" "/var/lib/crater-agent-workspace/rustup-home:/opt/rustwide/rustup-home:ro,Z" "-e" "SOURCE_DIR=/opt/rustwide/workdir" "-e" "CARGO_TARGET_DIR=/opt/rustwide/target" "-e" "CARGO_INCREMENTAL=0" "-e" "RUST_BACKTRACE=full" "-e" "RUSTFLAGS=--cap-lints=forbid" "-e" "RUSTDOCFLAGS=--cap-lints=forbid" "-e" "CARGO_HOME=/opt/rustwide/cargo-home" "-e" "RUSTUP_HOME=/opt/rustwide/rustup-home" "-w" "/opt/rustwide/workdir" "-m" "1610612736" "--user" "0:0" "--network" "none" "ghcr.io/rust-lang/crates-build-env/linux@sha256:4a844ea9eb2546a2d2c7022eacef16ef2e8229c7fbb2c7d4d55a9ceca922f72d" "/opt/rustwide/cargo-home/bin/cargo" "+nightly-2024-10-28" "build" "--frozen" "--message-format=json", kill_on_drop: false }`
[INFO] [stdout] 8cfa7b09715f8adb93b410f74d22a720b9c1e1909aeeb23f76332a2b23b959fa
[INFO] running `Command { std: "docker" "start" "-a" "8cfa7b09715f8adb93b410f74d22a720b9c1e1909aeeb23f76332a2b23b959fa", kill_on_drop: false }`
[INFO] [stderr]    Compiling bytemuck_derive v1.8.0
[INFO] [stderr]    Compiling bytemuck v1.19.0
[INFO] [stderr]    Compiling font-types v0.7.2
[INFO] [stderr]    Compiling read-fonts v0.22.5 (/opt/rustwide/workdir)
[INFO] [stderr]     Finished `dev` profile [unoptimized + debuginfo] target(s) in 9.09s
[INFO] running `Command { std: "docker" "inspect" "8cfa7b09715f8adb93b410f74d22a720b9c1e1909aeeb23f76332a2b23b959fa", kill_on_drop: false }`
[INFO] running `Command { std: "docker" "rm" "-f" "8cfa7b09715f8adb93b410f74d22a720b9c1e1909aeeb23f76332a2b23b959fa", kill_on_drop: false }`
[INFO] [stdout] 8cfa7b09715f8adb93b410f74d22a720b9c1e1909aeeb23f76332a2b23b959fa
[INFO] running `Command { std: "docker" "create" "-v" "/var/lib/crater-agent-workspace/builds/worker-0-tc1/target:/opt/rustwide/target:rw,Z" "-v" "/var/lib/crater-agent-workspace/builds/worker-0-tc1/source:/opt/rustwide/workdir:ro,Z" "-v" "/var/lib/crater-agent-workspace/cargo-home:/opt/rustwide/cargo-home:ro,Z" "-v" "/var/lib/crater-agent-workspace/rustup-home:/opt/rustwide/rustup-home:ro,Z" "-e" "SOURCE_DIR=/opt/rustwide/workdir" "-e" "CARGO_TARGET_DIR=/opt/rustwide/target" "-e" "CARGO_INCREMENTAL=0" "-e" "RUST_BACKTRACE=full" "-e" "RUSTFLAGS=--cap-lints=forbid" "-e" "RUSTDOCFLAGS=--cap-lints=forbid" "-e" "CARGO_HOME=/opt/rustwide/cargo-home" "-e" "RUSTUP_HOME=/opt/rustwide/rustup-home" "-w" "/opt/rustwide/workdir" "-m" "1610612736" "--user" "0:0" "--network" "none" "ghcr.io/rust-lang/crates-build-env/linux@sha256:4a844ea9eb2546a2d2c7022eacef16ef2e8229c7fbb2c7d4d55a9ceca922f72d" "/opt/rustwide/cargo-home/bin/cargo" "+nightly-2024-10-28" "test" "--frozen" "--no-run" "--message-format=json", kill_on_drop: false }`
[INFO] [stdout] a22a7ad8d3ff66503eb49ec1aecbb66b0f47ce850e6ef4652897cb3fe3383acb
[INFO] running `Command { std: "docker" "start" "-a" "a22a7ad8d3ff66503eb49ec1aecbb66b0f47ce850e6ef4652897cb3fe3383acb", kill_on_drop: false }`
[INFO] [stderr]    Compiling crossbeam-utils v0.8.20
[INFO] [stderr]    Compiling serde v1.0.214
[INFO] [stderr]    Compiling byteorder v1.5.0
[INFO] [stderr]    Compiling rayon-core v1.12.1
[INFO] [stderr]    Compiling either v1.13.0
[INFO] [stderr]    Compiling ciborium-io v0.2.2
[INFO] [stderr]    Compiling regex-syntax v0.8.5
[INFO] [stderr]    Compiling plotters-backend v0.3.7
[INFO] [stderr]    Compiling anstyle v1.0.9
[INFO] [stderr]    Compiling num-traits v0.2.19
[INFO] [stderr]    Compiling half v2.4.1
[INFO] [stderr]    Compiling clap_lex v0.7.2
[INFO] [stderr]    Compiling same-file v1.0.6
[INFO] [stderr]    Compiling getrandom v0.2.15
[INFO] [stderr]    Compiling cast v0.3.0
[INFO] [stderr]    Compiling serde_derive v1.0.214
[INFO] [stderr]    Compiling zerocopy-derive v0.7.35
[INFO] [stderr]    Compiling walkdir v2.5.0
[INFO] [stderr]    Compiling is-terminal v0.4.13
[INFO] [stderr]    Compiling rand_core v0.6.4
[INFO] [stderr]    Compiling anes v0.1.6
[INFO] [stderr]    Compiling itertools v0.10.5
[INFO] [stderr]    Compiling plotters-svg v0.3.7
[INFO] [stderr]    Compiling clap_builder v4.5.20
[INFO] [stderr]    Compiling oorandom v11.1.4
[INFO] [stderr]    Compiling ciborium-ll v0.2.2
[INFO] [stderr]    Compiling zerocopy v0.7.35
[INFO] [stderr]    Compiling crossbeam-epoch v0.9.18
[INFO] [stderr]    Compiling crossbeam-deque v0.8.5
[INFO] [stderr]    Compiling plotters v0.3.7
[INFO] [stderr]    Compiling ppv-lite86 v0.2.20
[INFO] [stderr]    Compiling regex-automata v0.4.8
[INFO] [stderr]    Compiling rand_chacha v0.3.1
[INFO] [stderr]    Compiling rayon v1.10.0
[INFO] [stderr]    Compiling criterion-plot v0.5.0
[INFO] [stderr]    Compiling rand v0.8.5
[INFO] [stderr]    Compiling clap v4.5.20
[INFO] [stderr]    Compiling regex v1.11.1
[INFO] [stderr]    Compiling serde_json v1.0.132
[INFO] [stderr]    Compiling ciborium v0.2.2
[INFO] [stderr]    Compiling tinytemplate v1.2.1
[INFO] [stderr]    Compiling criterion v0.5.1
[INFO] [stderr]    Compiling read-fonts v0.22.5 (/opt/rustwide/workdir)
[INFO] [stdout] error[E0433]: failed to resolve: use of undeclared crate or module `font_test_data`
[INFO] [stdout]    --> src/lib.rs:335:9
[INFO] [stdout]     |
[INFO] [stdout] 335 |     use font_test_data::{ttc::TTC, AHEM};
[INFO] [stdout]     |         ^^^^^^^^^^^^^^ use of undeclared crate or module `font_test_data`
[INFO] [stdout] 
[INFO] [stdout] 
[INFO] [stdout] error[E0432]: unresolved import `font_test_data`
[INFO] [stdout]    --> src/tables/gsub/closure.rs:496:9
[INFO] [stdout]     |
[INFO] [stdout] 496 |     use font_test_data::closure as test_data;
[INFO] [stdout]     |         ^^^^^^^^^^^^^^ use of undeclared crate or module `font_test_data`
[INFO] [stdout] 
[INFO] [stdout] 
[INFO] [stdout] error[E0432]: unresolved import `font_test_data`
[INFO] [stdout]    --> src/lib.rs:335:9
[INFO] [stdout]     |
[INFO] [stdout] 335 |     use font_test_data::{ttc::TTC, AHEM};
[INFO] [stdout]     |         ^^^^^^^^^^^^^^ use of undeclared crate or module `font_test_data`
[INFO] [stdout] 
[INFO] [stdout] 
[INFO] [stdout] error[E0432]: unresolved import `font_test_data`
[INFO] [stdout]  --> src/tables/../tests/test_gdef.rs:5:5
[INFO] [stdout]   |
[INFO] [stdout] 5 | use font_test_data::gdef as test_data;
[INFO] [stdout]   |     ^^^^^^^^^^^^^^ use of undeclared crate or module `font_test_data`
[INFO] [stdout] 
[INFO] [stdout] 
[INFO] [stdout] error[E0432]: unresolved import `font_test_data`
[INFO] [stdout]  --> src/tables/../tests/test_gpos.rs:4:5
[INFO] [stdout]   |
[INFO] [stdout] 4 | use font_test_data::gpos as test_data;
[INFO] [stdout]   |     ^^^^^^^^^^^^^^ use of undeclared crate or module `font_test_data`
[INFO] [stdout] 
[INFO] [stdout] 
[INFO] [stdout] error[E0432]: unresolved import `font_test_data`
[INFO] [stdout]  --> src/tables/../tests/test_gsub.rs:2:5
[INFO] [stdout]   |
[INFO] [stdout] 2 | use font_test_data::gsub as test_data;
[INFO] [stdout]   |     ^^^^^^^^^^^^^^ use of undeclared crate or module `font_test_data`
[INFO] [stdout] 
[INFO] [stdout] 
[INFO] [stdout] error[E0432]: unresolved import `font_test_data`
[INFO] [stdout]    --> src/tables/ift.rs:170:9
[INFO] [stdout]     |
[INFO] [stdout] 170 |     use font_test_data::ift as test_data;
[INFO] [stdout]     |         ^^^^^^^^^^^^^^ use of undeclared crate or module `font_test_data`
[INFO] [stdout] 
[INFO] [stdout] 
[INFO] [stdout] error[E0432]: unresolved import `font_test_data`
[INFO] [stdout]  --> src/tables/../tests/layout.rs:2:5
[INFO] [stdout]   |
[INFO] [stdout] 2 | use font_test_data::layout as test_data;
[INFO] [stdout]   |     ^^^^^^^^^^^^^^ use of undeclared crate or module `font_test_data`
[INFO] [stdout] 
[INFO] [stdout] 
[INFO] [stdout] error[E0432]: unresolved import `font_test_data`
[INFO] [stdout]    --> src/tables/post.rs:128:9
[INFO] [stdout]     |
[INFO] [stdout] 128 |     use font_test_data::post as test_data;
[INFO] [stdout]     |         ^^^^^^^^^^^^^^ use of undeclared crate or module `font_test_data`
[INFO] [stdout] 
[INFO] [stdout] 
[INFO] [stdout] error[E0433]: failed to resolve: use of undeclared crate or module `font_test_data`
[INFO] [stdout]   --> src/tables/cff2.rs:63:45
[INFO] [stdout]    |
[INFO] [stdout] 63 |         let cff2 = Cff2::read(FontData::new(font_test_data::cff2::EXAMPLE)).unwrap();
[INFO] [stdout]    |                                             ^^^^^^^^^^^^^^ use of undeclared crate or module `font_test_data`
[INFO] [stdout] 
[INFO] [stdout] 
[INFO] [stdout] error[E0433]: failed to resolve: use of undeclared crate or module `font_test_data`
[INFO] [stdout]    --> src/tables/layout.rs:403:13
[INFO] [stdout]     |
[INFO] [stdout] 403 |             font_test_data::gdef::MARKATTACHCLASSDEF_TABLE,
[INFO] [stdout]     |             ^^^^^^^^^^^^^^ use of undeclared crate or module `font_test_data`
[INFO] [stdout] 
[INFO] [stdout] 
[INFO] [stdout] error[E0433]: failed to resolve: use of undeclared crate or module `font_test_data`
[INFO] [stdout]    --> src/tables/postscript/blend.rs:163:25
[INFO] [stdout]     |
[INFO] [stdout] 163 |         let ivs_data = &font_test_data::cff2::EXAMPLE[18..];
[INFO] [stdout]     |                         ^^^^^^^^^^^^^^ use of undeclared crate or module `font_test_data`
[INFO] [stdout] 
[INFO] [stdout] 
[INFO] [stdout] error[E0433]: failed to resolve: use of undeclared crate or module `font_test_data`
[INFO] [stdout]    --> src/tables/postscript/stack.rs:443:25
[INFO] [stdout]     |
[INFO] [stdout] 443 |         let ivs_data = &font_test_data::cff2::EXAMPLE[18..];
[INFO] [stdout]     |                         ^^^^^^^^^^^^^^ use of undeclared crate or module `font_test_data`
[INFO] [stdout] 
[INFO] [stdout] 
[INFO] [stdout] error[E0433]: failed to resolve: use of undeclared crate or module `font_test_data`
[INFO] [stdout]    --> src/tables/postscript/charstring.rs:698:27
[INFO] [stdout]     |
[INFO] [stdout] 698 |         let charstring = &font_test_data::cff2::EXAMPLE[0xc8..=0xe1];
[INFO] [stdout]     |                           ^^^^^^^^^^^^^^ use of undeclared crate or module `font_test_data`
[INFO] [stdout] 
[INFO] [stdout] 
[INFO] [stdout] error[E0433]: failed to resolve: use of undeclared crate or module `font_test_data`
[INFO] [stdout]    --> src/tables/postscript/charstring.rs:701:53
[INFO] [stdout]     |
[INFO] [stdout] 701 |             ItemVariationStore::read(FontData::new(&font_test_data::cff2::EXAMPLE[18..])).unwrap();
[INFO] [stdout]     |                                                     ^^^^^^^^^^^^^^ use of undeclared crate or module `font_test_data`
[INFO] [stdout] 
[INFO] [stdout] 
[INFO] [stdout] error[E0433]: failed to resolve: use of undeclared crate or module `font_test_data`
[INFO] [stdout]    --> src/tables/postscript/dict.rs:604:30
[INFO] [stdout]     |
[INFO] [stdout] 604 |         let top_dict_data = &font_test_data::cff2::EXAMPLE[5..12];
[INFO] [stdout]     |                              ^^^^^^^^^^^^^^ use of undeclared crate or module `font_test_data`
[INFO] [stdout] 
[INFO] [stdout] 
[INFO] [stdout] error[E0433]: failed to resolve: use of undeclared crate or module `font_test_data`
[INFO] [stdout]    --> src/tables/postscript/dict.rs:620:30
[INFO] [stdout]     |
[INFO] [stdout] 620 |         let top_dict_data = &font_test_data::cff2::EXAMPLE[0x5..=0xB];
[INFO] [stdout]     |                              ^^^^^^^^^^^^^^ use of undeclared crate or module `font_test_data`
[INFO] [stdout] 
[INFO] [stdout] 
[INFO] [stdout] error[E0433]: failed to resolve: use of undeclared crate or module `font_test_data`
[INFO] [stdout]    --> src/tables/postscript/dict.rs:635:34
[INFO] [stdout]     |
[INFO] [stdout] 635 |         let private_dict_data = &font_test_data::cff2::EXAMPLE[0x4f..=0xc0];
[INFO] [stdout]     |                                  ^^^^^^^^^^^^^^ use of undeclared crate or module `font_test_data`
[INFO] [stdout] 
[INFO] [stdout] 
[INFO] [stdout] error[E0433]: failed to resolve: use of undeclared crate or module `font_test_data`
[INFO] [stdout]    --> src/tables/postscript/dict.rs:637:53
[INFO] [stdout]     |
[INFO] [stdout] 637 |             ItemVariationStore::read(FontData::new(&font_test_data::cff2::EXAMPLE[18..])).unwrap();
[INFO] [stdout]     |                                                     ^^^^^^^^^^^^^^ use of undeclared crate or module `font_test_data`
[INFO] [stdout] 
[INFO] [stdout] 
[INFO] [stdout] error[E0433]: failed to resolve: use of undeclared crate or module `font_test_data`
[INFO] [stdout]    --> src/tables/varc.rs:374:33
[INFO] [stdout]     |
[INFO] [stdout] 374 |         let font = FontRef::new(font_test_data::varc::CJK_6868).unwrap();
[INFO] [stdout]     |                                 ^^^^^^^^^^^^^^ use of undeclared crate or module `font_test_data`
[INFO] [stdout] 
[INFO] [stdout] 
[INFO] [stdout] error[E0433]: failed to resolve: use of undeclared crate or module `font_test_data`
[INFO] [stdout]    --> src/tables/varc.rs:381:33
[INFO] [stdout]     |
[INFO] [stdout] 381 |         let font = FontRef::new(font_test_data::varc::CONDITIONALS).unwrap();
[INFO] [stdout]     |                                 ^^^^^^^^^^^^^^ use of undeclared crate or module `font_test_data`
[INFO] [stdout] 
[INFO] [stdout] 
[INFO] [stdout] error[E0433]: failed to resolve: use of undeclared crate or module `font_test_data`
[INFO] [stdout]    --> src/tables/varc.rs:393:33
[INFO] [stdout]     |
[INFO] [stdout] 393 |         let font = FontRef::new(font_test_data::varc::CONDITIONALS).unwrap();
[INFO] [stdout]     |                                 ^^^^^^^^^^^^^^ use of undeclared crate or module `font_test_data`
[INFO] [stdout] 
[INFO] [stdout] 
[INFO] [stdout] error[E0433]: failed to resolve: use of undeclared crate or module `font_test_data`
[INFO] [stdout]    --> src/tables/varc.rs:413:33
[INFO] [stdout]     |
[INFO] [stdout] 413 |         let font = FontRef::new(font_test_data::varc::CONDITIONALS).unwrap();
[INFO] [stdout]     |                                 ^^^^^^^^^^^^^^ use of undeclared crate or module `font_test_data`
[INFO] [stdout] 
[INFO] [stdout] 
[INFO] [stdout] error[E0433]: failed to resolve: use of undeclared crate or module `font_test_data`
[INFO] [stdout]    --> src/tables/varc.rs:426:33
[INFO] [stdout]     |
[INFO] [stdout] 426 |         let font = FontRef::new(font_test_data::varc::CONDITIONALS).unwrap();
[INFO] [stdout]     |                                 ^^^^^^^^^^^^^^ use of undeclared crate or module `font_test_data`
[INFO] [stdout] 
[INFO] [stdout] 
[INFO] [stdout] error[E0433]: failed to resolve: use of undeclared crate or module `font_test_data`
[INFO] [stdout]    --> src/tables/varc.rs:446:33
[INFO] [stdout]     |
[INFO] [stdout] 446 |         let font = FontRef::new(font_test_data::varc::CONDITIONALS).unwrap();
[INFO] [stdout]     |                                 ^^^^^^^^^^^^^^ use of undeclared crate or module `font_test_data`
[INFO] [stdout] 
[INFO] [stdout] 
[INFO] [stdout] error[E0433]: failed to resolve: use of undeclared crate or module `font_test_data`
[INFO] [stdout]    --> src/tables/varc.rs:466:33
[INFO] [stdout]     |
[INFO] [stdout] 466 |         let font = FontRef::new(font_test_data::varc::CONDITIONALS).unwrap();
[INFO] [stdout]     |                                 ^^^^^^^^^^^^^^ use of undeclared crate or module `font_test_data`
[INFO] [stdout] 
[INFO] [stdout] 
[INFO] [stdout] error[E0433]: failed to resolve: use of undeclared crate or module `font_test_data`
[INFO] [stdout]    --> src/tables/varc.rs:480:33
[INFO] [stdout]     |
[INFO] [stdout] 480 |         let font = FontRef::new(font_test_data::varc::CONDITIONALS).unwrap();
[INFO] [stdout]     |                                 ^^^^^^^^^^^^^^ use of undeclared crate or module `font_test_data`
[INFO] [stdout] 
[INFO] [stdout] 
[INFO] [stdout] error[E0433]: failed to resolve: use of undeclared crate or module `font_test_data`
[INFO] [stdout]    --> src/tables/varc.rs:491:33
[INFO] [stdout]     |
[INFO] [stdout] 491 |         let font = FontRef::new(font_test_data::varc::CJK_6868).unwrap();
[INFO] [stdout]     |                                 ^^^^^^^^^^^^^^ use of undeclared crate or module `font_test_data`
[INFO] [stdout] 
[INFO] [stdout] 
[INFO] [stdout] error[E0433]: failed to resolve: use of undeclared crate or module `font_test_data`
[INFO] [stdout]    --> src/tables/varc.rs:637:33
[INFO] [stdout]     |
[INFO] [stdout] 637 |         let font = FontRef::new(font_test_data::varc::CJK_6868).unwrap();
[INFO] [stdout]     |                                 ^^^^^^^^^^^^^^ use of undeclared crate or module `font_test_data`
[INFO] [stdout] 
[INFO] [stdout] 
[INFO] [stdout] error[E0433]: failed to resolve: use of undeclared crate or module `font_test_data`
[INFO] [stdout]    --> src/tables/varc.rs:676:33
[INFO] [stdout]     |
[INFO] [stdout] 676 |         let font = FontRef::new(font_test_data::varc::CJK_6868).unwrap();
[INFO] [stdout]     |                                 ^^^^^^^^^^^^^^ use of undeclared crate or module `font_test_data`
[INFO] [stdout] 
[INFO] [stdout] 
[INFO] [stdout] warning: elided lifetime has a name
[INFO] [stdout]    --> src/tables/gsub/closure.rs:525:51
[INFO] [stdout]     |
[INFO] [stdout] 525 |     fn get_gsub(test_data: &'static [u8]) -> Gsub<'_> {
[INFO] [stdout]     |                                                   ^^ this elided lifetime gets resolved as `'static`
[INFO] [stdout]     |
[INFO] [stdout]     = note: `#[warn(elided_named_lifetimes)]` on by default
[INFO] [stdout] help: consider specifying it explicitly
[INFO] [stdout]     |
[INFO] [stdout] 525 |     fn get_gsub(test_data: &'static [u8]) -> Gsub<'static> {
[INFO] [stdout]     |                                                   ~~~~~~~
[INFO] [stdout] 
[INFO] [stdout] 
[INFO] [stdout] error[E0282]: type annotations needed
[INFO] [stdout]    --> src/collections/int_set/bitpage.rs:411:9
[INFO] [stdout]     |
[INFO] [stdout] 411 |         assert_eq!(items, vec![]);
[INFO] [stdout]     |         ^^^^^^^^^^^^^^^^^^^^^^^^^ cannot infer type
[INFO] [stdout]     |
[INFO] [stdout]     = note: this error originates in the macro `assert_eq` (in Nightly builds, run with -Z macro-backtrace for more info)
[INFO] [stdout] 
[INFO] [stdout] 
[INFO] [stdout] error[E0283]: type annotations needed
[INFO] [stdout]    --> src/collections/int_set/bitpage.rs:411:9
[INFO] [stdout]     |
[INFO] [stdout] 411 |         assert_eq!(items, vec![]);
[INFO] [stdout]     |         ^^^^^^^^^^^^^^^^^^^^^^^^^ cannot infer type
[INFO] [stdout]     |
[INFO] [stdout]     = note: multiple `impl`s satisfying `u32: PartialEq<_>` found in the following crates: `core`, `serde_json`:
[INFO] [stdout]             - impl PartialEq for u32;
[INFO] [stdout]             - impl PartialEq<serde_json::Value> for u32;
[INFO] [stdout]     = note: required for `Vec<u32>` to implement `PartialEq<Vec<_>>`
[INFO] [stdout]     = note: this error originates in the macro `assert_eq` (in Nightly builds, run with -Z macro-backtrace for more info)
[INFO] [stdout] 
[INFO] [stdout] 
[INFO] [stdout] error[E0282]: type annotations needed
[INFO] [stdout]    --> src/collections/int_set/bitpage.rs:645:9
[INFO] [stdout]     |
[INFO] [stdout] 645 |         assert_eq!(items, vec![]);
[INFO] [stdout]     |         ^^^^^^^^^^^^^^^^^^^^^^^^^ cannot infer type
[INFO] [stdout]     |
[INFO] [stdout]     = note: this error originates in the macro `assert_eq` (in Nightly builds, run with -Z macro-backtrace for more info)
[INFO] [stdout] 
[INFO] [stdout] 
[INFO] [stdout] error[E0283]: type annotations needed
[INFO] [stdout]    --> src/collections/int_set/bitpage.rs:645:9
[INFO] [stdout]     |
[INFO] [stdout] 645 |         assert_eq!(items, vec![]);
[INFO] [stdout]     |         ^^^^^^^^^^^^^^^^^^^^^^^^^ cannot infer type
[INFO] [stdout]     |
[INFO] [stdout]     = note: multiple `impl`s satisfying `u32: PartialEq<_>` found in the following crates: `core`, `serde_json`:
[INFO] [stdout]             - impl PartialEq for u32;
[INFO] [stdout]             - impl PartialEq<serde_json::Value> for u32;
[INFO] [stdout]     = note: required for `Vec<u32>` to implement `PartialEq<Vec<_>>`
[INFO] [stdout]     = note: this error originates in the macro `assert_eq` (in Nightly builds, run with -Z macro-backtrace for more info)
[INFO] [stdout] 
[INFO] [stdout] 
[INFO] [stdout] error[E0283]: type annotations needed
[INFO] [stdout]    --> src/collections/int_set/bitpage.rs:647:9
[INFO] [stdout]     |
[INFO] [stdout] 647 |         assert_eq!(items, vec![]);
[INFO] [stdout]     |         ^^^^^^^^^^^^^^^^^^^^^^^^^ cannot infer type
[INFO] [stdout]     |
[INFO] [stdout]     = note: multiple `impl`s satisfying `u32: PartialEq<_>` found in the following crates: `core`, `serde_json`:
[INFO] [stdout]             - impl PartialEq for u32;
[INFO] [stdout]             - impl PartialEq<serde_json::Value> for u32;
[INFO] [stdout]     = note: required for `Vec<u32>` to implement `PartialEq<Vec<_>>`
[INFO] [stdout]     = note: this error originates in the macro `assert_eq` (in Nightly builds, run with -Z macro-backtrace for more info)
[INFO] [stdout] 
[INFO] [stdout] 
[INFO] [stdout] error[E0283]: type annotations needed
[INFO] [stdout]    --> src/collections/int_set/bitpage.rs:676:9
[INFO] [stdout]     |
[INFO] [stdout] 676 |         assert_eq!(items, vec![]);
[INFO] [stdout]     |         ^^^^^^^^^^^^^^^^^^^^^^^^^ cannot infer type
[INFO] [stdout]     |
[INFO] [stdout]     = note: multiple `impl`s satisfying `u32: PartialEq<_>` found in the following crates: `core`, `serde_json`:
[INFO] [stdout]             - impl PartialEq for u32;
[INFO] [stdout]             - impl PartialEq<serde_json::Value> for u32;
[INFO] [stdout]     = note: required for `Vec<u32>` to implement `PartialEq<Vec<_>>`
[INFO] [stdout]     = note: this error originates in the macro `assert_eq` (in Nightly builds, run with -Z macro-backtrace for more info)
[INFO] [stdout] 
[INFO] [stdout] 
[INFO] [stdout] error[E0282]: type annotations needed
[INFO] [stdout]    --> src/collections/int_set/bitpage.rs:689:9
[INFO] [stdout]     |
[INFO] [stdout] 689 |         assert_eq!(items, vec![]);
[INFO] [stdout]     |         ^^^^^^^^^^^^^^^^^^^^^^^^^ cannot infer type
[INFO] [stdout]     |
[INFO] [stdout]     = note: this error originates in the macro `assert_eq` (in Nightly builds, run with -Z macro-backtrace for more info)
[INFO] [stdout] 
[INFO] [stdout] 
[INFO] [stdout] error[E0283]: type annotations needed
[INFO] [stdout]    --> src/collections/int_set/bitpage.rs:689:9
[INFO] [stdout]     |
[INFO] [stdout] 689 |         assert_eq!(items, vec![]);
[INFO] [stdout]     |         ^^^^^^^^^^^^^^^^^^^^^^^^^ cannot infer type
[INFO] [stdout]     |
[INFO] [stdout]     = note: multiple `impl`s satisfying `u32: PartialEq<_>` found in the following crates: `core`, `serde_json`:
[INFO] [stdout]             - impl PartialEq for u32;
[INFO] [stdout]             - impl PartialEq<serde_json::Value> for u32;
[INFO] [stdout]     = note: required for `Vec<u32>` to implement `PartialEq<Vec<_>>`
[INFO] [stdout]     = note: this error originates in the macro `assert_eq` (in Nightly builds, run with -Z macro-backtrace for more info)
[INFO] [stdout] 
[INFO] [stdout] 
[INFO] [stdout] error[E0283]: type annotations needed
[INFO] [stdout]    --> src/collections/int_set/bitpage.rs:691:9
[INFO] [stdout]     |
[INFO] [stdout] 691 |         assert_eq!(items, vec![]);
[INFO] [stdout]     |         ^^^^^^^^^^^^^^^^^^^^^^^^^ cannot infer type
[INFO] [stdout]     |
[INFO] [stdout]     = note: multiple `impl`s satisfying `u32: PartialEq<_>` found in the following crates: `core`, `serde_json`:
[INFO] [stdout]             - impl PartialEq for u32;
[INFO] [stdout]             - impl PartialEq<serde_json::Value> for u32;
[INFO] [stdout]     = note: required for `Vec<u32>` to implement `PartialEq<Vec<_>>`
[INFO] [stdout]     = note: this error originates in the macro `assert_eq` (in Nightly builds, run with -Z macro-backtrace for more info)
[INFO] [stdout] 
[INFO] [stdout] 
[INFO] [stdout] error[E0283]: type annotations needed
[INFO] [stdout]    --> src/collections/int_set/bitpage.rs:720:9
[INFO] [stdout]     |
[INFO] [stdout] 720 |         assert_eq!(items, vec![]);
[INFO] [stdout]     |         ^^^^^^^^^^^^^^^^^^^^^^^^^ cannot infer type
[INFO] [stdout]     |
[INFO] [stdout]     = note: multiple `impl`s satisfying `u32: PartialEq<_>` found in the following crates: `core`, `serde_json`:
[INFO] [stdout]             - impl PartialEq for u32;
[INFO] [stdout]             - impl PartialEq<serde_json::Value> for u32;
[INFO] [stdout]     = note: required for `Vec<u32>` to implement `PartialEq<Vec<_>>`
[INFO] [stdout]     = note: this error originates in the macro `assert_eq` (in Nightly builds, run with -Z macro-backtrace for more info)
[INFO] [stdout] 
[INFO] [stdout] 
[INFO] [stdout] error[E0282]: type annotations needed
[INFO] [stdout]    --> src/collections/int_set/bitset.rs:917:9
[INFO] [stdout]     |
[INFO] [stdout] 917 |         assert_eq!(bitset.iter_after(3001).collect::<Vec<u32>>(), vec![]);
[INFO] [stdout]     |         ^^^^^^^^^^^^^^^^^^^^^^^^^^^^^^^^^^^^^^^^^^^^^^^^^^^^^^^^^^^^^^^^^ cannot infer type
[INFO] [stdout]     |
[INFO] [stdout]     = note: this error originates in the macro `assert_eq` (in Nightly builds, run with -Z macro-backtrace for more info)
[INFO] [stdout] 
[INFO] [stdout] 
[INFO] [stdout] error[E0283]: type annotations needed
[INFO] [stdout]    --> src/collections/int_set/bitset.rs:917:9
[INFO] [stdout]     |
[INFO] [stdout] 917 |         assert_eq!(bitset.iter_after(3001).collect::<Vec<u32>>(), vec![]);
[INFO] [stdout]     |         ^^^^^^^^^^^^^^^^^^^^^^^^^^^^^^^^^^^^^^^^^^^^^^^^^^^^^^^^^^^^^^^^^ cannot infer type
[INFO] [stdout]     |
[INFO] [stdout]     = note: multiple `impl`s satisfying `u32: PartialEq<_>` found in the following crates: `core`, `serde_json`:
[INFO] [stdout]             - impl PartialEq for u32;
[INFO] [stdout]             - impl PartialEq<serde_json::Value> for u32;
[INFO] [stdout]     = note: required for `Vec<u32>` to implement `PartialEq<Vec<_>>`
[INFO] [stdout]     = note: this error originates in the macro `assert_eq` (in Nightly builds, run with -Z macro-backtrace for more info)
[INFO] [stdout] 
[INFO] [stdout] 
[INFO] [stdout] error[E0283]: type annotations needed
[INFO] [stdout]    --> src/collections/int_set/bitset.rs:918:9
[INFO] [stdout]     |
[INFO] [stdout] 918 |         assert_eq!(bitset.iter_after(3002).collect::<Vec<u32>>(), vec![]);
[INFO] [stdout]     |         ^^^^^^^^^^^^^^^^^^^^^^^^^^^^^^^^^^^^^^^^^^^^^^^^^^^^^^^^^^^^^^^^^ cannot infer type
[INFO] [stdout]     |
[INFO] [stdout]     = note: multiple `impl`s satisfying `u32: PartialEq<_>` found in the following crates: `core`, `serde_json`:
[INFO] [stdout]             - impl PartialEq for u32;
[INFO] [stdout]             - impl PartialEq<serde_json::Value> for u32;
[INFO] [stdout]     = note: required for `Vec<u32>` to implement `PartialEq<Vec<_>>`
[INFO] [stdout]     = note: this error originates in the macro `assert_eq` (in Nightly builds, run with -Z macro-backtrace for more info)
[INFO] [stdout] 
[INFO] [stdout] 
[INFO] [stdout] error[E0283]: type annotations needed
[INFO] [stdout]    --> src/collections/int_set/bitset.rs:919:9
[INFO] [stdout]     |
[INFO] [stdout] 919 |         assert_eq!(bitset.iter_after(5000).collect::<Vec<u32>>(), vec![]);
[INFO] [stdout]     |         ^^^^^^^^^^^^^^^^^^^^^^^^^^^^^^^^^^^^^^^^^^^^^^^^^^^^^^^^^^^^^^^^^ cannot infer type
[INFO] [stdout]     |
[INFO] [stdout]     = note: multiple `impl`s satisfying `u32: PartialEq<_>` found in the following crates: `core`, `serde_json`:
[INFO] [stdout]             - impl PartialEq for u32;
[INFO] [stdout]             - impl PartialEq<serde_json::Value> for u32;
[INFO] [stdout]     = note: required for `Vec<u32>` to implement `PartialEq<Vec<_>>`
[INFO] [stdout]     = note: this error originates in the macro `assert_eq` (in Nightly builds, run with -Z macro-backtrace for more info)
[INFO] [stdout] 
[INFO] [stdout] 
[INFO] [stdout] error[E0283]: type annotations needed
[INFO] [stdout]    --> src/collections/int_set/bitset.rs:920:9
[INFO] [stdout]     |
[INFO] [stdout] 920 |         assert_eq!(bitset.iter_after(u32::MAX).collect::<Vec<u32>>(), vec![]);
[INFO] [stdout]     |         ^^^^^^^^^^^^^^^^^^^^^^^^^^^^^^^^^^^^^^^^^^^^^^^^^^^^^^^^^^^^^^^^^^^^^ cannot infer type
[INFO] [stdout]     |
[INFO] [stdout]     = note: multiple `impl`s satisfying `u32: PartialEq<_>` found in the following crates: `core`, `serde_json`:
[INFO] [stdout]             - impl PartialEq for u32;
[INFO] [stdout]             - impl PartialEq<serde_json::Value> for u32;
[INFO] [stdout]     = note: required for `Vec<u32>` to implement `PartialEq<Vec<_>>`
[INFO] [stdout]     = note: this error originates in the macro `assert_eq` (in Nightly builds, run with -Z macro-backtrace for more info)
[INFO] [stdout] 
[INFO] [stdout] 
[INFO] [stdout] error[E0283]: type annotations needed
[INFO] [stdout]    --> src/collections/int_set/bitset.rs:923:9
[INFO] [stdout]     |
[INFO] [stdout] 923 |         assert_eq!(bitset.iter_after(u32::MAX).collect::<Vec<u32>>(), vec![]);
[INFO] [stdout]     |         ^^^^^^^^^^^^^^^^^^^^^^^^^^^^^^^^^^^^^^^^^^^^^^^^^^^^^^^^^^^^^^^^^^^^^ cannot infer type
[INFO] [stdout]     |
[INFO] [stdout]     = note: multiple `impl`s satisfying `u32: PartialEq<_>` found in the following crates: `core`, `serde_json`:
[INFO] [stdout]             - impl PartialEq for u32;
[INFO] [stdout]             - impl PartialEq<serde_json::Value> for u32;
[INFO] [stdout]     = note: required for `Vec<u32>` to implement `PartialEq<Vec<_>>`
[INFO] [stdout]     = note: this error originates in the macro `assert_eq` (in Nightly builds, run with -Z macro-backtrace for more info)
[INFO] [stdout] 
[INFO] [stdout] 
[INFO] [stdout] error[E0283]: type annotations needed
[INFO] [stdout]    --> src/collections/int_set/bitset.rs:934:9
[INFO] [stdout]     |
[INFO] [stdout] 934 |         assert_eq!(bitset.iter_after(512).collect::<Vec<u32>>(), vec![]);
[INFO] [stdout]     |         ^^^^^^^^^^^^^^^^^^^^^^^^^^^^^^^^^^^^^^^^^^^^^^^^^^^^^^^^^^^^^^^^ cannot infer type
[INFO] [stdout]     |
[INFO] [stdout]     = note: multiple `impl`s satisfying `u32: PartialEq<_>` found in the following crates: `core`, `serde_json`:
[INFO] [stdout]             - impl PartialEq for u32;
[INFO] [stdout]             - impl PartialEq<serde_json::Value> for u32;
[INFO] [stdout]     = note: required for `Vec<u32>` to implement `PartialEq<Vec<_>>`
[INFO] [stdout]     = note: this error originates in the macro `assert_eq` (in Nightly builds, run with -Z macro-backtrace for more info)
[INFO] [stdout] 
[INFO] [stdout] 
[INFO] [stdout] error[E0282]: type annotations needed
[INFO] [stdout]     --> src/collections/int_set/mod.rs:1625:9
[INFO] [stdout]      |
[INFO] [stdout] 1625 |         assert_eq!(set.iter_after(0).collect::<Vec<u32>>(), vec![]);
[INFO] [stdout]      |         ^^^^^^^^^^^^^^^^^^^^^^^^^^^^^^^^^^^^^^^^^^^^^^^^^^^^^^^^^^^ cannot infer type
[INFO] [stdout]      |
[INFO] [stdout]      = note: this error originates in the macro `assert_eq` (in Nightly builds, run with -Z macro-backtrace for more info)
[INFO] [stdout] 
[INFO] [stdout] 
[INFO] [stdout] error[E0283]: type annotations needed
[INFO] [stdout]     --> src/collections/int_set/mod.rs:1625:9
[INFO] [stdout]      |
[INFO] [stdout] 1625 |         assert_eq!(set.iter_after(0).collect::<Vec<u32>>(), vec![]);
[INFO] [stdout]      |         ^^^^^^^^^^^^^^^^^^^^^^^^^^^^^^^^^^^^^^^^^^^^^^^^^^^^^^^^^^^ cannot infer type
[INFO] [stdout]      |
[INFO] [stdout]      = note: multiple `impl`s satisfying `u32: PartialEq<_>` found in the following crates: `core`, `serde_json`:
[INFO] [stdout]              - impl PartialEq for u32;
[INFO] [stdout]              - impl PartialEq<serde_json::Value> for u32;
[INFO] [stdout]      = note: required for `Vec<u32>` to implement `PartialEq<Vec<_>>`
[INFO] [stdout]      = note: this error originates in the macro `assert_eq` (in Nightly builds, run with -Z macro-backtrace for more info)
[INFO] [stdout] 
[INFO] [stdout] 
[INFO] [stdout] error[E0282]: type annotations needed
[INFO] [stdout]     --> src/collections/int_set/mod.rs:1664:9
[INFO] [stdout]      |
[INFO] [stdout] 1664 | /         assert_eq!(
[INFO] [stdout] 1665 | |             set.iter_after(u32::MAX).take(1).collect::<Vec<u32>>(),
[INFO] [stdout] 1666 | |             vec![]
[INFO] [stdout] 1667 | |         );
[INFO] [stdout]      | |_________^ cannot infer type
[INFO] [stdout]      |
[INFO] [stdout]      = note: this error originates in the macro `assert_eq` (in Nightly builds, run with -Z macro-backtrace for more info)
[INFO] [stdout] 
[INFO] [stdout] 
[INFO] [stdout] error[E0283]: type annotations needed
[INFO] [stdout]     --> src/collections/int_set/mod.rs:1664:9
[INFO] [stdout]      |
[INFO] [stdout] 1664 | /         assert_eq!(
[INFO] [stdout] 1665 | |             set.iter_after(u32::MAX).take(1).collect::<Vec<u32>>(),
[INFO] [stdout] 1666 | |             vec![]
[INFO] [stdout] 1667 | |         );
[INFO] [stdout]      | |_________^ cannot infer type
[INFO] [stdout]      |
[INFO] [stdout]      = note: multiple `impl`s satisfying `u32: PartialEq<_>` found in the following crates: `core`, `serde_json`:
[INFO] [stdout]              - impl PartialEq for u32;
[INFO] [stdout]              - impl PartialEq<serde_json::Value> for u32;
[INFO] [stdout]      = note: required for `Vec<u32>` to implement `PartialEq<Vec<_>>`
[INFO] [stdout]      = note: this error originates in the macro `assert_eq` (in Nightly builds, run with -Z macro-backtrace for more info)
[INFO] [stdout] 
[INFO] [stdout] 
[INFO] [stdout] error[E0283]: type annotations needed
[INFO] [stdout]     --> src/collections/int_set/mod.rs:1669:9
[INFO] [stdout]      |
[INFO] [stdout] 1669 | /         assert_eq!(
[INFO] [stdout] 1670 | |             set.iter_after(u32::MAX - 1).take(1).collect::<Vec<u32>>(),
[INFO] [stdout] 1671 | |             vec![]
[INFO] [stdout] 1672 | |         );
[INFO] [stdout]      | |_________^ cannot infer type
[INFO] [stdout]      |
[INFO] [stdout]      = note: multiple `impl`s satisfying `u32: PartialEq<_>` found in the following crates: `core`, `serde_json`:
[INFO] [stdout]              - impl PartialEq for u32;
[INFO] [stdout]              - impl PartialEq<serde_json::Value> for u32;
[INFO] [stdout]      = note: required for `Vec<u32>` to implement `PartialEq<Vec<_>>`
[INFO] [stdout]      = note: this error originates in the macro `assert_eq` (in Nightly builds, run with -Z macro-backtrace for more info)
[INFO] [stdout] 
[INFO] [stdout] 
[INFO] [stdout] error[E0433]: failed to resolve: use of undeclared crate or module `font_test_data`
[INFO] [stdout]   --> src/tables/avar.rs:79:33
[INFO] [stdout]    |
[INFO] [stdout] 79 |         let font = FontRef::new(font_test_data::VAZIRMATN_VAR).unwrap();
[INFO] [stdout]    |                                 ^^^^^^^^^^^^^^ use of undeclared crate or module `font_test_data`
[INFO] [stdout] 
[INFO] [stdout] 
[INFO] [stdout] error[E0433]: failed to resolve: use of undeclared crate or module `font_test_data`
[INFO] [stdout]    --> src/tables/avar.rs:148:33
[INFO] [stdout]     |
[INFO] [stdout] 148 |         let font = FontRef::new(font_test_data::VAZIRMATN_VAR).unwrap();
[INFO] [stdout]     |                                 ^^^^^^^^^^^^^^ use of undeclared crate or module `font_test_data`
[INFO] [stdout] 
[INFO] [stdout] 
[INFO] [stdout] error[E0433]: failed to resolve: use of undeclared crate or module `font_test_data`
[INFO] [stdout]    --> src/tables/avar.rs:164:33
[INFO] [stdout]     |
[INFO] [stdout] 164 |         let font = FontRef::new(font_test_data::AVAR2_CHECKER).unwrap();
[INFO] [stdout]     |                                 ^^^^^^^^^^^^^^ use of undeclared crate or module `font_test_data`
[INFO] [stdout] 
[INFO] [stdout] 
[INFO] [stdout] error[E0433]: failed to resolve: use of undeclared crate or module `font_test_data`
[INFO] [stdout]   --> src/tables/cbdt.rs:23:33
[INFO] [stdout]    |
[INFO] [stdout] 23 |         let font = FontRef::new(font_test_data::EMBEDDED_BITMAPS).unwrap();
[INFO] [stdout]    |                                 ^^^^^^^^^^^^^^ use of undeclared crate or module `font_test_data`
[INFO] [stdout] 
[INFO] [stdout] 
[INFO] [stdout] error[E0433]: failed to resolve: use of undeclared crate or module `font_test_data`
[INFO] [stdout]   --> src/tables/cbdt.rs:65:33
[INFO] [stdout]    |
[INFO] [stdout] 65 |         let font = FontRef::new(font_test_data::CBDT).unwrap();
[INFO] [stdout]    |                                 ^^^^^^^^^^^^^^ use of undeclared crate or module `font_test_data`
[INFO] [stdout] 
[INFO] [stdout] 
[INFO] [stdout] error[E0433]: failed to resolve: use of undeclared crate or module `font_test_data`
[INFO] [stdout]    --> src/tables/cff.rs:122:33
[INFO] [stdout]     |
[INFO] [stdout] 122 |         let font = FontRef::new(font_test_data::NOTO_SERIF_DISPLAY_TRIMMED).unwrap();
[INFO] [stdout]     |                                 ^^^^^^^^^^^^^^ use of undeclared crate or module `font_test_data`
[INFO] [stdout] 
[INFO] [stdout] 
[INFO] [stdout] error[E0433]: failed to resolve: use of undeclared crate or module `font_test_data`
[INFO] [stdout]   --> src/tables/cff2.rs:73:33
[INFO] [stdout]    |
[INFO] [stdout] 73 |         let font = FontRef::new(font_test_data::CANTARELL_VF_TRIMMED).unwrap();
[INFO] [stdout]    |                                 ^^^^^^^^^^^^^^ use of undeclared crate or module `font_test_data`
[INFO] [stdout] 
[INFO] [stdout] 
[INFO] [stdout] error[E0433]: failed to resolve: use of undeclared crate or module `font_test_data`
[INFO] [stdout]    --> src/tables/cmap.rs:522:33
[INFO] [stdout]     |
[INFO] [stdout] 522 |         let font = FontRef::new(font_test_data::VAZIRMATN_VAR).unwrap();
[INFO] [stdout]     |                                 ^^^^^^^^^^^^^^ use of undeclared crate or module `font_test_data`
[INFO] [stdout] 
[INFO] [stdout] 
[INFO] [stdout] error[E0433]: failed to resolve: use of undeclared crate or module `font_test_data`
[INFO] [stdout]    --> src/tables/cmap.rs:529:33
[INFO] [stdout]     |
[INFO] [stdout] 529 |         let font = FontRef::new(font_test_data::SIMPLE_GLYF).unwrap();
[INFO] [stdout]     |                                 ^^^^^^^^^^^^^^ use of undeclared crate or module `font_test_data`
[INFO] [stdout] 
[INFO] [stdout] 
[INFO] [stdout] error[E0433]: failed to resolve: use of undeclared crate or module `font_test_data`
[INFO] [stdout]    --> src/tables/cmap.rs:539:33
[INFO] [stdout]     |
[INFO] [stdout] 539 |         let font = FontRef::new(font_test_data::CMAP14_FONT1).unwrap();
[INFO] [stdout]     |                                 ^^^^^^^^^^^^^^ use of undeclared crate or module `font_test_data`
[INFO] [stdout] 
[INFO] [stdout] 
[INFO] [stdout] error[E0433]: failed to resolve: use of undeclared crate or module `font_test_data`
[INFO] [stdout]    --> src/tables/cmap.rs:559:33
[INFO] [stdout]     |
[INFO] [stdout] 559 |         let font = FontRef::new(font_test_data::CMAP14_FONT1).unwrap();
[INFO] [stdout]     |                                 ^^^^^^^^^^^^^^ use of undeclared crate or module `font_test_data`
[INFO] [stdout] 
[INFO] [stdout] 
[INFO] [stdout] error[E0433]: failed to resolve: use of undeclared crate or module `font_test_data`
[INFO] [stdout]    --> src/tables/cmap.rs:575:33
[INFO] [stdout]     |
[INFO] [stdout] 575 |         let font = FontRef::new(font_test_data::VAZIRMATN_VAR).unwrap();
[INFO] [stdout]     |                                 ^^^^^^^^^^^^^^ use of undeclared crate or module `font_test_data`
[INFO] [stdout] 
[INFO] [stdout] 
[INFO] [stdout] error[E0433]: failed to resolve: use of undeclared crate or module `font_test_data`
[INFO] [stdout]    --> src/tables/cmap.rs:583:33
[INFO] [stdout]     |
[INFO] [stdout] 583 |         let font = FontRef::new(font_test_data::SIMPLE_GLYF).unwrap();
[INFO] [stdout]     |                                 ^^^^^^^^^^^^^^ use of undeclared crate or module `font_test_data`
[INFO] [stdout] 
[INFO] [stdout] 
[INFO] [stdout] error[E0433]: failed to resolve: use of undeclared crate or module `font_test_data`
[INFO] [stdout]    --> src/tables/cmap.rs:633:33
[INFO] [stdout]     |
[INFO] [stdout] 633 |         let font = FontRef::new(font_test_data::CMAP12_FONT1).unwrap();
[INFO] [stdout]     |                                 ^^^^^^^^^^^^^^ use of undeclared crate or module `font_test_data`
[INFO] [stdout] 
[INFO] [stdout] 
[INFO] [stdout] error[E0433]: failed to resolve: use of undeclared crate or module `font_test_data`
[INFO] [stdout]    --> src/tables/cmap.rs:713:33
[INFO] [stdout]     |
[INFO] [stdout] 713 |         let font = FontRef::new(font_test_data::CMAP14_FONT1).unwrap();
[INFO] [stdout]     |                                 ^^^^^^^^^^^^^^ use of undeclared crate or module `font_test_data`
[INFO] [stdout] 
[INFO] [stdout] 
[INFO] [stdout] error[E0433]: failed to resolve: use of undeclared crate or module `font_test_data`
[INFO] [stdout]    --> src/tables/colr/closure.rs:620:33
[INFO] [stdout]     |
[INFO] [stdout] 620 |         let font = FontRef::new(font_test_data::COLRV0V1_VARIABLE).unwrap();
[INFO] [stdout]     |                                 ^^^^^^^^^^^^^^ use of undeclared crate or module `font_test_data`
[INFO] [stdout] 
[INFO] [stdout] 
[INFO] [stdout] error[E0433]: failed to resolve: use of undeclared crate or module `font_test_data`
[INFO] [stdout]    --> src/tables/colr/closure.rs:655:33
[INFO] [stdout]     |
[INFO] [stdout] 655 |         let font = FontRef::new(font_test_data::COLRV0V1_VARIABLE).unwrap();
[INFO] [stdout]     |                                 ^^^^^^^^^^^^^^ use of undeclared crate or module `font_test_data`
[INFO] [stdout] 
[INFO] [stdout] 
[INFO] [stdout] error[E0433]: failed to resolve: use of undeclared crate or module `font_test_data`
[INFO] [stdout]    --> src/tables/colr/closure.rs:670:33
[INFO] [stdout]     |
[INFO] [stdout] 670 |         let font = FontRef::new(font_test_data::COLRV0V1_VARIABLE).unwrap();
[INFO] [stdout]     |                                 ^^^^^^^^^^^^^^ use of undeclared crate or module `font_test_data`
[INFO] [stdout] 
[INFO] [stdout] 
[INFO] [stdout] error[E0433]: failed to resolve: use of undeclared crate or module `font_test_data`
[INFO] [stdout]    --> src/tables/colr/closure.rs:715:33
[INFO] [stdout]     |
[INFO] [stdout] 715 |         let font = FontRef::new(font_test_data::COLRV0V1_VARIABLE).unwrap();
[INFO] [stdout]     |                                 ^^^^^^^^^^^^^^ use of undeclared crate or module `font_test_data`
[INFO] [stdout] 
[INFO] [stdout] 
[INFO] [stdout] error[E0433]: failed to resolve: use of undeclared crate or module `font_test_data`
[INFO] [stdout]   --> src/tables/cpal.rs:12:33
[INFO] [stdout]    |
[INFO] [stdout] 12 |         let font = FontRef::new(font_test_data::COLR_GRADIENT_RECT).unwrap();
[INFO] [stdout]    |                                 ^^^^^^^^^^^^^^ use of undeclared crate or module `font_test_data`
[INFO] [stdout] 
[INFO] [stdout] 
[INFO] [stdout] error[E0433]: failed to resolve: use of undeclared crate or module `font_test_data`
[INFO] [stdout]    --> src/tables/cvar.rs:108:33
[INFO] [stdout]     |
[INFO] [stdout] 108 |         let font = FontRef::new(font_test_data::CVAR).unwrap();
[INFO] [stdout]     |                                 ^^^^^^^^^^^^^^ use of undeclared crate or module `font_test_data`
[INFO] [stdout] 
[INFO] [stdout] 
[INFO] [stdout] error[E0433]: failed to resolve: use of undeclared crate or module `font_test_data`
[INFO] [stdout]    --> src/tables/cvar.rs:219:33
[INFO] [stdout]     |
[INFO] [stdout] 219 |         let font = FontRef::new(font_test_data::CVAR).unwrap();
[INFO] [stdout]     |                                 ^^^^^^^^^^^^^^ use of undeclared crate or module `font_test_data`
[INFO] [stdout] 
[INFO] [stdout] 
[INFO] [stdout] error[E0433]: failed to resolve: use of undeclared crate or module `font_test_data`
[INFO] [stdout]   --> src/tables/ebdt.rs:44:33
[INFO] [stdout]    |
[INFO] [stdout] 44 |         let font = FontRef::new(font_test_data::EMBEDDED_BITMAPS).unwrap();
[INFO] [stdout]    |                                 ^^^^^^^^^^^^^^ use of undeclared crate or module `font_test_data`
[INFO] [stdout] 
[INFO] [stdout] 
[INFO] [stdout] error[E0433]: failed to resolve: use of undeclared crate or module `font_test_data`
[INFO] [stdout]    --> src/tables/ebdt.rs:101:33
[INFO] [stdout]     |
[INFO] [stdout] 101 |         let font = FontRef::new(font_test_data::EMBEDDED_BITMAPS).unwrap();
[INFO] [stdout]     |                                 ^^^^^^^^^^^^^^ use of undeclared crate or module `font_test_data`
[INFO] [stdout] 
[INFO] [stdout] 
[INFO] [stdout] error[E0433]: failed to resolve: use of undeclared crate or module `font_test_data`
[INFO] [stdout]    --> src/tables/fvar.rs:150:33
[INFO] [stdout]     |
[INFO] [stdout] 150 |         let font = FontRef::new(font_test_data::VAZIRMATN_VAR).unwrap();
[INFO] [stdout]     |                                 ^^^^^^^^^^^^^^ use of undeclared crate or module `font_test_data`
[INFO] [stdout] 
[INFO] [stdout] 
[INFO] [stdout] error[E0433]: failed to resolve: use of undeclared crate or module `font_test_data`
[INFO] [stdout]    --> src/tables/fvar.rs:164:33
[INFO] [stdout]     |
[INFO] [stdout] 164 |         let font = FontRef::new(font_test_data::VAZIRMATN_VAR).unwrap();
[INFO] [stdout]     |                                 ^^^^^^^^^^^^^^ use of undeclared crate or module `font_test_data`
[INFO] [stdout] 
[INFO] [stdout] 
[INFO] [stdout] error[E0433]: failed to resolve: use of undeclared crate or module `font_test_data`
[INFO] [stdout]    --> src/tables/fvar.rs:186:33
[INFO] [stdout]     |
[INFO] [stdout] 186 |         let font = FontRef::new(font_test_data::VAZIRMATN_VAR).unwrap();
[INFO] [stdout]     |                                 ^^^^^^^^^^^^^^ use of undeclared crate or module `font_test_data`
[INFO] [stdout] 
[INFO] [stdout] 
[INFO] [stdout] error[E0433]: failed to resolve: use of undeclared crate or module `font_test_data`
[INFO] [stdout]    --> src/tables/fvar.rs:222:40
[INFO] [stdout]     |
[INFO] [stdout] 222 |         let font = FontRef::from_index(font_test_data::VAZIRMATN_VAR, 0).unwrap();
[INFO] [stdout]     |                                        ^^^^^^^^^^^^^^ use of undeclared crate or module `font_test_data`
[INFO] [stdout] 
[INFO] [stdout] 
[INFO] [stdout] error[E0433]: failed to resolve: use of undeclared crate or module `font_test_data`
[INFO] [stdout]    --> src/tables/fvar.rs:255:33
[INFO] [stdout]     |
[INFO] [stdout] 255 |         let font = FontRef::new(font_test_data::AVAR2_CHECKER).unwrap();
[INFO] [stdout]     |                                 ^^^^^^^^^^^^^^ use of undeclared crate or module `font_test_data`
[INFO] [stdout] 
[INFO] [stdout] 
[INFO] [stdout] error[E0433]: failed to resolve: use of undeclared crate or module `font_test_data`
[INFO] [stdout]    --> src/tables/fvar.rs:283:33
[INFO] [stdout]     |
[INFO] [stdout] 283 |         let font = FontRef::new(font_test_data::AVAR2_CHECKER).unwrap();
[INFO] [stdout]     |                                 ^^^^^^^^^^^^^^ use of undeclared crate or module `font_test_data`
[INFO] [stdout] 
[INFO] [stdout] 
[INFO] [stdout] error[E0433]: failed to resolve: use of undeclared crate or module `font_test_data`
[INFO] [stdout]    --> src/tables/glyf.rs:826:33
[INFO] [stdout]     |
[INFO] [stdout] 826 |         let font = FontRef::new(font_test_data::COLR_GRADIENT_RECT).unwrap();
[INFO] [stdout]     |                                 ^^^^^^^^^^^^^^ use of undeclared crate or module `font_test_data`
[INFO] [stdout] 
[INFO] [stdout] 
[INFO] [stdout] error[E0433]: failed to resolve: use of undeclared crate or module `font_test_data`
[INFO] [stdout]    --> src/tables/glyf.rs:873:52
[INFO] [stdout]     |
[INFO] [stdout] 873 |         let gids_with_overlap: Vec<_> = all_glyphs(font_test_data::VAZIRMATN_VAR)
[INFO] [stdout]     |                                                    ^^^^^^^^^^^^^^ use of undeclared crate or module `font_test_data`
[INFO] [stdout] 
[INFO] [stdout] 
[INFO] [stdout] error[E0433]: failed to resolve: use of undeclared crate or module `font_test_data`
[INFO] [stdout]    --> src/tables/glyf.rs:887:63
[INFO] [stdout]     |
[INFO] [stdout] 887 |         let gids_components_with_overlap: Vec<_> = all_glyphs(font_test_data::VAZIRMATN_VAR)
[INFO] [stdout]     |                                                               ^^^^^^^^^^^^^^ use of undeclared crate or module `font_test_data`
[INFO] [stdout] 
[INFO] [stdout] 
[INFO] [stdout] error[E0433]: failed to resolve: use of undeclared crate or module `font_test_data`
[INFO] [stdout]    --> src/tables/glyf.rs:995:33
[INFO] [stdout]     |
[INFO] [stdout] 995 |         let font = FontRef::new(font_test_data::CUBIC_GLYF).unwrap();
[INFO] [stdout]     |                                 ^^^^^^^^^^^^^^ use of undeclared crate or module `font_test_data`
[INFO] [stdout] 
[INFO] [stdout] 
[INFO] [stdout] error[E0433]: failed to resolve: use of undeclared crate or module `font_test_data`
[INFO] [stdout]    --> src/tables/gvar.rs:370:33
[INFO] [stdout]     |
[INFO] [stdout] 370 |         let gvar = FontRef::new(font_test_data::VAZIRMATN_VAR)
[INFO] [stdout]     |                                 ^^^^^^^^^^^^^^ use of undeclared crate or module `font_test_data`
[INFO] [stdout] 
[INFO] [stdout] 
[INFO] [stdout] error[E0433]: failed to resolve: use of undeclared crate or module `font_test_data`
[INFO] [stdout]    --> src/tables/gvar.rs:402:33
[INFO] [stdout]     |
[INFO] [stdout] 402 |         let gvar = FontRef::new(font_test_data::VAZIRMATN_VAR)
[INFO] [stdout]     |                                 ^^^^^^^^^^^^^^ use of undeclared crate or module `font_test_data`
[INFO] [stdout] 
[INFO] [stdout] 
[INFO] [stdout] error[E0433]: failed to resolve: use of undeclared crate or module `font_test_data`
[INFO] [stdout]    --> src/tables/gvar.rs:426:33
[INFO] [stdout]     |
[INFO] [stdout] 426 |         let gvar = FontRef::new(font_test_data::VAZIRMATN_VAR)
[INFO] [stdout]     |                                 ^^^^^^^^^^^^^^ use of undeclared crate or module `font_test_data`
[INFO] [stdout] 
[INFO] [stdout] 
[INFO] [stdout] error[E0433]: failed to resolve: use of undeclared crate or module `font_test_data`
[INFO] [stdout]    --> src/tables/gvar.rs:444:33
[INFO] [stdout]     |
[INFO] [stdout] 444 |         let font = FontRef::new(font_test_data::VAZIRMATN_VAR).unwrap();
[INFO] [stdout]     |                                 ^^^^^^^^^^^^^^ use of undeclared crate or module `font_test_data`
[INFO] [stdout] 
[INFO] [stdout] 
[INFO] [stdout] error[E0433]: failed to resolve: use of undeclared crate or module `font_test_data`
[INFO] [stdout]   --> src/tables/hmtx.rs:48:33
[INFO] [stdout]    |
[INFO] [stdout] 48 |         let font = FontRef::new(font_test_data::CBDT).unwrap();
[INFO] [stdout]    |                                 ^^^^^^^^^^^^^^ use of undeclared crate or module `font_test_data`
[INFO] [stdout] 
[INFO] [stdout] 
[INFO] [stdout] error[E0433]: failed to resolve: use of undeclared crate or module `font_test_data`
[INFO] [stdout]   --> src/tables/hmtx.rs:65:33
[INFO] [stdout]    |
[INFO] [stdout] 65 |         let font = FontRef::new(font_test_data::VAZIRMATN_VAR).unwrap();
[INFO] [stdout]    |                                 ^^^^^^^^^^^^^^ use of undeclared crate or module `font_test_data`
[INFO] [stdout] 
[INFO] [stdout] 
[INFO] [stdout] error[E0433]: failed to resolve: use of undeclared crate or module `font_test_data`
[INFO] [stdout]   --> src/tables/hvar.rs:53:33
[INFO] [stdout]    |
[INFO] [stdout] 53 |         let font = FontRef::new(font_test_data::VAZIRMATN_VAR).unwrap();
[INFO] [stdout]    |                                 ^^^^^^^^^^^^^^ use of undeclared crate or module `font_test_data`
[INFO] [stdout] 
[INFO] [stdout] 
[INFO] [stdout] error[E0433]: failed to resolve: use of undeclared crate or module `font_test_data`
[INFO] [stdout]   --> src/tables/hvar.rs:90:33
[INFO] [stdout]    |
[INFO] [stdout] 90 |         let font = FontRef::new(font_test_data::HVAR_WITH_TRUNCATED_ADVANCE_INDEX_MAP).unwrap();
[INFO] [stdout]    |                                 ^^^^^^^^^^^^^^ use of undeclared crate or module `font_test_data`
[INFO] [stdout] 
[INFO] [stdout] 
[INFO] [stdout] error[E0433]: failed to resolve: use of undeclared crate or module `font_test_data`
[INFO] [stdout]    --> src/tables/layout/script.rs:183:33
[INFO] [stdout]     |
[INFO] [stdout] 183 |         let font = FontRef::new(font_test_data::NOTOSERIFHEBREW_AUTOHINT_METRICS).unwrap();
[INFO] [stdout]     |                                 ^^^^^^^^^^^^^^ use of undeclared crate or module `font_test_data`
[INFO] [stdout] 
[INFO] [stdout] 
[INFO] [stdout] error[E0433]: failed to resolve: use of undeclared crate or module `font_test_data`
[INFO] [stdout]    --> src/tables/layout/script.rs:247:33
[INFO] [stdout]     |
[INFO] [stdout] 247 |         let font = FontRef::new(font_test_data::NOTOSERIFHEBREW_AUTOHINT_METRICS).unwrap();
[INFO] [stdout]     |                                 ^^^^^^^^^^^^^^ use of undeclared crate or module `font_test_data`
[INFO] [stdout] 
[INFO] [stdout] 
[INFO] [stdout] error[E0433]: failed to resolve: use of undeclared crate or module `font_test_data`
[INFO] [stdout]    --> src/tables/os2.rs:186:33
[INFO] [stdout]     |
[INFO] [stdout] 186 |         let font = FontRef::new(font_test_data::SIMPLE_GLYF).unwrap();
[INFO] [stdout]     |                                 ^^^^^^^^^^^^^^ use of undeclared crate or module `font_test_data`
[INFO] [stdout] 
[INFO] [stdout] 
[INFO] [stdout] error[E0433]: failed to resolve: use of undeclared crate or module `font_test_data`
[INFO] [stdout]    --> src/tables/postscript/dict.rs:672:42
[INFO] [stdout]     |
[INFO] [stdout] 672 |         let top_dict_data = FontRef::new(font_test_data::NOTO_SERIF_DISPLAY_TRIMMED)
[INFO] [stdout]     |                                          ^^^^^^^^^^^^^^ use of undeclared crate or module `font_test_data`
[INFO] [stdout] 
[INFO] [stdout] 
[INFO] [stdout] error[E0433]: failed to resolve: use of undeclared crate or module `font_test_data`
[INFO] [stdout]   --> src/tables/stat.rs:15:33
[INFO] [stdout]    |
[INFO] [stdout] 15 |         let font = FontRef::new(font_test_data::VAZIRMATN_VAR).unwrap();
[INFO] [stdout]    |                                 ^^^^^^^^^^^^^^ use of undeclared crate or module `font_test_data`
[INFO] [stdout] 
[INFO] [stdout] 
[INFO] [stdout] error[E0433]: failed to resolve: use of undeclared crate or module `font_test_data`
[INFO] [stdout]     --> src/tables/variations.rs:1185:33
[INFO] [stdout]      |
[INFO] [stdout] 1185 |         let font = FontRef::new(font_test_data::VAZIRMATN_VAR).unwrap();
[INFO] [stdout]      |                                 ^^^^^^^^^^^^^^ use of undeclared crate or module `font_test_data`
[INFO] [stdout] 
[INFO] [stdout] 
[INFO] [stdout] error[E0282]: type annotations needed
[INFO] [stdout]     --> src/tables/variations.rs:1328:59
[INFO] [stdout]      |
[INFO] [stdout] 1328 |         assert_eq!(all_points.iter().count(), u16::MAX as _);
[INFO] [stdout]      |                                                           ^ cannot infer type
[INFO] [stdout] 
[INFO] [stdout] 
[INFO] [stdout] error[E0433]: failed to resolve: use of undeclared crate or module `font_test_data`
[INFO] [stdout]     --> src/tables/variations.rs:1336:33
[INFO] [stdout]      |
[INFO] [stdout] 1336 |         let font = FontRef::new(font_test_data::COLRV0V1_VARIABLE).unwrap();
[INFO] [stdout]      |                                 ^^^^^^^^^^^^^^ use of undeclared crate or module `font_test_data`
[INFO] [stdout] 
[INFO] [stdout] 
[INFO] [stdout] error[E0433]: failed to resolve: use of undeclared crate or module `font_test_data`
[INFO] [stdout]   --> src/tables/vorg.rs:27:33
[INFO] [stdout]    |
[INFO] [stdout] 27 |         let font = FontRef::new(font_test_data::VORG).unwrap();
[INFO] [stdout]    |                                 ^^^^^^^^^^^^^^ use of undeclared crate or module `font_test_data`
[INFO] [stdout] 
[INFO] [stdout] 
[INFO] [stdout] error[E0282]: type annotations needed
[INFO] [stdout]   --> src/codegen_test.rs:88:9
[INFO] [stdout]    |
[INFO] [stdout] 88 |         assert_eq!(kids[0].bytes, &[]);
[INFO] [stdout]    |         ^^^^^^^^^^^^^^^^^^^^^^^^^^^^^^ cannot infer type
[INFO] [stdout]    |
[INFO] [stdout]    = note: this error originates in the macro `assert_eq` (in Nightly builds, run with -Z macro-backtrace for more info)
[INFO] [stdout] 
[INFO] [stdout] 
[INFO] [stdout] error[E0283]: type annotations needed
[INFO] [stdout]   --> src/codegen_test.rs:88:9
[INFO] [stdout]    |
[INFO] [stdout] 88 |         assert_eq!(kids[0].bytes, &[]);
[INFO] [stdout]    |         ^^^^^^^^^^^^^^^^^^^^^^^^^^^^^^ cannot infer type
[INFO] [stdout]    |
[INFO] [stdout]    = note: multiple `impl`s satisfying `u8: PartialEq<_>` found in the following crates: `core`, `serde_json`:
[INFO] [stdout]            - impl PartialEq for u8;
[INFO] [stdout]            - impl PartialEq<serde_json::Value> for u8;
[INFO] [stdout]    = note: required for `[u8]` to implement `PartialEq<[_; 0]>`
[INFO] [stdout]    = note: 1 redundant requirement hidden
[INFO] [stdout]    = note: required for `&[u8]` to implement `PartialEq<&[_; 0]>`
[INFO] [stdout]    = note: this error originates in the macro `assert_eq` (in Nightly builds, run with -Z macro-backtrace for more info)
[INFO] [stdout] 
[INFO] [stdout] 
[INFO] [stdout] Some errors have detailed explanations: E0282, E0283, E0432, E0433.
[INFO] [stdout] 
[INFO] [stdout] For more information about an error, try `rustc --explain E0282`.
[INFO] [stdout] 
[INFO] [stderr] error: could not compile `read-fonts` (lib test) due to 105 previous errors; 1 warning emitted
[INFO] running `Command { std: "docker" "inspect" "a22a7ad8d3ff66503eb49ec1aecbb66b0f47ce850e6ef4652897cb3fe3383acb", kill_on_drop: false }`
[INFO] running `Command { std: "docker" "rm" "-f" "a22a7ad8d3ff66503eb49ec1aecbb66b0f47ce850e6ef4652897cb3fe3383acb", kill_on_drop: false }`
[INFO] [stdout] a22a7ad8d3ff66503eb49ec1aecbb66b0f47ce850e6ef4652897cb3fe3383acb
