[INFO] fetching crate rdkit-rs 0.1.0...
[INFO] testing rdkit-rs-0.1.0 against nightly-2024-10-28+rustflags=-Zrandomize-layout for randomize-layout
[INFO] extracting crate rdkit-rs 0.1.0 into /workspace/builds/worker-6-tc2/source
[INFO] validating manifest of crates.io crate rdkit-rs 0.1.0 on toolchain nightly-2024-10-28
[INFO] running `Command { std: CARGO_HOME="/workspace/cargo-home" RUSTUP_HOME="/workspace/rustup-home" "/workspace/cargo-home/bin/cargo" "+nightly-2024-10-28" "metadata" "--manifest-path" "Cargo.toml" "--no-deps", kill_on_drop: false }`
[INFO] started tweaking crates.io crate rdkit-rs 0.1.0
[INFO] finished tweaking crates.io crate rdkit-rs 0.1.0
[INFO] tweaked toml for crates.io crate rdkit-rs 0.1.0 written to /workspace/builds/worker-6-tc2/source/Cargo.toml
[INFO] running `Command { std: CARGO_HOME="/workspace/cargo-home" RUSTUP_HOME="/workspace/rustup-home" "/workspace/cargo-home/bin/cargo" "+nightly-2024-10-28" "generate-lockfile" "--manifest-path" "Cargo.toml", kill_on_drop: false }`
[INFO] [stderr]     Updating crates.io index
[INFO] [stderr]      Locking 28 packages to latest compatible versions
[INFO] running `Command { std: CARGO_HOME="/workspace/cargo-home" RUSTUP_HOME="/workspace/rustup-home" "/workspace/cargo-home/bin/cargo" "+nightly-2024-10-28" "fetch" "--manifest-path" "Cargo.toml", kill_on_drop: false }`
[INFO] running `Command { std: "docker" "create" "-v" "/var/lib/crater-agent-workspace/builds/worker-6-tc2/target:/opt/rustwide/target:rw,Z" "-v" "/var/lib/crater-agent-workspace/builds/worker-6-tc2/source:/opt/rustwide/workdir:ro,Z" "-v" "/var/lib/crater-agent-workspace/cargo-home:/opt/rustwide/cargo-home:ro,Z" "-v" "/var/lib/crater-agent-workspace/rustup-home:/opt/rustwide/rustup-home:ro,Z" "-e" "SOURCE_DIR=/opt/rustwide/workdir" "-e" "CARGO_TARGET_DIR=/opt/rustwide/target" "-e" "CARGO_HOME=/opt/rustwide/cargo-home" "-e" "RUSTUP_HOME=/opt/rustwide/rustup-home" "-w" "/opt/rustwide/workdir" "-m" "1610612736" "--user" "0:0" "--network" "none" "ghcr.io/rust-lang/crates-build-env/linux@sha256:4a844ea9eb2546a2d2c7022eacef16ef2e8229c7fbb2c7d4d55a9ceca922f72d" "/opt/rustwide/cargo-home/bin/cargo" "+nightly-2024-10-28" "metadata" "--no-deps" "--format-version=1", kill_on_drop: false }`
[INFO] [stdout] 4caf1d0671a9840e12e7f51124ad249711b0db0b227c47aea16e67e3e2d79c24
[INFO] running `Command { std: "docker" "start" "-a" "4caf1d0671a9840e12e7f51124ad249711b0db0b227c47aea16e67e3e2d79c24", kill_on_drop: false }`
[INFO] running `Command { std: "docker" "inspect" "4caf1d0671a9840e12e7f51124ad249711b0db0b227c47aea16e67e3e2d79c24", kill_on_drop: false }`
[INFO] running `Command { std: "docker" "rm" "-f" "4caf1d0671a9840e12e7f51124ad249711b0db0b227c47aea16e67e3e2d79c24", kill_on_drop: false }`
[INFO] [stdout] 4caf1d0671a9840e12e7f51124ad249711b0db0b227c47aea16e67e3e2d79c24
[INFO] running `Command { std: "docker" "create" "-v" "/var/lib/crater-agent-workspace/builds/worker-6-tc2/target:/opt/rustwide/target:rw,Z" "-v" "/var/lib/crater-agent-workspace/builds/worker-6-tc2/source:/opt/rustwide/workdir:ro,Z" "-v" "/var/lib/crater-agent-workspace/cargo-home:/opt/rustwide/cargo-home:ro,Z" "-v" "/var/lib/crater-agent-workspace/rustup-home:/opt/rustwide/rustup-home:ro,Z" "-e" "SOURCE_DIR=/opt/rustwide/workdir" "-e" "CARGO_TARGET_DIR=/opt/rustwide/target" "-e" "CARGO_INCREMENTAL=0" "-e" "RUST_BACKTRACE=full" "-e" "RUSTFLAGS=--cap-lints=forbid -Zrandomize-layout" "-e" "RUSTDOCFLAGS=--cap-lints=forbid" "-e" "CARGO_HOME=/opt/rustwide/cargo-home" "-e" "RUSTUP_HOME=/opt/rustwide/rustup-home" "-w" "/opt/rustwide/workdir" "-m" "1610612736" "--user" "0:0" "--network" "none" "ghcr.io/rust-lang/crates-build-env/linux@sha256:4a844ea9eb2546a2d2c7022eacef16ef2e8229c7fbb2c7d4d55a9ceca922f72d" "/opt/rustwide/cargo-home/bin/cargo" "+nightly-2024-10-28" "build" "--frozen" "--message-format=json", kill_on_drop: false }`
[INFO] [stdout] 230593db74899e65ef22b0fb2218d3ee229317f033e6c92cee99e388b1b4c11c
[INFO] running `Command { std: "docker" "start" "-a" "230593db74899e65ef22b0fb2218d3ee229317f033e6c92cee99e388b1b4c11c", kill_on_drop: false }`
[INFO] [stderr]    Compiling cc v1.1.31
[INFO] [stderr]    Compiling cxxbridge-flags v1.0.129
[INFO] [stderr]    Compiling syn v2.0.86
[INFO] [stderr]    Compiling link-cplusplus v1.0.9
[INFO] [stderr]    Compiling cxx v1.0.129
[INFO] [stderr]    Compiling cxxbridge-macro v1.0.129
[INFO] [stderr]    Compiling rdkit-ffi v0.1.0+rdkit-2022-09-1-pre
[INFO] [stderr]    Compiling rdkit-rs v0.1.0 (/opt/rustwide/workdir)
[INFO] [stderr]     Finished `dev` profile [unoptimized + debuginfo] target(s) in 4.25s
[INFO] running `Command { std: "docker" "inspect" "230593db74899e65ef22b0fb2218d3ee229317f033e6c92cee99e388b1b4c11c", kill_on_drop: false }`
[INFO] running `Command { std: "docker" "rm" "-f" "230593db74899e65ef22b0fb2218d3ee229317f033e6c92cee99e388b1b4c11c", kill_on_drop: false }`
[INFO] [stdout] 230593db74899e65ef22b0fb2218d3ee229317f033e6c92cee99e388b1b4c11c
[INFO] running `Command { std: "docker" "create" "-v" "/var/lib/crater-agent-workspace/builds/worker-6-tc2/target:/opt/rustwide/target:rw,Z" "-v" "/var/lib/crater-agent-workspace/builds/worker-6-tc2/source:/opt/rustwide/workdir:ro,Z" "-v" "/var/lib/crater-agent-workspace/cargo-home:/opt/rustwide/cargo-home:ro,Z" "-v" "/var/lib/crater-agent-workspace/rustup-home:/opt/rustwide/rustup-home:ro,Z" "-e" "SOURCE_DIR=/opt/rustwide/workdir" "-e" "CARGO_TARGET_DIR=/opt/rustwide/target" "-e" "CARGO_INCREMENTAL=0" "-e" "RUST_BACKTRACE=full" "-e" "RUSTFLAGS=--cap-lints=forbid -Zrandomize-layout" "-e" "RUSTDOCFLAGS=--cap-lints=forbid" "-e" "CARGO_HOME=/opt/rustwide/cargo-home" "-e" "RUSTUP_HOME=/opt/rustwide/rustup-home" "-w" "/opt/rustwide/workdir" "-m" "1610612736" "--user" "0:0" "--network" "none" "ghcr.io/rust-lang/crates-build-env/linux@sha256:4a844ea9eb2546a2d2c7022eacef16ef2e8229c7fbb2c7d4d55a9ceca922f72d" "/opt/rustwide/cargo-home/bin/cargo" "+nightly-2024-10-28" "test" "--frozen" "--no-run" "--message-format=json", kill_on_drop: false }`
[INFO] [stdout] 49f1f865d8241c2baf0d1e18e64294ff37068db346153be183065b95e3f247e3
[INFO] running `Command { std: "docker" "start" "-a" "49f1f865d8241c2baf0d1e18e64294ff37068db346153be183065b95e3f247e3", kill_on_drop: false }`
[INFO] [stderr]    Compiling rdkit-rs v0.1.0 (/opt/rustwide/workdir)
[INFO] [stdout] error: linking with `cc` failed: exit status: 1
[INFO] [stdout]   |
[INFO] [stdout]   = note: LC_ALL="C" PATH="/opt/rustwide/rustup-home/toolchains/nightly-2024-10-28-x86_64-unknown-linux-gnu/lib/rustlib/x86_64-unknown-linux-gnu/bin:/opt/rustwide/rustup-home/toolchains/nightly-2024-10-28-x86_64-unknown-linux-gnu/lib/rustlib/x86_64-unknown-linux-gnu/bin/self-contained:/opt/rustwide/cargo-home/bin:/usr/local/sbin:/usr/local/bin:/usr/sbin:/usr/bin:/sbin:/bin" VSLANG="1033" "cc" "-m64" "/tmp/rustcJgkzIg/symbols.o" "/opt/rustwide/target/debug/deps/rdkit_rs-349bdc2b5c35eb9e.rdkit_rs.8df8e2ac3d10d765-cgu.0.rcgu.o" "/opt/rustwide/target/debug/deps/rdkit_rs-349bdc2b5c35eb9e.88n5k50n2vbq0p3namzv96di2.rcgu.o" "-Wl,--as-needed" "-Wl,-Bstatic" "/opt/rustwide/rustup-home/toolchains/nightly-2024-10-28-x86_64-unknown-linux-gnu/lib/rustlib/x86_64-unknown-linux-gnu/lib/libtest-a09fad3b5321e7d6.rlib" "/opt/rustwide/rustup-home/toolchains/nightly-2024-10-28-x86_64-unknown-linux-gnu/lib/rustlib/x86_64-unknown-linux-gnu/lib/libgetopts-f9c3dff41ad42661.rlib" "/opt/rustwide/rustup-home/toolchains/nightly-2024-10-28-x86_64-unknown-linux-gnu/lib/rustlib/x86_64-unknown-linux-gnu/lib/libunicode_width-ad2aef31af6addd3.rlib" "/opt/rustwide/rustup-home/toolchains/nightly-2024-10-28-x86_64-unknown-linux-gnu/lib/rustlib/x86_64-unknown-linux-gnu/lib/librustc_std_workspace_std-e3f907dc03deb913.rlib" "/opt/rustwide/target/debug/deps/librdkit_ffi-eef7fadb55d10538.rlib" "/opt/rustwide/target/debug/deps/libcxx-296ddc92c56e6f22.rlib" "/opt/rustwide/target/debug/deps/liblink_cplusplus-eb699bd36c64b393.rlib" "/opt/rustwide/rustup-home/toolchains/nightly-2024-10-28-x86_64-unknown-linux-gnu/lib/rustlib/x86_64-unknown-linux-gnu/lib/libstd-fb8c387236db3c10.rlib" "/opt/rustwide/rustup-home/toolchains/nightly-2024-10-28-x86_64-unknown-linux-gnu/lib/rustlib/x86_64-unknown-linux-gnu/lib/libpanic_unwind-b251837809b2f64b.rlib" "/opt/rustwide/rustup-home/toolchains/nightly-2024-10-28-x86_64-unknown-linux-gnu/lib/rustlib/x86_64-unknown-linux-gnu/lib/libobject-cbef83eaa4e01f04.rlib" "/opt/rustwide/rustup-home/toolchains/nightly-2024-10-28-x86_64-unknown-linux-gnu/lib/rustlib/x86_64-unknown-linux-gnu/lib/libmemchr-12a772286de2fca7.rlib" "/opt/rustwide/rustup-home/toolchains/nightly-2024-10-28-x86_64-unknown-linux-gnu/lib/rustlib/x86_64-unknown-linux-gnu/lib/libaddr2line-023bbe5ada7abfc3.rlib" "/opt/rustwide/rustup-home/toolchains/nightly-2024-10-28-x86_64-unknown-linux-gnu/lib/rustlib/x86_64-unknown-linux-gnu/lib/libgimli-de2bcdf10ec69c2b.rlib" "/opt/rustwide/rustup-home/toolchains/nightly-2024-10-28-x86_64-unknown-linux-gnu/lib/rustlib/x86_64-unknown-linux-gnu/lib/librustc_demangle-8e1754df350800fd.rlib" "/opt/rustwide/rustup-home/toolchains/nightly-2024-10-28-x86_64-unknown-linux-gnu/lib/rustlib/x86_64-unknown-linux-gnu/lib/libstd_detect-06c2ab7b9c32e037.rlib" "/opt/rustwide/rustup-home/toolchains/nightly-2024-10-28-x86_64-unknown-linux-gnu/lib/rustlib/x86_64-unknown-linux-gnu/lib/libhashbrown-51d2621fc57a281b.rlib" "/opt/rustwide/rustup-home/toolchains/nightly-2024-10-28-x86_64-unknown-linux-gnu/lib/rustlib/x86_64-unknown-linux-gnu/lib/librustc_std_workspace_alloc-54a930408793772f.rlib" "/opt/rustwide/rustup-home/toolchains/nightly-2024-10-28-x86_64-unknown-linux-gnu/lib/rustlib/x86_64-unknown-linux-gnu/lib/libminiz_oxide-0c7d01cba400dcb2.rlib" "/opt/rustwide/rustup-home/toolchains/nightly-2024-10-28-x86_64-unknown-linux-gnu/lib/rustlib/x86_64-unknown-linux-gnu/lib/libadler-b9f84d69e331b75b.rlib" "/opt/rustwide/rustup-home/toolchains/nightly-2024-10-28-x86_64-unknown-linux-gnu/lib/rustlib/x86_64-unknown-linux-gnu/lib/libunwind-eec95493246aae39.rlib" "/opt/rustwide/rustup-home/toolchains/nightly-2024-10-28-x86_64-unknown-linux-gnu/lib/rustlib/x86_64-unknown-linux-gnu/lib/libcfg_if-6f6676c475e08ab0.rlib" "/opt/rustwide/rustup-home/toolchains/nightly-2024-10-28-x86_64-unknown-linux-gnu/lib/rustlib/x86_64-unknown-linux-gnu/lib/liblibc-799d520624f8b2e0.rlib" "/opt/rustwide/rustup-home/toolchains/nightly-2024-10-28-x86_64-unknown-linux-gnu/lib/rustlib/x86_64-unknown-linux-gnu/lib/liballoc-fcf93d4842acd9a9.rlib" "/opt/rustwide/rustup-home/toolchains/nightly-2024-10-28-x86_64-unknown-linux-gnu/lib/rustlib/x86_64-unknown-linux-gnu/lib/librustc_std_workspace_core-395a38b8e0851c9b.rlib" "/opt/rustwide/rustup-home/toolchains/nightly-2024-10-28-x86_64-unknown-linux-gnu/lib/rustlib/x86_64-unknown-linux-gnu/lib/libcore-d453bab70303062c.rlib" "/opt/rustwide/rustup-home/toolchains/nightly-2024-10-28-x86_64-unknown-linux-gnu/lib/rustlib/x86_64-unknown-linux-gnu/lib/libcompiler_builtins-0e6386368b0a24e8.rlib" "-Wl,-Bdynamic" "-lstdc++" "-lgcc_s" "-lutil" "-lrt" "-lpthread" "-lm" "-ldl" "-lc" "-B/opt/rustwide/rustup-home/toolchains/nightly-2024-10-28-x86_64-unknown-linux-gnu/lib/rustlib/x86_64-unknown-linux-gnu/bin/gcc-ld" "-fuse-ld=lld" "-Wl,--eh-frame-hdr" "-Wl,-z,noexecstack" "-L" "/opt/rustwide/target/debug/build/cxx-36b861aad891f15f/out" "-L" "/opt/rustwide/target/debug/build/link-cplusplus-8732ef431b4fcd0b/out" "-L" "/opt/rustwide/rustup-home/toolchains/nightly-2024-10-28-x86_64-unknown-linux-gnu/lib/rustlib/x86_64-unknown-linux-gnu/lib" "-o" "/opt/rustwide/target/debug/deps/rdkit_rs-349bdc2b5c35eb9e" "-Wl,--gc-sections" "-pie" "-Wl,-z,relro,-z,now" "-nodefaultlibs"
[INFO] [stdout]   = note: rust-lld: error: undefined symbol: RDKit$cxxbridge1$SmilesParse_smi_to_mol
[INFO] [stdout]           >>> referenced by lib.rs:7 (src/lib.rs:7)
[INFO] [stdout]           >>>               rdkit_ffi-eef7fadb55d10538.rdkit_ffi.de5d8f6bc6170e22-cgu.0.rcgu.o:(rdkit_ffi::rd::SmilesParse_smi_to_mol::h58fee2e79cd862f0) in archive /opt/rustwide/target/debug/deps/librdkit_ffi-eef7fadb55d10538.rlib
[INFO] [stdout]           
[INFO] [stdout]           rust-lld: error: undefined symbol: RDKit$cxxbridge1$RWMol_get_num_atoms
[INFO] [stdout]           >>> referenced by lib.rs:11 (src/lib.rs:11)
[INFO] [stdout]           >>>               rdkit_ffi-eef7fadb55d10538.rdkit_ffi.de5d8f6bc6170e22-cgu.0.rcgu.o:(rdkit_ffi::rd::RWMol_get_num_atoms::h90a067864a646354) in archive /opt/rustwide/target/debug/deps/librdkit_ffi-eef7fadb55d10538.rlib
[INFO] [stdout]           
[INFO] [stdout]           rust-lld: error: undefined symbol: RDKit$cxxbridge1$RWMol_get_num_heavy_atoms
[INFO] [stdout]           >>> referenced by lib.rs:12 (src/lib.rs:12)
[INFO] [stdout]           >>>               rdkit_ffi-eef7fadb55d10538.rdkit_ffi.de5d8f6bc6170e22-cgu.0.rcgu.o:(rdkit_ffi::rd::RWMol_get_num_heavy_atoms::h7cff7a9dce85b50c) in archive /opt/rustwide/target/debug/deps/librdkit_ffi-eef7fadb55d10538.rlib
[INFO] [stdout]           
[INFO] [stdout]           rust-lld: error: undefined symbol: RDKit$cxxbridge1$RWMol_get_num_bonds
[INFO] [stdout]           >>> referenced by lib.rs:13 (src/lib.rs:13)
[INFO] [stdout]           >>>               rdkit_ffi-eef7fadb55d10538.rdkit_ffi.de5d8f6bc6170e22-cgu.0.rcgu.o:(rdkit_ffi::rd::RWMol_get_num_bonds::ha48231f5a3210ab5) in archive /opt/rustwide/target/debug/deps/librdkit_ffi-eef7fadb55d10538.rlib
[INFO] [stdout]           
[INFO] [stdout]           rust-lld: error: undefined symbol: RDKit$cxxbridge1$ROMolPtrVec_new
[INFO] [stdout]           >>> referenced by lib.rs:15 (src/lib.rs:15)
[INFO] [stdout]           >>>               rdkit_ffi-eef7fadb55d10538.rdkit_ffi.de5d8f6bc6170e22-cgu.0.rcgu.o:(rdkit_ffi::rd::ROMolPtrVec_new::h7dd15ef643dc6d3d) in archive /opt/rustwide/target/debug/deps/librdkit_ffi-eef7fadb55d10538.rlib
[INFO] [stdout]           
[INFO] [stdout]           rust-lld: error: undefined symbol: RDKit$cxxbridge1$ROMolPtrVec_emplace_back
[INFO] [stdout]           >>> referenced by lib.rs:16 (src/lib.rs:16)
[INFO] [stdout]           >>>               rdkit_ffi-eef7fadb55d10538.rdkit_ffi.de5d8f6bc6170e22-cgu.0.rcgu.o:(rdkit_ffi::rd::ROMolPtrVec_emplace_back::h58a99b3bda95a8de) in archive /opt/rustwide/target/debug/deps/librdkit_ffi-eef7fadb55d10538.rlib
[INFO] [stdout]           
[INFO] [stdout]           rust-lld: error: undefined symbol: RDKit$cxxbridge1$MorganFP_get_fingerprint
[INFO] [stdout]           >>> referenced by lib.rs:22 (src/lib.rs:22)
[INFO] [stdout]           >>>               rdkit_ffi-eef7fadb55d10538.rdkit_ffi.de5d8f6bc6170e22-cgu.0.rcgu.o:(rdkit_ffi::rd::MorganFP_get_fingerprint::h0de2aefdd21c6f1c) in archive /opt/rustwide/target/debug/deps/librdkit_ffi-eef7fadb55d10538.rlib
[INFO] [stdout]           
[INFO] [stdout]           rust-lld: error: undefined symbol: RDKit$cxxbridge1$MorganFP_get_nonzero_elements_size
[INFO] [stdout]           >>> referenced by lib.rs:23 (src/lib.rs:23)
[INFO] [stdout]           >>>               rdkit_ffi-eef7fadb55d10538.rdkit_ffi.de5d8f6bc6170e22-cgu.0.rcgu.o:(rdkit_ffi::rd::MorganFP_get_nonzero_elements_size::hf8bac5fedc85ea56) in archive /opt/rustwide/target/debug/deps/librdkit_ffi-eef7fadb55d10538.rlib
[INFO] [stdout]           
[INFO] [stdout]           rust-lld: error: undefined symbol: RDKit$cxxbridge1$FMCS_find_mcs
[INFO] [stdout]           >>> referenced by lib.rs:27 (src/lib.rs:27)
[INFO] [stdout]           >>>               rdkit_ffi-eef7fadb55d10538.rdkit_ffi.de5d8f6bc6170e22-cgu.0.rcgu.o:(rdkit_ffi::rd::FMCS_find_mcs::ha3f3ad1b50bc9693) in archive /opt/rustwide/target/debug/deps/librdkit_ffi-eef7fadb55d10538.rlib
[INFO] [stdout]           
[INFO] [stdout]           rust-lld: error: undefined symbol: RDKit$cxxbridge1$MCSResult_num_atoms
[INFO] [stdout]           >>> referenced by lib.rs:28 (src/lib.rs:28)
[INFO] [stdout]           >>>               rdkit_ffi-eef7fadb55d10538.rdkit_ffi.de5d8f6bc6170e22-cgu.0.rcgu.o:(rdkit_ffi::rd::MCSResult_num_atoms::h43175cdcce094eff) in archive /opt/rustwide/target/debug/deps/librdkit_ffi-eef7fadb55d10538.rlib
[INFO] [stdout]           
[INFO] [stdout]           rust-lld: error: undefined symbol: RDKit$cxxbridge1$MCSResult_num_bonds
[INFO] [stdout]           >>> referenced by lib.rs:29 (src/lib.rs:29)
[INFO] [stdout]           >>>               rdkit_ffi-eef7fadb55d10538.rdkit_ffi.de5d8f6bc6170e22-cgu.0.rcgu.o:(rdkit_ffi::rd::MCSResult_num_bonds::h8a26b000bcf75db2) in archive /opt/rustwide/target/debug/deps/librdkit_ffi-eef7fadb55d10538.rlib
[INFO] [stdout]           
[INFO] [stdout]           rust-lld: error: undefined symbol: RDKit$cxxbridge1$MCSResult_smarts_string
[INFO] [stdout]           >>> referenced by lib.rs:30 (src/lib.rs:30)
[INFO] [stdout]           >>>               rdkit_ffi-eef7fadb55d10538.rdkit_ffi.de5d8f6bc6170e22-cgu.0.rcgu.o:(rdkit_ffi::rd::MCSResult_smarts_string::hcc567e45d5b2b980) in archive /opt/rustwide/target/debug/deps/librdkit_ffi-eef7fadb55d10538.rlib
[INFO] [stdout]           
[INFO] [stdout]           rust-lld: error: undefined symbol: cxxbridge1$shared_ptr$RDKit$RWMol$drop
[INFO] [stdout]           >>> referenced by lib.rs:7 (src/lib.rs:7)
[INFO] [stdout]           >>>               rdkit_ffi-eef7fadb55d10538.rdkit_ffi.de5d8f6bc6170e22-cgu.0.rcgu.o:(_$LT$rdkit_ffi..rd..RWMol$u20$as$u20$cxx..shared_ptr..SharedPtrTarget$GT$::__drop::hb7eae54b25f54a78) in archive /opt/rustwide/target/debug/deps/librdkit_ffi-eef7fadb55d10538.rlib
[INFO] [stdout]           
[INFO] [stdout]           rust-lld: error: undefined symbol: cxxbridge1$unique_ptr$RDKit$ROMolPtrVec$raw
[INFO] [stdout]           >>> referenced by lib.rs:15 (src/lib.rs:15)
[INFO] [stdout]           >>>               rdkit_ffi-eef7fadb55d10538.rdkit_ffi.de5d8f6bc6170e22-cgu.0.rcgu.o:(_$LT$rdkit_ffi..rd..ROMolPtrVec$u20$as$u20$cxx..unique_ptr..UniquePtrTarget$GT$::__raw::h0d33706c27884105) in archive /opt/rustwide/target/debug/deps/librdkit_ffi-eef7fadb55d10538.rlib
[INFO] [stdout]           
[INFO] [stdout]           rust-lld: error: undefined symbol: cxxbridge1$unique_ptr$RDKit$ROMolPtrVec$drop
[INFO] [stdout]           >>> referenced by lib.rs:15 (src/lib.rs:15)
[INFO] [stdout]           >>>               rdkit_ffi-eef7fadb55d10538.rdkit_ffi.de5d8f6bc6170e22-cgu.0.rcgu.o:(_$LT$rdkit_ffi..rd..ROMolPtrVec$u20$as$u20$cxx..unique_ptr..UniquePtrTarget$GT$::__drop::h7ffecf702307327f) in archive /opt/rustwide/target/debug/deps/librdkit_ffi-eef7fadb55d10538.rlib
[INFO] [stdout]           
[INFO] [stdout]           rust-lld: error: undefined symbol: cxxbridge1$unique_ptr$RDKit$MorganFingerprint$raw
[INFO] [stdout]           >>> referenced by lib.rs:22 (src/lib.rs:22)
[INFO] [stdout]           >>>               rdkit_ffi-eef7fadb55d10538.rdkit_ffi.de5d8f6bc6170e22-cgu.0.rcgu.o:(_$LT$rdkit_ffi..rd..MorganFingerprint$u20$as$u20$cxx..unique_ptr..UniquePtrTarget$GT$::__raw::hef65c674e0430df6) in archive /opt/rustwide/target/debug/deps/librdkit_ffi-eef7fadb55d10538.rlib
[INFO] [stdout]           
[INFO] [stdout]           rust-lld: error: undefined symbol: cxxbridge1$unique_ptr$RDKit$MorganFingerprint$drop
[INFO] [stdout]           >>> referenced by lib.rs:22 (src/lib.rs:22)
[INFO] [stdout]           >>>               rdkit_ffi-eef7fadb55d10538.rdkit_ffi.de5d8f6bc6170e22-cgu.0.rcgu.o:(_$LT$rdkit_ffi..rd..MorganFingerprint$u20$as$u20$cxx..unique_ptr..UniquePtrTarget$GT$::__drop::h43d767ad07552d80) in archive /opt/rustwide/target/debug/deps/librdkit_ffi-eef7fadb55d10538.rlib
[INFO] [stdout]           
[INFO] [stdout]           rust-lld: error: undefined symbol: cxxbridge1$unique_ptr$RDKit$MCSResult$raw
[INFO] [stdout]           >>> referenced by lib.rs:27 (src/lib.rs:27)
[INFO] [stdout]           >>>               rdkit_ffi-eef7fadb55d10538.rdkit_ffi.de5d8f6bc6170e22-cgu.0.rcgu.o:(_$LT$rdkit_ffi..rd..MCSResult$u20$as$u20$cxx..unique_ptr..UniquePtrTarget$GT$::__raw::hdf3faa4568f241e9) in archive /opt/rustwide/target/debug/deps/librdkit_ffi-eef7fadb55d10538.rlib
[INFO] [stdout]           
[INFO] [stdout]           rust-lld: error: undefined symbol: cxxbridge1$unique_ptr$RDKit$MCSResult$drop
[INFO] [stdout]           >>> referenced by lib.rs:27 (src/lib.rs:27)
[INFO] [stdout]           >>>               rdkit_ffi-eef7fadb55d10538.rdkit_ffi.de5d8f6bc6170e22-cgu.0.rcgu.o:(_$LT$rdkit_ffi..rd..MCSResult$u20$as$u20$cxx..unique_ptr..UniquePtrTarget$GT$::__drop::h7aa5bbccd0d6b6d5) in archive /opt/rustwide/target/debug/deps/librdkit_ffi-eef7fadb55d10538.rlib
[INFO] [stdout]           collect2: error: ld returned 1 exit status
[INFO] [stdout]           
[INFO] [stdout] 
[INFO] [stdout] 
[INFO] [stderr] error: could not compile `rdkit-rs` (lib test) due to 1 previous error
[INFO] running `Command { std: "docker" "inspect" "49f1f865d8241c2baf0d1e18e64294ff37068db346153be183065b95e3f247e3", kill_on_drop: false }`
[INFO] running `Command { std: "docker" "rm" "-f" "49f1f865d8241c2baf0d1e18e64294ff37068db346153be183065b95e3f247e3", kill_on_drop: false }`
[INFO] [stdout] 49f1f865d8241c2baf0d1e18e64294ff37068db346153be183065b95e3f247e3
