[INFO] fetching crate rdfoothills-conversion 0.4.0...
[INFO] testing rdfoothills-conversion-0.4.0 against nightly-2024-10-28+rustflags=-Zrandomize-layout for randomize-layout
[INFO] extracting crate rdfoothills-conversion 0.4.0 into /workspace/builds/worker-4-tc2/source
[INFO] validating manifest of crates.io crate rdfoothills-conversion 0.4.0 on toolchain nightly-2024-10-28
[INFO] running `Command { std: CARGO_HOME="/workspace/cargo-home" RUSTUP_HOME="/workspace/rustup-home" "/workspace/cargo-home/bin/cargo" "+nightly-2024-10-28" "metadata" "--manifest-path" "Cargo.toml" "--no-deps", kill_on_drop: false }`
[INFO] started tweaking crates.io crate rdfoothills-conversion 0.4.0
[INFO] finished tweaking crates.io crate rdfoothills-conversion 0.4.0
[INFO] tweaked toml for crates.io crate rdfoothills-conversion 0.4.0 written to /workspace/builds/worker-4-tc2/source/Cargo.toml
[INFO] running `Command { std: CARGO_HOME="/workspace/cargo-home" RUSTUP_HOME="/workspace/rustup-home" "/workspace/cargo-home/bin/cargo" "+nightly-2024-10-28" "generate-lockfile" "--manifest-path" "Cargo.toml", kill_on_drop: false }`
[INFO] [stderr]     Updating crates.io index
[INFO] [stderr]      Locking 61 packages to latest compatible versions
[INFO] running `Command { std: CARGO_HOME="/workspace/cargo-home" RUSTUP_HOME="/workspace/rustup-home" "/workspace/cargo-home/bin/cargo" "+nightly-2024-10-28" "fetch" "--manifest-path" "Cargo.toml", kill_on_drop: false }`
[INFO] running `Command { std: "docker" "create" "-v" "/var/lib/crater-agent-workspace/builds/worker-4-tc2/target:/opt/rustwide/target:rw,Z" "-v" "/var/lib/crater-agent-workspace/builds/worker-4-tc2/source:/opt/rustwide/workdir:ro,Z" "-v" "/var/lib/crater-agent-workspace/cargo-home:/opt/rustwide/cargo-home:ro,Z" "-v" "/var/lib/crater-agent-workspace/rustup-home:/opt/rustwide/rustup-home:ro,Z" "-e" "SOURCE_DIR=/opt/rustwide/workdir" "-e" "CARGO_TARGET_DIR=/opt/rustwide/target" "-e" "CARGO_HOME=/opt/rustwide/cargo-home" "-e" "RUSTUP_HOME=/opt/rustwide/rustup-home" "-w" "/opt/rustwide/workdir" "-m" "1610612736" "--user" "0:0" "--network" "none" "ghcr.io/rust-lang/crates-build-env/linux@sha256:4a844ea9eb2546a2d2c7022eacef16ef2e8229c7fbb2c7d4d55a9ceca922f72d" "/opt/rustwide/cargo-home/bin/cargo" "+nightly-2024-10-28" "metadata" "--no-deps" "--format-version=1", kill_on_drop: false }`
[INFO] [stdout] fcdb6e27cb15f5a6073dbbe513e9776317db03069000d517ff14ac13bdd8ef79
[INFO] running `Command { std: "docker" "start" "-a" "fcdb6e27cb15f5a6073dbbe513e9776317db03069000d517ff14ac13bdd8ef79", kill_on_drop: false }`
[INFO] running `Command { std: "docker" "inspect" "fcdb6e27cb15f5a6073dbbe513e9776317db03069000d517ff14ac13bdd8ef79", kill_on_drop: false }`
[INFO] running `Command { std: "docker" "rm" "-f" "fcdb6e27cb15f5a6073dbbe513e9776317db03069000d517ff14ac13bdd8ef79", kill_on_drop: false }`
[INFO] [stdout] fcdb6e27cb15f5a6073dbbe513e9776317db03069000d517ff14ac13bdd8ef79
[INFO] running `Command { std: "docker" "create" "-v" "/var/lib/crater-agent-workspace/builds/worker-4-tc2/target:/opt/rustwide/target:rw,Z" "-v" "/var/lib/crater-agent-workspace/builds/worker-4-tc2/source:/opt/rustwide/workdir:ro,Z" "-v" "/var/lib/crater-agent-workspace/cargo-home:/opt/rustwide/cargo-home:ro,Z" "-v" "/var/lib/crater-agent-workspace/rustup-home:/opt/rustwide/rustup-home:ro,Z" "-e" "SOURCE_DIR=/opt/rustwide/workdir" "-e" "CARGO_TARGET_DIR=/opt/rustwide/target" "-e" "CARGO_INCREMENTAL=0" "-e" "RUST_BACKTRACE=full" "-e" "RUSTFLAGS=--cap-lints=forbid -Zrandomize-layout" "-e" "RUSTDOCFLAGS=--cap-lints=forbid" "-e" "CARGO_HOME=/opt/rustwide/cargo-home" "-e" "RUSTUP_HOME=/opt/rustwide/rustup-home" "-w" "/opt/rustwide/workdir" "-m" "1610612736" "--user" "0:0" "--network" "none" "ghcr.io/rust-lang/crates-build-env/linux@sha256:4a844ea9eb2546a2d2c7022eacef16ef2e8229c7fbb2c7d4d55a9ceca922f72d" "/opt/rustwide/cargo-home/bin/cargo" "+nightly-2024-10-28" "build" "--frozen" "--message-format=json", kill_on_drop: false }`
[INFO] [stdout] 11fd910f36d531265d6fa5ed99e1c68428e99ada73d755d985cd476254de2ddc
[INFO] running `Command { std: "docker" "start" "-a" "11fd910f36d531265d6fa5ed99e1c68428e99ada73d755d985cd476254de2ddc", kill_on_drop: false }`
[INFO] [stderr]    Compiling syn v2.0.86
[INFO] [stderr]    Compiling byteorder v1.5.0
[INFO] [stderr]    Compiling thiserror v1.0.66
[INFO] [stderr]    Compiling bytes v1.8.0
[INFO] [stderr]    Compiling oxiri v0.2.8
[INFO] [stderr]    Compiling oxilangtag v0.1.5
[INFO] [stderr]    Compiling mio v1.0.2
[INFO] [stderr]    Compiling signal-hook-registry v1.4.2
[INFO] [stderr]    Compiling uuid v1.11.0
[INFO] [stderr]    Compiling fnv v1.0.7
[INFO] [stderr]    Compiling mediatype v0.19.18
[INFO] [stderr]    Compiling tokio v1.41.0
[INFO] [stderr]    Compiling cfb v0.7.3
[INFO] [stderr]    Compiling infer v0.16.0
[INFO] [stderr]    Compiling quick-xml v0.37.0
[INFO] [stderr]    Compiling zerocopy-derive v0.7.35
[INFO] [stderr]    Compiling thiserror-impl v1.0.66
[INFO] [stderr]    Compiling git-version-macro v0.3.9
[INFO] [stderr]    Compiling async-trait v0.1.83
[INFO] [stderr]    Compiling git-version v0.3.9
[INFO] [stderr]    Compiling rdfoothills-base v0.4.0
[INFO] [stderr]    Compiling zerocopy v0.7.35
[INFO] [stderr]    Compiling rdfoothills-mime v0.4.0
[INFO] [stderr]    Compiling ppv-lite86 v0.2.20
[INFO] [stderr]    Compiling rand_chacha v0.3.1
[INFO] [stderr]    Compiling rand v0.8.5
[INFO] [stderr]    Compiling oxrdf v0.2.2
[INFO] [stderr]    Compiling oxrdfxml v0.1.2
[INFO] [stderr]    Compiling oxttl v0.1.2
[INFO] [stderr]    Compiling oxrdfio v0.1.2
[INFO] [stderr]    Compiling rdfoothills-conversion v0.4.0 (/opt/rustwide/workdir)
[INFO] [stdout] error[E0599]: no method named `parse_read` found for struct `RdfParser` in the current scope
[INFO] [stdout]   --> src/conversion/oxrdfio.rs:81:55
[INFO] [stdout]    |
[INFO] [stdout] 81 |         let reader = RdfParser::from_format(from_fmt).parse_read(in_file.unwrap());
[INFO] [stdout]    |                                                       ^^^^^^^^^^ method not found in `RdfParser`
[INFO] [stdout] 
[INFO] [stdout] 
[INFO] [stdout] error[E0599]: no method named `serialize_to_write` found for struct `RdfSerializer` in the current scope
[INFO] [stdout]   --> src/conversion/oxrdfio.rs:83:61
[INFO] [stdout]    |
[INFO] [stdout] 83 |         let mut writer = RdfSerializer::from_format(to_fmt).serialize_to_write(out_file.unwrap());
[INFO] [stdout]    |                                                             ^^^^^^^^^^^^^^^^^^ method not found in `RdfSerializer`
[INFO] [stdout] 
[INFO] [stdout] 
[INFO] [stdout] error[E0599]: no method named `parse_tokio_async_read` found for struct `RdfParser` in the current scope
[INFO] [stdout]    --> src/conversion/oxrdfio.rs:100:59
[INFO] [stdout]     |
[INFO] [stdout] 100 |         let mut reader = RdfParser::from_format(from_fmt).parse_tokio_async_read(in_file.unwrap());
[INFO] [stdout]     |                                                           ^^^^^^^^^^^^^^^^^^^^^^
[INFO] [stdout]     |
[INFO] [stdout] help: there is a method `for_tokio_async_reader` with a similar name
[INFO] [stdout]     |
[INFO] [stdout] 100 |         let mut reader = RdfParser::from_format(from_fmt).for_tokio_async_reader(in_file.unwrap());
[INFO] [stdout]     |                                                           ~~~~~~~~~~~~~~~~~~~~~~
[INFO] [stdout] 
[INFO] [stdout] 
[INFO] [stdout] error[E0599]: no method named `serialize_to_tokio_async_write` found for struct `RdfSerializer` in the current scope
[INFO] [stdout]    --> src/conversion/oxrdfio.rs:103:48
[INFO] [stdout]     |
[INFO] [stdout] 103 |             RdfSerializer::from_format(to_fmt).serialize_to_tokio_async_write(out_file.unwrap());
[INFO] [stdout]     |                                                ^^^^^^^^^^^^^^^^^^^^^^^^^^^^^^
[INFO] [stdout]     |
[INFO] [stdout] help: there is a method `for_tokio_async_writer` with a similar name
[INFO] [stdout]     |
[INFO] [stdout] 103 |             RdfSerializer::from_format(to_fmt).for_tokio_async_writer(out_file.unwrap());
[INFO] [stdout]     |                                                ~~~~~~~~~~~~~~~~~~~~~~
[INFO] [stdout] 
[INFO] [stdout] 
[INFO] [stdout] For more information about this error, try `rustc --explain E0599`.
[INFO] [stdout] 
[INFO] [stderr] error: could not compile `rdfoothills-conversion` (lib) due to 4 previous errors
[INFO] running `Command { std: "docker" "inspect" "11fd910f36d531265d6fa5ed99e1c68428e99ada73d755d985cd476254de2ddc", kill_on_drop: false }`
[INFO] running `Command { std: "docker" "rm" "-f" "11fd910f36d531265d6fa5ed99e1c68428e99ada73d755d985cd476254de2ddc", kill_on_drop: false }`
[INFO] [stdout] 11fd910f36d531265d6fa5ed99e1c68428e99ada73d755d985cd476254de2ddc
