[INFO] fetching crate rbatis 4.5.34...
[INFO] testing rbatis-4.5.34 against nightly-2024-10-28 for randomize-layout
[INFO] extracting crate rbatis 4.5.34 into /workspace/builds/worker-6-tc1/source
[INFO] validating manifest of crates.io crate rbatis 4.5.34 on toolchain nightly-2024-10-28
[INFO] running `Command { std: CARGO_HOME="/workspace/cargo-home" RUSTUP_HOME="/workspace/rustup-home" "/workspace/cargo-home/bin/cargo" "+nightly-2024-10-28" "metadata" "--manifest-path" "Cargo.toml" "--no-deps", kill_on_drop: false }`
[INFO] started tweaking crates.io crate rbatis 4.5.34
[INFO] removed 0 missing tests
[INFO] finished tweaking crates.io crate rbatis 4.5.34
[INFO] tweaked toml for crates.io crate rbatis 4.5.34 written to /workspace/builds/worker-6-tc1/source/Cargo.toml
[INFO] running `Command { std: CARGO_HOME="/workspace/cargo-home" RUSTUP_HOME="/workspace/rustup-home" "/workspace/cargo-home/bin/cargo" "+nightly-2024-10-28" "generate-lockfile" "--manifest-path" "Cargo.toml", kill_on_drop: false }`
[INFO] [stderr]     Updating crates.io index
[INFO] [stderr]      Locking 250 packages to latest compatible versions
[INFO] running `Command { std: CARGO_HOME="/workspace/cargo-home" RUSTUP_HOME="/workspace/rustup-home" "/workspace/cargo-home/bin/cargo" "+nightly-2024-10-28" "fetch" "--manifest-path" "Cargo.toml", kill_on_drop: false }`
[INFO] [stderr]     Blocking waiting for file lock on package cache
[INFO] [stderr]     Blocking waiting for file lock on package cache
[INFO] [stderr]  Downloading crates ...
[INFO] [stderr]   Downloaded fast_pool v0.2.0
[INFO] [stderr]   Downloaded rbdc-pool-fast v4.5.10
[INFO] [stderr]   Downloaded rbdc v4.5.38
[INFO] [stderr]   Downloaded fastdate v0.3.34
[INFO] [stderr]   Downloaded rbdc-mssql v4.5.5
[INFO] [stderr]   Downloaded rbatis-macro-driver v4.5.9
[INFO] [stderr]   Downloaded dark-std v0.2.16
[INFO] [stderr]   Downloaded rust-format v0.3.4
[INFO] [stderr]   Downloaded rbdc-sqlite v4.5.5
[INFO] [stderr]   Downloaded rbatis-codegen v4.5.23
[INFO] [stderr]   Downloaded html_parser v0.6.3
[INFO] [stderr]   Downloaded rbdc-pg v4.5.16
[INFO] [stderr]   Downloaded generic-array v1.1.0
[INFO] [stderr]   Downloaded rbdc-mysql v4.5.12
[INFO] [stderr]   Downloaded asynchronous-codec v0.6.2
[INFO] [stderr]   Downloaded connection-string v0.2.0
[INFO] [stderr]   Downloaded tiberius v0.12.3
[INFO] [stderr]   Downloaded rbs v4.5.23
[INFO] [stderr]   Downloaded rbatis v4.5.34
[INFO] [stderr]   Downloaded libsqlite3-sys v0.29.0
[INFO] running `Command { std: "docker" "create" "-v" "/var/lib/crater-agent-workspace/builds/worker-6-tc1/target:/opt/rustwide/target:rw,Z" "-v" "/var/lib/crater-agent-workspace/builds/worker-6-tc1/source:/opt/rustwide/workdir:ro,Z" "-v" "/var/lib/crater-agent-workspace/cargo-home:/opt/rustwide/cargo-home:ro,Z" "-v" "/var/lib/crater-agent-workspace/rustup-home:/opt/rustwide/rustup-home:ro,Z" "-e" "SOURCE_DIR=/opt/rustwide/workdir" "-e" "CARGO_TARGET_DIR=/opt/rustwide/target" "-e" "CARGO_HOME=/opt/rustwide/cargo-home" "-e" "RUSTUP_HOME=/opt/rustwide/rustup-home" "-w" "/opt/rustwide/workdir" "-m" "1610612736" "--user" "0:0" "--network" "none" "ghcr.io/rust-lang/crates-build-env/linux@sha256:4a844ea9eb2546a2d2c7022eacef16ef2e8229c7fbb2c7d4d55a9ceca922f72d" "/opt/rustwide/cargo-home/bin/cargo" "+nightly-2024-10-28" "metadata" "--no-deps" "--format-version=1", kill_on_drop: false }`
[INFO] [stdout] 5d9df7dc02500120132a1648f3fecf7d5d34f84ea86f6c5f48b0b930f9f22278
[INFO] running `Command { std: "docker" "start" "-a" "5d9df7dc02500120132a1648f3fecf7d5d34f84ea86f6c5f48b0b930f9f22278", kill_on_drop: false }`
[INFO] running `Command { std: "docker" "inspect" "5d9df7dc02500120132a1648f3fecf7d5d34f84ea86f6c5f48b0b930f9f22278", kill_on_drop: false }`
[INFO] running `Command { std: "docker" "rm" "-f" "5d9df7dc02500120132a1648f3fecf7d5d34f84ea86f6c5f48b0b930f9f22278", kill_on_drop: false }`
[INFO] [stdout] 5d9df7dc02500120132a1648f3fecf7d5d34f84ea86f6c5f48b0b930f9f22278
[INFO] running `Command { std: "docker" "create" "-v" "/var/lib/crater-agent-workspace/builds/worker-6-tc1/target:/opt/rustwide/target:rw,Z" "-v" "/var/lib/crater-agent-workspace/builds/worker-6-tc1/source:/opt/rustwide/workdir:ro,Z" "-v" "/var/lib/crater-agent-workspace/cargo-home:/opt/rustwide/cargo-home:ro,Z" "-v" "/var/lib/crater-agent-workspace/rustup-home:/opt/rustwide/rustup-home:ro,Z" "-e" "SOURCE_DIR=/opt/rustwide/workdir" "-e" "CARGO_TARGET_DIR=/opt/rustwide/target" "-e" "CARGO_INCREMENTAL=0" "-e" "RUST_BACKTRACE=full" "-e" "RUSTFLAGS=--cap-lints=forbid" "-e" "RUSTDOCFLAGS=--cap-lints=forbid" "-e" "CARGO_HOME=/opt/rustwide/cargo-home" "-e" "RUSTUP_HOME=/opt/rustwide/rustup-home" "-w" "/opt/rustwide/workdir" "-m" "1610612736" "--user" "0:0" "--network" "none" "ghcr.io/rust-lang/crates-build-env/linux@sha256:4a844ea9eb2546a2d2c7022eacef16ef2e8229c7fbb2c7d4d55a9ceca922f72d" "/opt/rustwide/cargo-home/bin/cargo" "+nightly-2024-10-28" "build" "--frozen" "--message-format=json", kill_on_drop: false }`
[INFO] [stdout] 3d42903f5394bd026d10b9dc58ac07f6f23f64f8e17a5a1016e7107da4cda265
[INFO] running `Command { std: "docker" "start" "-a" "3d42903f5394bd026d10b9dc58ac07f6f23f64f8e17a5a1016e7107da4cda265", kill_on_drop: false }`
[INFO] [stderr]    Compiling proc-macro2 v1.0.89
[INFO] [stderr]    Compiling unicode-ident v1.0.13
[INFO] [stderr]    Compiling autocfg v1.4.0
[INFO] [stderr]    Compiling libc v0.2.161
[INFO] [stderr]    Compiling memchr v2.7.4
[INFO] [stderr]    Compiling serde v1.0.214
[INFO] [stderr]    Compiling thiserror v1.0.66
[INFO] [stderr]    Compiling serde_json v1.0.132
[INFO] [stderr]    Compiling futures-sink v0.3.31
[INFO] [stderr]    Compiling ucd-trie v0.1.7
[INFO] [stderr]    Compiling allocator-api2 v0.2.18
[INFO] [stderr]    Compiling once_cell v1.20.2
[INFO] [stderr]    Compiling foldhash v0.1.3
[INFO] [stderr]    Compiling tinyvec_macros v0.1.1
[INFO] [stderr]    Compiling pin-project-lite v0.2.15
[INFO] [stderr]    Compiling tinyvec v1.8.0
[INFO] [stderr]    Compiling futures-channel v0.3.31
[INFO] [stderr]    Compiling lock_api v0.4.12
[INFO] [stderr]    Compiling slab v0.4.9
[INFO] [stderr]    Compiling num-traits v0.2.19
[INFO] [stderr]    Compiling hashbrown v0.15.0
[INFO] [stderr]    Compiling quote v1.0.37
[INFO] [stderr]    Compiling syn v2.0.86
[INFO] [stderr]    Compiling unicode-bidi v0.3.17
[INFO] [stderr]    Compiling getrandom v0.2.15
[INFO] [stderr]    Compiling libm v0.2.11
[INFO] [stderr]    Compiling socket2 v0.5.7
[INFO] [stderr]    Compiling mio v1.0.2
[INFO] [stderr]    Compiling unicode-normalization v0.1.24
[INFO] [stderr]    Compiling spin v0.9.8
[INFO] [stderr]    Compiling bigdecimal v0.4.6
[INFO] [stderr]    Compiling smallvec v1.13.2
[INFO] [stderr]    Compiling num-integer v0.1.46
[INFO] [stderr]    Compiling byteorder v1.5.0
[INFO] [stderr]    Compiling bytes v1.8.0
[INFO] [stderr]    Compiling parking_lot_core v0.9.10
[INFO] [stderr]    Compiling idna v0.5.0
[INFO] [stderr]    Compiling flume v0.11.1
[INFO] [stderr]    Compiling num-bigint v0.4.6
[INFO] [stderr]    Compiling parking_lot v0.12.3
[INFO] [stderr]    Compiling indexmap v2.6.0
[INFO] [stderr]    Compiling uuid v1.11.0
[INFO] [stderr]    Compiling url v2.5.2
[INFO] [stderr]    Compiling rand_core v0.6.4
[INFO] [stderr]    Compiling lru v0.12.5
[INFO] [stderr]    Compiling num_cpus v1.16.0
[INFO] [stderr]    Compiling log v0.4.22
[INFO] [stderr]    Compiling serde_derive v1.0.214
[INFO] [stderr]    Compiling thiserror-impl v1.0.66
[INFO] [stderr]    Compiling async-trait v0.1.83
[INFO] [stderr]    Compiling futures-macro v0.3.31
[INFO] [stderr]    Compiling zerocopy-derive v0.7.35
[INFO] [stderr]    Compiling tokio-macros v2.4.0
[INFO] [stderr]    Compiling tokio v1.41.0
[INFO] [stderr]    Compiling zerocopy v0.7.35
[INFO] [stderr]    Compiling futures-util v0.3.31
[INFO] [stderr]    Compiling pest v2.7.14
[INFO] [stderr]    Compiling ppv-lite86 v0.2.20
[INFO] [stderr]    Compiling rand_chacha v0.3.1
[INFO] [stderr]    Compiling rand v0.8.5
[INFO] [stderr]    Compiling pest_meta v2.7.14
[INFO] [stderr]    Compiling pest_generator v2.7.14
[INFO] [stderr]    Compiling futures-executor v0.3.31
[INFO] [stderr]    Compiling futures v0.3.31
[INFO] [stderr]    Compiling pest_derive v2.7.14
[INFO] [stderr]    Compiling fast_pool v0.2.0
[INFO] [stderr]    Compiling rbs v4.5.23
[INFO] [stderr]    Compiling deranged v0.3.11
[INFO] [stderr]    Compiling serde_bytes v0.11.15
[INFO] [stderr]    Compiling html_parser v0.6.3
[INFO] [stderr]    Compiling dark-std v0.2.16
[INFO] [stderr]    Compiling time v0.3.36
[INFO] [stderr]    Compiling rbatis-codegen v4.5.23
[INFO] [stderr]    Compiling fastdate v0.3.34
[INFO] [stderr]    Compiling rbdc v4.5.38
[INFO] [stderr]    Compiling rbatis-macro-driver v4.5.9
[INFO] [stderr]    Compiling rbdc-pool-fast v4.5.10
[INFO] [stderr]    Compiling rbatis v4.5.34 (/opt/rustwide/workdir)
[INFO] [stdout] warning: unused variable: `column`
[INFO] [stdout]   --> src/plugin/table_sync/mysql_mapper.rs:16:31
[INFO] [stdout]    |
[INFO] [stdout] 16 |     fn get_column_type(&self, column: &str, v: &Value) -> String {
[INFO] [stdout]    |                               ^^^^^^ help: if this is intentional, prefix it with an underscore: `_column`
[INFO] [stdout]    |
[INFO] [stdout]    = note: `#[warn(unused_variables)]` on by default
[INFO] [stdout] 
[INFO] [stdout] 
[INFO] [stderr]     Finished `dev` profile [unoptimized + debuginfo] target(s) in 38.39s
[INFO] running `Command { std: "docker" "inspect" "3d42903f5394bd026d10b9dc58ac07f6f23f64f8e17a5a1016e7107da4cda265", kill_on_drop: false }`
[INFO] running `Command { std: "docker" "rm" "-f" "3d42903f5394bd026d10b9dc58ac07f6f23f64f8e17a5a1016e7107da4cda265", kill_on_drop: false }`
[INFO] [stdout] 3d42903f5394bd026d10b9dc58ac07f6f23f64f8e17a5a1016e7107da4cda265
[INFO] running `Command { std: "docker" "create" "-v" "/var/lib/crater-agent-workspace/builds/worker-6-tc1/target:/opt/rustwide/target:rw,Z" "-v" "/var/lib/crater-agent-workspace/builds/worker-6-tc1/source:/opt/rustwide/workdir:ro,Z" "-v" "/var/lib/crater-agent-workspace/cargo-home:/opt/rustwide/cargo-home:ro,Z" "-v" "/var/lib/crater-agent-workspace/rustup-home:/opt/rustwide/rustup-home:ro,Z" "-e" "SOURCE_DIR=/opt/rustwide/workdir" "-e" "CARGO_TARGET_DIR=/opt/rustwide/target" "-e" "CARGO_INCREMENTAL=0" "-e" "RUST_BACKTRACE=full" "-e" "RUSTFLAGS=--cap-lints=forbid" "-e" "RUSTDOCFLAGS=--cap-lints=forbid" "-e" "CARGO_HOME=/opt/rustwide/cargo-home" "-e" "RUSTUP_HOME=/opt/rustwide/rustup-home" "-w" "/opt/rustwide/workdir" "-m" "1610612736" "--user" "0:0" "--network" "none" "ghcr.io/rust-lang/crates-build-env/linux@sha256:4a844ea9eb2546a2d2c7022eacef16ef2e8229c7fbb2c7d4d55a9ceca922f72d" "/opt/rustwide/cargo-home/bin/cargo" "+nightly-2024-10-28" "test" "--frozen" "--no-run" "--message-format=json", kill_on_drop: false }`
[INFO] [stdout] 508fc33810403837ea2cbceeb557c50c73c408e4fab8a600be89d67d1bb9c0b7
[INFO] running `Command { std: "docker" "start" "-a" "508fc33810403837ea2cbceeb557c50c73c408e4fab8a600be89d67d1bb9c0b7", kill_on_drop: false }`
[INFO] [stderr]    Compiling syn v2.0.86
[INFO] [stderr]    Compiling shlex v1.3.0
[INFO] [stderr]    Compiling serde v1.0.214
[INFO] [stderr]    Compiling num-traits v0.2.19
[INFO] [stderr]    Compiling once_cell v1.20.2
[INFO] [stderr]    Compiling subtle v2.6.1
[INFO] [stderr]    Compiling typenum v1.17.0
[INFO] [stderr]    Compiling version_check v0.9.5
[INFO] [stderr]    Compiling cc v1.1.31
[INFO] [stderr]    Compiling futures-io v0.3.31
[INFO] [stderr]    Compiling futures-channel v0.3.31
[INFO] [stderr]    Compiling const-oid v0.9.6
[INFO] [stderr]    Compiling rustls-pki-types v1.10.0
[INFO] [stderr]    Compiling rustls v0.23.16
[INFO] [stderr]    Compiling generic-array v0.14.7
[INFO] [stderr]    Compiling unicode-normalization v0.1.24
[INFO] [stderr]    Compiling unicode-bidi v0.3.17
[INFO] [stderr]    Compiling base64ct v1.6.0
[INFO] [stderr]    Compiling rustls-pemfile v2.2.0
[INFO] [stderr]    Compiling webpki-roots v0.26.6
[INFO] [stderr]    Compiling pem-rfc7468 v0.7.0
[INFO] [stderr]    Compiling num-integer v0.1.46
[INFO] [stderr]    Compiling idna v0.5.0
[INFO] [stderr]    Compiling flume v0.11.1
[INFO] [stderr]    Compiling ring v0.17.8
[INFO] [stderr]    Compiling num-bigint v0.4.6
[INFO] [stderr]    Compiling der v0.7.9
[INFO] [stderr]    Compiling rustls v0.21.12
[INFO] [stderr]    Compiling url v2.5.2
[INFO] [stderr]    Compiling cpufeatures v0.2.14
[INFO] [stderr]    Compiling vcpkg v0.2.15
[INFO] [stderr]    Compiling crypto-common v0.1.6
[INFO] [stderr]    Compiling block-buffer v0.10.4
[INFO] [stderr]    Compiling digest v0.10.7
[INFO] [stderr]    Compiling spki v0.7.3
[INFO] [stderr]    Compiling pkg-config v0.3.31
[INFO] [stderr]    Compiling num-bigint-dig v0.8.4
[INFO] [stderr]    Compiling rust_decimal v1.36.0
[INFO] [stderr]    Compiling rustls-pemfile v1.0.4
[INFO] [stderr]    Compiling pkcs8 v0.10.2
[INFO] [stderr]    Compiling num-iter v0.1.45
[INFO] [stderr]    Compiling tracing-core v0.1.32
[INFO] [stderr]    Compiling lazy_static v1.5.0
[INFO] [stderr]    Compiling libsqlite3-sys v0.29.0
[INFO] [stderr]    Compiling arrayvec v0.7.6
[INFO] [stderr]    Compiling either v1.13.0
[INFO] [stderr]    Compiling iana-time-zone v0.1.61
[INFO] [stderr]    Compiling rust-format v0.3.4
[INFO] [stderr]    Compiling option-ext v0.2.0
[INFO] [stderr]    Compiling dirs-sys v0.4.1
[INFO] [stderr]    Compiling chrono v0.4.38
[INFO] [stderr]    Compiling rustls-native-certs v0.6.3
[INFO] [stderr]    Compiling pkcs1 v0.7.5
[INFO] [stderr]    Compiling bigdecimal v0.3.1
[INFO] [stderr]    Compiling signature v2.2.0
[INFO] [stderr]    Compiling sha2 v0.10.8
[INFO] [stderr]    Compiling atoi v2.0.0
[INFO] [stderr]    Compiling encoding_rs v0.8.35
[INFO] [stderr]    Compiling unicode-properties v0.1.3
[INFO] [stderr]    Compiling pretty-hex v0.3.0
[INFO] [stderr]    Compiling connection-string v0.2.0
[INFO] [stderr]    Compiling stringprep v0.1.5
[INFO] [stderr]    Compiling dirs v5.0.1
[INFO] [stderr]    Compiling md-5 v0.10.6
[INFO] [stderr]    Compiling sha-1 v0.10.1
[INFO] [stderr]    Compiling hmac v0.12.1
[INFO] [stderr]    Compiling generic-array v1.1.0
[INFO] [stderr]    Compiling futures-intrusive v0.5.0
[INFO] [stderr]    Compiling whoami v1.5.2
[INFO] [stderr]    Compiling bitflags v2.6.0
[INFO] [stderr]    Compiling serde_derive v1.0.214
[INFO] [stderr]    Compiling thiserror-impl v1.0.66
[INFO] [stderr]    Compiling tokio-macros v2.4.0
[INFO] [stderr]    Compiling futures-macro v0.3.31
[INFO] [stderr]    Compiling async-trait v0.1.83
[INFO] [stderr]    Compiling tokio v1.41.0
[INFO] [stderr]    Compiling futures-util v0.3.31
[INFO] [stderr]    Compiling rustls-webpki v0.102.8
[INFO] [stderr]    Compiling zerocopy-derive v0.7.35
[INFO] [stderr]    Compiling rustls-webpki v0.101.7
[INFO] [stderr]    Compiling thiserror v1.0.66
[INFO] [stderr]    Compiling pest v2.7.14
[INFO] [stderr]    Compiling zerocopy v0.7.35
[INFO] [stderr]    Compiling sct v0.7.1
[INFO] [stderr]    Compiling pest_meta v2.7.14
[INFO] [stderr]    Compiling ppv-lite86 v0.2.20
[INFO] [stderr]    Compiling rand_chacha v0.3.1
[INFO] [stderr]    Compiling pest_generator v2.7.14
[INFO] [stderr]    Compiling rand v0.8.5
[INFO] [stderr]    Compiling pest_derive v2.7.14
[INFO] [stderr]    Compiling futures-executor v0.3.31
[INFO] [stderr]    Compiling fast_pool v0.2.0
[INFO] [stderr]    Compiling tokio-rustls v0.26.0
[INFO] [stderr]    Compiling enumflags2_derive v0.7.10
[INFO] [stderr]    Compiling tracing-attributes v0.1.27
[INFO] [stderr]    Compiling enumflags2 v0.7.10
[INFO] [stderr]    Compiling indexmap v2.6.0
[INFO] [stderr]    Compiling serde_json v1.0.132
[INFO] [stderr]    Compiling deranged v0.3.11
[INFO] [stderr]    Compiling serde_bytes v0.11.15
[INFO] [stderr]    Compiling bigdecimal v0.4.6
[INFO] [stderr]    Compiling rbs v4.5.23
[INFO] [stderr]    Compiling time v0.3.36
[INFO] [stderr]    Compiling html_parser v0.6.3
[INFO] [stderr]    Compiling dark-std v0.2.16
[INFO] [stderr]    Compiling tracing v0.1.40
[INFO] [stderr]    Compiling rbatis-codegen v4.5.23
[INFO] [stderr]    Compiling futures v0.3.31
[INFO] [stderr]    Compiling tokio-util v0.7.12
[INFO] [stderr]    Compiling tokio-rustls v0.24.1
[INFO] [stderr]    Compiling asynchronous-codec v0.6.2
[INFO] [stderr]    Compiling fastdate v0.3.34
[INFO] [stderr]    Compiling tiberius v0.12.3
[INFO] [stderr]    Compiling rsa v0.9.6
[INFO] [stderr]    Compiling rbdc v4.5.38
[INFO] [stderr]    Compiling rbdc-pool-fast v4.5.10
[INFO] [stderr]    Compiling rbdc-pg v4.5.16
[INFO] [stderr]    Compiling rbdc-mysql v4.5.12
[INFO] [stderr]    Compiling rbdc-sqlite v4.5.5
[INFO] [stderr]    Compiling rbatis-macro-driver v4.5.9
[INFO] [stderr]    Compiling rbatis v4.5.34
[INFO] [stderr]    Compiling rbatis v4.5.34 (/opt/rustwide/workdir)
[INFO] [stderr]    Compiling rbdc-mssql v4.5.5
[INFO] [stdout] warning: unused variable: `column`
[INFO] [stdout]   --> src/plugin/table_sync/mysql_mapper.rs:16:31
[INFO] [stdout]    |
[INFO] [stdout] 16 |     fn get_column_type(&self, column: &str, v: &Value) -> String {
[INFO] [stdout]    |                               ^^^^^^ help: if this is intentional, prefix it with an underscore: `_column`
[INFO] [stdout]    |
[INFO] [stdout]    = note: `#[warn(unused_variables)]` on by default
[INFO] [stdout] 
[INFO] [stdout] 
[INFO] [stdout] error[E0464]: multiple candidates for `rlib` dependency `rbatis` found
[INFO] [stdout]  --> tests/object_id_test.rs:3:9
[INFO] [stdout]   |
[INFO] [stdout] 3 |     use rbatis::object_id::ObjectId;
[INFO] [stdout]   |         ^^^^^^
[INFO] [stdout]   |
[INFO] [stdout]   = note: candidate #1: /opt/rustwide/target/debug/deps/librbatis-0d83e70d133d08ac.rlib
[INFO] [stdout]   = note: candidate #2: /opt/rustwide/target/debug/deps/librbatis-f98586983aca5e0c.rlib
[INFO] [stdout] 
[INFO] [stdout] 
[INFO] [stdout] error[E0464]: multiple candidates for `rlib` dependency `rbatis` found
[INFO] [stdout]  --> tests/snowflake_test.rs:3:9
[INFO] [stdout]   |
[INFO] [stdout] 3 |     use rbatis::plugin::snowflake::new_snowflake_id;
[INFO] [stdout]   |         ^^^^^^
[INFO] [stdout]   |
[INFO] [stdout]   = note: candidate #1: /opt/rustwide/target/debug/deps/librbatis-0d83e70d133d08ac.rlib
[INFO] [stdout]   = note: candidate #2: /opt/rustwide/target/debug/deps/librbatis-f98586983aca5e0c.rlib
[INFO] [stdout] 
[INFO] [stdout] 
[INFO] [stdout] error[E0464]: multiple candidates for `rlib` dependency `rbatis` found
[INFO] [stdout]  --> tests/snowflake_test.rs:4:9
[INFO] [stdout]   |
[INFO] [stdout] 4 |     use rbatis::snowflake::Snowflake;
[INFO] [stdout]   |         ^^^^^^
[INFO] [stdout]   |
[INFO] [stdout]   = note: candidate #1: /opt/rustwide/target/debug/deps/librbatis-0d83e70d133d08ac.rlib
[INFO] [stdout]   = note: candidate #2: /opt/rustwide/target/debug/deps/librbatis-f98586983aca5e0c.rlib
[INFO] [stdout] 
[INFO] [stdout] 
[INFO] [stdout] error[E0464]: multiple candidates for `rlib` dependency `rbatis` found
[INFO] [stdout]   --> tests/html_sql_test.rs:10:1
[INFO] [stdout]    |
[INFO] [stdout] 10 | extern crate rbatis;
[INFO] [stdout]    | ^^^^^^^^^^^^^^^^^^^^
[INFO] [stdout]    |
[INFO] [stdout]    = note: candidate #1: /opt/rustwide/target/debug/deps/librbatis-0d83e70d133d08ac.rlib
[INFO] [stdout]    = note: candidate #2: /opt/rustwide/target/debug/deps/librbatis-f98586983aca5e0c.rlib
[INFO] [stdout] 
[INFO] [stdout] 
[INFO] [stdout] For more information about this error, try `rustc --explain E0464`.
[INFO] [stdout] 
[INFO] [stderr] error: could not compile `rbatis` (test "object_id_test") due to 1 previous error
[INFO] [stderr] warning: build failed, waiting for other jobs to finish...
[INFO] [stdout] For more information about this error, try `rustc --explain E0464`.
[INFO] [stdout] 
[INFO] [stderr] error: could not compile `rbatis` (test "snowflake_test") due to 2 previous errors
[INFO] [stdout] error: cannot find attribute `async_trait` in this scope
[INFO] [stdout]   --> tests/html_sql_test.rs:40:7
[INFO] [stdout]    |
[INFO] [stdout] 40 |     #[async_trait]
[INFO] [stdout]    |       ^^^^^^^^^^^
[INFO] [stdout]    |
[INFO] [stdout]    = note: `async_trait` is in scope, but it is a crate, not an attribute
[INFO] [stdout] help: consider importing this attribute macro
[INFO] [stdout]    |
[INFO] [stdout] 14 +     use async_trait::async_trait;
[INFO] [stdout]    |
[INFO] [stdout] 
[INFO] [stdout] 
[INFO] [stdout] error: cannot find attribute `html_sql` in this scope
[INFO] [stdout]    --> tests/html_sql_test.rs:208:15
[INFO] [stdout]     |
[INFO] [stdout] 208 |             #[html_sql(
[INFO] [stdout]     |               ^^^^^^^^
[INFO] [stdout]     |
[INFO] [stdout] help: consider importing this attribute macro
[INFO] [stdout]     |
[INFO] [stdout] 14  +     use rbatis_macro_driver::html_sql;
[INFO] [stdout]     |
[INFO] [stdout] 
[INFO] [stdout] 
[INFO] [stdout] error: cannot find macro `impled` in this scope
[INFO] [stdout]    --> tests/html_sql_test.rs:216:17
[INFO] [stdout]     |
[INFO] [stdout] 216 |                 impled!()
[INFO] [stdout]     |                 ^^^^^^
[INFO] [stdout] 
[INFO] [stdout] 
[INFO] [stdout] error: cannot find macro `htmlsql` in this scope
[INFO] [stdout]    --> tests/html_sql_test.rs:234:13
[INFO] [stdout]     |
[INFO] [stdout] 234 |             htmlsql!(test_same_id(rb: &RBatis, id: &u64)  -> Result<Value, Error> => r#"<mapper>
[INFO] [stdout]     |             ^^^^^^^
[INFO] [stdout] 
[INFO] [stdout] 
[INFO] [stdout] error: cannot find macro `htmlsql` in this scope
[INFO] [stdout]    --> tests/html_sql_test.rs:256:13
[INFO] [stdout]     |
[INFO] [stdout] 256 |             htmlsql!(test_if(rb: &RBatis, id: &u64)  -> Result<Value, Error> => "tests/test.html");
[INFO] [stdout]     |             ^^^^^^^
[INFO] [stdout] 
[INFO] [stdout] 
[INFO] [stdout] error: cannot find macro `htmlsql` in this scope
[INFO] [stdout]    --> tests/html_sql_test.rs:274:13
[INFO] [stdout]     |
[INFO] [stdout] 274 |             htmlsql!(test_null(rb: &RBatis, id: Option<i32>)  -> Result<Value, Error> => "tests/test.html");
[INFO] [stdout]     |             ^^^^^^^
[INFO] [stdout] 
[INFO] [stdout] 
[INFO] [stdout] error: cannot find macro `htmlsql` in this scope
[INFO] [stdout]    --> tests/html_sql_test.rs:300:13
[INFO] [stdout]     |
[INFO] [stdout] 300 |             htmlsql!(test_method_call(rb: &RBatis, id: Option<i32>)  -> Result<Value, Error> => "tests/test.html");
[INFO] [stdout]     |             ^^^^^^^
[INFO] [stdout] 
[INFO] [stdout] 
[INFO] [stdout] error: cannot find macro `htmlsql` in this scope
[INFO] [stdout]    --> tests/html_sql_test.rs:317:13
[INFO] [stdout]     |
[INFO] [stdout] 317 |             htmlsql!(test_binary(rb: &RBatis, id: i32, b:bool)  -> Result<Value, Error> => "tests/test.html");
[INFO] [stdout]     |             ^^^^^^^
[INFO] [stdout] 
[INFO] [stdout] 
[INFO] [stdout] error: cannot find macro `htmlsql` in this scope
[INFO] [stdout]    --> tests/html_sql_test.rs:334:13
[INFO] [stdout]     |
[INFO] [stdout] 334 |             htmlsql!(test_unary(rb: &RBatis, id: i32)  -> Result<Value, Error> => "tests/test.html");
[INFO] [stdout]     |             ^^^^^^^
[INFO] [stdout] 
[INFO] [stdout] 
[INFO] [stdout] error: cannot find macro `htmlsql` in this scope
[INFO] [stdout]    --> tests/html_sql_test.rs:351:13
[INFO] [stdout]     |
[INFO] [stdout] 351 |             htmlsql!(test_paren(rb: &RBatis, id: i32)  -> Result<Value, Error> => "tests/test.html");
[INFO] [stdout]     |             ^^^^^^^
[INFO] [stdout] 
[INFO] [stdout] 
[INFO] [stdout] error: cannot find macro `htmlsql` in this scope
[INFO] [stdout]    --> tests/html_sql_test.rs:369:13
[INFO] [stdout]     |
[INFO] [stdout] 369 |             htmlsql!(test_field(rb: &RBatis, t: MockTable)  -> Result<Value, Error> => "tests/test.html");
[INFO] [stdout]     |             ^^^^^^^
[INFO] [stdout] 
[INFO] [stdout] 
[INFO] [stdout] error: cannot find macro `htmlsql` in this scope
[INFO] [stdout]    --> tests/html_sql_test.rs:405:13
[INFO] [stdout]     |
[INFO] [stdout] 405 |             htmlsql!(test_reference(rb: &RBatis, t: MockTable)  -> Result<Value, Error> => "tests/test.html");
[INFO] [stdout]     |             ^^^^^^^
[INFO] [stdout] 
[INFO] [stdout] 
[INFO] [stdout] error: cannot find macro `htmlsql` in this scope
[INFO] [stdout]    --> tests/html_sql_test.rs:441:13
[INFO] [stdout]     |
[INFO] [stdout] 441 |             htmlsql!(test_index(rb: &RBatis, arr: Vec<i32>, map:HashMap<String,String>)  -> Result<Value, Error> => "tests/test.html");
[INFO] [stdout]     |             ^^^^^^^
[INFO] [stdout] 
[INFO] [stdout] 
[INFO] [stdout] error: cannot find macro `htmlsql` in this scope
[INFO] [stdout]    --> tests/html_sql_test.rs:459:13
[INFO] [stdout]     |
[INFO] [stdout] 459 |             htmlsql!(test_lit(rb: &RBatis)  -> Result<Value, Error> => "tests/test.html");
[INFO] [stdout]     |             ^^^^^^^
[INFO] [stdout] 
[INFO] [stdout] 
[INFO] [stdout] error: cannot find macro `htmlsql` in this scope
[INFO] [stdout]    --> tests/html_sql_test.rs:475:13
[INFO] [stdout]     |
[INFO] [stdout] 475 |             htmlsql!(test_where_empty(rb: &RBatis)  -> Result<Value, Error> => "tests/test.html");
[INFO] [stdout]     |             ^^^^^^^
[INFO] [stdout] 
[INFO] [stdout] 
[INFO] [stdout] error: cannot find macro `htmlsql` in this scope
[INFO] [stdout]    --> tests/html_sql_test.rs:491:13
[INFO] [stdout]     |
[INFO] [stdout] 491 |             htmlsql!(test_where_sql(rb: &RBatis)  -> Result<Value, Error> => "tests/test.html");
[INFO] [stdout]     |             ^^^^^^^
[INFO] [stdout] 
[INFO] [stdout] 
[INFO] [stdout] error: cannot find macro `htmlsql` in this scope
[INFO] [stdout]    --> tests/html_sql_test.rs:507:13
[INFO] [stdout]     |
[INFO] [stdout] 507 |             htmlsql!(test_bind(rb: &RBatis)  -> Result<Value, Error> => "tests/test.html");
[INFO] [stdout]     |             ^^^^^^^
[INFO] [stdout] 
[INFO] [stdout] 
[INFO] [stdout] error: cannot find macro `htmlsql` in this scope
[INFO] [stdout]    --> tests/html_sql_test.rs:524:13
[INFO] [stdout]     |
[INFO] [stdout] 524 |             htmlsql!(test_choose(rb: &RBatis,a:i32)  -> Result<Value, Error> => "tests/test.html");
[INFO] [stdout]     |             ^^^^^^^
[INFO] [stdout] 
[INFO] [stdout] 
[INFO] [stdout] error: cannot find macro `htmlsql` in this scope
[INFO] [stdout]    --> tests/html_sql_test.rs:544:13
[INFO] [stdout]     |
[INFO] [stdout] 544 |             htmlsql!(test_for(rb: &RBatis,ids:Vec<i32>)  -> Result<Value, Error> => "tests/test.html");
[INFO] [stdout]     |             ^^^^^^^
[INFO] [stdout] 
[INFO] [stdout] 
[INFO] [stdout] error: cannot find macro `htmlsql` in this scope
[INFO] [stdout]    --> tests/html_sql_test.rs:565:13
[INFO] [stdout]     |
[INFO] [stdout] 565 |             htmlsql!(test_for_item(rb: &RBatis,ids:Vec<Value>)  -> Result<Value, Error> => "tests/test.html");
[INFO] [stdout]     |             ^^^^^^^
[INFO] [stdout] 
[INFO] [stdout] 
[INFO] [stdout] error: cannot find macro `htmlsql` in this scope
[INFO] [stdout]    --> tests/html_sql_test.rs:582:13
[INFO] [stdout]     |
[INFO] [stdout] 582 |             htmlsql!(test_trim(rb: &RBatis)  -> Result<Value, Error> => "tests/test.html");
[INFO] [stdout]     |             ^^^^^^^
[INFO] [stdout] 
[INFO] [stdout] 
[INFO] [stdout] error: cannot find macro `htmlsql` in this scope
[INFO] [stdout]    --> tests/html_sql_test.rs:598:13
[INFO] [stdout]     |
[INFO] [stdout] 598 |             htmlsql!(test_trim2(rb: &RBatis)  -> Result<Value, Error> => "tests/test.html");
[INFO] [stdout]     |             ^^^^^^^
[INFO] [stdout] 
[INFO] [stdout] 
[INFO] [stdout] error: cannot find macro `htmlsql` in this scope
[INFO] [stdout]    --> tests/html_sql_test.rs:614:13
[INFO] [stdout]     |
[INFO] [stdout] 614 |             htmlsql!(test_trim3(rb: &RBatis)  -> Result<Value, Error> => "tests/test.html");
[INFO] [stdout]     |             ^^^^^^^
[INFO] [stdout] 
[INFO] [stdout] 
[INFO] [stdout] error: cannot find macro `htmlsql` in this scope
[INFO] [stdout]    --> tests/html_sql_test.rs:630:13
[INFO] [stdout]     |
[INFO] [stdout] 630 |             htmlsql!(test_trim3(rb: &RBatis)  -> Result<Value, Error> => "tests/test.html");
[INFO] [stdout]     |             ^^^^^^^
[INFO] [stdout] 
[INFO] [stdout] 
[INFO] [stdout] error: cannot find macro `htmlsql` in this scope
[INFO] [stdout]    --> tests/html_sql_test.rs:646:13
[INFO] [stdout]     |
[INFO] [stdout] 646 |             htmlsql!(test_include(rb: &RBatis)  -> Result<Value, Error> => "tests/test.html");
[INFO] [stdout]     |             ^^^^^^^
[INFO] [stdout] 
[INFO] [stdout] 
[INFO] [stdout] error: cannot find macro `htmlsql` in this scope
[INFO] [stdout]    --> tests/html_sql_test.rs:662:13
[INFO] [stdout]     |
[INFO] [stdout] 662 |             htmlsql!(test_set(rb: &RBatis)  -> Result<Value, Error> => "tests/test.html");
[INFO] [stdout]     |             ^^^^^^^
[INFO] [stdout] 
[INFO] [stdout] 
[INFO] [stdout] warning: elided lifetime has a name
[INFO] [stdout]   --> tests/html_sql_test.rs:70:23
[INFO] [stdout]    |
[INFO] [stdout] 67 |         fn connect_opt<'a>(
[INFO] [stdout]    |                        -- lifetime `'a` declared here
[INFO] [stdout] ...
[INFO] [stdout] 70 |         ) -> BoxFuture<Result<Box<dyn Connection>, Error>> {
[INFO] [stdout]    |                       ^ this elided lifetime gets resolved as `'a`
[INFO] [stdout]    |
[INFO] [stdout]    = note: `#[warn(elided_named_lifetimes)]` on by default
[INFO] [stdout] 
[INFO] [stdout] 
[INFO] [stdout] error[E0425]: cannot find function `test_same_id` in this scope
[INFO] [stdout]    --> tests/html_sql_test.rs:240:21
[INFO] [stdout]     |
[INFO] [stdout] 240 |             let r = test_same_id(&mut rb, &1).await.unwrap();
[INFO] [stdout]     |                     ^^^^^^^^^^^^ not found in this scope
[INFO] [stdout] 
[INFO] [stdout] 
[INFO] [stdout] error[E0425]: cannot find function `test_if` in this scope
[INFO] [stdout]    --> tests/html_sql_test.rs:258:21
[INFO] [stdout]     |
[INFO] [stdout] 258 |             let r = test_if(&mut rb, &1).await.unwrap();
[INFO] [stdout]     |                     ^^^^^^^ help: a function with a similar name exists: `test_lit`
[INFO] [stdout] ...
[INFO] [stdout] 453 |     fn test_lit() {
[INFO] [stdout]     |     ------------- similarly named function `test_lit` defined here
[INFO] [stdout] 
[INFO] [stdout] 
[INFO] [stdout] error[E0425]: cannot find function `test_null` in this scope
[INFO] [stdout]    --> tests/html_sql_test.rs:276:21
[INFO] [stdout]     |
[INFO] [stdout] 276 |             let r = test_null(&mut rb, None).await.unwrap();
[INFO] [stdout]     |                     ^^^^^^^^^ not found in this scope
[INFO] [stdout] 
[INFO] [stdout] 
[INFO] [stdout] Some errors have detailed explanations: E0425, E0464.
[INFO] [stdout] 
[INFO] [stdout] For more information about an error, try `rustc --explain E0425`.
[INFO] [stdout] 
[INFO] [stderr] error: could not compile `rbatis` (test "html_sql_test") due to 30 previous errors; 1 warning emitted
[INFO] [stdout] warning: unused variable: `column`
[INFO] [stdout]   --> src/plugin/table_sync/mysql_mapper.rs:16:31
[INFO] [stdout]    |
[INFO] [stdout] 16 |     fn get_column_type(&self, column: &str, v: &Value) -> String {
[INFO] [stdout]    |                               ^^^^^^ help: if this is intentional, prefix it with an underscore: `_column`
[INFO] [stdout]    |
[INFO] [stdout]    = note: `#[warn(unused_variables)]` on by default
[INFO] [stdout] 
[INFO] [stdout] 
[INFO] running `Command { std: "docker" "inspect" "508fc33810403837ea2cbceeb557c50c73c408e4fab8a600be89d67d1bb9c0b7", kill_on_drop: false }`
[INFO] running `Command { std: "docker" "rm" "-f" "508fc33810403837ea2cbceeb557c50c73c408e4fab8a600be89d67d1bb9c0b7", kill_on_drop: false }`
[INFO] [stdout] 508fc33810403837ea2cbceeb557c50c73c408e4fab8a600be89d67d1bb9c0b7
