[INFO] fetching crate raw-cstr 0.1.4...
[INFO] testing raw-cstr-0.1.4 against nightly-2024-10-28+rustflags=-Zrandomize-layout for randomize-layout
[INFO] extracting crate raw-cstr 0.1.4 into /workspace/builds/worker-7-tc2/source
[INFO] validating manifest of crates.io crate raw-cstr 0.1.4 on toolchain nightly-2024-10-28
[INFO] running `Command { std: CARGO_HOME="/workspace/cargo-home" RUSTUP_HOME="/workspace/rustup-home" "/workspace/cargo-home/bin/cargo" "+nightly-2024-10-28" "metadata" "--manifest-path" "Cargo.toml" "--no-deps", kill_on_drop: false }`
[INFO] started tweaking crates.io crate raw-cstr 0.1.4
[INFO] finished tweaking crates.io crate raw-cstr 0.1.4
[INFO] tweaked toml for crates.io crate raw-cstr 0.1.4 written to /workspace/builds/worker-7-tc2/source/Cargo.toml
[INFO] running `Command { std: CARGO_HOME="/workspace/cargo-home" RUSTUP_HOME="/workspace/rustup-home" "/workspace/cargo-home/bin/cargo" "+nightly-2024-10-28" "generate-lockfile" "--manifest-path" "Cargo.toml", kill_on_drop: false }`
[INFO] [stderr]     Updating crates.io index
[INFO] [stderr]      Locking 1 package to latest compatible version
[INFO] running `Command { std: CARGO_HOME="/workspace/cargo-home" RUSTUP_HOME="/workspace/rustup-home" "/workspace/cargo-home/bin/cargo" "+nightly-2024-10-28" "fetch" "--manifest-path" "Cargo.toml", kill_on_drop: false }`
[INFO] running `Command { std: "docker" "create" "-v" "/var/lib/crater-agent-workspace/builds/worker-7-tc2/target:/opt/rustwide/target:rw,Z" "-v" "/var/lib/crater-agent-workspace/builds/worker-7-tc2/source:/opt/rustwide/workdir:ro,Z" "-v" "/var/lib/crater-agent-workspace/cargo-home:/opt/rustwide/cargo-home:ro,Z" "-v" "/var/lib/crater-agent-workspace/rustup-home:/opt/rustwide/rustup-home:ro,Z" "-e" "SOURCE_DIR=/opt/rustwide/workdir" "-e" "CARGO_TARGET_DIR=/opt/rustwide/target" "-e" "CARGO_HOME=/opt/rustwide/cargo-home" "-e" "RUSTUP_HOME=/opt/rustwide/rustup-home" "-w" "/opt/rustwide/workdir" "-m" "1610612736" "--user" "0:0" "--network" "none" "ghcr.io/rust-lang/crates-build-env/linux@sha256:4a844ea9eb2546a2d2c7022eacef16ef2e8229c7fbb2c7d4d55a9ceca922f72d" "/opt/rustwide/cargo-home/bin/cargo" "+nightly-2024-10-28" "metadata" "--no-deps" "--format-version=1", kill_on_drop: false }`
[INFO] [stdout] 62e051ffc91e57d7d319cc59c4c6f99416270662aa7d0534eff704aa65fb8a53
[INFO] running `Command { std: "docker" "start" "-a" "62e051ffc91e57d7d319cc59c4c6f99416270662aa7d0534eff704aa65fb8a53", kill_on_drop: false }`
[INFO] running `Command { std: "docker" "inspect" "62e051ffc91e57d7d319cc59c4c6f99416270662aa7d0534eff704aa65fb8a53", kill_on_drop: false }`
[INFO] running `Command { std: "docker" "rm" "-f" "62e051ffc91e57d7d319cc59c4c6f99416270662aa7d0534eff704aa65fb8a53", kill_on_drop: false }`
[INFO] [stdout] 62e051ffc91e57d7d319cc59c4c6f99416270662aa7d0534eff704aa65fb8a53
[INFO] running `Command { std: "docker" "create" "-v" "/var/lib/crater-agent-workspace/builds/worker-7-tc2/target:/opt/rustwide/target:rw,Z" "-v" "/var/lib/crater-agent-workspace/builds/worker-7-tc2/source:/opt/rustwide/workdir:ro,Z" "-v" "/var/lib/crater-agent-workspace/cargo-home:/opt/rustwide/cargo-home:ro,Z" "-v" "/var/lib/crater-agent-workspace/rustup-home:/opt/rustwide/rustup-home:ro,Z" "-e" "SOURCE_DIR=/opt/rustwide/workdir" "-e" "CARGO_TARGET_DIR=/opt/rustwide/target" "-e" "CARGO_INCREMENTAL=0" "-e" "RUST_BACKTRACE=full" "-e" "RUSTFLAGS=--cap-lints=forbid -Zrandomize-layout" "-e" "RUSTDOCFLAGS=--cap-lints=forbid" "-e" "CARGO_HOME=/opt/rustwide/cargo-home" "-e" "RUSTUP_HOME=/opt/rustwide/rustup-home" "-w" "/opt/rustwide/workdir" "-m" "1610612736" "--user" "0:0" "--network" "none" "ghcr.io/rust-lang/crates-build-env/linux@sha256:4a844ea9eb2546a2d2c7022eacef16ef2e8229c7fbb2c7d4d55a9ceca922f72d" "/opt/rustwide/cargo-home/bin/cargo" "+nightly-2024-10-28" "build" "--frozen" "--message-format=json", kill_on_drop: false }`
[INFO] [stdout] dc5590dfeb3ecb5d16328eca44410efe108019635781c28f1047e3e455fba180
[INFO] running `Command { std: "docker" "start" "-a" "dc5590dfeb3ecb5d16328eca44410efe108019635781c28f1047e3e455fba180", kill_on_drop: false }`
[INFO] [stderr]    Compiling anyhow v1.0.92
[INFO] [stderr]    Compiling raw-cstr v0.1.4 (/opt/rustwide/workdir)
[INFO] [stderr]     Finished `dev` profile [unoptimized + debuginfo] target(s) in 0.45s
[INFO] running `Command { std: "docker" "inspect" "dc5590dfeb3ecb5d16328eca44410efe108019635781c28f1047e3e455fba180", kill_on_drop: false }`
[INFO] running `Command { std: "docker" "rm" "-f" "dc5590dfeb3ecb5d16328eca44410efe108019635781c28f1047e3e455fba180", kill_on_drop: false }`
[INFO] [stdout] dc5590dfeb3ecb5d16328eca44410efe108019635781c28f1047e3e455fba180
[INFO] running `Command { std: "docker" "create" "-v" "/var/lib/crater-agent-workspace/builds/worker-7-tc2/target:/opt/rustwide/target:rw,Z" "-v" "/var/lib/crater-agent-workspace/builds/worker-7-tc2/source:/opt/rustwide/workdir:ro,Z" "-v" "/var/lib/crater-agent-workspace/cargo-home:/opt/rustwide/cargo-home:ro,Z" "-v" "/var/lib/crater-agent-workspace/rustup-home:/opt/rustwide/rustup-home:ro,Z" "-e" "SOURCE_DIR=/opt/rustwide/workdir" "-e" "CARGO_TARGET_DIR=/opt/rustwide/target" "-e" "CARGO_INCREMENTAL=0" "-e" "RUST_BACKTRACE=full" "-e" "RUSTFLAGS=--cap-lints=forbid -Zrandomize-layout" "-e" "RUSTDOCFLAGS=--cap-lints=forbid" "-e" "CARGO_HOME=/opt/rustwide/cargo-home" "-e" "RUSTUP_HOME=/opt/rustwide/rustup-home" "-w" "/opt/rustwide/workdir" "-m" "1610612736" "--user" "0:0" "--network" "none" "ghcr.io/rust-lang/crates-build-env/linux@sha256:4a844ea9eb2546a2d2c7022eacef16ef2e8229c7fbb2c7d4d55a9ceca922f72d" "/opt/rustwide/cargo-home/bin/cargo" "+nightly-2024-10-28" "test" "--frozen" "--no-run" "--message-format=json", kill_on_drop: false }`
[INFO] [stdout] ed4289cf308d2b45e5b9b61f5f6d207d21f068d58e4e0d326ba10ba25082dd53
[INFO] running `Command { std: "docker" "start" "-a" "ed4289cf308d2b45e5b9b61f5f6d207d21f068d58e4e0d326ba10ba25082dd53", kill_on_drop: false }`
[INFO] [stderr]    Compiling raw-cstr v0.1.4 (/opt/rustwide/workdir)
[INFO] [stdout] error[E0308]: mismatched types
[INFO] [stdout]   --> tests/test.rs:14:44
[INFO] [stdout]    |
[INFO] [stdout] 14 |     let rust_str = unsafe { CStr::from_ptr(c_str as *mut u8) }
[INFO] [stdout]    |                             -------------- ^^^^^^^^^^^^^^^^ expected `*const i8`, found `*mut u8`
[INFO] [stdout]    |                             |
[INFO] [stdout]    |                             arguments to this function are incorrect
[INFO] [stdout]    |
[INFO] [stdout]    = note: expected raw pointer `*const i8`
[INFO] [stdout]               found raw pointer `*mut u8`
[INFO] [stdout] note: associated function defined here
[INFO] [stdout]   --> /rustc/df4ca44d3fbc9301ee17f30f4d474e6ae4b05252/library/core/src/ffi/c_str.rs:277:25
[INFO] [stdout] 
[INFO] [stdout] 
[INFO] [stdout] error[E0308]: mismatched types
[INFO] [stdout]   --> tests/test.rs:35:44
[INFO] [stdout]    |
[INFO] [stdout] 35 |     let rust_str = unsafe { CStr::from_ptr(c_str as *mut u8) }
[INFO] [stdout]    |                             -------------- ^^^^^^^^^^^^^^^^ expected `*const i8`, found `*mut u8`
[INFO] [stdout]    |                             |
[INFO] [stdout]    |                             arguments to this function are incorrect
[INFO] [stdout]    |
[INFO] [stdout]    = note: expected raw pointer `*const i8`
[INFO] [stdout]               found raw pointer `*mut u8`
[INFO] [stdout] note: associated function defined here
[INFO] [stdout]   --> /rustc/df4ca44d3fbc9301ee17f30f4d474e6ae4b05252/library/core/src/ffi/c_str.rs:277:25
[INFO] [stdout] 
[INFO] [stdout] 
[INFO] [stdout] error[E0308]: mismatched types
[INFO] [stdout]   --> tests/test.rs:39:46
[INFO] [stdout]    |
[INFO] [stdout] 39 |     let o_rust_str = unsafe { CStr::from_ptr(o_c_str as *mut u8) }
[INFO] [stdout]    |                               -------------- ^^^^^^^^^^^^^^^^^^ expected `*const i8`, found `*mut u8`
[INFO] [stdout]    |                               |
[INFO] [stdout]    |                               arguments to this function are incorrect
[INFO] [stdout]    |
[INFO] [stdout]    = note: expected raw pointer `*const i8`
[INFO] [stdout]               found raw pointer `*mut u8`
[INFO] [stdout] note: associated function defined here
[INFO] [stdout]   --> /rustc/df4ca44d3fbc9301ee17f30f4d474e6ae4b05252/library/core/src/ffi/c_str.rs:277:25
[INFO] [stdout] 
[INFO] [stdout] 
[INFO] [stdout] For more information about this error, try `rustc --explain E0308`.
[INFO] [stdout] 
[INFO] [stderr] error: could not compile `raw-cstr` (test "test") due to 3 previous errors
[INFO] [stderr] warning: build failed, waiting for other jobs to finish...
[INFO] running `Command { std: "docker" "inspect" "ed4289cf308d2b45e5b9b61f5f6d207d21f068d58e4e0d326ba10ba25082dd53", kill_on_drop: false }`
[INFO] running `Command { std: "docker" "rm" "-f" "ed4289cf308d2b45e5b9b61f5f6d207d21f068d58e4e0d326ba10ba25082dd53", kill_on_drop: false }`
[INFO] [stdout] ed4289cf308d2b45e5b9b61f5f6d207d21f068d58e4e0d326ba10ba25082dd53
