[INFO] fetching crate raui-quick-start 0.43.0...
[INFO] testing raui-quick-start-0.43.0 against nightly-2024-10-28+rustflags=-Zrandomize-layout for randomize-layout
[INFO] extracting crate raui-quick-start 0.43.0 into /workspace/builds/worker-6-tc2/source
[INFO] validating manifest of crates.io crate raui-quick-start 0.43.0 on toolchain nightly-2024-10-28
[INFO] running `Command { std: CARGO_HOME="/workspace/cargo-home" RUSTUP_HOME="/workspace/rustup-home" "/workspace/cargo-home/bin/cargo" "+nightly-2024-10-28" "metadata" "--manifest-path" "Cargo.toml" "--no-deps", kill_on_drop: false }`
[INFO] started tweaking crates.io crate raui-quick-start 0.43.0
[INFO] finished tweaking crates.io crate raui-quick-start 0.43.0
[INFO] tweaked toml for crates.io crate raui-quick-start 0.43.0 written to /workspace/builds/worker-6-tc2/source/Cargo.toml
[INFO] running `Command { std: CARGO_HOME="/workspace/cargo-home" RUSTUP_HOME="/workspace/rustup-home" "/workspace/cargo-home/bin/cargo" "+nightly-2024-10-28" "generate-lockfile" "--manifest-path" "Cargo.toml", kill_on_drop: false }`
[INFO] [stderr]     Updating crates.io index
[INFO] [stderr]     Blocking waiting for file lock on package cache
[INFO] [stderr]      Locking 145 packages to latest compatible versions
[INFO] [stderr]       Adding derive_builder v0.10.2 (available: v0.20.2)
[INFO] [stderr]       Adding raui v0.43.0 (available: v0.64.0)
[INFO] [stderr]       Adding tetra v0.6.7 (available: v0.8.0)
[INFO] running `Command { std: CARGO_HOME="/workspace/cargo-home" RUSTUP_HOME="/workspace/rustup-home" "/workspace/cargo-home/bin/cargo" "+nightly-2024-10-28" "fetch" "--manifest-path" "Cargo.toml", kill_on_drop: false }`
[INFO] running `Command { std: "docker" "create" "-v" "/var/lib/crater-agent-workspace/builds/worker-6-tc2/target:/opt/rustwide/target:rw,Z" "-v" "/var/lib/crater-agent-workspace/builds/worker-6-tc2/source:/opt/rustwide/workdir:ro,Z" "-v" "/var/lib/crater-agent-workspace/cargo-home:/opt/rustwide/cargo-home:ro,Z" "-v" "/var/lib/crater-agent-workspace/rustup-home:/opt/rustwide/rustup-home:ro,Z" "-e" "SOURCE_DIR=/opt/rustwide/workdir" "-e" "CARGO_TARGET_DIR=/opt/rustwide/target" "-e" "CARGO_HOME=/opt/rustwide/cargo-home" "-e" "RUSTUP_HOME=/opt/rustwide/rustup-home" "-w" "/opt/rustwide/workdir" "-m" "1610612736" "--user" "0:0" "--network" "none" "ghcr.io/rust-lang/crates-build-env/linux@sha256:4a844ea9eb2546a2d2c7022eacef16ef2e8229c7fbb2c7d4d55a9ceca922f72d" "/opt/rustwide/cargo-home/bin/cargo" "+nightly-2024-10-28" "metadata" "--no-deps" "--format-version=1", kill_on_drop: false }`
[INFO] [stdout] b8c95e475308e4500e57ef8771fed597421f0b0aeb60af16360647903f044037
[INFO] running `Command { std: "docker" "start" "-a" "b8c95e475308e4500e57ef8771fed597421f0b0aeb60af16360647903f044037", kill_on_drop: false }`
[INFO] running `Command { std: "docker" "inspect" "b8c95e475308e4500e57ef8771fed597421f0b0aeb60af16360647903f044037", kill_on_drop: false }`
[INFO] running `Command { std: "docker" "rm" "-f" "b8c95e475308e4500e57ef8771fed597421f0b0aeb60af16360647903f044037", kill_on_drop: false }`
[INFO] [stdout] b8c95e475308e4500e57ef8771fed597421f0b0aeb60af16360647903f044037
[INFO] running `Command { std: "docker" "create" "-v" "/var/lib/crater-agent-workspace/builds/worker-6-tc2/target:/opt/rustwide/target:rw,Z" "-v" "/var/lib/crater-agent-workspace/builds/worker-6-tc2/source:/opt/rustwide/workdir:ro,Z" "-v" "/var/lib/crater-agent-workspace/cargo-home:/opt/rustwide/cargo-home:ro,Z" "-v" "/var/lib/crater-agent-workspace/rustup-home:/opt/rustwide/rustup-home:ro,Z" "-e" "SOURCE_DIR=/opt/rustwide/workdir" "-e" "CARGO_TARGET_DIR=/opt/rustwide/target" "-e" "CARGO_INCREMENTAL=0" "-e" "RUST_BACKTRACE=full" "-e" "RUSTFLAGS=--cap-lints=forbid -Zrandomize-layout" "-e" "RUSTDOCFLAGS=--cap-lints=forbid" "-e" "CARGO_HOME=/opt/rustwide/cargo-home" "-e" "RUSTUP_HOME=/opt/rustwide/rustup-home" "-w" "/opt/rustwide/workdir" "-m" "1610612736" "--user" "0:0" "--network" "none" "ghcr.io/rust-lang/crates-build-env/linux@sha256:4a844ea9eb2546a2d2c7022eacef16ef2e8229c7fbb2c7d4d55a9ceca922f72d" "/opt/rustwide/cargo-home/bin/cargo" "+nightly-2024-10-28" "build" "--frozen" "--message-format=json", kill_on_drop: false }`
[INFO] [stdout] 2ad22ddf79cdcb88d2c692fa617d8ba2c34f67668c82442518375c86a4243bf4
[INFO] running `Command { std: "docker" "start" "-a" "2ad22ddf79cdcb88d2c692fa617d8ba2c34f67668c82442518375c86a4243bf4", kill_on_drop: false }`
[INFO] [stderr]    Compiling libc v0.2.161
[INFO] [stderr]    Compiling syn v1.0.109
[INFO] [stderr]    Compiling pkg-config v0.3.31
[INFO] [stderr]    Compiling semver v1.0.23
[INFO] [stderr]    Compiling byteorder v1.5.0
[INFO] [stderr]    Compiling version-compare v0.1.1
[INFO] [stderr]    Compiling num-traits v0.2.19
[INFO] [stderr]    Compiling crossbeam-utils v0.8.20
[INFO] [stderr]    Compiling rayon-core v1.12.1
[INFO] [stderr]    Compiling fnv v1.0.7
[INFO] [stderr]    Compiling adler32 v1.2.0
[INFO] [stderr]    Compiling cmake v0.1.51
[INFO] [stderr]    Compiling minimp3-sys v0.3.2
[INFO] [stderr]    Compiling ident_case v1.0.1
[INFO] [stderr]    Compiling strsim v0.10.0
[INFO] [stderr]    Compiling ahash v0.7.8
[INFO] [stderr]    Compiling num-rational v0.3.2
[INFO] [stderr]    Compiling arrayvec v0.5.2
[INFO] [stderr]    Compiling bitflags v1.3.2
[INFO] [stderr]    Compiling cpal v0.11.0
[INFO] [stderr]    Compiling memchr v2.7.4
[INFO] [stderr]    Compiling miniz_oxide v0.3.7
[INFO] [stderr]    Compiling deflate v0.8.6
[INFO] [stderr]    Compiling ogg v0.8.0
[INFO] [stderr]    Compiling vek v0.13.1
[INFO] [stderr]    Compiling crc32fast v1.4.2
[INFO] [stderr]    Compiling ttf-parser v0.25.0
[INFO] [stderr]    Compiling color_quant v1.1.0
[INFO] [stderr]    Compiling sdl2-sys v0.35.2
[INFO] [stderr]    Compiling rustc_version v0.4.1
[INFO] [stderr]    Compiling winapi v0.3.9
[INFO] [stderr]    Compiling crossbeam-epoch v0.9.18
[INFO] [stderr]    Compiling sdl2 v0.35.2
[INFO] [stderr]    Compiling alsa-sys v0.1.2
[INFO] [stderr]    Compiling weezl v0.1.8
[INFO] [stderr]    Compiling serde_json v1.0.132
[INFO] [stderr]    Compiling vek v0.15.10
[INFO] [stderr]    Compiling png v0.16.8
[INFO] [stderr]    Compiling crossbeam-deque v0.8.5
[INFO] [stderr]    Compiling lewton v0.10.2
[INFO] [stderr]    Compiling bytemuck v1.19.0
[INFO] [stderr]    Compiling gif v0.11.4
[INFO] [stderr]    Compiling hound v3.5.1
[INFO] [stderr]    Compiling getrandom v0.2.15
[INFO] [stderr]    Compiling num-integer v0.1.46
[INFO] [stderr]    Compiling euclid v0.22.11
[INFO] [stderr]    Compiling slice-deque v0.3.0
[INFO] [stderr]    Compiling uuid v0.8.2
[INFO] [stderr]    Compiling num-iter v0.1.45
[INFO] [stderr]    Compiling rayon v1.10.0
[INFO] [stderr]    Compiling minimp3 v0.3.5
[INFO] [stderr]    Compiling approx v0.5.1
[INFO] [stderr]    Compiling typid v1.1.1
[INFO] [stderr]    Compiling approx v0.4.0
[INFO] [stderr]    Compiling intuicio-data v0.23.1
[INFO] [stderr]    Compiling float_next_after v0.1.5
[INFO] [stderr]    Compiling ab_glyph_rasterizer v0.1.8
[INFO] [stderr]    Compiling static_assertions v1.1.0
[INFO] [stderr]    Compiling hashbrown v0.11.2
[INFO] [stderr]    Compiling glow v0.11.2
[INFO] [stderr]    Compiling xi-unicode v0.3.0
[INFO] [stderr]    Compiling rodio v0.11.0
[INFO] [stderr]    Compiling lyon_geom v0.17.7
[INFO] [stderr]    Compiling lyon_path v0.17.7
[INFO] [stderr]    Compiling owned_ttf_parser v0.25.0
[INFO] [stderr]    Compiling ab_glyph v0.2.29
[INFO] [stderr]    Compiling lyon_tessellation v0.17.10
[INFO] [stderr]    Compiling darling_core v0.12.4
[INFO] [stdout] error[E0076]: SIMD vector's only field must be an array
[INFO] [stdout]     --> /opt/rustwide/cargo-home/registry/src/index.crates.io-6f17d22bba15001f/vek-0.15.10/src/vec.rs:3209:13
[INFO] [stdout]      |
[INFO] [stdout] 3209 |             pub struct Vec2<T> { pub x:T, pub y:T }
[INFO] [stdout]      |             ^^^^^^^^^^^^^^^^^^   ------- not an array
[INFO] [stdout] ...
[INFO] [stdout] 3709 |     vec_impl_all_vecs!{simd #[repr(simd)] c #[repr(C)] repr_simd}
[INFO] [stdout]      |     ------------------------------------------------------------- in this macro invocation
[INFO] [stdout]      |
[INFO] [stdout]      = note: this error originates in the macro `vec_impl_all_vecs` (in Nightly builds, run with -Z macro-backtrace for more info)
[INFO] [stdout] 
[INFO] [stdout] 
[INFO] [stdout] error[E0076]: SIMD vector's only field must be an array
[INFO] [stdout]     --> /opt/rustwide/cargo-home/registry/src/index.crates.io-6f17d22bba15001f/vek-0.15.10/src/vec.rs:3345:13
[INFO] [stdout]      |
[INFO] [stdout] 3345 |             pub struct Vec4<T> {
[INFO] [stdout]      |             ^^^^^^^^^^^^^^^^^^
[INFO] [stdout] 3346 |                 pub x:T, pub y:T, pub z:T,
[INFO] [stdout]      |                 ------- not an array
[INFO] [stdout] ...
[INFO] [stdout] 3709 |     vec_impl_all_vecs!{simd #[repr(simd)] c #[repr(C)] repr_simd}
[INFO] [stdout]      |     ------------------------------------------------------------- in this macro invocation
[INFO] [stdout]      |
[INFO] [stdout]      = note: this error originates in the macro `vec_impl_all_vecs` (in Nightly builds, run with -Z macro-backtrace for more info)
[INFO] [stdout] 
[INFO] [stdout] 
[INFO] [stdout] error[E0076]: SIMD vector's only field must be an array
[INFO] [stdout]     --> /opt/rustwide/cargo-home/registry/src/index.crates.io-6f17d22bba15001f/vek-0.15.10/src/vec.rs:3562:13
[INFO] [stdout]      |
[INFO] [stdout] 3562 |             pub struct Extent2<T> { pub w:T, pub h:T }
[INFO] [stdout]      |             ^^^^^^^^^^^^^^^^^^^^^   ------- not an array
[INFO] [stdout] ...
[INFO] [stdout] 3709 |     vec_impl_all_vecs!{simd #[repr(simd)] c #[repr(C)] repr_simd}
[INFO] [stdout]      |     ------------------------------------------------------------- in this macro invocation
[INFO] [stdout]      |
[INFO] [stdout]      = note: this error originates in the macro `vec_impl_all_vecs` (in Nightly builds, run with -Z macro-backtrace for more info)
[INFO] [stdout] 
[INFO] [stdout] 
[INFO] [stdout] error[E0076]: SIMD vector's only field must be an array
[INFO] [stdout]     --> /opt/rustwide/cargo-home/registry/src/index.crates.io-6f17d22bba15001f/vek-0.15.10/src/vec.rs:3586:13
[INFO] [stdout]      |
[INFO] [stdout] 3586 |             pub struct Rgba<T> { pub r:T, pub g:T, pub b:T, pub a:T }
[INFO] [stdout]      |             ^^^^^^^^^^^^^^^^^^   ------- not an array
[INFO] [stdout] ...
[INFO] [stdout] 3709 |     vec_impl_all_vecs!{simd #[repr(simd)] c #[repr(C)] repr_simd}
[INFO] [stdout]      |     ------------------------------------------------------------- in this macro invocation
[INFO] [stdout]      |
[INFO] [stdout]      = note: this error originates in the macro `vec_impl_all_vecs` (in Nightly builds, run with -Z macro-backtrace for more info)
[INFO] [stdout] 
[INFO] [stdout] 
[INFO] [stderr]    Compiling jpeg-decoder v0.1.22
[INFO] [stdout] error[E0076]: SIMD vector's only field must be an array
[INFO] [stdout]    --> /opt/rustwide/cargo-home/registry/src/index.crates.io-6f17d22bba15001f/vek-0.15.10/src/quaternion.rs:129:9
[INFO] [stdout]     |
[INFO] [stdout] 129 |         pub struct Quaternion<T> { pub x: T, pub y: T, pub z: T, pub w: T }
[INFO] [stdout]     |         ^^^^^^^^^^^^^^^^^^^^^^^^   -------- not an array
[INFO] [stdout] ...
[INFO] [stdout] 745 |     quaternion_complete_mod!(repr_simd #[repr(simd)]);
[INFO] [stdout]     |     ------------------------------------------------- in this macro invocation
[INFO] [stdout]     |
[INFO] [stdout]     = note: this error originates in the macro `quaternion_complete_mod` (in Nightly builds, run with -Z macro-backtrace for more info)
[INFO] [stdout] 
[INFO] [stdout] 
[INFO] [stderr]    Compiling raui-derive v0.43.0
[INFO] [stderr]    Compiling image v0.23.14
[INFO] [stderr]    Compiling raui-core v0.43.0
[INFO] [stderr]    Compiling darling_macro v0.12.4
[INFO] [stderr]    Compiling darling v0.12.4
[INFO] [stderr]    Compiling derive_builder_core v0.10.2
[INFO] [stderr]    Compiling derive_builder_macro v0.10.2
[INFO] [stderr]    Compiling derive_builder v0.10.2
[INFO] [stdout] For more information about this error, try `rustc --explain E0076`.
[INFO] [stdout] 
[INFO] [stderr] error: could not compile `vek` (lib) due to 5 previous errors
[INFO] [stderr] warning: build failed, waiting for other jobs to finish...
[INFO] running `Command { std: "docker" "inspect" "2ad22ddf79cdcb88d2c692fa617d8ba2c34f67668c82442518375c86a4243bf4", kill_on_drop: false }`
[INFO] running `Command { std: "docker" "rm" "-f" "2ad22ddf79cdcb88d2c692fa617d8ba2c34f67668c82442518375c86a4243bf4", kill_on_drop: false }`
[INFO] [stdout] 2ad22ddf79cdcb88d2c692fa617d8ba2c34f67668c82442518375c86a4243bf4
