[INFO] fetching crate rattler_cache 0.2.7...
[INFO] testing rattler_cache-0.2.7 against nightly-2024-10-28 for randomize-layout
[INFO] extracting crate rattler_cache 0.2.7 into /workspace/builds/worker-1-tc1/source
[INFO] validating manifest of crates.io crate rattler_cache 0.2.7 on toolchain nightly-2024-10-28
[INFO] running `Command { std: CARGO_HOME="/workspace/cargo-home" RUSTUP_HOME="/workspace/rustup-home" "/workspace/cargo-home/bin/cargo" "+nightly-2024-10-28" "metadata" "--manifest-path" "Cargo.toml" "--no-deps", kill_on_drop: false }`
[INFO] started tweaking crates.io crate rattler_cache 0.2.7
[INFO] finished tweaking crates.io crate rattler_cache 0.2.7
[INFO] tweaked toml for crates.io crate rattler_cache 0.2.7 written to /workspace/builds/worker-1-tc1/source/Cargo.toml
[INFO] running `Command { std: CARGO_HOME="/workspace/cargo-home" RUSTUP_HOME="/workspace/rustup-home" "/workspace/cargo-home/bin/cargo" "+nightly-2024-10-28" "generate-lockfile" "--manifest-path" "Cargo.toml", kill_on_drop: false }`
[INFO] [stderr]     Updating crates.io index
[INFO] [stderr]      Locking 334 packages to latest compatible versions
[INFO] [stderr]       Adding fs4 v0.9.1 (available: v0.10.0)
[INFO] [stderr]       Adding rstest v0.21.0 (available: v0.23.0)
[INFO] [stderr]       Adding tower-http v0.5.2 (available: v0.6.1)
[INFO] running `Command { std: CARGO_HOME="/workspace/cargo-home" RUSTUP_HOME="/workspace/rustup-home" "/workspace/cargo-home/bin/cargo" "+nightly-2024-10-28" "fetch" "--manifest-path" "Cargo.toml", kill_on_drop: false }`
[INFO] [stderr]  Downloading crates ...
[INFO] [stderr]   Downloaded rattler_redaction v0.1.2
[INFO] [stderr]   Downloaded simple_spawn_blocking v1.0.0
[INFO] [stderr]   Downloaded http-range-header v0.4.1
[INFO] [stderr]   Downloaded keyring v3.6.1
[INFO] [stderr]   Downloaded file_url v0.1.6
[INFO] [stderr]   Downloaded rattler_networking v0.21.4
[INFO] [stderr]   Downloaded fs4 v0.9.1
[INFO] [stderr]   Downloaded value-trait v0.10.1
[INFO] [stderr]   Downloaded rattler_digest v1.0.2
[INFO] [stderr]   Downloaded secret-service v4.0.0
[INFO] [stderr]   Downloaded purl v0.1.3
[INFO] [stderr]   Downloaded typed-path v0.9.3
[INFO] [stderr]   Downloaded rattler_macros v1.0.2
[INFO] [stderr]   Downloaded rattler_package_streaming v0.22.10
[INFO] [stderr]   Downloaded halfbrown v0.2.5
[INFO] [stderr]   Downloaded simd-json v0.14.2
[INFO] [stderr]   Downloaded netrc-rs v0.1.2
[INFO] [stderr]   Downloaded rattler_conda_types v0.28.3
[INFO] running `Command { std: "docker" "create" "-v" "/var/lib/crater-agent-workspace/builds/worker-1-tc1/target:/opt/rustwide/target:rw,Z" "-v" "/var/lib/crater-agent-workspace/builds/worker-1-tc1/source:/opt/rustwide/workdir:ro,Z" "-v" "/var/lib/crater-agent-workspace/cargo-home:/opt/rustwide/cargo-home:ro,Z" "-v" "/var/lib/crater-agent-workspace/rustup-home:/opt/rustwide/rustup-home:ro,Z" "-e" "SOURCE_DIR=/opt/rustwide/workdir" "-e" "CARGO_TARGET_DIR=/opt/rustwide/target" "-e" "CARGO_HOME=/opt/rustwide/cargo-home" "-e" "RUSTUP_HOME=/opt/rustwide/rustup-home" "-w" "/opt/rustwide/workdir" "-m" "1610612736" "--user" "0:0" "--network" "none" "ghcr.io/rust-lang/crates-build-env/linux@sha256:4a844ea9eb2546a2d2c7022eacef16ef2e8229c7fbb2c7d4d55a9ceca922f72d" "/opt/rustwide/cargo-home/bin/cargo" "+nightly-2024-10-28" "metadata" "--no-deps" "--format-version=1", kill_on_drop: false }`
[INFO] [stdout] 4c4648fe104b7d0125c756272ddfad9d438fb372bce4514e38dd7cfb005f4c25
[INFO] running `Command { std: "docker" "start" "-a" "4c4648fe104b7d0125c756272ddfad9d438fb372bce4514e38dd7cfb005f4c25", kill_on_drop: false }`
[INFO] running `Command { std: "docker" "inspect" "4c4648fe104b7d0125c756272ddfad9d438fb372bce4514e38dd7cfb005f4c25", kill_on_drop: false }`
[INFO] running `Command { std: "docker" "rm" "-f" "4c4648fe104b7d0125c756272ddfad9d438fb372bce4514e38dd7cfb005f4c25", kill_on_drop: false }`
[INFO] [stdout] 4c4648fe104b7d0125c756272ddfad9d438fb372bce4514e38dd7cfb005f4c25
[INFO] running `Command { std: "docker" "create" "-v" "/var/lib/crater-agent-workspace/builds/worker-1-tc1/target:/opt/rustwide/target:rw,Z" "-v" "/var/lib/crater-agent-workspace/builds/worker-1-tc1/source:/opt/rustwide/workdir:ro,Z" "-v" "/var/lib/crater-agent-workspace/cargo-home:/opt/rustwide/cargo-home:ro,Z" "-v" "/var/lib/crater-agent-workspace/rustup-home:/opt/rustwide/rustup-home:ro,Z" "-e" "SOURCE_DIR=/opt/rustwide/workdir" "-e" "CARGO_TARGET_DIR=/opt/rustwide/target" "-e" "CARGO_INCREMENTAL=0" "-e" "RUST_BACKTRACE=full" "-e" "RUSTFLAGS=--cap-lints=forbid" "-e" "RUSTDOCFLAGS=--cap-lints=forbid" "-e" "CARGO_HOME=/opt/rustwide/cargo-home" "-e" "RUSTUP_HOME=/opt/rustwide/rustup-home" "-w" "/opt/rustwide/workdir" "-m" "1610612736" "--user" "0:0" "--network" "none" "ghcr.io/rust-lang/crates-build-env/linux@sha256:4a844ea9eb2546a2d2c7022eacef16ef2e8229c7fbb2c7d4d55a9ceca922f72d" "/opt/rustwide/cargo-home/bin/cargo" "+nightly-2024-10-28" "build" "--frozen" "--message-format=json", kill_on_drop: false }`
[INFO] [stdout] 9c97e8470857447298ee4d03a258f21986801bf28511a0f06ac8bdbf8e2437e9
[INFO] running `Command { std: "docker" "start" "-a" "9c97e8470857447298ee4d03a258f21986801bf28511a0f06ac8bdbf8e2437e9", kill_on_drop: false }`
[INFO] [stderr]    Compiling syn v2.0.86
[INFO] [stderr]    Compiling serde v1.0.214
[INFO] [stderr]    Compiling generic-array v0.14.7
[INFO] [stderr]    Compiling futures-io v0.3.31
[INFO] [stderr]    Compiling byteorder v1.5.0
[INFO] [stderr]    Compiling num-traits v0.2.19
[INFO] [stderr]    Compiling parking v2.2.1
[INFO] [stderr]    Compiling libc v0.2.161
[INFO] [stderr]    Compiling concurrent-queue v2.5.0
[INFO] [stderr]    Compiling subtle v2.6.1
[INFO] [stderr]    Compiling mio v1.0.2
[INFO] [stderr]    Compiling socket2 v0.5.7
[INFO] [stderr]    Compiling rustix v0.38.38
[INFO] [stderr]    Compiling event-listener v5.3.1
[INFO] [stderr]    Compiling linux-raw-sys v0.4.14
[INFO] [stderr]    Compiling fastrand v2.1.1
[INFO] [stderr]    Compiling event-listener-strategy v0.5.2
[INFO] [stderr]    Compiling indexmap v2.6.0
[INFO] [stderr]    Compiling toml_datetime v0.6.8
[INFO] [stderr]    Compiling winnow v0.6.20
[INFO] [stderr]    Compiling jobserver v0.1.32
[INFO] [stderr]    Compiling http v1.1.0
[INFO] [stderr]    Compiling futures-lite v2.4.0
[INFO] [stderr]    Compiling cc v1.1.31
[INFO] [stderr]    Compiling getrandom v0.2.15
[INFO] [stderr]    Compiling rand_core v0.6.4
[INFO] [stderr]    Compiling num-integer v0.1.46
[INFO] [stderr]    Compiling async-task v4.7.1
[INFO] [stderr]    Compiling http-body v1.0.1
[INFO] [stderr]    Compiling atomic-waker v1.1.2
[INFO] [stderr]    Compiling nix v0.29.0
[INFO] [stderr]    Compiling piper v0.2.4
[INFO] [stderr]    Compiling async-lock v3.4.0
[INFO] [stderr]    Compiling async-channel v2.3.1
[INFO] [stderr]    Compiling endi v1.1.0
[INFO] [stderr]    Compiling memchr v2.7.4
[INFO] [stderr]    Compiling blocking v1.6.1
[INFO] [stderr]    Compiling zstd-sys v2.0.13+zstd.1.5.6
[INFO] [stderr]    Compiling rand v0.8.5
[INFO] [stderr]    Compiling toml_edit v0.22.22
[INFO] [stderr]    Compiling num-bigint v0.4.6
[INFO] [stderr]    Compiling phf_shared v0.11.2
[INFO] [stderr]    Compiling sync_wrapper v1.0.1
[INFO] [stderr]    Compiling aho-corasick v1.1.3
[INFO] [stderr]    Compiling base64 v0.22.1
[INFO] [stderr]    Compiling typeid v1.0.2
[INFO] [stderr]    Compiling phf_generator v0.11.2
[INFO] [stderr]    Compiling async-fs v2.1.2
[INFO] [stderr]    Compiling num-rational v0.4.2
[INFO] [stderr]    Compiling zvariant_utils v2.1.0
[INFO] [stderr]    Compiling darling_core v0.20.10
[INFO] [stderr]    Compiling proc-macro-crate v3.2.0
[INFO] [stderr]    Compiling regex-automata v0.4.8
[INFO] [stderr]    Compiling async-executor v1.13.1
[INFO] [stderr]    Compiling num-iter v0.1.45
[INFO] [stderr]    Compiling num-complex v0.4.6
[INFO] [stderr]    Compiling async-broadcast v0.7.1
[INFO] [stderr]    Compiling xdg-home v1.3.0
[INFO] [stderr]    Compiling smartstring v1.0.1
[INFO] [stderr]    Compiling ordered-stream v0.2.0
[INFO] [stderr]    Compiling ref-cast v1.0.23
[INFO] [stderr]    Compiling serde_derive v1.0.214
[INFO] [stderr]    Compiling zerocopy-derive v0.7.35
[INFO] [stderr]    Compiling futures-macro v0.3.31
[INFO] [stderr]    Compiling tracing-attributes v0.1.27
[INFO] [stderr]    Compiling futures-util v0.3.31
[INFO] [stderr]    Compiling tokio-macros v2.4.0
[INFO] [stderr]    Compiling zerocopy v0.7.35
[INFO] [stderr]    Compiling tokio v1.41.0
[INFO] [stderr]    Compiling thiserror-impl v1.0.66
[INFO] [stderr]    Compiling tracing v0.1.40
[INFO] [stderr]    Compiling ppv-lite86 v0.2.20
[INFO] [stderr]    Compiling enumflags2_derive v0.7.10
[INFO] [stderr]    Compiling thiserror v1.0.66
[INFO] [stderr]    Compiling async-trait v0.1.83
[INFO] [stderr]    Compiling rand_chacha v0.3.1
[INFO] [stderr]    Compiling ahash v0.8.11
[INFO] [stderr]    Compiling zvariant_derive v4.2.0
[INFO] [stderr]    Compiling hashbrown v0.14.5
[INFO] [stderr]    Compiling http-body-util v0.1.2
[INFO] [stderr]    Compiling polling v3.7.3
[INFO] [stderr]    Compiling darling_macro v0.20.10
[INFO] [stderr]    Compiling serde_repr v0.1.19
[INFO] [stderr]    Compiling async-io v2.3.4
[INFO] [stderr]    Compiling zbus_macros v4.4.0
[INFO] [stderr]    Compiling darling v0.20.10
[INFO] [stderr]    Compiling regex v1.11.1
[INFO] [stderr]    Compiling serde_with_macros v3.11.0
[INFO] [stderr]    Compiling ref-cast-impl v1.0.23
[INFO] [stderr]    Compiling phf_macros v0.11.2
[INFO] [stderr]    Compiling itertools v0.13.0
[INFO] [stderr]    Compiling tokio-util v0.7.12
[INFO] [stderr]    Compiling num v0.4.3
[INFO] [stderr]    Compiling bzip2-sys v0.1.11+1.0.8
[INFO] [stderr]    Compiling smallvec v1.13.2
[INFO] [stderr]    Compiling url v2.5.2
[INFO] [stderr]    Compiling hyper v1.5.0
[INFO] [stderr]    Compiling crypto-common v0.1.6
[INFO] [stderr]    Compiling block-buffer v0.10.4
[INFO] [stderr]    Compiling block-padding v0.3.3
[INFO] [stderr]    Compiling inout v0.1.3
[INFO] [stderr]    Compiling digest v0.10.7
[INFO] [stderr]    Compiling enumflags2 v0.7.10
[INFO] [stderr]    Compiling serde_json v1.0.132
[INFO] [stderr]    Compiling zvariant v4.2.0
[INFO] [stderr]    Compiling sha2 v0.10.8
[INFO] [stderr]    Compiling hyper-util v0.1.10
[INFO] [stderr]    Compiling cipher v0.4.4
[INFO] [stderr]    Compiling serde_urlencoded v0.7.1
[INFO] [stderr]    Compiling hmac v0.12.1
[INFO] [stderr]    Compiling sha1 v0.10.6
[INFO] [stderr]    Compiling hkdf v0.12.4
[INFO] [stderr]    Compiling cbc v0.1.2
[INFO] [stderr]    Compiling aes v0.8.4
[INFO] [stderr]    Compiling halfbrown v0.2.5
[INFO] [stderr]    Compiling float-cmp v0.10.0
[INFO] [stderr]    Compiling zstd-safe v7.2.1
[INFO] [stderr]    Compiling serde_with v3.11.0
[INFO] [stderr]    Compiling value-trait v0.10.1
[INFO] [stderr]    Compiling miniz_oxide v0.8.0
[INFO] [stderr]    Compiling strum_macros v0.26.4
[INFO] [stderr]    Compiling reqwest v0.12.9
[INFO] [stderr]    Compiling phf v0.11.2
[INFO] [stderr]    Compiling md-5 v0.10.6
[INFO] [stderr]    Compiling blake2 v0.10.6
[INFO] [stderr]    Compiling zbus_names v3.0.0
[INFO] [stderr]    Compiling reqwest-middleware v0.3.3
[INFO] [stderr]    Compiling zbus v4.4.0
[INFO] [stderr]    Compiling erased-serde v0.4.5
[INFO] [stderr]    Compiling chrono v0.4.38
[INFO] [stderr]    Compiling lazy-regex-proc_macros v3.3.0
[INFO] [stderr]    Compiling fs-err v2.11.0
[INFO] [stderr]    Compiling unsafe-libyaml v0.2.11
[INFO] [stderr]    Compiling lockfree-object-pool v0.1.6
[INFO] [stderr]    Compiling bumpalo v3.16.0
[INFO] [stderr]    Compiling simd-adler32 v0.3.7
[INFO] [stderr]    Compiling typed-path v0.9.3
[INFO] [stderr]    Compiling simdutf8 v0.1.5
[INFO] [stderr]    Compiling zip v2.2.0
[INFO] [stderr]    Compiling time v0.3.36
[INFO] [stderr]    Compiling lazy-regex v3.3.0
[INFO] [stderr]    Compiling simd-json v0.14.2
[INFO] [stderr]    Compiling nom v7.1.3
[INFO] [stderr]    Compiling serde_yaml v0.9.34+deprecated
[INFO] [stderr]    Compiling zopfli v0.8.1
[INFO] [stderr]    Compiling strum v0.26.3
[INFO] [stderr]    Compiling rattler_digest v1.0.2
[INFO] [stderr]    Compiling serde-untagged v0.1.6
[INFO] [stderr]    Compiling purl v0.1.3
[INFO] [stderr]    Compiling file_url v0.1.6
[INFO] [stderr]    Compiling rattler_redaction v0.1.2
[INFO] [stderr]    Compiling flate2 v1.0.34
[INFO] [stderr]    Compiling parking_lot_core v0.9.10
[INFO] [stderr]    Compiling retry-policies v0.4.0
[INFO] [stderr]    Compiling rattler_macros v1.0.2
[INFO] [stderr]    Compiling displaydoc v0.2.5
[INFO] [stderr]    Compiling xattr v1.3.1
[INFO] [stderr]    Compiling fxhash v0.2.1
[INFO] [stderr]    Compiling filetime v0.2.25
[INFO] [stderr]    Compiling fslock v0.2.1
[INFO] [stderr]    Compiling netrc-rs v0.1.2
[INFO] [stderr]    Compiling glob v0.3.1
[INFO] [stderr]    Compiling tar v0.4.42
[INFO] [stderr]    Compiling zstd v0.13.2
[INFO] [stderr]    Compiling rattler_conda_types v0.28.3
[INFO] [stderr]    Compiling bzip2 v0.4.4
[INFO] [stderr]    Compiling futures-executor v0.3.31
[INFO] [stderr]    Compiling tempfile v3.13.0
[INFO] [stderr]    Compiling fs4 v0.9.1
[INFO] [stderr]    Compiling futures v0.3.31
[INFO] [stderr]    Compiling parking_lot v0.12.3
[INFO] [stderr]    Compiling dashmap v6.1.0
[INFO] [stderr]    Compiling simple_spawn_blocking v1.0.0
[INFO] [stderr]    Compiling secret-service v4.0.0
[INFO] [stderr]    Compiling keyring v3.6.1
[INFO] [stderr]    Compiling rattler_networking v0.21.4
[INFO] [stderr]    Compiling rattler_package_streaming v0.22.10
[INFO] [stderr]    Compiling rattler_cache v0.2.7 (/opt/rustwide/workdir)
[INFO] [stderr]     Finished `dev` profile [unoptimized + debuginfo] target(s) in 1m 03s
[INFO] running `Command { std: "docker" "inspect" "9c97e8470857447298ee4d03a258f21986801bf28511a0f06ac8bdbf8e2437e9", kill_on_drop: false }`
[INFO] running `Command { std: "docker" "rm" "-f" "9c97e8470857447298ee4d03a258f21986801bf28511a0f06ac8bdbf8e2437e9", kill_on_drop: false }`
[INFO] [stdout] 9c97e8470857447298ee4d03a258f21986801bf28511a0f06ac8bdbf8e2437e9
[INFO] running `Command { std: "docker" "create" "-v" "/var/lib/crater-agent-workspace/builds/worker-1-tc1/target:/opt/rustwide/target:rw,Z" "-v" "/var/lib/crater-agent-workspace/builds/worker-1-tc1/source:/opt/rustwide/workdir:ro,Z" "-v" "/var/lib/crater-agent-workspace/cargo-home:/opt/rustwide/cargo-home:ro,Z" "-v" "/var/lib/crater-agent-workspace/rustup-home:/opt/rustwide/rustup-home:ro,Z" "-e" "SOURCE_DIR=/opt/rustwide/workdir" "-e" "CARGO_TARGET_DIR=/opt/rustwide/target" "-e" "CARGO_INCREMENTAL=0" "-e" "RUST_BACKTRACE=full" "-e" "RUSTFLAGS=--cap-lints=forbid" "-e" "RUSTDOCFLAGS=--cap-lints=forbid" "-e" "CARGO_HOME=/opt/rustwide/cargo-home" "-e" "RUSTUP_HOME=/opt/rustwide/rustup-home" "-w" "/opt/rustwide/workdir" "-m" "1610612736" "--user" "0:0" "--network" "none" "ghcr.io/rust-lang/crates-build-env/linux@sha256:4a844ea9eb2546a2d2c7022eacef16ef2e8229c7fbb2c7d4d55a9ceca922f72d" "/opt/rustwide/cargo-home/bin/cargo" "+nightly-2024-10-28" "test" "--frozen" "--no-run" "--message-format=json", kill_on_drop: false }`
[INFO] [stdout] 81680e6a662bde24e81d1b9b04de523aa559071f90b97c162def56f6039f6ab0
[INFO] running `Command { std: "docker" "start" "-a" "81680e6a662bde24e81d1b9b04de523aa559071f90b97c162def56f6039f6ab0", kill_on_drop: false }`
[INFO] [stderr]    Compiling syn v2.0.86
[INFO] [stderr]    Compiling semver v1.0.23
[INFO] [stderr]    Compiling tower-layer v0.3.3
[INFO] [stderr]    Compiling mime_guess v2.0.5
[INFO] [stderr]    Compiling relative-path v1.9.3
[INFO] [stderr]    Compiling http-range-header v0.4.1
[INFO] [stderr]    Compiling matchit v0.7.3
[INFO] [stderr]    Compiling futures-timer v3.0.3
[INFO] [stderr]    Compiling assert_matches v1.5.0
[INFO] [stderr]    Compiling rustc_version v0.4.1
[INFO] [stderr]    Compiling rstest_macros v0.21.0
[INFO] [stderr]    Compiling zvariant_utils v2.1.0
[INFO] [stderr]    Compiling darling_core v0.20.10
[INFO] [stderr]    Compiling serde_derive v1.0.214
[INFO] [stderr]    Compiling futures-macro v0.3.31
[INFO] [stderr]    Compiling zerocopy-derive v0.7.35
[INFO] [stderr]    Compiling tokio-macros v2.4.0
[INFO] [stderr]    Compiling tracing-attributes v0.1.27
[INFO] [stderr]    Compiling async-trait v0.1.83
[INFO] [stderr]    Compiling thiserror-impl v1.0.66
[INFO] [stderr]    Compiling tokio v1.41.0
[INFO] [stderr]    Compiling zerocopy v0.7.35
[INFO] [stderr]    Compiling futures-util v0.3.31
[INFO] [stderr]    Compiling enumflags2_derive v0.7.10
[INFO] [stderr]    Compiling tracing v0.1.40
[INFO] [stderr]    Compiling zvariant_derive v4.2.0
[INFO] [stderr]    Compiling polling v3.7.3
[INFO] [stderr]    Compiling thiserror v1.0.66
[INFO] [stderr]    Compiling ppv-lite86 v0.2.20
[INFO] [stderr]    Compiling ahash v0.8.11
[INFO] [stderr]    Compiling hashbrown v0.14.5
[INFO] [stderr]    Compiling serde_repr v0.1.19
[INFO] [stderr]    Compiling rand_chacha v0.3.1
[INFO] [stderr]    Compiling rand v0.8.5
[INFO] [stderr]    Compiling async-io v2.3.4
[INFO] [stderr]    Compiling darling_macro v0.20.10
[INFO] [stderr]    Compiling zbus_macros v4.4.0
[INFO] [stderr]    Compiling phf_macros v0.11.2
[INFO] [stderr]    Compiling darling v0.20.10
[INFO] [stderr]    Compiling serde_with_macros v3.11.0
[INFO] [stderr]    Compiling http-body-util v0.1.2
[INFO] [stderr]    Compiling ref-cast-impl v1.0.23
[INFO] [stderr]    Compiling phf v0.11.2
[INFO] [stderr]    Compiling strum_macros v0.26.4
[INFO] [stderr]    Compiling lazy-regex-proc_macros v3.3.0
[INFO] [stderr]    Compiling serde v1.0.214
[INFO] [stderr]    Compiling futures-executor v0.3.31
[INFO] [stderr]    Compiling ref-cast v1.0.23
[INFO] [stderr]    Compiling retry-policies v0.4.0
[INFO] [stderr]    Compiling displaydoc v0.2.5
[INFO] [stderr]    Compiling rattler_macros v1.0.2
[INFO] [stderr]    Compiling futures v0.3.31
[INFO] [stderr]    Compiling axum-core v0.4.5
[INFO] [stderr]    Compiling lazy-regex v3.3.0
[INFO] [stderr]    Compiling tokio-util v0.7.12
[INFO] [stderr]    Compiling fs-err v2.11.0
[INFO] [stderr]    Compiling strum v0.26.3
[INFO] [stderr]    Compiling tower v0.5.1
[INFO] [stderr]    Compiling simple_spawn_blocking v1.0.0
[INFO] [stderr]    Compiling fs4 v0.9.1
[INFO] [stderr]    Compiling tower-http v0.5.2
[INFO] [stderr]    Compiling tokio-stream v0.1.16
[INFO] [stderr]    Compiling generic-array v0.14.7
[INFO] [stderr]    Compiling smallvec v1.13.2
[INFO] [stderr]    Compiling enumflags2 v0.7.10
[INFO] [stderr]    Compiling serde_json v1.0.132
[INFO] [stderr]    Compiling url v2.5.2
[INFO] [stderr]    Compiling indexmap v2.6.0
[INFO] [stderr]    Compiling zvariant v4.2.0
[INFO] [stderr]    Compiling hyper v1.5.0
[INFO] [stderr]    Compiling serde_urlencoded v0.7.1
[INFO] [stderr]    Compiling halfbrown v0.2.5
[INFO] [stderr]    Compiling value-trait v0.10.1
[INFO] [stderr]    Compiling chrono v0.4.38
[INFO] [stderr]    Compiling erased-serde v0.4.5
[INFO] [stderr]    Compiling crypto-common v0.1.6
[INFO] [stderr]    Compiling block-buffer v0.10.4
[INFO] [stderr]    Compiling block-padding v0.3.3
[INFO] [stderr]    Compiling digest v0.10.7
[INFO] [stderr]    Compiling inout v0.1.3
[INFO] [stderr]    Compiling cipher v0.4.4
[INFO] [stderr]    Compiling sha2 v0.10.8
[INFO] [stderr]    Compiling sha1 v0.10.6
[INFO] [stderr]    Compiling hyper-util v0.1.10
[INFO] [stderr]    Compiling hmac v0.12.1
[INFO] [stderr]    Compiling aes v0.8.4
[INFO] [stderr]    Compiling hkdf v0.12.4
[INFO] [stderr]    Compiling cbc v0.1.2
[INFO] [stderr]    Compiling md-5 v0.10.6
[INFO] [stderr]    Compiling blake2 v0.10.6
[INFO] [stderr]    Compiling serde_with v3.11.0
[INFO] [stderr]    Compiling serde-untagged v0.1.6
[INFO] [stderr]    Compiling simd-json v0.14.2
[INFO] [stderr]    Compiling serde_yaml v0.9.34+deprecated
[INFO] [stderr]    Compiling reqwest v0.12.9
[INFO] [stderr]    Compiling file_url v0.1.6
[INFO] [stderr]    Compiling parking_lot_core v0.9.10
[INFO] [stderr]    Compiling purl v0.1.3
[INFO] [stderr]    Compiling zip v2.2.0
[INFO] [stderr]    Compiling dashmap v6.1.0
[INFO] [stderr]    Compiling reqwest-middleware v0.3.3
[INFO] [stderr]    Compiling zbus_names v3.0.0
[INFO] [stderr]    Compiling rattler_redaction v0.1.2
[INFO] [stderr]    Compiling parking_lot v0.12.3
[INFO] [stderr]    Compiling rattler_digest v1.0.2
[INFO] [stderr]    Compiling axum v0.7.7
[INFO] [stderr]    Compiling rattler_conda_types v0.28.3
[INFO] [stderr]    Compiling zbus v4.4.0
[INFO] [stderr]    Compiling rstest v0.21.0
[INFO] [stderr]    Compiling secret-service v4.0.0
[INFO] [stderr]    Compiling keyring v3.6.1
[INFO] [stderr]    Compiling rattler_networking v0.21.4
[INFO] [stderr]    Compiling rattler_package_streaming v0.22.10
[INFO] [stderr]    Compiling rattler_cache v0.2.7 (/opt/rustwide/workdir)
[INFO] [stdout] error[E0433]: failed to resolve: use of undeclared crate or module `tools`
[INFO] [stdout]    --> src/package_cache/mod.rs:500:32
[INFO] [stdout]     |
[INFO] [stdout] 500 | ...   let tar_archive_path = tools::download_and_cache_file_async("https://conda.anaconda.org/robostack/linux-64/ros-noetic-rosbridge-sui...
[INFO] [stdout]     |                              ^^^^^ use of undeclared crate or module `tools`
[INFO] [stdout] 
[INFO] [stdout] 
[INFO] [stdout] error[E0433]: failed to resolve: use of undeclared crate or module `tools`
[INFO] [stdout]    --> src/package_cache/mod.rs:756:32
[INFO] [stdout]     |
[INFO] [stdout] 756 | ...   let tar_archive_path = tools::download_and_cache_file_async("https://conda.anaconda.org/robostack/linux-64/ros-noetic-rosbridge-sui...
[INFO] [stdout]     |                              ^^^^^ use of undeclared crate or module `tools`
[INFO] [stdout] 
[INFO] [stdout] 
[INFO] [stdout] error[E0433]: failed to resolve: use of undeclared crate or module `tools`
[INFO] [stdout]    --> src/validation.rs:269:28
[INFO] [stdout]     |
[INFO] [stdout] 269 |         let package_path = tools::download_and_cache_file(url, sha256).unwrap();
[INFO] [stdout]     |                            ^^^^^ use of undeclared crate or module `tools`
[INFO] [stdout] 
[INFO] [stdout] 
[INFO] [stdout] error[E0433]: failed to resolve: use of undeclared crate or module `tools`
[INFO] [stdout]    --> src/validation.rs:322:28
[INFO] [stdout]     |
[INFO] [stdout] 322 |         let package_path = tools::download_and_cache_file(url, sha256).unwrap();
[INFO] [stdout]     |                            ^^^^^ use of undeclared crate or module `tools`
[INFO] [stdout] 
[INFO] [stdout] 
[INFO] [stdout] For more information about this error, try `rustc --explain E0433`.
[INFO] [stdout] 
[INFO] [stderr] error: could not compile `rattler_cache` (lib test) due to 4 previous errors
[INFO] running `Command { std: "docker" "inspect" "81680e6a662bde24e81d1b9b04de523aa559071f90b97c162def56f6039f6ab0", kill_on_drop: false }`
[INFO] running `Command { std: "docker" "rm" "-f" "81680e6a662bde24e81d1b9b04de523aa559071f90b97c162def56f6039f6ab0", kill_on_drop: false }`
[INFO] [stdout] 81680e6a662bde24e81d1b9b04de523aa559071f90b97c162def56f6039f6ab0
