[INFO] fetching crate rathe-storage-program 1.0.0...
[INFO] testing rathe-storage-program-1.0.0 against nightly-2024-10-28 for randomize-layout
[INFO] extracting crate rathe-storage-program 1.0.0 into /workspace/builds/worker-3-tc1/source
[INFO] validating manifest of crates.io crate rathe-storage-program 1.0.0 on toolchain nightly-2024-10-28
[INFO] running `Command { std: CARGO_HOME="/workspace/cargo-home" RUSTUP_HOME="/workspace/rustup-home" "/workspace/cargo-home/bin/cargo" "+nightly-2024-10-28" "metadata" "--manifest-path" "Cargo.toml" "--no-deps", kill_on_drop: false }`
[INFO] started tweaking crates.io crate rathe-storage-program 1.0.0
[INFO] finished tweaking crates.io crate rathe-storage-program 1.0.0
[INFO] tweaked toml for crates.io crate rathe-storage-program 1.0.0 written to /workspace/builds/worker-3-tc1/source/Cargo.toml
[INFO] running `Command { std: CARGO_HOME="/workspace/cargo-home" RUSTUP_HOME="/workspace/rustup-home" "/workspace/cargo-home/bin/cargo" "+nightly-2024-10-28" "generate-lockfile" "--manifest-path" "Cargo.toml", kill_on_drop: false }`
[INFO] [stderr]     Updating crates.io index
[INFO] [stderr]      Locking 545 packages to latest compatible versions
[INFO] [stderr]       Adding blake3 v1.5.1 (available: v1.5.4)
[INFO] [stderr]       Adding borsh v0.9.3 (available: v1.5.1)
[INFO] [stderr]       Adding num-derive v0.3.3 (available: v0.4.2)
[INFO] [stderr]       Adding solana-program v1.18.26 (available: v2.1.0)
[INFO] [stderr]       Adding solana-program-test v1.18.26 (available: v2.1.0)
[INFO] [stderr]       Adding solana-sdk v1.18.26 (available: v2.1.0)
[INFO] [stderr]       Adding solana_rbpf v0.8.3 (available: v0.8.5)
[INFO] [stderr]       Adding spl-memo v4.0.0 (available: v4.0.4)
[INFO] [stderr]       Adding spl-token v4.0.0 (available: v4.0.3)
[INFO] [stderr]       Adding subtle v2.4.1 (available: v2.6.1)
[INFO] [stderr]       Adding zeroize v1.3.0 (available: v1.8.1)
[INFO] running `Command { std: CARGO_HOME="/workspace/cargo-home" RUSTUP_HOME="/workspace/rustup-home" "/workspace/cargo-home/bin/cargo" "+nightly-2024-10-28" "fetch" "--manifest-path" "Cargo.toml", kill_on_drop: false }`
[INFO] [stderr]  Downloading crates ...
[INFO] [stderr]   Downloaded solana-logger v1.18.26
[INFO] [stderr]   Downloaded solana-vote-program v1.18.26
[INFO] [stderr]   Downloaded solana-measure v1.18.26
[INFO] [stderr]   Downloaded solana-zk-token-proof-program v1.18.26
[INFO] [stderr]   Downloaded solana-banks-server v1.18.26
[INFO] [stderr]   Downloaded spl-transfer-hook-interface v0.4.1
[INFO] [stderr]   Downloaded solana-banks-client v1.18.26
[INFO] [stderr]   Downloaded solana-rpc-client-nonce-utils v1.18.26
[INFO] [stderr]   Downloaded solana-udp-client v1.18.26
[INFO] [stderr]   Downloaded solana-connection-cache v1.18.26
[INFO] [stderr]   Downloaded solana-security-txt v1.1.1
[INFO] [stderr]   Downloaded solana-tpu-client v1.18.26
[INFO] [stderr]   Downloaded solana-banks-interface v1.18.26
[INFO] [stderr]   Downloaded solana-send-transaction-service v1.18.26
[INFO] [stderr]   Downloaded solana-account-decoder v1.18.26
[INFO] [stderr]   Downloaded solana-quic-client v1.18.26
[INFO] [stderr]   Downloaded spl-tlv-account-resolution v0.5.1
[INFO] [stderr]   Downloaded solana-transaction-status v1.18.26
[INFO] [stderr]   Downloaded solana-net-utils v1.18.26
[INFO] [stderr]   Downloaded solana-bpf-loader-program v1.18.26
[INFO] [stderr]   Downloaded tracing-opentelemetry v0.17.4
[INFO] [stderr]   Downloaded solana-stake-program v1.18.26
[INFO] [stderr]   Downloaded solana-rpc-client v1.18.26
[INFO] [stderr]   Downloaded spl-token-2022 v1.0.0
[INFO] [stderr]   Downloaded solana_rbpf v0.8.3
[INFO] [stderr]   Downloaded tarpc v0.29.0
[INFO] [stderr]   Downloaded seqlock v0.2.0
[INFO] [stderr]   Downloaded solana-perf v1.18.26
[INFO] [stderr]   Downloaded solana-program-test v1.18.26
[INFO] [stderr]   Downloaded solana-program-runtime v1.18.26
[INFO] [stderr]   Downloaded solana-sdk v1.18.26
[INFO] [stderr]   Downloaded solana-remote-wallet v1.18.26
[INFO] [stderr]   Downloaded solana-clap-utils v1.18.26
[INFO] [stderr]   Downloaded solana-streamer v1.18.26
[INFO] [stderr]   Downloaded solana-runtime v1.18.26
[INFO] [stderr]   Downloaded solana-client v1.18.26
[INFO] [stderr]   Downloaded solana-accounts-db v1.18.26
[INFO] [stderr]   Downloaded solana-pubsub-client v1.18.26
[INFO] [stderr]   Downloaded solana-rpc-client-api v1.18.26
[INFO] [stderr]   Downloaded tarpc-plugins v0.12.0
[INFO] [stderr]   Downloaded index_list v0.2.13
[INFO] [stderr]   Downloaded solana-bucket-map v1.18.26
[INFO] [stderr]   Downloaded solana-loader-v4-program v1.18.26
[INFO] [stderr]   Downloaded solana-metrics v1.18.26
[INFO] [stderr]   Downloaded spl-associated-token-account v2.3.0
[INFO] [stderr]   Downloaded spl-token-group-interface v0.1.0
[INFO] [stderr]   Downloaded solana-version v1.18.26
[INFO] [stderr]   Downloaded solana-vote v1.18.26
[INFO] [stderr]   Downloaded solana-nohash-hasher v0.2.1
[INFO] [stderr]   Downloaded solana-cost-model v1.18.26
[INFO] [stderr]   Downloaded solana-system-program v1.18.26
[INFO] [stderr]   Downloaded solana-thin-client v1.18.26
[INFO] [stderr]   Downloaded solana-address-lookup-table-program v1.18.26
[INFO] [stderr]   Downloaded solana-compute-budget-program v1.18.26
[INFO] [stderr]   Downloaded solana-rayon-threadlimit v1.18.26
[INFO] [stderr]   Downloaded solana-config-program v1.18.26
[INFO] [stderr]   Downloaded solana-zk-token-sdk v1.18.26
[INFO] running `Command { std: "docker" "create" "-v" "/var/lib/crater-agent-workspace/builds/worker-3-tc1/target:/opt/rustwide/target:rw,Z" "-v" "/var/lib/crater-agent-workspace/builds/worker-3-tc1/source:/opt/rustwide/workdir:ro,Z" "-v" "/var/lib/crater-agent-workspace/cargo-home:/opt/rustwide/cargo-home:ro,Z" "-v" "/var/lib/crater-agent-workspace/rustup-home:/opt/rustwide/rustup-home:ro,Z" "-e" "SOURCE_DIR=/opt/rustwide/workdir" "-e" "CARGO_TARGET_DIR=/opt/rustwide/target" "-e" "CARGO_HOME=/opt/rustwide/cargo-home" "-e" "RUSTUP_HOME=/opt/rustwide/rustup-home" "-w" "/opt/rustwide/workdir" "-m" "1610612736" "--user" "0:0" "--network" "none" "ghcr.io/rust-lang/crates-build-env/linux@sha256:4a844ea9eb2546a2d2c7022eacef16ef2e8229c7fbb2c7d4d55a9ceca922f72d" "/opt/rustwide/cargo-home/bin/cargo" "+nightly-2024-10-28" "metadata" "--no-deps" "--format-version=1", kill_on_drop: false }`
[INFO] [stdout] 09792bcd4e8edab635290197d38b36dce5d4580b17690f7e9a952df40c82f286
[INFO] running `Command { std: "docker" "start" "-a" "09792bcd4e8edab635290197d38b36dce5d4580b17690f7e9a952df40c82f286", kill_on_drop: false }`
[INFO] running `Command { std: "docker" "inspect" "09792bcd4e8edab635290197d38b36dce5d4580b17690f7e9a952df40c82f286", kill_on_drop: false }`
[INFO] running `Command { std: "docker" "rm" "-f" "09792bcd4e8edab635290197d38b36dce5d4580b17690f7e9a952df40c82f286", kill_on_drop: false }`
[INFO] [stdout] 09792bcd4e8edab635290197d38b36dce5d4580b17690f7e9a952df40c82f286
[INFO] running `Command { std: "docker" "create" "-v" "/var/lib/crater-agent-workspace/builds/worker-3-tc1/target:/opt/rustwide/target:rw,Z" "-v" "/var/lib/crater-agent-workspace/builds/worker-3-tc1/source:/opt/rustwide/workdir:ro,Z" "-v" "/var/lib/crater-agent-workspace/cargo-home:/opt/rustwide/cargo-home:ro,Z" "-v" "/var/lib/crater-agent-workspace/rustup-home:/opt/rustwide/rustup-home:ro,Z" "-e" "SOURCE_DIR=/opt/rustwide/workdir" "-e" "CARGO_TARGET_DIR=/opt/rustwide/target" "-e" "CARGO_INCREMENTAL=0" "-e" "RUST_BACKTRACE=full" "-e" "RUSTFLAGS=--cap-lints=forbid" "-e" "RUSTDOCFLAGS=--cap-lints=forbid" "-e" "CARGO_HOME=/opt/rustwide/cargo-home" "-e" "RUSTUP_HOME=/opt/rustwide/rustup-home" "-w" "/opt/rustwide/workdir" "-m" "1610612736" "--user" "0:0" "--network" "none" "ghcr.io/rust-lang/crates-build-env/linux@sha256:4a844ea9eb2546a2d2c7022eacef16ef2e8229c7fbb2c7d4d55a9ceca922f72d" "/opt/rustwide/cargo-home/bin/cargo" "+nightly-2024-10-28" "build" "--frozen" "--message-format=json", kill_on_drop: false }`
[INFO] [stdout] 7a3fdf9327bec7255edea563e80d0fc9af84d641801110a528ff19a51940eeb0
[INFO] running `Command { std: "docker" "start" "-a" "7a3fdf9327bec7255edea563e80d0fc9af84d641801110a528ff19a51940eeb0", kill_on_drop: false }`
[INFO] [stderr]    Compiling version_check v0.9.5
[INFO] [stderr]    Compiling typenum v1.17.0
[INFO] [stderr]    Compiling serde v1.0.214
[INFO] [stderr]    Compiling syn v1.0.109
[INFO] [stderr]    Compiling byteorder v1.5.0
[INFO] [stderr]    Compiling subtle v2.4.1
[INFO] [stderr]    Compiling either v1.13.0
[INFO] [stderr]    Compiling crunchy v0.2.2
[INFO] [stderr]    Compiling num-traits v0.2.19
[INFO] [stderr]    Compiling libc v0.2.161
[INFO] [stderr]    Compiling getrandom v0.1.16
[INFO] [stderr]    Compiling crossbeam-utils v0.8.20
[INFO] [stderr]    Compiling syn v2.0.86
[INFO] [stderr]    Compiling num-integer v0.1.46
[INFO] [stderr]    Compiling wasm-bindgen-shared v0.2.95
[INFO] [stderr]    Compiling toml v0.5.11
[INFO] [stderr]    Compiling cpufeatures v0.2.14
[INFO] [stderr]    Compiling bumpalo v3.16.0
[INFO] [stderr]    Compiling itertools v0.10.5
[INFO] [stderr]    Compiling toml_datetime v0.6.8
[INFO] [stderr]    Compiling log v0.4.22
[INFO] [stderr]    Compiling feature-probe v0.1.1
[INFO] [stderr]    Compiling generic-array v0.14.7
[INFO] [stderr]    Compiling ahash v0.8.11
[INFO] [stderr]    Compiling proc-macro-error-attr v1.0.4
[INFO] [stderr]    Compiling num-bigint v0.4.6
[INFO] [stderr]    Compiling proc-macro-error v1.0.4
[INFO] [stderr]    Compiling rand_core v0.5.1
[INFO] [stderr]    Compiling ahash v0.7.8
[INFO] [stderr]    Compiling bv v0.11.1
[INFO] [stderr]    Compiling im v15.1.0
[INFO] [stderr]    Compiling toml_edit v0.22.22
[INFO] [stderr]    Compiling crossbeam-epoch v0.9.18
[INFO] [stderr]    Compiling solana-frozen-abi-macro v1.18.26
[INFO] [stderr]    Compiling jobserver v0.1.32
[INFO] [stderr]    Compiling rustversion v1.0.18
[INFO] [stderr]    Compiling cfg_aliases v0.2.1
[INFO] [stderr]    Compiling opaque-debug v0.3.1
[INFO] [stderr]    Compiling borsh v1.5.1
[INFO] [stderr]    Compiling cc v1.1.31
[INFO] [stderr]    Compiling crossbeam-deque v0.8.5
[INFO] [stderr]    Compiling rayon-core v1.12.1
[INFO] [stderr]    Compiling rand_xoshiro v0.6.0
[INFO] [stderr]    Compiling solana-frozen-abi v1.18.26
[INFO] [stderr]    Compiling memoffset v0.9.1
[INFO] [stderr]    Compiling wasm-bindgen v0.2.95
[INFO] [stderr]    Compiling bs58 v0.4.0
[INFO] [stderr]    Compiling arrayref v0.3.9
[INFO] [stderr]    Compiling proc-macro-crate v0.1.5
[INFO] [stderr]    Compiling bitmaps v2.1.0
[INFO] [stderr]    Compiling hashbrown v0.11.2
[INFO] [stderr]    Compiling unicode-normalization v0.1.24
[INFO] [stderr]    Compiling memmap2 v0.5.10
[INFO] [stderr]    Compiling rustc-hash v1.1.0
[INFO] [stderr]    Compiling arrayvec v0.7.6
[INFO] [stderr]    Compiling rayon v1.10.0
[INFO] [stderr]    Compiling constant_time_eq v0.3.1
[INFO] [stderr]    Compiling keccak v0.1.5
[INFO] [stderr]    Compiling base64 v0.12.3
[INFO] [stderr]    Compiling digest v0.9.0
[INFO] [stderr]    Compiling libsecp256k1-core v0.2.2
[INFO] [stderr]    Compiling sized-chunks v0.6.5
[INFO] [stderr]    Compiling blake3 v1.5.1
[INFO] [stderr]    Compiling solana-program v1.18.26
[INFO] [stderr]    Compiling proc-macro-crate v3.2.0
[INFO] [stderr]    Compiling libsecp256k1-gen-genmult v0.2.1
[INFO] [stderr]    Compiling libsecp256k1-gen-ecmult v0.2.1
[INFO] [stderr]    Compiling libsecp256k1 v0.6.0
[INFO] [stderr]    Compiling wasm-bindgen-backend v0.2.95
[INFO] [stderr]    Compiling borsh-schema-derive-internal v0.9.3
[INFO] [stderr]    Compiling borsh-schema-derive-internal v0.10.4
[INFO] [stderr]    Compiling borsh-derive-internal v0.9.3
[INFO] [stderr]    Compiling borsh-derive-internal v0.10.4
[INFO] [stderr]    Compiling serde_derive v1.0.214
[INFO] [stderr]    Compiling zerocopy-derive v0.7.35
[INFO] [stderr]    Compiling zeroize_derive v1.4.2
[INFO] [stderr]    Compiling thiserror-impl v1.0.66
[INFO] [stderr]    Compiling syn_derive v0.1.8
[INFO] [stderr]    Compiling bytemuck_derive v1.8.0
[INFO] [stderr]    Compiling num-derive v0.4.2
[INFO] [stderr]    Compiling solana-sdk-macro v1.18.26
[INFO] [stderr]    Compiling ark-serialize-derive v0.4.2
[INFO] [stderr]    Compiling ark-ff-asm v0.4.2
[INFO] [stderr]    Compiling derivative v2.2.0
[INFO] [stderr]    Compiling ark-ff-macros v0.4.2
[INFO] [stderr]    Compiling borsh-derive v0.9.3
[INFO] [stderr]    Compiling borsh-derive v0.10.4
[INFO] [stderr]    Compiling num-derive v0.3.3
[INFO] [stderr]    Compiling wasm-bindgen-macro-support v0.2.95
[INFO] [stderr]    Compiling borsh v0.9.3
[INFO] [stderr]    Compiling borsh-derive v1.5.1
[INFO] [stderr]    Compiling zeroize v1.3.0
[INFO] [stderr]    Compiling zerocopy v0.7.35
[INFO] [stderr]    Compiling thiserror v1.0.66
[INFO] [stderr]    Compiling bytemuck v1.19.0
[INFO] [stderr]    Compiling wasm-bindgen-macro v0.2.95
[INFO] [stderr]    Compiling ppv-lite86 v0.2.20
[INFO] [stderr]    Compiling hashbrown v0.13.2
[INFO] [stderr]    Compiling rand_chacha v0.3.1
[INFO] [stderr]    Compiling rand_chacha v0.2.2
[INFO] [stderr]    Compiling rand v0.7.3
[INFO] [stderr]    Compiling rand v0.8.5
[INFO] [stderr]    Compiling borsh v0.10.4
[INFO] [stderr]    Compiling ark-std v0.4.0
[INFO] [stderr]    Compiling serde_bytes v0.11.15
[INFO] [stderr]    Compiling bitflags v2.6.0
[INFO] [stderr]    Compiling bincode v1.3.3
[INFO] [stderr]    Compiling serde_json v1.0.132
[INFO] [stderr]    Compiling crypto-common v0.1.6
[INFO] [stderr]    Compiling block-buffer v0.10.4
[INFO] [stderr]    Compiling crypto-mac v0.8.0
[INFO] [stderr]    Compiling block-buffer v0.9.0
[INFO] [stderr]    Compiling sha2 v0.9.9
[INFO] [stderr]    Compiling curve25519-dalek v3.2.1
[INFO] [stderr]    Compiling hmac v0.8.1
[INFO] [stderr]    Compiling pbkdf2 v0.4.0
[INFO] [stderr]    Compiling digest v0.10.7
[INFO] [stderr]    Compiling hmac-drbg v0.3.0
[INFO] [stderr]    Compiling ark-serialize v0.4.2
[INFO] [stderr]    Compiling sha2 v0.10.8
[INFO] [stderr]    Compiling sha3 v0.10.8
[INFO] [stderr]    Compiling tiny-bip39 v0.8.2
[INFO] [stderr]    Compiling ark-ff v0.4.2
[INFO] [stderr]    Compiling ark-poly v0.4.2
[INFO] [stderr]    Compiling ark-ec v0.4.2
[INFO] [stderr]    Compiling ark-bn254 v0.4.0
[INFO] [stderr]    Compiling light-poseidon v0.2.0
[INFO] [stderr]    Compiling rathe-storage-program v1.0.0 (/opt/rustwide/workdir)
[INFO] [stdout] error[E0277]: the trait bound `StorageInstruction: borsh::ser::BorshSerialize` is not satisfied
[INFO] [stdout]    --> src/instruction.rs:24:50
[INFO] [stdout]     |
[INFO] [stdout] 24  |         Instruction::new_with_borsh(crate::id(), &initialize_storage, accounts)
[INFO] [stdout]     |         ---------------------------              ^^^^^^^^^^^^^^^^^^^ the trait `borsh::ser::BorshSerialize` is not implemented for `StorageInstruction`
[INFO] [stdout]     |         |
[INFO] [stdout]     |         required by a bound introduced by this call
[INFO] [stdout]     |
[INFO] [stdout]     = help: the following other types implement trait `borsh::ser::BorshSerialize`:
[INFO] [stdout]               &T
[INFO] [stdout]               ()
[INFO] [stdout]               (T0, T1)
[INFO] [stdout]               (T0, T1, T2)
[INFO] [stdout]               (T0, T1, T2, T3)
[INFO] [stdout]               (T0, T1, T2, T3, T4)
[INFO] [stdout]               (T0, T1, T2, T3, T4, T5)
[INFO] [stdout]               (T0, T1, T2, T3, T4, T5, T6)
[INFO] [stdout]             and 85 others
[INFO] [stdout] note: required by a bound in `Instruction::new_with_borsh`
[INFO] [stdout]    --> /opt/rustwide/cargo-home/registry/src/index.crates.io-6f17d22bba15001f/solana-program-1.18.26/src/instruction.rs:389:30
[INFO] [stdout]     |
[INFO] [stdout] 389 |     pub fn new_with_borsh<T: BorshSerialize>(
[INFO] [stdout]     |                              ^^^^^^^^^^^^^^ required by this bound in `Instruction::new_with_borsh`
[INFO] [stdout] 
[INFO] [stdout] 
[INFO] [stdout] error[E0277]: the trait bound `StorageInstruction: borsh::ser::BorshSerialize` is not satisfied
[INFO] [stdout]    --> src/instruction.rs:33:50
[INFO] [stdout]     |
[INFO] [stdout] 33  |         Instruction::new_with_borsh(crate::id(), &update_storage, accounts)
[INFO] [stdout]     |         ---------------------------              ^^^^^^^^^^^^^^^ the trait `borsh::ser::BorshSerialize` is not implemented for `StorageInstruction`
[INFO] [stdout]     |         |
[INFO] [stdout]     |         required by a bound introduced by this call
[INFO] [stdout]     |
[INFO] [stdout]     = help: the following other types implement trait `borsh::ser::BorshSerialize`:
[INFO] [stdout]               &T
[INFO] [stdout]               ()
[INFO] [stdout]               (T0, T1)
[INFO] [stdout]               (T0, T1, T2)
[INFO] [stdout]               (T0, T1, T2, T3)
[INFO] [stdout]               (T0, T1, T2, T3, T4)
[INFO] [stdout]               (T0, T1, T2, T3, T4, T5)
[INFO] [stdout]               (T0, T1, T2, T3, T4, T5, T6)
[INFO] [stdout]             and 85 others
[INFO] [stdout] note: required by a bound in `Instruction::new_with_borsh`
[INFO] [stdout]    --> /opt/rustwide/cargo-home/registry/src/index.crates.io-6f17d22bba15001f/solana-program-1.18.26/src/instruction.rs:389:30
[INFO] [stdout]     |
[INFO] [stdout] 389 |     pub fn new_with_borsh<T: BorshSerialize>(
[INFO] [stdout]     |                              ^^^^^^^^^^^^^^ required by this bound in `Instruction::new_with_borsh`
[INFO] [stdout] 
[INFO] [stdout] 
[INFO] [stdout] error[E0277]: the trait bound `StorageInstruction: borsh::ser::BorshSerialize` is not satisfied
[INFO] [stdout]    --> src/instruction.rs:42:50
[INFO] [stdout]     |
[INFO] [stdout] 42  |         Instruction::new_with_borsh(crate::id(), &spoil_storage, accounts)
[INFO] [stdout]     |         ---------------------------              ^^^^^^^^^^^^^^ the trait `borsh::ser::BorshSerialize` is not implemented for `StorageInstruction`
[INFO] [stdout]     |         |
[INFO] [stdout]     |         required by a bound introduced by this call
[INFO] [stdout]     |
[INFO] [stdout]     = help: the following other types implement trait `borsh::ser::BorshSerialize`:
[INFO] [stdout]               &T
[INFO] [stdout]               ()
[INFO] [stdout]               (T0, T1)
[INFO] [stdout]               (T0, T1, T2)
[INFO] [stdout]               (T0, T1, T2, T3)
[INFO] [stdout]               (T0, T1, T2, T3, T4)
[INFO] [stdout]               (T0, T1, T2, T3, T4, T5)
[INFO] [stdout]               (T0, T1, T2, T3, T4, T5, T6)
[INFO] [stdout]             and 85 others
[INFO] [stdout] note: required by a bound in `Instruction::new_with_borsh`
[INFO] [stdout]    --> /opt/rustwide/cargo-home/registry/src/index.crates.io-6f17d22bba15001f/solana-program-1.18.26/src/instruction.rs:389:30
[INFO] [stdout]     |
[INFO] [stdout] 389 |     pub fn new_with_borsh<T: BorshSerialize>(
[INFO] [stdout]     |                              ^^^^^^^^^^^^^^ required by this bound in `Instruction::new_with_borsh`
[INFO] [stdout] 
[INFO] [stdout] 
[INFO] [stdout] error[E0277]: the trait bound `StorageInstruction: borsh::ser::BorshSerialize` is not satisfied
[INFO] [stdout]    --> src/instruction.rs:51:50
[INFO] [stdout]     |
[INFO] [stdout] 51  |         Instruction::new_with_borsh(crate::id(), &destroy_storage, accounts)
[INFO] [stdout]     |         ---------------------------              ^^^^^^^^^^^^^^^^ the trait `borsh::ser::BorshSerialize` is not implemented for `StorageInstruction`
[INFO] [stdout]     |         |
[INFO] [stdout]     |         required by a bound introduced by this call
[INFO] [stdout]     |
[INFO] [stdout]     = help: the following other types implement trait `borsh::ser::BorshSerialize`:
[INFO] [stdout]               &T
[INFO] [stdout]               ()
[INFO] [stdout]               (T0, T1)
[INFO] [stdout]               (T0, T1, T2)
[INFO] [stdout]               (T0, T1, T2, T3)
[INFO] [stdout]               (T0, T1, T2, T3, T4)
[INFO] [stdout]               (T0, T1, T2, T3, T4, T5)
[INFO] [stdout]               (T0, T1, T2, T3, T4, T5, T6)
[INFO] [stdout]             and 85 others
[INFO] [stdout] note: required by a bound in `Instruction::new_with_borsh`
[INFO] [stdout]    --> /opt/rustwide/cargo-home/registry/src/index.crates.io-6f17d22bba15001f/solana-program-1.18.26/src/instruction.rs:389:30
[INFO] [stdout]     |
[INFO] [stdout] 389 |     pub fn new_with_borsh<T: BorshSerialize>(
[INFO] [stdout]     |                              ^^^^^^^^^^^^^^ required by this bound in `Instruction::new_with_borsh`
[INFO] [stdout] 
[INFO] [stdout] 
[INFO] [stdout] For more information about this error, try `rustc --explain E0277`.
[INFO] [stdout] 
[INFO] [stderr] error: could not compile `rathe-storage-program` (lib) due to 4 previous errors
[INFO] running `Command { std: "docker" "inspect" "7a3fdf9327bec7255edea563e80d0fc9af84d641801110a528ff19a51940eeb0", kill_on_drop: false }`
[INFO] running `Command { std: "docker" "rm" "-f" "7a3fdf9327bec7255edea563e80d0fc9af84d641801110a528ff19a51940eeb0", kill_on_drop: false }`
[INFO] [stdout] 7a3fdf9327bec7255edea563e80d0fc9af84d641801110a528ff19a51940eeb0
