[INFO] fetching crate rasterh3 0.9.0...
[INFO] testing rasterh3-0.9.0 against nightly-2024-10-28 for randomize-layout
[INFO] extracting crate rasterh3 0.9.0 into /workspace/builds/worker-4-tc1/source
[INFO] validating manifest of crates.io crate rasterh3 0.9.0 on toolchain nightly-2024-10-28
[INFO] running `Command { std: CARGO_HOME="/workspace/cargo-home" RUSTUP_HOME="/workspace/rustup-home" "/workspace/cargo-home/bin/cargo" "+nightly-2024-10-28" "metadata" "--manifest-path" "Cargo.toml" "--no-deps", kill_on_drop: false }`
[INFO] started tweaking crates.io crate rasterh3 0.9.0
[INFO] removed 0 missing examples
[INFO] finished tweaking crates.io crate rasterh3 0.9.0
[INFO] tweaked toml for crates.io crate rasterh3 0.9.0 written to /workspace/builds/worker-4-tc1/source/Cargo.toml
[INFO] crate crates.io crate rasterh3 0.9.0 already has a lockfile, it will not be regenerated
[INFO] running `Command { std: CARGO_HOME="/workspace/cargo-home" RUSTUP_HOME="/workspace/rustup-home" "/workspace/cargo-home/bin/cargo" "+nightly-2024-10-28" "fetch" "--manifest-path" "Cargo.toml", kill_on_drop: false }`
[INFO] [stderr]     Updating crates.io index
[INFO] [stderr]  Downloading crates ...
[INFO] [stderr]   Downloaded h3o-bit v0.1.1
[INFO] [stderr]   Downloaded float_eq v1.0.1
[INFO] [stderr]   Downloaded ordered-float v4.3.0
[INFO] [stderr]   Downloaded h3o v0.6.4
[INFO] running `Command { std: "docker" "create" "-v" "/var/lib/crater-agent-workspace/builds/worker-4-tc1/target:/opt/rustwide/target:rw,Z" "-v" "/var/lib/crater-agent-workspace/builds/worker-4-tc1/source:/opt/rustwide/workdir:ro,Z" "-v" "/var/lib/crater-agent-workspace/cargo-home:/opt/rustwide/cargo-home:ro,Z" "-v" "/var/lib/crater-agent-workspace/rustup-home:/opt/rustwide/rustup-home:ro,Z" "-e" "SOURCE_DIR=/opt/rustwide/workdir" "-e" "CARGO_TARGET_DIR=/opt/rustwide/target" "-e" "CARGO_HOME=/opt/rustwide/cargo-home" "-e" "RUSTUP_HOME=/opt/rustwide/rustup-home" "-w" "/opt/rustwide/workdir" "-m" "1610612736" "--user" "0:0" "--network" "none" "ghcr.io/rust-lang/crates-build-env/linux@sha256:4a844ea9eb2546a2d2c7022eacef16ef2e8229c7fbb2c7d4d55a9ceca922f72d" "/opt/rustwide/cargo-home/bin/cargo" "+nightly-2024-10-28" "metadata" "--no-deps" "--format-version=1", kill_on_drop: false }`
[INFO] [stdout] 4d4aa249e98a5826866e5da340f40aeb0ae52a71c7ec7dcc2d35140f80cce2d5
[INFO] running `Command { std: "docker" "start" "-a" "4d4aa249e98a5826866e5da340f40aeb0ae52a71c7ec7dcc2d35140f80cce2d5", kill_on_drop: false }`
[INFO] running `Command { std: "docker" "inspect" "4d4aa249e98a5826866e5da340f40aeb0ae52a71c7ec7dcc2d35140f80cce2d5", kill_on_drop: false }`
[INFO] running `Command { std: "docker" "rm" "-f" "4d4aa249e98a5826866e5da340f40aeb0ae52a71c7ec7dcc2d35140f80cce2d5", kill_on_drop: false }`
[INFO] [stdout] 4d4aa249e98a5826866e5da340f40aeb0ae52a71c7ec7dcc2d35140f80cce2d5
[INFO] running `Command { std: "docker" "create" "-v" "/var/lib/crater-agent-workspace/builds/worker-4-tc1/target:/opt/rustwide/target:rw,Z" "-v" "/var/lib/crater-agent-workspace/builds/worker-4-tc1/source:/opt/rustwide/workdir:ro,Z" "-v" "/var/lib/crater-agent-workspace/cargo-home:/opt/rustwide/cargo-home:ro,Z" "-v" "/var/lib/crater-agent-workspace/rustup-home:/opt/rustwide/rustup-home:ro,Z" "-e" "SOURCE_DIR=/opt/rustwide/workdir" "-e" "CARGO_TARGET_DIR=/opt/rustwide/target" "-e" "CARGO_INCREMENTAL=0" "-e" "RUST_BACKTRACE=full" "-e" "RUSTFLAGS=--cap-lints=forbid" "-e" "RUSTDOCFLAGS=--cap-lints=forbid" "-e" "CARGO_HOME=/opt/rustwide/cargo-home" "-e" "RUSTUP_HOME=/opt/rustwide/rustup-home" "-w" "/opt/rustwide/workdir" "-m" "1610612736" "--user" "0:0" "--network" "none" "ghcr.io/rust-lang/crates-build-env/linux@sha256:4a844ea9eb2546a2d2c7022eacef16ef2e8229c7fbb2c7d4d55a9ceca922f72d" "/opt/rustwide/cargo-home/bin/cargo" "+nightly-2024-10-28" "build" "--frozen" "--message-format=json", kill_on_drop: false }`
[INFO] [stdout] 3b52af0e735695b7bac22784e1e4f4bf59fcf4c8d987385e4754b25c9ee2e287
[INFO] running `Command { std: "docker" "start" "-a" "3b52af0e735695b7bac22784e1e4f4bf59fcf4c8d987385e4754b25c9ee2e287", kill_on_drop: false }`
[INFO] [stderr]    Compiling libm v0.2.8
[INFO] [stderr]    Compiling proc-macro2 v1.0.86
[INFO] [stderr]    Compiling num-traits v0.2.19
[INFO] [stderr]    Compiling crunchy v0.2.2
[INFO] [stderr]    Compiling libc v0.2.159
[INFO] [stderr]    Compiling tiny-keccak v2.0.2
[INFO] [stderr]    Compiling once_cell v1.20.2
[INFO] [stderr]    Compiling heapless v0.8.0
[INFO] [stderr]    Compiling serde v1.0.210
[INFO] [stderr]    Compiling ahash v0.8.11
[INFO] [stderr]    Compiling hash32 v0.3.1
[INFO] [stderr]    Compiling stable_deref_trait v1.2.0
[INFO] [stderr]    Compiling zerocopy v0.7.35
[INFO] [stderr]    Compiling thiserror v1.0.64
[INFO] [stderr]    Compiling allocator-api2 v0.2.18
[INFO] [stderr]    Compiling serde_json v1.0.128
[INFO] [stderr]    Compiling itertools v0.11.0
[INFO] [stderr]    Compiling matrixmultiply v0.3.9
[INFO] [stderr]    Compiling robust v1.1.0
[INFO] [stderr]    Compiling getrandom v0.2.15
[INFO] [stderr]    Compiling float_next_after v1.0.0
[INFO] [stderr]    Compiling rawpointer v0.2.1
[INFO] [stderr]    Compiling tracing-core v0.1.32
[INFO] [stderr]    Compiling quote v1.0.37
[INFO] [stderr]    Compiling syn v2.0.79
[INFO] [stderr]    Compiling const-random-macro v0.1.16
[INFO] [stderr]    Compiling geographiclib-rs v0.2.4
[INFO] [stderr]    Compiling float_eq v1.0.1
[INFO] [stderr]    Compiling const-random v0.1.18
[INFO] [stderr]    Compiling pin-project-lite v0.2.14
[INFO] [stderr]    Compiling h3o-bit v0.1.1
[INFO] [stderr]    Compiling rstar v0.12.0
[INFO] [stderr]    Compiling approx v0.5.1
[INFO] [stderr]    Compiling num-integer v0.1.46
[INFO] [stderr]    Compiling num-complex v0.4.6
[INFO] [stderr]    Compiling hashbrown v0.14.5
[INFO] [stderr]    Compiling earcutr v0.4.3
[INFO] [stderr]    Compiling ndarray v0.16.1
[INFO] [stderr]    Compiling spade v2.12.1
[INFO] [stderr]    Compiling serde_derive v1.0.210
[INFO] [stderr]    Compiling thiserror-impl v1.0.64
[INFO] [stderr]    Compiling tracing-attributes v0.1.27
[INFO] [stderr]    Compiling tracing v0.1.40
[INFO] [stderr]    Compiling geo-types v0.7.13
[INFO] [stderr]    Compiling geo v0.28.0
[INFO] [stderr]    Compiling geojson v0.24.1
[INFO] [stderr]    Compiling h3o v0.6.4
[INFO] [stderr]    Compiling rasterh3 v0.9.0 (/opt/rustwide/workdir)
[INFO] [stderr]     Finished `dev` profile [unoptimized + debuginfo] target(s) in 27.07s
[INFO] running `Command { std: "docker" "inspect" "3b52af0e735695b7bac22784e1e4f4bf59fcf4c8d987385e4754b25c9ee2e287", kill_on_drop: false }`
[INFO] running `Command { std: "docker" "rm" "-f" "3b52af0e735695b7bac22784e1e4f4bf59fcf4c8d987385e4754b25c9ee2e287", kill_on_drop: false }`
[INFO] [stdout] 3b52af0e735695b7bac22784e1e4f4bf59fcf4c8d987385e4754b25c9ee2e287
[INFO] running `Command { std: "docker" "create" "-v" "/var/lib/crater-agent-workspace/builds/worker-4-tc1/target:/opt/rustwide/target:rw,Z" "-v" "/var/lib/crater-agent-workspace/builds/worker-4-tc1/source:/opt/rustwide/workdir:ro,Z" "-v" "/var/lib/crater-agent-workspace/cargo-home:/opt/rustwide/cargo-home:ro,Z" "-v" "/var/lib/crater-agent-workspace/rustup-home:/opt/rustwide/rustup-home:ro,Z" "-e" "SOURCE_DIR=/opt/rustwide/workdir" "-e" "CARGO_TARGET_DIR=/opt/rustwide/target" "-e" "CARGO_INCREMENTAL=0" "-e" "RUST_BACKTRACE=full" "-e" "RUSTFLAGS=--cap-lints=forbid" "-e" "RUSTDOCFLAGS=--cap-lints=forbid" "-e" "CARGO_HOME=/opt/rustwide/cargo-home" "-e" "RUSTUP_HOME=/opt/rustwide/rustup-home" "-w" "/opt/rustwide/workdir" "-m" "1610612736" "--user" "0:0" "--network" "none" "ghcr.io/rust-lang/crates-build-env/linux@sha256:4a844ea9eb2546a2d2c7022eacef16ef2e8229c7fbb2c7d4d55a9ceca922f72d" "/opt/rustwide/cargo-home/bin/cargo" "+nightly-2024-10-28" "test" "--frozen" "--no-run" "--message-format=json", kill_on_drop: false }`
[INFO] [stdout] 5f5d5ef9954e522c4877ee9b25aacb85ce44d3d35aa72c3844b67e793b4eb627
[INFO] running `Command { std: "docker" "start" "-a" "5f5d5ef9954e522c4877ee9b25aacb85ce44d3d35aa72c3844b67e793b4eb627", kill_on_drop: false }`
[INFO] [stderr]    Compiling libc v0.2.159
[INFO] [stderr]    Compiling approx v0.5.1
[INFO] [stderr]    Compiling aho-corasick v1.1.3
[INFO] [stderr]    Compiling regex-syntax v0.8.5
[INFO] [stderr]    Compiling anstyle v1.0.8
[INFO] [stderr]    Compiling clap_lex v0.7.2
[INFO] [stderr]    Compiling utf8parse v0.2.2
[INFO] [stderr]    Compiling anstyle-parse v0.2.5
[INFO] [stderr]    Compiling geo-types v0.7.13
[INFO] [stderr]    Compiling clap_builder v4.5.19
[INFO] [stderr]    Compiling is_terminal_polyfill v1.70.1
[INFO] [stderr]    Compiling anstyle-query v1.1.1
[INFO] [stderr]    Compiling colorchoice v1.0.2
[INFO] [stderr]    Compiling ciborium v0.2.2
[INFO] [stderr]    Compiling anstream v0.6.15
[INFO] [stderr]    Compiling geojson v0.24.1
[INFO] [stderr]    Compiling getrandom v0.2.15
[INFO] [stderr]    Compiling plotters v0.3.7
[INFO] [stderr]    Compiling const-random-macro v0.1.16
[INFO] [stderr]    Compiling is-terminal v0.4.13
[INFO] [stderr]    Compiling regex-automata v0.4.8
[INFO] [stderr]    Compiling tinytemplate v1.2.1
[INFO] [stderr]    Compiling const-random v0.1.18
[INFO] [stderr]    Compiling ahash v0.8.11
[INFO] [stderr]    Compiling hashbrown v0.14.5
[INFO] [stderr]    Compiling humantime v2.1.0
[INFO] [stderr]    Compiling clap v4.5.19
[INFO] [stderr]    Compiling ordered-float v4.3.0
[INFO] [stderr]    Compiling spade v2.12.1
[INFO] [stderr]    Compiling regex v1.11.0
[INFO] [stderr]    Compiling geo v0.28.0
[INFO] [stderr]    Compiling env_filter v0.1.2
[INFO] [stderr]    Compiling criterion v0.5.1
[INFO] [stderr]    Compiling env_logger v0.11.5
[INFO] [stderr]    Compiling h3o v0.6.4
[INFO] [stderr]    Compiling rasterh3 v0.9.0 (/opt/rustwide/workdir)
[INFO] [stdout] error[E0433]: failed to resolve: use of undeclared crate or module `gdal`
[INFO] [stdout]  --> examples/h3ify_r_tiff.rs:1:5
[INFO] [stdout]   |
[INFO] [stdout] 1 | use gdal::{
[INFO] [stdout]   |     ^^^^ use of undeclared crate or module `gdal`
[INFO] [stdout] 
[INFO] [stdout] 
[INFO] [stdout] error[E0432]: unresolved import `gdal`
[INFO] [stdout]  --> examples/h3ify_r_tiff.rs:1:5
[INFO] [stdout]   |
[INFO] [stdout] 1 | use gdal::{
[INFO] [stdout]   |     ^^^^ use of undeclared crate or module `gdal`
[INFO] [stdout] 
[INFO] [stdout] 
[INFO] [stdout] error[E0599]: no method named `to_gdal` found for struct `geo_types::geometry::polygon::Polygon` in the current scope
[INFO] [stdout]   --> examples/h3ify_r_tiff.rs:53:34
[INFO] [stdout]    |
[INFO] [stdout] 53 |             ft.set_geometry(poly.to_gdal().unwrap()).unwrap();
[INFO] [stdout]    |                                  ^^^^^^^ method not found in `Polygon`
[INFO] [stdout] 
[INFO] [stdout] 
[INFO] [stdout] Some errors have detailed explanations: E0432, E0433, E0599.
[INFO] [stdout] 
[INFO] [stdout] For more information about an error, try `rustc --explain E0432`.
[INFO] [stdout] 
[INFO] [stderr] error: could not compile `rasterh3` (example "h3ify_r_tiff") due to 3 previous errors
[INFO] [stderr] warning: build failed, waiting for other jobs to finish...
[INFO] running `Command { std: "docker" "inspect" "5f5d5ef9954e522c4877ee9b25aacb85ce44d3d35aa72c3844b67e793b4eb627", kill_on_drop: false }`
[INFO] running `Command { std: "docker" "rm" "-f" "5f5d5ef9954e522c4877ee9b25aacb85ce44d3d35aa72c3844b67e793b4eb627", kill_on_drop: false }`
[INFO] [stdout] 5f5d5ef9954e522c4877ee9b25aacb85ce44d3d35aa72c3844b67e793b4eb627
