[INFO] fetching crate rama-net 0.2.0-alpha.3...
[INFO] testing rama-net-0.2.0-alpha.3 against nightly-2024-10-28 for randomize-layout
[INFO] extracting crate rama-net 0.2.0-alpha.3 into /workspace/builds/worker-7-tc1/source
[INFO] validating manifest of crates.io crate rama-net 0.2.0-alpha.3 on toolchain nightly-2024-10-28
[INFO] running `Command { std: CARGO_HOME="/workspace/cargo-home" RUSTUP_HOME="/workspace/rustup-home" "/workspace/cargo-home/bin/cargo" "+nightly-2024-10-28" "metadata" "--manifest-path" "Cargo.toml" "--no-deps", kill_on_drop: false }`
[INFO] started tweaking crates.io crate rama-net 0.2.0-alpha.3
[INFO] finished tweaking crates.io crate rama-net 0.2.0-alpha.3
[INFO] tweaked toml for crates.io crate rama-net 0.2.0-alpha.3 written to /workspace/builds/worker-7-tc1/source/Cargo.toml
[INFO] running `Command { std: CARGO_HOME="/workspace/cargo-home" RUSTUP_HOME="/workspace/rustup-home" "/workspace/cargo-home/bin/cargo" "+nightly-2024-10-28" "generate-lockfile" "--manifest-path" "Cargo.toml", kill_on_drop: false }`
[INFO] [stderr]     Updating crates.io index
[INFO] [stderr]      Locking 211 packages to latest compatible versions
[INFO] [stderr]       Adding opentelemetry v0.24.0 (available: v0.26.0)
[INFO] running `Command { std: CARGO_HOME="/workspace/cargo-home" RUSTUP_HOME="/workspace/rustup-home" "/workspace/cargo-home/bin/cargo" "+nightly-2024-10-28" "fetch" "--manifest-path" "Cargo.toml", kill_on_drop: false }`
[INFO] [stderr]  Downloading crates ...
[INFO] [stderr]   Downloaded rama-core v0.2.0-alpha.3
[INFO] [stderr]   Downloaded rama-http-types v0.2.0-alpha.3
[INFO] [stderr]   Downloaded rama-macros v0.2.0-alpha.3
[INFO] [stderr]   Downloaded tokio-graceful v0.1.6
[INFO] [stderr]   Downloaded rama-error v0.2.0-alpha.3
[INFO] [stderr]   Downloaded serde_html_form v0.2.6
[INFO] [stderr]   Downloaded rama-utils v0.2.0-alpha.3
[INFO] [stderr]   Downloaded venndb-macros v0.5.0
[INFO] [stderr]   Downloaded opentelemetry-semantic-conventions v0.16.0
[INFO] [stderr]   Downloaded opentelemetry v0.24.0
[INFO] [stderr]   Downloaded opentelemetry_sdk v0.24.1
[INFO] [stderr]   Downloaded boring v4.11.0
[INFO] [stderr]   Downloaded venndb v0.5.0
[INFO] [stderr]   Downloaded boring-sys v4.11.0
[INFO] running `Command { std: "docker" "create" "-v" "/var/lib/crater-agent-workspace/builds/worker-7-tc1/target:/opt/rustwide/target:rw,Z" "-v" "/var/lib/crater-agent-workspace/builds/worker-7-tc1/source:/opt/rustwide/workdir:ro,Z" "-v" "/var/lib/crater-agent-workspace/cargo-home:/opt/rustwide/cargo-home:ro,Z" "-v" "/var/lib/crater-agent-workspace/rustup-home:/opt/rustwide/rustup-home:ro,Z" "-e" "SOURCE_DIR=/opt/rustwide/workdir" "-e" "CARGO_TARGET_DIR=/opt/rustwide/target" "-e" "CARGO_HOME=/opt/rustwide/cargo-home" "-e" "RUSTUP_HOME=/opt/rustwide/rustup-home" "-w" "/opt/rustwide/workdir" "-m" "1610612736" "--user" "0:0" "--network" "none" "ghcr.io/rust-lang/crates-build-env/linux@sha256:4a844ea9eb2546a2d2c7022eacef16ef2e8229c7fbb2c7d4d55a9ceca922f72d" "/opt/rustwide/cargo-home/bin/cargo" "+nightly-2024-10-28" "metadata" "--no-deps" "--format-version=1", kill_on_drop: false }`
[INFO] [stdout] 55ee5acc6848776e086f828228dba36d1001186c500666cd4fa70cd3995c5574
[INFO] running `Command { std: "docker" "start" "-a" "55ee5acc6848776e086f828228dba36d1001186c500666cd4fa70cd3995c5574", kill_on_drop: false }`
[INFO] running `Command { std: "docker" "inspect" "55ee5acc6848776e086f828228dba36d1001186c500666cd4fa70cd3995c5574", kill_on_drop: false }`
[INFO] running `Command { std: "docker" "rm" "-f" "55ee5acc6848776e086f828228dba36d1001186c500666cd4fa70cd3995c5574", kill_on_drop: false }`
[INFO] [stdout] 55ee5acc6848776e086f828228dba36d1001186c500666cd4fa70cd3995c5574
[INFO] running `Command { std: "docker" "create" "-v" "/var/lib/crater-agent-workspace/builds/worker-7-tc1/target:/opt/rustwide/target:rw,Z" "-v" "/var/lib/crater-agent-workspace/builds/worker-7-tc1/source:/opt/rustwide/workdir:ro,Z" "-v" "/var/lib/crater-agent-workspace/cargo-home:/opt/rustwide/cargo-home:ro,Z" "-v" "/var/lib/crater-agent-workspace/rustup-home:/opt/rustwide/rustup-home:ro,Z" "-e" "SOURCE_DIR=/opt/rustwide/workdir" "-e" "CARGO_TARGET_DIR=/opt/rustwide/target" "-e" "CARGO_INCREMENTAL=0" "-e" "RUST_BACKTRACE=full" "-e" "RUSTFLAGS=--cap-lints=forbid" "-e" "RUSTDOCFLAGS=--cap-lints=forbid" "-e" "CARGO_HOME=/opt/rustwide/cargo-home" "-e" "RUSTUP_HOME=/opt/rustwide/rustup-home" "-w" "/opt/rustwide/workdir" "-m" "1610612736" "--user" "0:0" "--network" "none" "ghcr.io/rust-lang/crates-build-env/linux@sha256:4a844ea9eb2546a2d2c7022eacef16ef2e8229c7fbb2c7d4d55a9ceca922f72d" "/opt/rustwide/cargo-home/bin/cargo" "+nightly-2024-10-28" "build" "--frozen" "--message-format=json", kill_on_drop: false }`
[INFO] [stdout] b68996febb28a667480989a5aff4bdfe78f4f679491944fd18958489f7f9be3c
[INFO] running `Command { std: "docker" "start" "-a" "b68996febb28a667480989a5aff4bdfe78f4f679491944fd18958489f7f9be3c", kill_on_drop: false }`
[INFO] [stderr]    Compiling serde_derive v1.0.214
[INFO] [stderr]    Compiling crypto-common v0.1.6
[INFO] [stderr]    Compiling tokio v1.41.0
[INFO] [stderr]    Compiling http v1.1.0
[INFO] [stderr]    Compiling parking v2.2.1
[INFO] [stderr]    Compiling futures-io v0.3.31
[INFO] [stderr]    Compiling fastrand v2.1.1
[INFO] [stderr]    Compiling rama-macros v0.2.0-alpha.3
[INFO] [stderr]    Compiling digest v0.10.7
[INFO] [stderr]    Compiling rama-error v0.2.0-alpha.3
[INFO] [stderr]    Compiling ipnet v2.10.1
[INFO] [stderr]    Compiling futures-lite v2.4.0
[INFO] [stderr]    Compiling base64 v0.22.1
[INFO] [stderr]    Compiling sha1 v0.10.6
[INFO] [stderr]    Compiling headers-core v0.3.0
[INFO] [stderr]    Compiling headers v0.4.0
[INFO] [stderr]    Compiling serde v1.0.214
[INFO] [stderr]    Compiling tokio-graceful v0.1.6
[INFO] [stderr]    Compiling rama-utils v0.2.0-alpha.3
[INFO] [stderr]    Compiling rama-core v0.2.0-alpha.3
[INFO] [stderr]    Compiling rama-net v0.2.0-alpha.3 (/opt/rustwide/workdir)
[INFO] [stderr]     Finished `dev` profile [unoptimized + debuginfo] target(s) in 8.72s
[INFO] running `Command { std: "docker" "inspect" "b68996febb28a667480989a5aff4bdfe78f4f679491944fd18958489f7f9be3c", kill_on_drop: false }`
[INFO] running `Command { std: "docker" "rm" "-f" "b68996febb28a667480989a5aff4bdfe78f4f679491944fd18958489f7f9be3c", kill_on_drop: false }`
[INFO] [stdout] b68996febb28a667480989a5aff4bdfe78f4f679491944fd18958489f7f9be3c
[INFO] running `Command { std: "docker" "create" "-v" "/var/lib/crater-agent-workspace/builds/worker-7-tc1/target:/opt/rustwide/target:rw,Z" "-v" "/var/lib/crater-agent-workspace/builds/worker-7-tc1/source:/opt/rustwide/workdir:ro,Z" "-v" "/var/lib/crater-agent-workspace/cargo-home:/opt/rustwide/cargo-home:ro,Z" "-v" "/var/lib/crater-agent-workspace/rustup-home:/opt/rustwide/rustup-home:ro,Z" "-e" "SOURCE_DIR=/opt/rustwide/workdir" "-e" "CARGO_TARGET_DIR=/opt/rustwide/target" "-e" "CARGO_INCREMENTAL=0" "-e" "RUST_BACKTRACE=full" "-e" "RUSTFLAGS=--cap-lints=forbid" "-e" "RUSTDOCFLAGS=--cap-lints=forbid" "-e" "CARGO_HOME=/opt/rustwide/cargo-home" "-e" "RUSTUP_HOME=/opt/rustwide/rustup-home" "-w" "/opt/rustwide/workdir" "-m" "1610612736" "--user" "0:0" "--network" "none" "ghcr.io/rust-lang/crates-build-env/linux@sha256:4a844ea9eb2546a2d2c7022eacef16ef2e8229c7fbb2c7d4d55a9ceca922f72d" "/opt/rustwide/cargo-home/bin/cargo" "+nightly-2024-10-28" "test" "--frozen" "--no-run" "--message-format=json", kill_on_drop: false }`
[INFO] [stdout] 10300bc7ce60bc194fca92cb55ddd512669bda4f1258bfc451173ae8bef1f79c
[INFO] running `Command { std: "docker" "start" "-a" "10300bc7ce60bc194fca92cb55ddd512669bda4f1258bfc451173ae8bef1f79c", kill_on_drop: false }`
[INFO] [stderr]    Compiling tokio v1.41.0
[INFO] [stderr]    Compiling regex-syntax v0.8.5
[INFO] [stderr]    Compiling getrandom v0.2.15
[INFO] [stderr]    Compiling futures-lite v2.4.0
[INFO] [stderr]    Compiling log v0.4.22
[INFO] [stderr]    Compiling itertools v0.13.0
[INFO] [stderr]    Compiling rand_core v0.6.4
[INFO] [stderr]    Compiling rand v0.8.5
[INFO] [stderr]    Compiling regex-automata v0.4.8
[INFO] [stderr]    Compiling regex v1.11.1
[INFO] [stderr]    Compiling env_logger v0.8.4
[INFO] [stderr]    Compiling quickcheck v1.0.3
[INFO] [stderr]    Compiling tokio-graceful v0.1.6
[INFO] [stderr]    Compiling rama-utils v0.2.0-alpha.3
[INFO] [stderr]    Compiling tokio-stream v0.1.16
[INFO] [stderr]    Compiling rama-core v0.2.0-alpha.3
[INFO] [stderr]    Compiling tokio-test v0.4.4
[INFO] [stderr]    Compiling rama-net v0.2.0-alpha.3 (/opt/rustwide/workdir)
[INFO] [stdout] error[E0432]: unresolved import `authorization`
[INFO] [stdout]   --> src/user/credentials/bearer.rs:95:9
[INFO] [stdout]    |
[INFO] [stdout] 95 |     use authorization::Credentials;
[INFO] [stdout]    |         ^^^^^^^^^^^^^ help: a similar path exists: `headers::authorization`
[INFO] [stdout] 
[INFO] [stdout] 
[INFO] [stdout] error[E0433]: failed to resolve: use of undeclared type `HeaderValue`
[INFO] [stdout]    --> src/user/credentials/bearer.rs:119:36
[INFO] [stdout]     |
[INFO] [stdout] 119 |         let auth = Bearer::decode(&HeaderValue::from_static("Bearer foobar")).unwrap();
[INFO] [stdout]     |                                    ^^^^^^^^^^^ use of undeclared type `HeaderValue`
[INFO] [stdout]     |
[INFO] [stdout] help: consider importing this struct
[INFO] [stdout]     |
[INFO] [stdout] 94  +     use headers::HeaderValue;
[INFO] [stdout]     |
[INFO] [stdout] 
[INFO] [stdout] 
[INFO] [stdout] error[E0433]: failed to resolve: use of undeclared type `HeaderValue`
[INFO] [stdout]    --> src/user/credentials/bearer.rs:125:36
[INFO] [stdout]     |
[INFO] [stdout] 125 |         let auth = Bearer::decode(&HeaderValue::from_static("bearer foobar")).unwrap();
[INFO] [stdout]     |                                    ^^^^^^^^^^^ use of undeclared type `HeaderValue`
[INFO] [stdout]     |
[INFO] [stdout] help: consider importing this struct
[INFO] [stdout]     |
[INFO] [stdout] 94  +     use headers::HeaderValue;
[INFO] [stdout]     |
[INFO] [stdout] 
[INFO] [stdout] 
[INFO] [stdout] error[E0433]: failed to resolve: use of undeclared type `HeaderValue`
[INFO] [stdout]    --> src/user/credentials/bearer.rs:131:36
[INFO] [stdout]     |
[INFO] [stdout] 131 |         let auth = Bearer::decode(&HeaderValue::from_static(
[INFO] [stdout]     |                                    ^^^^^^^^^^^ use of undeclared type `HeaderValue`
[INFO] [stdout]     |
[INFO] [stdout] help: consider importing this struct
[INFO] [stdout]     |
[INFO] [stdout] 94  +     use headers::HeaderValue;
[INFO] [stdout]     |
[INFO] [stdout] 
[INFO] [stdout] 
[INFO] [stdout] error[E0599]: no method named `encode` found for struct `bearer::Bearer` in the current scope
[INFO] [stdout]    --> src/user/credentials/bearer.rs:112:26
[INFO] [stdout]     |
[INFO] [stdout] 9   | pub struct Bearer(Cow<'static, str>);
[INFO] [stdout]     | ----------------- method `encode` not found for this struct
[INFO] [stdout] ...
[INFO] [stdout] 112 |         let value = auth.encode();
[INFO] [stdout]     |                          ^^^^^^ method not found in `Bearer`
[INFO] [stdout]     |
[INFO] [stdout]     = help: items from traits can only be used if the trait is implemented and in scope
[INFO] [stdout]     = note: the following traits define an item `encode`, perhaps you need to implement one of them:
[INFO] [stdout]             candidate #1: `Engine`
[INFO] [stdout]             candidate #2: `base64::Engine`
[INFO] [stdout]             candidate #3: `headers::Header`
[INFO] [stdout]             candidate #4: `headers::authorization::Credentials`
[INFO] [stdout] 
[INFO] [stdout] 
[INFO] [stdout] error[E0599]: no function or associated item named `decode` found for struct `bearer::Bearer` in the current scope
[INFO] [stdout]    --> src/user/credentials/bearer.rs:119:28
[INFO] [stdout]     |
[INFO] [stdout] 9   | pub struct Bearer(Cow<'static, str>);
[INFO] [stdout]     | ----------------- function or associated item `decode` not found for this struct
[INFO] [stdout] ...
[INFO] [stdout] 119 |         let auth = Bearer::decode(&HeaderValue::from_static("Bearer foobar")).unwrap();
[INFO] [stdout]     |                            ^^^^^^ function or associated item not found in `Bearer`
[INFO] [stdout]     |
[INFO] [stdout] note: if you're trying to build a new `bearer::Bearer` consider using one of the following associated functions:
[INFO] [stdout]       bearer::Bearer::try_from_header_str
[INFO] [stdout]       bearer::Bearer::try_from_clear_str
[INFO] [stdout]    --> src/user/credentials/bearer.rs:13:5
[INFO] [stdout]     |
[INFO] [stdout] 13  |     pub fn try_from_header_str(value: impl AsRef<str>) -> Result<Self, OpaqueError> {
[INFO] [stdout]     |     ^^^^^^^^^^^^^^^^^^^^^^^^^^^^^^^^^^^^^^^^^^^^^^^^^^^^^^^^^^^^^^^^^^^^^^^^^^^^^^^
[INFO] [stdout] ...
[INFO] [stdout] 37  |     pub fn try_from_clear_str(s: impl Into<Cow<'static, str>>) -> Result<Self, OpaqueError> {
[INFO] [stdout]     |     ^^^^^^^^^^^^^^^^^^^^^^^^^^^^^^^^^^^^^^^^^^^^^^^^^^^^^^^^^^^^^^^^^^^^^^^^^^^^^^^^^^^^^^^
[INFO] [stdout]     = help: items from traits can only be used if the trait is implemented and in scope
[INFO] [stdout]     = note: the following traits define an item `decode`, perhaps you need to implement one of them:
[INFO] [stdout]             candidate #1: `Engine`
[INFO] [stdout]             candidate #2: `base64::Engine`
[INFO] [stdout]             candidate #3: `headers::Header`
[INFO] [stdout]             candidate #4: `headers::authorization::Credentials`
[INFO] [stdout] 
[INFO] [stdout] 
[INFO] [stdout] error[E0599]: no function or associated item named `decode` found for struct `bearer::Bearer` in the current scope
[INFO] [stdout]    --> src/user/credentials/bearer.rs:125:28
[INFO] [stdout]     |
[INFO] [stdout] 9   | pub struct Bearer(Cow<'static, str>);
[INFO] [stdout]     | ----------------- function or associated item `decode` not found for this struct
[INFO] [stdout] ...
[INFO] [stdout] 125 |         let auth = Bearer::decode(&HeaderValue::from_static("bearer foobar")).unwrap();
[INFO] [stdout]     |                            ^^^^^^ function or associated item not found in `Bearer`
[INFO] [stdout]     |
[INFO] [stdout] note: if you're trying to build a new `bearer::Bearer` consider using one of the following associated functions:
[INFO] [stdout]       bearer::Bearer::try_from_header_str
[INFO] [stdout]       bearer::Bearer::try_from_clear_str
[INFO] [stdout]    --> src/user/credentials/bearer.rs:13:5
[INFO] [stdout]     |
[INFO] [stdout] 13  |     pub fn try_from_header_str(value: impl AsRef<str>) -> Result<Self, OpaqueError> {
[INFO] [stdout]     |     ^^^^^^^^^^^^^^^^^^^^^^^^^^^^^^^^^^^^^^^^^^^^^^^^^^^^^^^^^^^^^^^^^^^^^^^^^^^^^^^
[INFO] [stdout] ...
[INFO] [stdout] 37  |     pub fn try_from_clear_str(s: impl Into<Cow<'static, str>>) -> Result<Self, OpaqueError> {
[INFO] [stdout]     |     ^^^^^^^^^^^^^^^^^^^^^^^^^^^^^^^^^^^^^^^^^^^^^^^^^^^^^^^^^^^^^^^^^^^^^^^^^^^^^^^^^^^^^^^
[INFO] [stdout]     = help: items from traits can only be used if the trait is implemented and in scope
[INFO] [stdout]     = note: the following traits define an item `decode`, perhaps you need to implement one of them:
[INFO] [stdout]             candidate #1: `Engine`
[INFO] [stdout]             candidate #2: `base64::Engine`
[INFO] [stdout]             candidate #3: `headers::Header`
[INFO] [stdout]             candidate #4: `headers::authorization::Credentials`
[INFO] [stdout] 
[INFO] [stdout] 
[INFO] [stdout] error[E0599]: no function or associated item named `decode` found for struct `bearer::Bearer` in the current scope
[INFO] [stdout]    --> src/user/credentials/bearer.rs:131:28
[INFO] [stdout]     |
[INFO] [stdout] 9   | pub struct Bearer(Cow<'static, str>);
[INFO] [stdout]     | ----------------- function or associated item `decode` not found for this struct
[INFO] [stdout] ...
[INFO] [stdout] 131 |         let auth = Bearer::decode(&HeaderValue::from_static(
[INFO] [stdout]     |                            ^^^^^^ function or associated item not found in `Bearer`
[INFO] [stdout]     |
[INFO] [stdout] note: if you're trying to build a new `bearer::Bearer` consider using one of the following associated functions:
[INFO] [stdout]       bearer::Bearer::try_from_header_str
[INFO] [stdout]       bearer::Bearer::try_from_clear_str
[INFO] [stdout]    --> src/user/credentials/bearer.rs:13:5
[INFO] [stdout]     |
[INFO] [stdout] 13  |     pub fn try_from_header_str(value: impl AsRef<str>) -> Result<Self, OpaqueError> {
[INFO] [stdout]     |     ^^^^^^^^^^^^^^^^^^^^^^^^^^^^^^^^^^^^^^^^^^^^^^^^^^^^^^^^^^^^^^^^^^^^^^^^^^^^^^^
[INFO] [stdout] ...
[INFO] [stdout] 37  |     pub fn try_from_clear_str(s: impl Into<Cow<'static, str>>) -> Result<Self, OpaqueError> {
[INFO] [stdout]     |     ^^^^^^^^^^^^^^^^^^^^^^^^^^^^^^^^^^^^^^^^^^^^^^^^^^^^^^^^^^^^^^^^^^^^^^^^^^^^^^^^^^^^^^^
[INFO] [stdout]     = help: items from traits can only be used if the trait is implemented and in scope
[INFO] [stdout]     = note: the following traits define an item `decode`, perhaps you need to implement one of them:
[INFO] [stdout]             candidate #1: `Engine`
[INFO] [stdout]             candidate #2: `base64::Engine`
[INFO] [stdout]             candidate #3: `headers::Header`
[INFO] [stdout]             candidate #4: `headers::authorization::Credentials`
[INFO] [stdout] 
[INFO] [stdout] 
[INFO] [stdout] Some errors have detailed explanations: E0432, E0433, E0599.
[INFO] [stdout] 
[INFO] [stdout] For more information about an error, try `rustc --explain E0432`.
[INFO] [stdout] 
[INFO] [stderr] error: could not compile `rama-net` (lib test) due to 8 previous errors
[INFO] running `Command { std: "docker" "inspect" "10300bc7ce60bc194fca92cb55ddd512669bda4f1258bfc451173ae8bef1f79c", kill_on_drop: false }`
[INFO] running `Command { std: "docker" "rm" "-f" "10300bc7ce60bc194fca92cb55ddd512669bda4f1258bfc451173ae8bef1f79c", kill_on_drop: false }`
[INFO] [stdout] 10300bc7ce60bc194fca92cb55ddd512669bda4f1258bfc451173ae8bef1f79c
