[INFO] fetching crate railway-api 0.1.0...
[INFO] testing railway-api-0.1.0 against nightly-2024-10-28+rustflags=-Zrandomize-layout for randomize-layout
[INFO] extracting crate railway-api 0.1.0 into /workspace/builds/worker-5-tc2/source
[INFO] validating manifest of crates.io crate railway-api 0.1.0 on toolchain nightly-2024-10-28
[INFO] running `Command { std: CARGO_HOME="/workspace/cargo-home" RUSTUP_HOME="/workspace/rustup-home" "/workspace/cargo-home/bin/cargo" "+nightly-2024-10-28" "metadata" "--manifest-path" "Cargo.toml" "--no-deps", kill_on_drop: false }`
[INFO] started tweaking crates.io crate railway-api 0.1.0
[INFO] finished tweaking crates.io crate railway-api 0.1.0
[INFO] tweaked toml for crates.io crate railway-api 0.1.0 written to /workspace/builds/worker-5-tc2/source/Cargo.toml
[INFO] running `Command { std: CARGO_HOME="/workspace/cargo-home" RUSTUP_HOME="/workspace/rustup-home" "/workspace/cargo-home/bin/cargo" "+nightly-2024-10-28" "generate-lockfile" "--manifest-path" "Cargo.toml", kill_on_drop: false }`
[INFO] [stderr]     Updating crates.io index
[INFO] [stderr]      Locking 86 packages to latest compatible versions
[INFO] [stderr]       Adding chrono-tz v0.8.6 (available: v0.10.0)
[INFO] running `Command { std: CARGO_HOME="/workspace/cargo-home" RUSTUP_HOME="/workspace/rustup-home" "/workspace/cargo-home/bin/cargo" "+nightly-2024-10-28" "fetch" "--manifest-path" "Cargo.toml", kill_on_drop: false }`
[INFO] running `Command { std: "docker" "create" "-v" "/var/lib/crater-agent-workspace/builds/worker-5-tc2/target:/opt/rustwide/target:rw,Z" "-v" "/var/lib/crater-agent-workspace/builds/worker-5-tc2/source:/opt/rustwide/workdir:ro,Z" "-v" "/var/lib/crater-agent-workspace/cargo-home:/opt/rustwide/cargo-home:ro,Z" "-v" "/var/lib/crater-agent-workspace/rustup-home:/opt/rustwide/rustup-home:ro,Z" "-e" "SOURCE_DIR=/opt/rustwide/workdir" "-e" "CARGO_TARGET_DIR=/opt/rustwide/target" "-e" "CARGO_HOME=/opt/rustwide/cargo-home" "-e" "RUSTUP_HOME=/opt/rustwide/rustup-home" "-w" "/opt/rustwide/workdir" "-m" "1610612736" "--user" "0:0" "--network" "none" "ghcr.io/rust-lang/crates-build-env/linux@sha256:4a844ea9eb2546a2d2c7022eacef16ef2e8229c7fbb2c7d4d55a9ceca922f72d" "/opt/rustwide/cargo-home/bin/cargo" "+nightly-2024-10-28" "metadata" "--no-deps" "--format-version=1", kill_on_drop: false }`
[INFO] [stdout] df239560487960d8ae51f1f5cb9a09241d47a277e00d1a04e6d27aa075e73cb2
[INFO] running `Command { std: "docker" "start" "-a" "df239560487960d8ae51f1f5cb9a09241d47a277e00d1a04e6d27aa075e73cb2", kill_on_drop: false }`
[INFO] running `Command { std: "docker" "inspect" "df239560487960d8ae51f1f5cb9a09241d47a277e00d1a04e6d27aa075e73cb2", kill_on_drop: false }`
[INFO] running `Command { std: "docker" "rm" "-f" "df239560487960d8ae51f1f5cb9a09241d47a277e00d1a04e6d27aa075e73cb2", kill_on_drop: false }`
[INFO] [stdout] df239560487960d8ae51f1f5cb9a09241d47a277e00d1a04e6d27aa075e73cb2
[INFO] running `Command { std: "docker" "create" "-v" "/var/lib/crater-agent-workspace/builds/worker-5-tc2/target:/opt/rustwide/target:rw,Z" "-v" "/var/lib/crater-agent-workspace/builds/worker-5-tc2/source:/opt/rustwide/workdir:ro,Z" "-v" "/var/lib/crater-agent-workspace/cargo-home:/opt/rustwide/cargo-home:ro,Z" "-v" "/var/lib/crater-agent-workspace/rustup-home:/opt/rustwide/rustup-home:ro,Z" "-e" "SOURCE_DIR=/opt/rustwide/workdir" "-e" "CARGO_TARGET_DIR=/opt/rustwide/target" "-e" "CARGO_INCREMENTAL=0" "-e" "RUST_BACKTRACE=full" "-e" "RUSTFLAGS=--cap-lints=forbid -Zrandomize-layout" "-e" "RUSTDOCFLAGS=--cap-lints=forbid" "-e" "CARGO_HOME=/opt/rustwide/cargo-home" "-e" "RUSTUP_HOME=/opt/rustwide/rustup-home" "-w" "/opt/rustwide/workdir" "-m" "1610612736" "--user" "0:0" "--network" "none" "ghcr.io/rust-lang/crates-build-env/linux@sha256:4a844ea9eb2546a2d2c7022eacef16ef2e8229c7fbb2c7d4d55a9ceca922f72d" "/opt/rustwide/cargo-home/bin/cargo" "+nightly-2024-10-28" "build" "--frozen" "--message-format=json", kill_on_drop: false }`
[INFO] [stdout] f246532fd749bd400cf1adf6f35fd6b4447a2a77594b468a2419e74f347dd825
[INFO] running `Command { std: "docker" "start" "-a" "f246532fd749bd400cf1adf6f35fd6b4447a2a77594b468a2419e74f347dd825", kill_on_drop: false }`
[INFO] [stderr]    Compiling siphasher v0.3.11
[INFO] [stderr]    Compiling regex-syntax v0.8.5
[INFO] [stderr]    Compiling rand_core v0.6.4
[INFO] [stderr]    Compiling typenum v1.17.0
[INFO] [stderr]    Compiling iana-time-zone v0.1.61
[INFO] [stderr]    Compiling syn v2.0.86
[INFO] [stderr]    Compiling generic-array v0.14.7
[INFO] [stderr]    Compiling unicode-segmentation v1.12.0
[INFO] [stderr]    Compiling hex v0.4.3
[INFO] [stderr]    Compiling rand v0.8.5
[INFO] [stderr]    Compiling phf_shared v0.11.2
[INFO] [stderr]    Compiling phf v0.11.2
[INFO] [stderr]    Compiling convert_case v0.6.0
[INFO] [stderr]    Compiling phf_generator v0.11.2
[INFO] [stderr]    Compiling phf_codegen v0.11.2
[INFO] [stderr]    Compiling regex-automata v0.4.8
[INFO] [stderr]    Compiling block-buffer v0.10.4
[INFO] [stderr]    Compiling crypto-common v0.1.6
[INFO] [stderr]    Compiling digest v0.10.7
[INFO] [stderr]    Compiling md-5 v0.10.6
[INFO] [stderr]    Compiling regex v1.11.1
[INFO] [stderr]    Compiling serde_derive v1.0.214
[INFO] [stderr]    Compiling async-trait v0.1.83
[INFO] [stderr]    Compiling thiserror-impl v1.0.66
[INFO] [stderr]    Compiling railway-api-derive v0.1.0
[INFO] [stderr]    Compiling parse-zoneinfo v0.3.1
[INFO] [stderr]    Compiling chrono-tz-build v0.2.1
[INFO] [stderr]    Compiling chrono-tz v0.8.6
[INFO] [stderr]    Compiling thiserror v1.0.66
[INFO] [stderr]    Compiling serde v1.0.214
[INFO] [stderr]    Compiling chrono v0.4.38
[INFO] [stderr]    Compiling serde_json v1.0.132
[INFO] [stderr]    Compiling railway-core v0.1.0
[INFO] [stderr]    Compiling railway-provider-motis v0.1.0
[INFO] [stderr]    Compiling railway-provider-search-ch v0.1.0
[INFO] [stderr]    Compiling railway-provider-hafas v0.1.1
[INFO] [stderr]    Compiling railway-api v0.1.0 (/opt/rustwide/workdir)
[INFO] [stderr]     Finished `dev` profile [unoptimized + debuginfo] target(s) in 12.35s
[INFO] running `Command { std: "docker" "inspect" "f246532fd749bd400cf1adf6f35fd6b4447a2a77594b468a2419e74f347dd825", kill_on_drop: false }`
[INFO] running `Command { std: "docker" "rm" "-f" "f246532fd749bd400cf1adf6f35fd6b4447a2a77594b468a2419e74f347dd825", kill_on_drop: false }`
[INFO] [stdout] f246532fd749bd400cf1adf6f35fd6b4447a2a77594b468a2419e74f347dd825
[INFO] running `Command { std: "docker" "create" "-v" "/var/lib/crater-agent-workspace/builds/worker-5-tc2/target:/opt/rustwide/target:rw,Z" "-v" "/var/lib/crater-agent-workspace/builds/worker-5-tc2/source:/opt/rustwide/workdir:ro,Z" "-v" "/var/lib/crater-agent-workspace/cargo-home:/opt/rustwide/cargo-home:ro,Z" "-v" "/var/lib/crater-agent-workspace/rustup-home:/opt/rustwide/rustup-home:ro,Z" "-e" "SOURCE_DIR=/opt/rustwide/workdir" "-e" "CARGO_TARGET_DIR=/opt/rustwide/target" "-e" "CARGO_INCREMENTAL=0" "-e" "RUST_BACKTRACE=full" "-e" "RUSTFLAGS=--cap-lints=forbid -Zrandomize-layout" "-e" "RUSTDOCFLAGS=--cap-lints=forbid" "-e" "CARGO_HOME=/opt/rustwide/cargo-home" "-e" "RUSTUP_HOME=/opt/rustwide/rustup-home" "-w" "/opt/rustwide/workdir" "-m" "1610612736" "--user" "0:0" "--network" "none" "ghcr.io/rust-lang/crates-build-env/linux@sha256:4a844ea9eb2546a2d2c7022eacef16ef2e8229c7fbb2c7d4d55a9ceca922f72d" "/opt/rustwide/cargo-home/bin/cargo" "+nightly-2024-10-28" "test" "--frozen" "--no-run" "--message-format=json", kill_on_drop: false }`
[INFO] [stdout] 0beae2de4c764bd2bb8570a4ff38357613312962a1e5f95cdaa2b8795ee6b41e
[INFO] running `Command { std: "docker" "start" "-a" "0beae2de4c764bd2bb8570a4ff38357613312962a1e5f95cdaa2b8795ee6b41e", kill_on_drop: false }`
[INFO] [stderr]    Compiling railway-api v0.1.0 (/opt/rustwide/workdir)
[INFO] [stdout] error: couldn't read `src/../../README.md`: No such file or directory (os error 2)
[INFO] [stdout]    --> src/lib.rs:201:22
[INFO] [stdout]     |
[INFO] [stdout] 201 |         let readme = include_str!("../../README.md").lines();
[INFO] [stdout]     |                      ^^^^^^^^^^^^^^^^^^^^^^^^^^^^^^^
[INFO] [stdout]     |
[INFO] [stdout]     = note: this error originates in the macro `include_str` (in Nightly builds, run with -Z macro-backtrace for more info)
[INFO] [stdout] help: there is a file with the same name in a different directory
[INFO] [stdout]     |
[INFO] [stdout] 201 |         let readme = include_str!("../README.md").lines();
[INFO] [stdout]     |                                   ~~~~~~~~~~~~~~
[INFO] [stdout] 
[INFO] [stdout] 
[INFO] [stdout] error[E0433]: failed to resolve: could not find `HyperRustlsRequesterBuilder` in `rcore`
[INFO] [stdout]    --> src/lib.rs:175:20
[INFO] [stdout]     |
[INFO] [stdout] 175 |             rcore::HyperRustlsRequesterBuilder::default(),
[INFO] [stdout]     |                    ^^^^^^^^^^^^^^^^^^^^^^^^^^^ could not find `HyperRustlsRequesterBuilder` in `rcore`
[INFO] [stdout] 
[INFO] [stdout] 
[INFO] [stdout] error[E0433]: failed to resolve: could not find `HyperRustlsRequesterBuilder` in `rcore`
[INFO] [stdout]    --> src/lib.rs:186:20
[INFO] [stdout]     |
[INFO] [stdout] 186 |             rcore::HyperRustlsRequesterBuilder::default(),
[INFO] [stdout]     |                    ^^^^^^^^^^^^^^^^^^^^^^^^^^^ could not find `HyperRustlsRequesterBuilder` in `rcore`
[INFO] [stdout] 
[INFO] [stdout] 
[INFO] [stdout] error[E0412]: cannot find type `HyperRustlsRequester` in crate `rcore`
[INFO] [stdout]    --> src/lib.rs:189:57
[INFO] [stdout]     |
[INFO] [stdout] 189 |             Box::new(client) as Box<dyn Provider<rcore::HyperRustlsRequester, Error = BoxedError>>;
[INFO] [stdout]     |                                                         ^^^^^^^^^^^^^^^^^^^^ not found in `rcore`
[INFO] [stdout] 
[INFO] [stdout] 
[INFO] [stdout] Some errors have detailed explanations: E0412, E0433.
[INFO] [stdout] 
[INFO] [stdout] For more information about an error, try `rustc --explain E0412`.
[INFO] [stdout] 
[INFO] [stderr] error: could not compile `railway-api` (lib test) due to 4 previous errors
[INFO] running `Command { std: "docker" "inspect" "0beae2de4c764bd2bb8570a4ff38357613312962a1e5f95cdaa2b8795ee6b41e", kill_on_drop: false }`
[INFO] running `Command { std: "docker" "rm" "-f" "0beae2de4c764bd2bb8570a4ff38357613312962a1e5f95cdaa2b8795ee6b41e", kill_on_drop: false }`
[INFO] [stdout] 0beae2de4c764bd2bb8570a4ff38357613312962a1e5f95cdaa2b8795ee6b41e
