[INFO] fetching crate ragout 0.31.32...
[INFO] testing ragout-0.31.32 against nightly-2024-10-28 for randomize-layout
[INFO] extracting crate ragout 0.31.32 into /workspace/builds/worker-6-tc1/source
[INFO] validating manifest of crates.io crate ragout 0.31.32 on toolchain nightly-2024-10-28
[INFO] running `Command { std: CARGO_HOME="/workspace/cargo-home" RUSTUP_HOME="/workspace/rustup-home" "/workspace/cargo-home/bin/cargo" "+nightly-2024-10-28" "metadata" "--manifest-path" "Cargo.toml" "--no-deps", kill_on_drop: false }`
[INFO] started tweaking crates.io crate ragout 0.31.32
[INFO] removed 0 missing examples
[INFO] finished tweaking crates.io crate ragout 0.31.32
[INFO] tweaked toml for crates.io crate ragout 0.31.32 written to /workspace/builds/worker-6-tc1/source/Cargo.toml
[INFO] crate crates.io crate ragout 0.31.32 already has a lockfile, it will not be regenerated
[INFO] running `Command { std: CARGO_HOME="/workspace/cargo-home" RUSTUP_HOME="/workspace/rustup-home" "/workspace/cargo-home/bin/cargo" "+nightly-2024-10-28" "fetch" "--manifest-path" "Cargo.toml", kill_on_drop: false }`
[INFO] [stderr]     Updating crates.io index
[INFO] [stderr]  Downloading crates ...
[INFO] [stderr]   Downloaded ragout_assistant v0.1.0
[INFO] [stderr]   Downloaded ragout_custom_events_macro v0.1.0
[INFO] running `Command { std: "docker" "create" "-v" "/var/lib/crater-agent-workspace/builds/worker-6-tc1/target:/opt/rustwide/target:rw,Z" "-v" "/var/lib/crater-agent-workspace/builds/worker-6-tc1/source:/opt/rustwide/workdir:ro,Z" "-v" "/var/lib/crater-agent-workspace/cargo-home:/opt/rustwide/cargo-home:ro,Z" "-v" "/var/lib/crater-agent-workspace/rustup-home:/opt/rustwide/rustup-home:ro,Z" "-e" "SOURCE_DIR=/opt/rustwide/workdir" "-e" "CARGO_TARGET_DIR=/opt/rustwide/target" "-e" "CARGO_HOME=/opt/rustwide/cargo-home" "-e" "RUSTUP_HOME=/opt/rustwide/rustup-home" "-w" "/opt/rustwide/workdir" "-m" "1610612736" "--user" "0:0" "--network" "none" "ghcr.io/rust-lang/crates-build-env/linux@sha256:4a844ea9eb2546a2d2c7022eacef16ef2e8229c7fbb2c7d4d55a9ceca922f72d" "/opt/rustwide/cargo-home/bin/cargo" "+nightly-2024-10-28" "metadata" "--no-deps" "--format-version=1", kill_on_drop: false }`
[INFO] [stdout] b47af71667ec4e82b4f7edaa2d95261fb10e410031676c958049c6142814f5e7
[INFO] running `Command { std: "docker" "start" "-a" "b47af71667ec4e82b4f7edaa2d95261fb10e410031676c958049c6142814f5e7", kill_on_drop: false }`
[INFO] running `Command { std: "docker" "inspect" "b47af71667ec4e82b4f7edaa2d95261fb10e410031676c958049c6142814f5e7", kill_on_drop: false }`
[INFO] running `Command { std: "docker" "rm" "-f" "b47af71667ec4e82b4f7edaa2d95261fb10e410031676c958049c6142814f5e7", kill_on_drop: false }`
[INFO] [stdout] b47af71667ec4e82b4f7edaa2d95261fb10e410031676c958049c6142814f5e7
[INFO] running `Command { std: "docker" "create" "-v" "/var/lib/crater-agent-workspace/builds/worker-6-tc1/target:/opt/rustwide/target:rw,Z" "-v" "/var/lib/crater-agent-workspace/builds/worker-6-tc1/source:/opt/rustwide/workdir:ro,Z" "-v" "/var/lib/crater-agent-workspace/cargo-home:/opt/rustwide/cargo-home:ro,Z" "-v" "/var/lib/crater-agent-workspace/rustup-home:/opt/rustwide/rustup-home:ro,Z" "-e" "SOURCE_DIR=/opt/rustwide/workdir" "-e" "CARGO_TARGET_DIR=/opt/rustwide/target" "-e" "CARGO_INCREMENTAL=0" "-e" "RUST_BACKTRACE=full" "-e" "RUSTFLAGS=--cap-lints=forbid" "-e" "RUSTDOCFLAGS=--cap-lints=forbid" "-e" "CARGO_HOME=/opt/rustwide/cargo-home" "-e" "RUSTUP_HOME=/opt/rustwide/rustup-home" "-w" "/opt/rustwide/workdir" "-m" "1610612736" "--user" "0:0" "--network" "none" "ghcr.io/rust-lang/crates-build-env/linux@sha256:4a844ea9eb2546a2d2c7022eacef16ef2e8229c7fbb2c7d4d55a9ceca922f72d" "/opt/rustwide/cargo-home/bin/cargo" "+nightly-2024-10-28" "build" "--frozen" "--message-format=json", kill_on_drop: false }`
[INFO] [stdout] 0c0a92662164e78951ac970b0d375dc987d22f0574c1a12f0813865c18c9271d
[INFO] running `Command { std: "docker" "start" "-a" "0c0a92662164e78951ac970b0d375dc987d22f0574c1a12f0813865c18c9271d", kill_on_drop: false }`
[INFO] [stderr]    Compiling libc v0.2.155
[INFO] [stderr]    Compiling autocfg v1.3.0
[INFO] [stderr]    Compiling signal-hook v0.3.17
[INFO] [stderr]    Compiling bitflags v2.6.0
[INFO] [stderr]    Compiling rustix v0.38.34
[INFO] [stderr]    Compiling linux-raw-sys v0.4.14
[INFO] [stderr]    Compiling lock_api v0.4.12
[INFO] [stderr]    Compiling signal-hook-registry v1.4.2
[INFO] [stderr]    Compiling mio v0.8.11
[INFO] [stderr]    Compiling parking_lot_core v0.9.10
[INFO] [stderr]    Compiling mio v1.0.2
[INFO] [stderr]    Compiling parking_lot v0.12.3
[INFO] [stderr]    Compiling signal-hook-mio v0.2.4
[INFO] [stderr]    Compiling crossterm v0.28.1
[INFO] [stderr]    Compiling crossterm v0.27.0
[INFO] [stderr]    Compiling ragout_assistant v0.1.0
[INFO] [stderr]    Compiling ragout v0.31.32 (/opt/rustwide/workdir)
[INFO] [stderr]     Finished `dev` profile [unoptimized + debuginfo] target(s) in 2.48s
[INFO] running `Command { std: "docker" "inspect" "0c0a92662164e78951ac970b0d375dc987d22f0574c1a12f0813865c18c9271d", kill_on_drop: false }`
[INFO] running `Command { std: "docker" "rm" "-f" "0c0a92662164e78951ac970b0d375dc987d22f0574c1a12f0813865c18c9271d", kill_on_drop: false }`
[INFO] [stdout] 0c0a92662164e78951ac970b0d375dc987d22f0574c1a12f0813865c18c9271d
[INFO] running `Command { std: "docker" "create" "-v" "/var/lib/crater-agent-workspace/builds/worker-6-tc1/target:/opt/rustwide/target:rw,Z" "-v" "/var/lib/crater-agent-workspace/builds/worker-6-tc1/source:/opt/rustwide/workdir:ro,Z" "-v" "/var/lib/crater-agent-workspace/cargo-home:/opt/rustwide/cargo-home:ro,Z" "-v" "/var/lib/crater-agent-workspace/rustup-home:/opt/rustwide/rustup-home:ro,Z" "-e" "SOURCE_DIR=/opt/rustwide/workdir" "-e" "CARGO_TARGET_DIR=/opt/rustwide/target" "-e" "CARGO_INCREMENTAL=0" "-e" "RUST_BACKTRACE=full" "-e" "RUSTFLAGS=--cap-lints=forbid" "-e" "RUSTDOCFLAGS=--cap-lints=forbid" "-e" "CARGO_HOME=/opt/rustwide/cargo-home" "-e" "RUSTUP_HOME=/opt/rustwide/rustup-home" "-w" "/opt/rustwide/workdir" "-m" "1610612736" "--user" "0:0" "--network" "none" "ghcr.io/rust-lang/crates-build-env/linux@sha256:4a844ea9eb2546a2d2c7022eacef16ef2e8229c7fbb2c7d4d55a9ceca922f72d" "/opt/rustwide/cargo-home/bin/cargo" "+nightly-2024-10-28" "test" "--frozen" "--no-run" "--message-format=json", kill_on_drop: false }`
[INFO] [stdout] 641acd620ce8475396a6add5882faa2fc9250cd35368b03008fca0b5030ca6dc
[INFO] running `Command { std: "docker" "start" "-a" "641acd620ce8475396a6add5882faa2fc9250cd35368b03008fca0b5030ca6dc", kill_on_drop: false }`
[INFO] [stderr]    Compiling ragout v0.31.32 (/opt/rustwide/workdir)
[INFO] [stdout] warning: unused label
[INFO] [stdout]   --> examples/basic.rs:11:5
[INFO] [stdout]    |
[INFO] [stdout] 11 |     'main: loop {
[INFO] [stdout]    |     ^^^^^
[INFO] [stdout]    |
[INFO] [stdout]    = note: `#[warn(unused_labels)]` on by default
[INFO] [stdout] 
[INFO] [stdout] 
[INFO] [stdout] error[E0432]: unresolved import `ragout::ragout_custom_events`
[INFO] [stdout]  --> examples/macro.rs:4:5
[INFO] [stdout]   |
[INFO] [stdout] 4 | use ragout::ragout_custom_events;
[INFO] [stdout]   |     ^^^^^^^^^^^^^^^^^^^^^^^^^^^^ no `ragout_custom_events` in the root
[INFO] [stdout]   |
[INFO] [stdout] note: found an item that was configured out
[INFO] [stdout]  --> /opt/rustwide/workdir/src/lib.rs:5:37
[INFO] [stdout]   |
[INFO] [stdout] 5 | pub use ragout_custom_events_macro::ragout_custom_events;
[INFO] [stdout]   |                                     ^^^^^^^^^^^^^^^^^^^^
[INFO] [stdout] note: the item is gated behind the `custom_events` feature
[INFO] [stdout]  --> /opt/rustwide/workdir/src/lib.rs:4:7
[INFO] [stdout]   |
[INFO] [stdout] 4 | #[cfg(feature = "custom_events")]
[INFO] [stdout]   |       ^^^^^^^^^^^^^^^^^^^^^^^^^
[INFO] [stdout] 
[INFO] [stdout] 
[INFO] [stdout] error[E0425]: cannot find function `init` in this scope
[INFO] [stdout]   --> examples/macro.rs:52:43
[INFO] [stdout]    |
[INFO] [stdout] 52 |     let (mut sol, mut i, mut h, mut ui) = init("some prompt 🐭 ", true);
[INFO] [stdout]    |                                           ^^^^ not found in this scope
[INFO] [stdout]    |
[INFO] [stdout] help: consider importing one of these functions
[INFO] [stdout]    |
[INFO] [stdout] 4  + use ragout::init;
[INFO] [stdout]    |
[INFO] [stdout] 4  + use ragout_assistant::init;
[INFO] [stdout]    |
[INFO] [stdout] 
[INFO] [stdout] 
[INFO] [stdout] error[E0425]: cannot find function `run` in this scope
[INFO] [stdout]   --> examples/macro.rs:55:21
[INFO] [stdout]    |
[INFO] [stdout] 55 |         let input = run(&mut i, &mut h, &mut sol, &mut ui);
[INFO] [stdout]    |                     ^^^ not found in this scope
[INFO] [stdout]    |
[INFO] [stdout] help: consider importing this function
[INFO] [stdout]    |
[INFO] [stdout] 4  + use ragout::run;
[INFO] [stdout]    |
[INFO] [stdout] 
[INFO] [stdout] 
[INFO] [stdout] warning: unused label
[INFO] [stdout]   --> examples/macro.rs:54:5
[INFO] [stdout]    |
[INFO] [stdout] 54 |     'main: loop {
[INFO] [stdout]    |     ^^^^^
[INFO] [stdout]    |
[INFO] [stdout]    = note: `#[warn(unused_labels)]` on by default
[INFO] [stdout] 
[INFO] [stdout] 
[INFO] [stdout] Some errors have detailed explanations: E0425, E0432.
[INFO] [stdout] 
[INFO] [stdout] For more information about an error, try `rustc --explain E0425`.
[INFO] [stdout] 
[INFO] [stderr] error: could not compile `ragout` (example "macro") due to 3 previous errors; 1 warning emitted
[INFO] [stderr] warning: build failed, waiting for other jobs to finish...
[INFO] running `Command { std: "docker" "inspect" "641acd620ce8475396a6add5882faa2fc9250cd35368b03008fca0b5030ca6dc", kill_on_drop: false }`
[INFO] running `Command { std: "docker" "rm" "-f" "641acd620ce8475396a6add5882faa2fc9250cd35368b03008fca0b5030ca6dc", kill_on_drop: false }`
[INFO] [stdout] 641acd620ce8475396a6add5882faa2fc9250cd35368b03008fca0b5030ca6dc
