[INFO] fetching crate ragit-api 0.1.0...
[INFO] testing ragit-api-0.1.0 against nightly-2024-10-28 for randomize-layout
[INFO] extracting crate ragit-api 0.1.0 into /workspace/builds/worker-0-tc1/source
[INFO] validating manifest of crates.io crate ragit-api 0.1.0 on toolchain nightly-2024-10-28
[INFO] running `Command { std: CARGO_HOME="/workspace/cargo-home" RUSTUP_HOME="/workspace/rustup-home" "/workspace/cargo-home/bin/cargo" "+nightly-2024-10-28" "metadata" "--manifest-path" "Cargo.toml" "--no-deps", kill_on_drop: false }`
[INFO] started tweaking crates.io crate ragit-api 0.1.0
[INFO] finished tweaking crates.io crate ragit-api 0.1.0
[INFO] tweaked toml for crates.io crate ragit-api 0.1.0 written to /workspace/builds/worker-0-tc1/source/Cargo.toml
[INFO] crate crates.io crate ragit-api 0.1.0 already has a lockfile, it will not be regenerated
[INFO] running `Command { std: CARGO_HOME="/workspace/cargo-home" RUSTUP_HOME="/workspace/rustup-home" "/workspace/cargo-home/bin/cargo" "+nightly-2024-10-28" "fetch" "--manifest-path" "Cargo.toml", kill_on_drop: false }`
[INFO] [stderr]     Updating crates.io index
[INFO] [stderr]  Downloading crates ...
[INFO] [stderr]   Downloaded h_time v0.1.0
[INFO] [stderr]   Downloaded ragit-fs v0.1.0
[INFO] running `Command { std: "docker" "create" "-v" "/var/lib/crater-agent-workspace/builds/worker-0-tc1/target:/opt/rustwide/target:rw,Z" "-v" "/var/lib/crater-agent-workspace/builds/worker-0-tc1/source:/opt/rustwide/workdir:ro,Z" "-v" "/var/lib/crater-agent-workspace/cargo-home:/opt/rustwide/cargo-home:ro,Z" "-v" "/var/lib/crater-agent-workspace/rustup-home:/opt/rustwide/rustup-home:ro,Z" "-e" "SOURCE_DIR=/opt/rustwide/workdir" "-e" "CARGO_TARGET_DIR=/opt/rustwide/target" "-e" "CARGO_HOME=/opt/rustwide/cargo-home" "-e" "RUSTUP_HOME=/opt/rustwide/rustup-home" "-w" "/opt/rustwide/workdir" "-m" "1610612736" "--user" "0:0" "--network" "none" "ghcr.io/rust-lang/crates-build-env/linux@sha256:4a844ea9eb2546a2d2c7022eacef16ef2e8229c7fbb2c7d4d55a9ceca922f72d" "/opt/rustwide/cargo-home/bin/cargo" "+nightly-2024-10-28" "metadata" "--no-deps" "--format-version=1", kill_on_drop: false }`
[INFO] [stdout] 8ccdbb60f1b4f570e5f20328710e9d8f28d693d532944f9c49e7921187ef866c
[INFO] running `Command { std: "docker" "start" "-a" "8ccdbb60f1b4f570e5f20328710e9d8f28d693d532944f9c49e7921187ef866c", kill_on_drop: false }`
[INFO] running `Command { std: "docker" "inspect" "8ccdbb60f1b4f570e5f20328710e9d8f28d693d532944f9c49e7921187ef866c", kill_on_drop: false }`
[INFO] running `Command { std: "docker" "rm" "-f" "8ccdbb60f1b4f570e5f20328710e9d8f28d693d532944f9c49e7921187ef866c", kill_on_drop: false }`
[INFO] [stdout] 8ccdbb60f1b4f570e5f20328710e9d8f28d693d532944f9c49e7921187ef866c
[INFO] running `Command { std: "docker" "create" "-v" "/var/lib/crater-agent-workspace/builds/worker-0-tc1/target:/opt/rustwide/target:rw,Z" "-v" "/var/lib/crater-agent-workspace/builds/worker-0-tc1/source:/opt/rustwide/workdir:ro,Z" "-v" "/var/lib/crater-agent-workspace/cargo-home:/opt/rustwide/cargo-home:ro,Z" "-v" "/var/lib/crater-agent-workspace/rustup-home:/opt/rustwide/rustup-home:ro,Z" "-e" "SOURCE_DIR=/opt/rustwide/workdir" "-e" "CARGO_TARGET_DIR=/opt/rustwide/target" "-e" "CARGO_INCREMENTAL=0" "-e" "RUST_BACKTRACE=full" "-e" "RUSTFLAGS=--cap-lints=forbid" "-e" "RUSTDOCFLAGS=--cap-lints=forbid" "-e" "CARGO_HOME=/opt/rustwide/cargo-home" "-e" "RUSTUP_HOME=/opt/rustwide/rustup-home" "-w" "/opt/rustwide/workdir" "-m" "1610612736" "--user" "0:0" "--network" "none" "ghcr.io/rust-lang/crates-build-env/linux@sha256:4a844ea9eb2546a2d2c7022eacef16ef2e8229c7fbb2c7d4d55a9ceca922f72d" "/opt/rustwide/cargo-home/bin/cargo" "+nightly-2024-10-28" "build" "--frozen" "--message-format=json", kill_on_drop: false }`
[INFO] [stdout] e9790b2c69ee47f5fe26c17fce5e66c61d3e258606933cdbd6d1b1ef52424f40
[INFO] running `Command { std: "docker" "start" "-a" "e9790b2c69ee47f5fe26c17fce5e66c61d3e258606933cdbd6d1b1ef52424f40", kill_on_drop: false }`
[INFO] [stderr]    Compiling proc-macro2 v1.0.88
[INFO] [stderr]    Compiling pin-project-lite v0.2.14
[INFO] [stderr]    Compiling crossbeam-utils v0.8.20
[INFO] [stderr]    Compiling futures-io v0.3.31
[INFO] [stderr]    Compiling bitflags v2.6.0
[INFO] [stderr]    Compiling siphasher v0.3.11
[INFO] [stderr]    Compiling bytes v1.7.2
[INFO] [stderr]    Compiling value-bag v1.9.0
[INFO] [stderr]    Compiling smallvec v1.13.2
[INFO] [stderr]    Compiling parking v2.2.1
[INFO] [stderr]    Compiling openssl-sys v0.9.104
[INFO] [stderr]    Compiling tracing v0.1.40
[INFO] [stderr]    Compiling atomic-waker v1.1.2
[INFO] [stderr]    Compiling parking_lot_core v0.9.10
[INFO] [stderr]    Compiling log v0.4.22
[INFO] [stderr]    Compiling concurrent-queue v2.5.0
[INFO] [stderr]    Compiling parking_lot v0.12.3
[INFO] [stderr]    Compiling phf_shared v0.11.2
[INFO] [stderr]    Compiling futures-channel v0.3.31
[INFO] [stderr]    Compiling signal-hook-registry v1.4.2
[INFO] [stderr]    Compiling rand_core v0.6.4
[INFO] [stderr]    Compiling regex-syntax v0.8.5
[INFO] [stderr]    Compiling quote v1.0.37
[INFO] [stderr]    Compiling rand v0.8.5
[INFO] [stderr]    Compiling http v1.1.0
[INFO] [stderr]    Compiling event-listener v5.3.1
[INFO] [stderr]    Compiling syn v2.0.81
[INFO] [stderr]    Compiling num-traits v0.2.19
[INFO] [stderr]    Compiling fastrand v2.1.1
[INFO] [stderr]    Compiling thiserror v1.0.64
[INFO] [stderr]    Compiling event-listener-strategy v0.5.2
[INFO] [stderr]    Compiling aho-corasick v1.1.3
[INFO] [stderr]    Compiling regex-automata v0.4.8
[INFO] [stderr]    Compiling phf_generator v0.11.2
[INFO] [stderr]    Compiling rustix v0.38.37
[INFO] [stderr]    Compiling openssl v0.10.68
[INFO] [stderr]    Compiling serde v1.0.210
[INFO] [stderr]    Compiling phf_codegen v0.11.2
[INFO] [stderr]    Compiling futures-lite v2.3.0
[INFO] [stderr]    Compiling http-body v1.0.1
[INFO] [stderr]    Compiling phf v0.11.2
[INFO] [stderr]    Compiling linux-raw-sys v0.4.14
[INFO] [stderr]    Compiling ucd-trie v0.1.7
[INFO] [stderr]    Compiling native-tls v0.2.12
[INFO] [stderr]    Compiling iana-time-zone v0.1.61
[INFO] [stderr]    Compiling regex v1.11.0
[INFO] [stderr]    Compiling chrono v0.4.38
[INFO] [stderr]    Compiling parse-zoneinfo v0.3.1
[INFO] [stderr]    Compiling chrono-tz-build v0.3.0
[INFO] [stderr]    Compiling tinyvec v1.8.0
[INFO] [stderr]    Compiling crossbeam-epoch v0.9.18
[INFO] [stderr]    Compiling bstr v1.10.0
[INFO] [stderr]    Compiling async-task v4.7.1
[INFO] [stderr]    Compiling unic-char-range v0.9.0
[INFO] [stderr]    Compiling libm v0.2.8
[INFO] [stderr]    Compiling same-file v1.0.6
[INFO] [stderr]    Compiling unic-common v0.9.0
[INFO] [stderr]    Compiling unic-char-property v0.9.0
[INFO] [stderr]    Compiling unic-ucd-version v0.9.0
[INFO] [stderr]    Compiling walkdir v2.5.0
[INFO] [stderr]    Compiling anstyle-parse v0.2.5
[INFO] [stderr]    Compiling unicode-normalization v0.1.24
[INFO] [stderr]    Compiling crossbeam-deque v0.8.5
[INFO] [stderr]    Compiling chrono-tz v0.9.0
[INFO] [stderr]    Compiling async-lock v3.4.0
[INFO] [stderr]    Compiling tokio-macros v2.4.0
[INFO] [stderr]    Compiling futures-macro v0.3.31
[INFO] [stderr]    Compiling thiserror-impl v1.0.64
[INFO] [stderr]    Compiling openssl-macros v0.1.1
[INFO] [stderr]    Compiling serde_derive v1.0.210
[INFO] [stderr]    Compiling zerocopy-derive v0.7.35
[INFO] [stderr]    Compiling tokio v1.40.0
[INFO] [stderr]    Compiling futures-util v0.3.31
[INFO] [stderr]    Compiling zerocopy v0.7.35
[INFO] [stderr]    Compiling pest v2.7.14
[INFO] [stderr]    Compiling ppv-lite86 v0.2.20
[INFO] [stderr]    Compiling polling v3.7.3
[INFO] [stderr]    Compiling pest_meta v2.7.14
[INFO] [stderr]    Compiling globset v0.4.15
[INFO] [stderr]    Compiling async-channel v2.3.1
[INFO] [stderr]    Compiling piper v0.2.4
[INFO] [stderr]    Compiling colorchoice v1.0.2
[INFO] [stderr]    Compiling anstyle-query v1.1.1
[INFO] [stderr]    Compiling anstyle v1.0.8
[INFO] [stderr]    Compiling idna v0.5.0
[INFO] [stderr]    Compiling blocking v1.6.1
[INFO] [stderr]    Compiling anstream v0.6.15
[INFO] [stderr]    Compiling http-body-util v0.1.2
[INFO] [stderr]    Compiling ignore v0.4.23
[INFO] [stderr]    Compiling pest_generator v2.7.14
[INFO] [stderr]    Compiling async-io v2.3.4
[INFO] [stderr]    Compiling rand_chacha v0.3.1
[INFO] [stderr]    Compiling unic-ucd-segment v0.9.0
[INFO] [stderr]    Compiling async-executor v1.13.1
[INFO] [stderr]    Compiling heck v0.5.0
[INFO] [stderr]    Compiling event-listener v2.5.3
[INFO] [stderr]    Compiling tokio-util v0.7.12
[INFO] [stderr]    Compiling tokio-native-tls v0.3.1
[INFO] [stderr]    Compiling clap_lex v0.7.2
[INFO] [stderr]    Compiling lazy_static v1.5.0
[INFO] [stderr]    Compiling strsim v0.11.1
[INFO] [stderr]    Compiling rustls-pki-types v1.10.0
[INFO] [stderr]    Compiling h2 v0.4.6
[INFO] [stderr]    Compiling deunicode v1.6.0
[INFO] [stderr]    Compiling slug v0.1.6
[INFO] [stderr]    Compiling rustls-pemfile v2.2.0
[INFO] [stderr]    Compiling clap_builder v4.5.20
[INFO] [stderr]    Compiling humansize v2.1.3
[INFO] [stderr]    Compiling async-channel v1.9.0
[INFO] [stderr]    Compiling clap_derive v4.5.18
[INFO] [stderr]    Compiling async-global-executor v2.4.1
[INFO] [stderr]    Compiling globwalk v0.9.1
[INFO] [stderr]    Compiling pest_derive v2.7.14
[INFO] [stderr]    Compiling unic-segment v0.9.0
[INFO] [stderr]    Compiling serde_json v1.0.132
[INFO] [stderr]    Compiling serde_urlencoded v0.7.1
[INFO] [stderr]    Compiling url v2.5.2
[INFO] [stderr]    Compiling futures-executor v0.3.31
[INFO] [stderr]    Compiling kv-log-macro v1.0.7
[INFO] [stderr]    Compiling encoding_rs v0.8.34
[INFO] [stderr]    Compiling sync_wrapper v1.0.1
[INFO] [stderr]    Compiling base64 v0.22.1
[INFO] [stderr]    Compiling hyper v1.5.0
[INFO] [stderr]    Compiling pathdiff v0.2.2
[INFO] [stderr]    Compiling clap v4.5.20
[INFO] [stderr]    Compiling async-std v1.13.0
[INFO] [stderr]    Compiling ragit-fs v0.1.0
[INFO] [stderr]    Compiling futures v0.3.31
[INFO] [stderr]    Compiling h_time v0.1.0
[INFO] [stderr]    Compiling tera v1.20.0
[INFO] [stderr]    Compiling json v0.12.4
[INFO] [stderr]    Compiling hyper-util v0.1.9
[INFO] [stderr]    Compiling hyper-tls v0.6.0
[INFO] [stderr]    Compiling reqwest v0.12.8
[INFO] [stderr]    Compiling ragit-api v0.1.0 (/opt/rustwide/workdir)
[INFO] [stdout] warning: unused variable: `api_provider`
[INFO] [stdout]   --> src/image/response.rs:93:37
[INFO] [stdout]    |
[INFO] [stdout] 93 |     pub fn from_json(j: &JsonValue, api_provider: ApiProvider) -> Result<Self, Error> {
[INFO] [stdout]    |                                     ^^^^^^^^^^^^ help: if this is intentional, prefix it with an underscore: `_api_provider`
[INFO] [stdout]    |
[INFO] [stdout]    = note: `#[warn(unused_variables)]` on by default
[INFO] [stdout] 
[INFO] [stdout] 
[INFO] [stdout] warning: fields `id`, `model`, `role`, `stop_reason`, and `type` are never read
[INFO] [stdout]   --> src/chat/response/anthropic.rs:7:5
[INFO] [stdout]    |
[INFO] [stdout] 6  | pub struct AnthropicResponse {
[INFO] [stdout]    |            ----------------- fields in this struct
[INFO] [stdout] 7  |     id: String,
[INFO] [stdout]    |     ^^
[INFO] [stdout] 8  |     model: String,
[INFO] [stdout]    |     ^^^^^
[INFO] [stdout] 9  |     content: Vec<AnthropicContent>,
[INFO] [stdout] 10 |     role: String,
[INFO] [stdout]    |     ^^^^
[INFO] [stdout] 11 |     stop_reason: String,
[INFO] [stdout]    |     ^^^^^^^^^^^
[INFO] [stdout] 12 |     r#type: String,
[INFO] [stdout]    |     ^^^^^^
[INFO] [stdout]    |
[INFO] [stdout]    = note: `#[warn(dead_code)]` on by default
[INFO] [stdout] 
[INFO] [stdout] 
[INFO] [stdout] warning: field `type` is never read
[INFO] [stdout]   --> src/chat/response/anthropic.rs:19:5
[INFO] [stdout]    |
[INFO] [stdout] 17 | struct AnthropicContent {
[INFO] [stdout]    |        ---------------- field in this struct
[INFO] [stdout] 18 |     text: String,
[INFO] [stdout] 19 |     r#type: String,
[INFO] [stdout]    |     ^^^^^^
[INFO] [stdout] 
[INFO] [stdout] 
[INFO] [stdout] warning: fields `id` and `finish_reason` are never read
[INFO] [stdout]  --> src/chat/response/cohere.rs:7:5
[INFO] [stdout]   |
[INFO] [stdout] 6 | pub struct CohereResponse {
[INFO] [stdout]   |            -------------- fields in this struct
[INFO] [stdout] 7 |     id: String,
[INFO] [stdout]   |     ^^
[INFO] [stdout] 8 |     finish_reason: String,
[INFO] [stdout]   |     ^^^^^^^^^^^^^
[INFO] [stdout] 
[INFO] [stdout] 
[INFO] [stdout] warning: field `role` is never read
[INFO] [stdout]   --> src/chat/response/cohere.rs:15:5
[INFO] [stdout]    |
[INFO] [stdout] 14 | struct CohereMessage {
[INFO] [stdout]    |        ------------- field in this struct
[INFO] [stdout] 15 |     role: String,
[INFO] [stdout]    |     ^^^^
[INFO] [stdout] 
[INFO] [stdout] 
[INFO] [stdout] warning: field `billed_units` is never read
[INFO] [stdout]   --> src/chat/response/cohere.rs:21:5
[INFO] [stdout]    |
[INFO] [stdout] 20 | struct CohereUsage {
[INFO] [stdout]    |        ----------- field in this struct
[INFO] [stdout] 21 |     billed_units: CohereTokens,
[INFO] [stdout]    |     ^^^^^^^^^^^^
[INFO] [stdout] 
[INFO] [stdout] 
[INFO] [stdout] warning: field `type` is never read
[INFO] [stdout]   --> src/chat/response/cohere.rs:27:5
[INFO] [stdout]    |
[INFO] [stdout] 26 | struct CohereContent {
[INFO] [stdout]    |        ------------- field in this struct
[INFO] [stdout] 27 |     r#type: String,
[INFO] [stdout]    |     ^^^^^^
[INFO] [stdout] 
[INFO] [stdout] 
[INFO] [stdout] warning: fields `id`, `object`, `created`, and `model` are never read
[INFO] [stdout]   --> src/chat/response/openai.rs:7:5
[INFO] [stdout]    |
[INFO] [stdout] 6  | pub struct OpenAiResponse {
[INFO] [stdout]    |            -------------- fields in this struct
[INFO] [stdout] 7  |     id: String,
[INFO] [stdout]    |     ^^
[INFO] [stdout] 8  |     object: String,
[INFO] [stdout]    |     ^^^^^^
[INFO] [stdout] 9  |     created: i64,
[INFO] [stdout]    |     ^^^^^^^
[INFO] [stdout] 10 |     model: String,
[INFO] [stdout]    |     ^^^^^
[INFO] [stdout] 
[INFO] [stdout] 
[INFO] [stdout] warning: fields `index` and `finish_reason` are never read
[INFO] [stdout]   --> src/chat/response/openai.rs:17:5
[INFO] [stdout]    |
[INFO] [stdout] 16 | struct OpenAiChoice {
[INFO] [stdout]    |        ------------ fields in this struct
[INFO] [stdout] 17 |     index: usize,
[INFO] [stdout]    |     ^^^^^
[INFO] [stdout] 18 |     message: OpenAiMessage,
[INFO] [stdout] 19 |     finish_reason: String,
[INFO] [stdout]    |     ^^^^^^^^^^^^^
[INFO] [stdout] 
[INFO] [stdout] 
[INFO] [stdout] warning: fields `prompt_time`, `completion_time`, and `total_time` are never read
[INFO] [stdout]   --> src/chat/response/openai.rs:30:5
[INFO] [stdout]    |
[INFO] [stdout] 23 | struct OpenAiUsage {
[INFO] [stdout]    |        ----------- fields in this struct
[INFO] [stdout] ...
[INFO] [stdout] 30 |     prompt_time: f32,
[INFO] [stdout]    |     ^^^^^^^^^^^
[INFO] [stdout] 31 |     #[serde(skip)]
[INFO] [stdout] 32 |     completion_time: f32,
[INFO] [stdout]    |     ^^^^^^^^^^^^^^^
[INFO] [stdout] 33 |     #[serde(skip)]
[INFO] [stdout] 34 |     total_time: f32,
[INFO] [stdout]    |     ^^^^^^^^^^
[INFO] [stdout] 
[INFO] [stdout] 
[INFO] [stdout] warning: field `role` is never read
[INFO] [stdout]   --> src/chat/response/openai.rs:39:5
[INFO] [stdout]    |
[INFO] [stdout] 38 | struct OpenAiMessage {
[INFO] [stdout]    |        ------------- field in this struct
[INFO] [stdout] 39 |     role: String,
[INFO] [stdout]    |     ^^^^
[INFO] [stdout] 
[INFO] [stdout] 
[INFO] [stderr]     Finished `dev` profile [unoptimized + debuginfo] target(s) in 1m 18s
[INFO] running `Command { std: "docker" "inspect" "e9790b2c69ee47f5fe26c17fce5e66c61d3e258606933cdbd6d1b1ef52424f40", kill_on_drop: false }`
[INFO] running `Command { std: "docker" "rm" "-f" "e9790b2c69ee47f5fe26c17fce5e66c61d3e258606933cdbd6d1b1ef52424f40", kill_on_drop: false }`
[INFO] [stdout] e9790b2c69ee47f5fe26c17fce5e66c61d3e258606933cdbd6d1b1ef52424f40
[INFO] running `Command { std: "docker" "create" "-v" "/var/lib/crater-agent-workspace/builds/worker-0-tc1/target:/opt/rustwide/target:rw,Z" "-v" "/var/lib/crater-agent-workspace/builds/worker-0-tc1/source:/opt/rustwide/workdir:ro,Z" "-v" "/var/lib/crater-agent-workspace/cargo-home:/opt/rustwide/cargo-home:ro,Z" "-v" "/var/lib/crater-agent-workspace/rustup-home:/opt/rustwide/rustup-home:ro,Z" "-e" "SOURCE_DIR=/opt/rustwide/workdir" "-e" "CARGO_TARGET_DIR=/opt/rustwide/target" "-e" "CARGO_INCREMENTAL=0" "-e" "RUST_BACKTRACE=full" "-e" "RUSTFLAGS=--cap-lints=forbid" "-e" "RUSTDOCFLAGS=--cap-lints=forbid" "-e" "CARGO_HOME=/opt/rustwide/cargo-home" "-e" "RUSTUP_HOME=/opt/rustwide/rustup-home" "-w" "/opt/rustwide/workdir" "-m" "1610612736" "--user" "0:0" "--network" "none" "ghcr.io/rust-lang/crates-build-env/linux@sha256:4a844ea9eb2546a2d2c7022eacef16ef2e8229c7fbb2c7d4d55a9ceca922f72d" "/opt/rustwide/cargo-home/bin/cargo" "+nightly-2024-10-28" "test" "--frozen" "--no-run" "--message-format=json", kill_on_drop: false }`
[INFO] [stdout] 4891348b2bab90ff29085d513a3625328778b96e1f36f739afbfc877971d4804
[INFO] running `Command { std: "docker" "start" "-a" "4891348b2bab90ff29085d513a3625328778b96e1f36f739afbfc877971d4804", kill_on_drop: false }`
[INFO] [stdout] warning: unused variable: `api_provider`
[INFO] [stdout]   --> src/image/response.rs:93:37
[INFO] [stdout]    |
[INFO] [stdout] 93 |     pub fn from_json(j: &JsonValue, api_provider: ApiProvider) -> Result<Self, Error> {
[INFO] [stdout]    |                                     ^^^^^^^^^^^^ help: if this is intentional, prefix it with an underscore: `_api_provider`
[INFO] [stdout]    |
[INFO] [stdout]    = note: `#[warn(unused_variables)]` on by default
[INFO] [stdout] 
[INFO] [stdout] 
[INFO] [stdout] warning: fields `id`, `model`, `role`, `stop_reason`, and `type` are never read
[INFO] [stdout]   --> src/chat/response/anthropic.rs:7:5
[INFO] [stdout]    |
[INFO] [stdout] 6  | pub struct AnthropicResponse {
[INFO] [stdout]    |            ----------------- fields in this struct
[INFO] [stdout] 7  |     id: String,
[INFO] [stdout]    |     ^^
[INFO] [stdout] 8  |     model: String,
[INFO] [stdout]    |     ^^^^^
[INFO] [stdout] 9  |     content: Vec<AnthropicContent>,
[INFO] [stdout] 10 |     role: String,
[INFO] [stdout]    |     ^^^^
[INFO] [stdout] 11 |     stop_reason: String,
[INFO] [stdout]    |     ^^^^^^^^^^^
[INFO] [stdout] 12 |     r#type: String,
[INFO] [stdout]    |     ^^^^^^
[INFO] [stdout]    |
[INFO] [stdout]    = note: `#[warn(dead_code)]` on by default
[INFO] [stdout] 
[INFO] [stdout] 
[INFO] [stdout] warning: field `type` is never read
[INFO] [stdout]   --> src/chat/response/anthropic.rs:19:5
[INFO] [stdout]    |
[INFO] [stdout] 17 | struct AnthropicContent {
[INFO] [stdout]    |        ---------------- field in this struct
[INFO] [stdout] 18 |     text: String,
[INFO] [stdout] 19 |     r#type: String,
[INFO] [stdout]    |     ^^^^^^
[INFO] [stdout] 
[INFO] [stdout] 
[INFO] [stdout] warning: fields `id` and `finish_reason` are never read
[INFO] [stdout]  --> src/chat/response/cohere.rs:7:5
[INFO] [stdout]   |
[INFO] [stdout] 6 | pub struct CohereResponse {
[INFO] [stdout]   |            -------------- fields in this struct
[INFO] [stdout] 7 |     id: String,
[INFO] [stdout]   |     ^^
[INFO] [stdout] 8 |     finish_reason: String,
[INFO] [stdout]   |     ^^^^^^^^^^^^^
[INFO] [stdout] 
[INFO] [stdout] 
[INFO] [stdout] warning: field `role` is never read
[INFO] [stdout]   --> src/chat/response/cohere.rs:15:5
[INFO] [stdout]    |
[INFO] [stdout] 14 | struct CohereMessage {
[INFO] [stdout]    |        ------------- field in this struct
[INFO] [stdout] 15 |     role: String,
[INFO] [stdout]    |     ^^^^
[INFO] [stdout] 
[INFO] [stdout] 
[INFO] [stdout] warning: field `billed_units` is never read
[INFO] [stdout]   --> src/chat/response/cohere.rs:21:5
[INFO] [stdout]    |
[INFO] [stdout] 20 | struct CohereUsage {
[INFO] [stdout]    |        ----------- field in this struct
[INFO] [stdout] 21 |     billed_units: CohereTokens,
[INFO] [stdout]    |     ^^^^^^^^^^^^
[INFO] [stdout] 
[INFO] [stdout] 
[INFO] [stdout] warning: field `type` is never read
[INFO] [stdout]   --> src/chat/response/cohere.rs:27:5
[INFO] [stdout]    |
[INFO] [stdout] 26 | struct CohereContent {
[INFO] [stdout]    |        ------------- field in this struct
[INFO] [stdout] 27 |     r#type: String,
[INFO] [stdout]    |     ^^^^^^
[INFO] [stdout] 
[INFO] [stdout] 
[INFO] [stdout] warning: fields `id`, `object`, `created`, and `model` are never read
[INFO] [stdout]   --> src/chat/response/openai.rs:7:5
[INFO] [stdout]    |
[INFO] [stdout] 6  | pub struct OpenAiResponse {
[INFO] [stdout]    |            -------------- fields in this struct
[INFO] [stdout] 7  |     id: String,
[INFO] [stdout]    |     ^^
[INFO] [stdout] 8  |     object: String,
[INFO] [stdout]    |     ^^^^^^
[INFO] [stdout] 9  |     created: i64,
[INFO] [stdout]    |     ^^^^^^^
[INFO] [stdout] 10 |     model: String,
[INFO] [stdout]    |     ^^^^^
[INFO] [stdout] 
[INFO] [stdout] 
[INFO] [stdout] warning: fields `index` and `finish_reason` are never read
[INFO] [stdout]   --> src/chat/response/openai.rs:17:5
[INFO] [stdout]    |
[INFO] [stdout] 16 | struct OpenAiChoice {
[INFO] [stdout]    |        ------------ fields in this struct
[INFO] [stdout] 17 |     index: usize,
[INFO] [stdout]    |     ^^^^^
[INFO] [stdout] 18 |     message: OpenAiMessage,
[INFO] [stdout] 19 |     finish_reason: String,
[INFO] [stdout]    |     ^^^^^^^^^^^^^
[INFO] [stdout] 
[INFO] [stdout] 
[INFO] [stdout] warning: fields `prompt_time`, `completion_time`, and `total_time` are never read
[INFO] [stdout]   --> src/chat/response/openai.rs:30:5
[INFO] [stdout]    |
[INFO] [stdout] 23 | struct OpenAiUsage {
[INFO] [stdout]    |        ----------- fields in this struct
[INFO] [stdout] ...
[INFO] [stdout] 30 |     prompt_time: f32,
[INFO] [stdout]    |     ^^^^^^^^^^^
[INFO] [stdout] 31 |     #[serde(skip)]
[INFO] [stdout] 32 |     completion_time: f32,
[INFO] [stdout]    |     ^^^^^^^^^^^^^^^
[INFO] [stdout] 33 |     #[serde(skip)]
[INFO] [stdout] 34 |     total_time: f32,
[INFO] [stdout]    |     ^^^^^^^^^^
[INFO] [stdout] 
[INFO] [stdout] 
[INFO] [stdout] warning: field `role` is never read
[INFO] [stdout]   --> src/chat/response/openai.rs:39:5
[INFO] [stdout]    |
[INFO] [stdout] 38 | struct OpenAiMessage {
[INFO] [stdout]    |        ------------- field in this struct
[INFO] [stdout] 39 |     role: String,
[INFO] [stdout]    |     ^^^^
[INFO] [stdout] 
[INFO] [stdout] 
[INFO] [stderr]    Compiling ragit-api v0.1.0 (/opt/rustwide/workdir)
[INFO] [stdout] error[E0432]: unresolved import `file_io`
[INFO] [stdout]    --> src/chat/message.rs:369:9
[INFO] [stdout]     |
[INFO] [stdout] 369 |     use file_io::{WriteMode, write_string};
[INFO] [stdout]     |         ^^^^^^^ use of undeclared crate or module `file_io`
[INFO] [stdout] 
[INFO] [stdout] 
[INFO] [stdout] error[E0308]: mismatched types
[INFO] [stdout]    --> src/chat/message.rs:396:30
[INFO] [stdout]     |
[INFO] [stdout] 396 |                     content: String::from("You're a code helper."),
[INFO] [stdout]     |                              ^^^^^^^^^^^^^^^^^^^^^^^^^^^^^^^^^^^^^ expected `Vec<MessageContent>`, found `String`
[INFO] [stdout]     |
[INFO] [stdout]     = note: expected struct `Vec<MessageContent>`
[INFO] [stdout]                found struct `std::string::String`
[INFO] [stdout] 
[INFO] [stdout] 
[INFO] [stdout] error[E0560]: struct `Message` has no field named `name`
[INFO] [stdout]    --> src/chat/message.rs:397:21
[INFO] [stdout]     |
[INFO] [stdout] 397 |                     name: None,
[INFO] [stdout]     |                     ^^^^ `Message` does not have this field
[INFO] [stdout]     |
[INFO] [stdout]     = note: all struct fields are already assigned
[INFO] [stdout] 
[INFO] [stdout] 
[INFO] [stdout] error[E0308]: mismatched types
[INFO] [stdout]    --> src/chat/message.rs:401:30
[INFO] [stdout]     |
[INFO] [stdout] 401 |                     content: String::from("Write me a sudoku-solver."),
[INFO] [stdout]     |                              ^^^^^^^^^^^^^^^^^^^^^^^^^^^^^^^^^^^^^^^^^ expected `Vec<MessageContent>`, found `String`
[INFO] [stdout]     |
[INFO] [stdout]     = note: expected struct `Vec<MessageContent>`
[INFO] [stdout]                found struct `std::string::String`
[INFO] [stdout] 
[INFO] [stdout] 
[INFO] [stdout] error[E0560]: struct `Message` has no field named `name`
[INFO] [stdout]    --> src/chat/message.rs:402:21
[INFO] [stdout]     |
[INFO] [stdout] 402 |                     name: None,
[INFO] [stdout]     |                     ^^^^ `Message` does not have this field
[INFO] [stdout]     |
[INFO] [stdout]     = note: all struct fields are already assigned
[INFO] [stdout] 
[INFO] [stdout] 
[INFO] [stdout] warning: unused variable: `api_provider`
[INFO] [stdout]   --> src/image/response.rs:93:37
[INFO] [stdout]    |
[INFO] [stdout] 93 |     pub fn from_json(j: &JsonValue, api_provider: ApiProvider) -> Result<Self, Error> {
[INFO] [stdout]    |                                     ^^^^^^^^^^^^ help: if this is intentional, prefix it with an underscore: `_api_provider`
[INFO] [stdout]    |
[INFO] [stdout]    = note: `#[warn(unused_variables)]` on by default
[INFO] [stdout] 
[INFO] [stdout] 
[INFO] [stdout] Some errors have detailed explanations: E0308, E0432, E0560.
[INFO] [stdout] 
[INFO] [stdout] For more information about an error, try `rustc --explain E0308`.
[INFO] [stdout] 
[INFO] [stderr] error: could not compile `ragit-api` (lib test) due to 5 previous errors; 1 warning emitted
[INFO] running `Command { std: "docker" "inspect" "4891348b2bab90ff29085d513a3625328778b96e1f36f739afbfc877971d4804", kill_on_drop: false }`
[INFO] running `Command { std: "docker" "rm" "-f" "4891348b2bab90ff29085d513a3625328778b96e1f36f739afbfc877971d4804", kill_on_drop: false }`
[INFO] [stdout] 4891348b2bab90ff29085d513a3625328778b96e1f36f739afbfc877971d4804
