[INFO] fetching crate ra_ap_ide_ssr 0.0.241...
[INFO] testing ra_ap_ide_ssr-0.0.241 against nightly-2024-10-28+rustflags=-Zrandomize-layout for randomize-layout
[INFO] extracting crate ra_ap_ide_ssr 0.0.241 into /workspace/builds/worker-4-tc2/source
[INFO] validating manifest of crates.io crate ra_ap_ide_ssr 0.0.241 on toolchain nightly-2024-10-28
[INFO] running `Command { std: CARGO_HOME="/workspace/cargo-home" RUSTUP_HOME="/workspace/rustup-home" "/workspace/cargo-home/bin/cargo" "+nightly-2024-10-28" "metadata" "--manifest-path" "Cargo.toml" "--no-deps", kill_on_drop: false }`
[INFO] started tweaking crates.io crate ra_ap_ide_ssr 0.0.241
[INFO] finished tweaking crates.io crate ra_ap_ide_ssr 0.0.241
[INFO] tweaked toml for crates.io crate ra_ap_ide_ssr 0.0.241 written to /workspace/builds/worker-4-tc2/source/Cargo.toml
[INFO] running `Command { std: CARGO_HOME="/workspace/cargo-home" RUSTUP_HOME="/workspace/rustup-home" "/workspace/cargo-home/bin/cargo" "+nightly-2024-10-28" "generate-lockfile" "--manifest-path" "Cargo.toml", kill_on_drop: false }`
[INFO] [stderr]     Updating crates.io index
[INFO] [stderr]      Locking 128 packages to latest compatible versions
[INFO] [stderr]       Adding itertools v0.12.1 (available: v0.13.0)
[INFO] [stderr]       Adding perf-event v0.4.7 (available: v0.4.8)
[INFO] [stderr]       Adding rowan v0.15.15 (available: v0.15.16)
[INFO] running `Command { std: CARGO_HOME="/workspace/cargo-home" RUSTUP_HOME="/workspace/rustup-home" "/workspace/cargo-home/bin/cargo" "+nightly-2024-10-28" "fetch" "--manifest-path" "Cargo.toml", kill_on_drop: false }`
[INFO] running `Command { std: "docker" "create" "-v" "/var/lib/crater-agent-workspace/builds/worker-4-tc2/target:/opt/rustwide/target:rw,Z" "-v" "/var/lib/crater-agent-workspace/builds/worker-4-tc2/source:/opt/rustwide/workdir:ro,Z" "-v" "/var/lib/crater-agent-workspace/cargo-home:/opt/rustwide/cargo-home:ro,Z" "-v" "/var/lib/crater-agent-workspace/rustup-home:/opt/rustwide/rustup-home:ro,Z" "-e" "SOURCE_DIR=/opt/rustwide/workdir" "-e" "CARGO_TARGET_DIR=/opt/rustwide/target" "-e" "CARGO_HOME=/opt/rustwide/cargo-home" "-e" "RUSTUP_HOME=/opt/rustwide/rustup-home" "-w" "/opt/rustwide/workdir" "-m" "1610612736" "--user" "0:0" "--network" "none" "ghcr.io/rust-lang/crates-build-env/linux@sha256:4a844ea9eb2546a2d2c7022eacef16ef2e8229c7fbb2c7d4d55a9ceca922f72d" "/opt/rustwide/cargo-home/bin/cargo" "+nightly-2024-10-28" "metadata" "--no-deps" "--format-version=1", kill_on_drop: false }`
[INFO] [stdout] c8ff66399c3c0ed036ee010d3d0dfdb141f0d11f235544ed321c97a05e491246
[INFO] running `Command { std: "docker" "start" "-a" "c8ff66399c3c0ed036ee010d3d0dfdb141f0d11f235544ed321c97a05e491246", kill_on_drop: false }`
[INFO] running `Command { std: "docker" "inspect" "c8ff66399c3c0ed036ee010d3d0dfdb141f0d11f235544ed321c97a05e491246", kill_on_drop: false }`
[INFO] running `Command { std: "docker" "rm" "-f" "c8ff66399c3c0ed036ee010d3d0dfdb141f0d11f235544ed321c97a05e491246", kill_on_drop: false }`
[INFO] [stdout] c8ff66399c3c0ed036ee010d3d0dfdb141f0d11f235544ed321c97a05e491246
[INFO] running `Command { std: "docker" "create" "-v" "/var/lib/crater-agent-workspace/builds/worker-4-tc2/target:/opt/rustwide/target:rw,Z" "-v" "/var/lib/crater-agent-workspace/builds/worker-4-tc2/source:/opt/rustwide/workdir:ro,Z" "-v" "/var/lib/crater-agent-workspace/cargo-home:/opt/rustwide/cargo-home:ro,Z" "-v" "/var/lib/crater-agent-workspace/rustup-home:/opt/rustwide/rustup-home:ro,Z" "-e" "SOURCE_DIR=/opt/rustwide/workdir" "-e" "CARGO_TARGET_DIR=/opt/rustwide/target" "-e" "CARGO_INCREMENTAL=0" "-e" "RUST_BACKTRACE=full" "-e" "RUSTFLAGS=--cap-lints=forbid -Zrandomize-layout" "-e" "RUSTDOCFLAGS=--cap-lints=forbid" "-e" "CARGO_HOME=/opt/rustwide/cargo-home" "-e" "RUSTUP_HOME=/opt/rustwide/rustup-home" "-w" "/opt/rustwide/workdir" "-m" "1610612736" "--user" "0:0" "--network" "none" "ghcr.io/rust-lang/crates-build-env/linux@sha256:4a844ea9eb2546a2d2c7022eacef16ef2e8229c7fbb2c7d4d55a9ceca922f72d" "/opt/rustwide/cargo-home/bin/cargo" "+nightly-2024-10-28" "build" "--frozen" "--message-format=json", kill_on_drop: false }`
[INFO] [stdout] c6e27fc14492eee804cdd79dccc0850034812943d9f70fc3b9749bab0cc67f12
[INFO] running `Command { std: "docker" "start" "-a" "c6e27fc14492eee804cdd79dccc0850034812943d9f70fc3b9749bab0cc67f12", kill_on_drop: false }`
[INFO] [stderr]    Compiling smallvec v1.13.2
[INFO] [stderr]    Compiling either v1.13.0
[INFO] [stderr]    Compiling serde v1.0.214
[INFO] [stderr]    Compiling rustc-hash v2.0.0
[INFO] [stderr]    Compiling stable_deref_trait v1.2.0
[INFO] [stderr]    Compiling text-size v1.1.1
[INFO] [stderr]    Compiling hashbrown v0.14.5
[INFO] [stderr]    Compiling unicode-xid v0.2.6
[INFO] [stderr]    Compiling unicode-properties v0.1.3
[INFO] [stderr]    Compiling arrayvec v0.7.6
[INFO] [stderr]    Compiling jod-thread v0.1.2
[INFO] [stderr]    Compiling memoffset v0.9.1
[INFO] [stderr]    Compiling syn v2.0.86
[INFO] [stderr]    Compiling crossbeam-channel v0.5.13
[INFO] [stderr]    Compiling camino v1.1.9
[INFO] [stderr]    Compiling fst v0.4.7
[INFO] [stderr]    Compiling ra_ap_limit v0.0.241
[INFO] [stderr]    Compiling nohash-hasher v0.2.0
[INFO] [stderr]    Compiling drop_bomb v0.1.5
[INFO] [stderr]    Compiling sptr v0.3.2
[INFO] [stderr]    Compiling ra-ap-rustc_lexer v0.73.0
[INFO] [stderr]    Compiling countme v3.0.1
[INFO] [stderr]    Compiling smol_str v0.3.2
[INFO] [stderr]    Compiling cov-mark v2.0.0
[INFO] [stderr]    Compiling la-arena v0.3.1
[INFO] [stderr]    Compiling itertools v0.12.1
[INFO] [stderr]    Compiling parking_lot_core v0.9.10
[INFO] [stderr]    Compiling bitflags v2.6.0
[INFO] [stderr]    Compiling rustc_apfloat v0.2.1+llvm-462a31f5a5ab
[INFO] [stderr]    Compiling lz4_flex v0.11.3
[INFO] [stderr]    Compiling fixedbitset v0.4.2
[INFO] [stderr]    Compiling ena v0.14.3
[INFO] [stderr]    Compiling perf-event-open-sys v1.0.1
[INFO] [stderr]    Compiling scoped-tls v1.0.1
[INFO] [stderr]    Compiling typed-arena v2.0.2
[INFO] [stderr]    Compiling parking_lot v0.12.3
[INFO] [stderr]    Compiling rayon v1.10.0
[INFO] [stderr]    Compiling petgraph v0.6.5
[INFO] [stderr]    Compiling line-index v0.1.2
[INFO] [stderr]    Compiling ra_ap_paths v0.0.241
[INFO] [stderr]    Compiling perf-event v0.4.7
[INFO] [stderr]    Compiling dashmap v5.5.3
[INFO] [stderr]    Compiling rowan v0.15.15
[INFO] [stderr]    Compiling ra_ap_profile v0.0.241
[INFO] [stderr]    Compiling ra_ap_text_edit v0.0.241
[INFO] [stderr]    Compiling triomphe v0.1.14
[INFO] [stderr]    Compiling ra_ap_intern v0.0.241
[INFO] [stderr]    Compiling synstructure v0.13.1
[INFO] [stderr]    Compiling tracing-attributes v0.1.27
[INFO] [stderr]    Compiling ra_ap_salsa-macros v0.0.241
[INFO] [stderr]    Compiling ra-ap-rustc_index_macros v0.73.0
[INFO] [stderr]    Compiling chalk-derive v0.98.0
[INFO] [stderr]    Compiling ra-ap-rustc_index v0.73.0
[INFO] [stderr]    Compiling chalk-ir v0.98.0
[INFO] [stderr]    Compiling ra-ap-rustc_parse_format v0.73.0
[INFO] [stderr]    Compiling tracing v0.1.40
[INFO] [stderr]    Compiling always-assert v0.2.0
[INFO] [stderr]    Compiling ra_ap_parser v0.0.241
[INFO] [stderr]    Compiling ra-ap-rustc_abi v0.73.0
[INFO] [stderr]    Compiling ra-ap-rustc_pattern_analysis v0.73.0
[INFO] [stderr]    Compiling ra_ap_stdx v0.0.241
[INFO] [stderr]    Compiling ra_ap_salsa v0.0.241
[INFO] [stderr]    Compiling ra_ap_tt v0.0.241
[INFO] [stderr]    Compiling ra_ap_vfs v0.0.241
[INFO] [stderr]    Compiling ra_ap_syntax v0.0.241
[INFO] [stderr]    Compiling ra_ap_cfg v0.0.241
[INFO] [stderr]    Compiling chalk-solve v0.98.0
[INFO] [stderr]    Compiling ra_ap_span v0.0.241
[INFO] [stderr]    Compiling ra_ap_syntax-bridge v0.0.241
[INFO] [stderr]    Compiling ra_ap_base_db v0.0.241
[INFO] [stderr]    Compiling ra_ap_mbe v0.0.241
[INFO] [stderr]    Compiling chalk-recursive v0.98.0
[INFO] [stderr]    Compiling ra_ap_hir_expand v0.0.241
[INFO] [stderr]    Compiling ra_ap_hir_def v0.0.241
[INFO] [stderr]    Compiling ra_ap_hir_ty v0.0.241
[INFO] [stderr]    Compiling ra_ap_hir v0.0.241
[INFO] [stderr]    Compiling ra_ap_ide_db v0.0.241
[INFO] [stderr]    Compiling ra_ap_ide_ssr v0.0.241 (/opt/rustwide/workdir)
[INFO] [stderr]     Finished `dev` profile [unoptimized + debuginfo] target(s) in 31.02s
[INFO] running `Command { std: "docker" "inspect" "c6e27fc14492eee804cdd79dccc0850034812943d9f70fc3b9749bab0cc67f12", kill_on_drop: false }`
[INFO] running `Command { std: "docker" "rm" "-f" "c6e27fc14492eee804cdd79dccc0850034812943d9f70fc3b9749bab0cc67f12", kill_on_drop: false }`
[INFO] [stdout] c6e27fc14492eee804cdd79dccc0850034812943d9f70fc3b9749bab0cc67f12
[INFO] running `Command { std: "docker" "create" "-v" "/var/lib/crater-agent-workspace/builds/worker-4-tc2/target:/opt/rustwide/target:rw,Z" "-v" "/var/lib/crater-agent-workspace/builds/worker-4-tc2/source:/opt/rustwide/workdir:ro,Z" "-v" "/var/lib/crater-agent-workspace/cargo-home:/opt/rustwide/cargo-home:ro,Z" "-v" "/var/lib/crater-agent-workspace/rustup-home:/opt/rustwide/rustup-home:ro,Z" "-e" "SOURCE_DIR=/opt/rustwide/workdir" "-e" "CARGO_TARGET_DIR=/opt/rustwide/target" "-e" "CARGO_INCREMENTAL=0" "-e" "RUST_BACKTRACE=full" "-e" "RUSTFLAGS=--cap-lints=forbid -Zrandomize-layout" "-e" "RUSTDOCFLAGS=--cap-lints=forbid" "-e" "CARGO_HOME=/opt/rustwide/cargo-home" "-e" "RUSTUP_HOME=/opt/rustwide/rustup-home" "-w" "/opt/rustwide/workdir" "-m" "1610612736" "--user" "0:0" "--network" "none" "ghcr.io/rust-lang/crates-build-env/linux@sha256:4a844ea9eb2546a2d2c7022eacef16ef2e8229c7fbb2c7d4d55a9ceca922f72d" "/opt/rustwide/cargo-home/bin/cargo" "+nightly-2024-10-28" "test" "--frozen" "--no-run" "--message-format=json", kill_on_drop: false }`
[INFO] [stdout] 68fb92882eccd61d122ce95c07db208ddf5c85654512284157451e11465305d4
[INFO] running `Command { std: "docker" "start" "-a" "68fb92882eccd61d122ce95c07db208ddf5c85654512284157451e11465305d4", kill_on_drop: false }`
[INFO] [stderr]    Compiling dissimilar v1.0.9
[INFO] [stderr]    Compiling expect-test v1.5.0
[INFO] [stderr]    Compiling ra_ap_ide_ssr v0.0.241 (/opt/rustwide/workdir)
[INFO] [stdout] error[E0432]: unresolved import `test_utils`
[INFO] [stdout]  --> src/tests.rs:7:5
[INFO] [stdout]   |
[INFO] [stdout] 7 | use test_utils::RangeOrOffset;
[INFO] [stdout]   |     ^^^^^^^^^^ use of undeclared crate or module `test_utils`
[INFO] [stdout] 
[INFO] [stdout] 
[INFO] [stdout] error[E0432]: unresolved import `test_fixture`
[INFO] [stdout]   --> src/tests.rs:70:9
[INFO] [stdout]    |
[INFO] [stdout] 70 |     use test_fixture::{WithFixture, WORKSPACE};
[INFO] [stdout]    |         ^^^^^^^^^^^^ use of undeclared crate or module `test_fixture`
[INFO] [stdout] 
[INFO] [stdout] 
[INFO] [stdout] error[E0433]: failed to resolve: use of undeclared crate or module `test_utils`
[INFO] [stdout]   --> src/tests.rs:71:63
[INFO] [stdout]    |
[INFO] [stdout] 71 |     let (mut db, file_id, range_or_offset) = if code.contains(test_utils::CURSOR_MARKER) {
[INFO] [stdout]    |                                                               ^^^^^^^^^^ use of undeclared crate or module `test_utils`
[INFO] [stdout] 
[INFO] [stdout] 
[INFO] [stdout] error[E0599]: no function or associated item named `with_range_or_offset` found for struct `RootDatabase` in the current scope
[INFO] [stdout]    --> src/tests.rs:72:31
[INFO] [stdout]     |
[INFO] [stdout] 72  |         ide_db::RootDatabase::with_range_or_offset(code)
[INFO] [stdout]     |                               ^^^^^^^^^^^^^^^^^^^^ function or associated item not found in `RootDatabase`
[INFO] [stdout]     |
[INFO] [stdout] note: if you're trying to build a new `RootDatabase`, consider using `RootDatabase::new` which returns `RootDatabase`
[INFO] [stdout]    --> /opt/rustwide/cargo-home/registry/src/index.crates.io-6f17d22bba15001f/ra_ap_ide_db-0.0.241/src/lib.rs:146:5
[INFO] [stdout]     |
[INFO] [stdout] 146 |     pub fn new(lru_capacity: Option<u16>) -> RootDatabase {
[INFO] [stdout]     |     ^^^^^^^^^^^^^^^^^^^^^^^^^^^^^^^^^^^^^^^^^^^^^^^^^^^^^
[INFO] [stdout] 
[INFO] [stdout] 
[INFO] [stdout] error[E0599]: no function or associated item named `with_single_file` found for struct `RootDatabase` in the current scope
[INFO] [stdout]    --> src/tests.rs:74:51
[INFO] [stdout]     |
[INFO] [stdout] 74  |         let (db, file_id) = ide_db::RootDatabase::with_single_file(code);
[INFO] [stdout]     |                                                   ^^^^^^^^^^^^^^^^ function or associated item not found in `RootDatabase`
[INFO] [stdout]     |
[INFO] [stdout] note: if you're trying to build a new `RootDatabase`, consider using `RootDatabase::new` which returns `RootDatabase`
[INFO] [stdout]    --> /opt/rustwide/cargo-home/registry/src/index.crates.io-6f17d22bba15001f/ra_ap_ide_db-0.0.241/src/lib.rs:146:5
[INFO] [stdout]     |
[INFO] [stdout] 146 |     pub fn new(lru_capacity: Option<u16>) -> RootDatabase {
[INFO] [stdout]     |     ^^^^^^^^^^^^^^^^^^^^^^^^^^^^^^^^^^^^^^^^^^^^^^^^^^^^^
[INFO] [stdout] 
[INFO] [stdout] 
[INFO] [stdout] Some errors have detailed explanations: E0432, E0433, E0599.
[INFO] [stdout] 
[INFO] [stdout] For more information about an error, try `rustc --explain E0432`.
[INFO] [stdout] 
[INFO] [stderr] error: could not compile `ra_ap_ide_ssr` (lib test) due to 5 previous errors
[INFO] running `Command { std: "docker" "inspect" "68fb92882eccd61d122ce95c07db208ddf5c85654512284157451e11465305d4", kill_on_drop: false }`
[INFO] running `Command { std: "docker" "rm" "-f" "68fb92882eccd61d122ce95c07db208ddf5c85654512284157451e11465305d4", kill_on_drop: false }`
[INFO] [stdout] 68fb92882eccd61d122ce95c07db208ddf5c85654512284157451e11465305d4
