[INFO] fetching crate quickfix-msg41 0.1.5...
[INFO] testing quickfix-msg41-0.1.5 against nightly-2024-10-28+rustflags=-Zrandomize-layout for randomize-layout
[INFO] extracting crate quickfix-msg41 0.1.5 into /workspace/builds/worker-4-tc2/source
[INFO] validating manifest of crates.io crate quickfix-msg41 0.1.5 on toolchain nightly-2024-10-28
[INFO] running `Command { std: CARGO_HOME="/workspace/cargo-home" RUSTUP_HOME="/workspace/rustup-home" "/workspace/cargo-home/bin/cargo" "+nightly-2024-10-28" "metadata" "--manifest-path" "Cargo.toml" "--no-deps", kill_on_drop: false }`
[INFO] started tweaking crates.io crate quickfix-msg41 0.1.5
[INFO] finished tweaking crates.io crate quickfix-msg41 0.1.5
[INFO] tweaked toml for crates.io crate quickfix-msg41 0.1.5 written to /workspace/builds/worker-4-tc2/source/Cargo.toml
[INFO] running `Command { std: CARGO_HOME="/workspace/cargo-home" RUSTUP_HOME="/workspace/rustup-home" "/workspace/cargo-home/bin/cargo" "+nightly-2024-10-28" "generate-lockfile" "--manifest-path" "Cargo.toml", kill_on_drop: false }`
[INFO] [stderr]     Updating crates.io index
[INFO] [stderr]      Locking 22 packages to latest compatible versions
[INFO] running `Command { std: CARGO_HOME="/workspace/cargo-home" RUSTUP_HOME="/workspace/rustup-home" "/workspace/cargo-home/bin/cargo" "+nightly-2024-10-28" "fetch" "--manifest-path" "Cargo.toml", kill_on_drop: false }`
[INFO] running `Command { std: "docker" "create" "-v" "/var/lib/crater-agent-workspace/builds/worker-4-tc2/target:/opt/rustwide/target:rw,Z" "-v" "/var/lib/crater-agent-workspace/builds/worker-4-tc2/source:/opt/rustwide/workdir:ro,Z" "-v" "/var/lib/crater-agent-workspace/cargo-home:/opt/rustwide/cargo-home:ro,Z" "-v" "/var/lib/crater-agent-workspace/rustup-home:/opt/rustwide/rustup-home:ro,Z" "-e" "SOURCE_DIR=/opt/rustwide/workdir" "-e" "CARGO_TARGET_DIR=/opt/rustwide/target" "-e" "CARGO_HOME=/opt/rustwide/cargo-home" "-e" "RUSTUP_HOME=/opt/rustwide/rustup-home" "-w" "/opt/rustwide/workdir" "-m" "1610612736" "--user" "0:0" "--network" "none" "ghcr.io/rust-lang/crates-build-env/linux@sha256:4a844ea9eb2546a2d2c7022eacef16ef2e8229c7fbb2c7d4d55a9ceca922f72d" "/opt/rustwide/cargo-home/bin/cargo" "+nightly-2024-10-28" "metadata" "--no-deps" "--format-version=1", kill_on_drop: false }`
[INFO] [stdout] ee57422504d267e7927e4902ac66e47f4f0d4897c84a55b6c3f44c93245ee9e8
[INFO] running `Command { std: "docker" "start" "-a" "ee57422504d267e7927e4902ac66e47f4f0d4897c84a55b6c3f44c93245ee9e8", kill_on_drop: false }`
[INFO] running `Command { std: "docker" "inspect" "ee57422504d267e7927e4902ac66e47f4f0d4897c84a55b6c3f44c93245ee9e8", kill_on_drop: false }`
[INFO] running `Command { std: "docker" "rm" "-f" "ee57422504d267e7927e4902ac66e47f4f0d4897c84a55b6c3f44c93245ee9e8", kill_on_drop: false }`
[INFO] [stdout] ee57422504d267e7927e4902ac66e47f4f0d4897c84a55b6c3f44c93245ee9e8
[INFO] running `Command { std: "docker" "create" "-v" "/var/lib/crater-agent-workspace/builds/worker-4-tc2/target:/opt/rustwide/target:rw,Z" "-v" "/var/lib/crater-agent-workspace/builds/worker-4-tc2/source:/opt/rustwide/workdir:ro,Z" "-v" "/var/lib/crater-agent-workspace/cargo-home:/opt/rustwide/cargo-home:ro,Z" "-v" "/var/lib/crater-agent-workspace/rustup-home:/opt/rustwide/rustup-home:ro,Z" "-e" "SOURCE_DIR=/opt/rustwide/workdir" "-e" "CARGO_TARGET_DIR=/opt/rustwide/target" "-e" "CARGO_INCREMENTAL=0" "-e" "RUST_BACKTRACE=full" "-e" "RUSTFLAGS=--cap-lints=forbid -Zrandomize-layout" "-e" "RUSTDOCFLAGS=--cap-lints=forbid" "-e" "CARGO_HOME=/opt/rustwide/cargo-home" "-e" "RUSTUP_HOME=/opt/rustwide/rustup-home" "-w" "/opt/rustwide/workdir" "-m" "1610612736" "--user" "0:0" "--network" "none" "ghcr.io/rust-lang/crates-build-env/linux@sha256:4a844ea9eb2546a2d2c7022eacef16ef2e8229c7fbb2c7d4d55a9ceca922f72d" "/opt/rustwide/cargo-home/bin/cargo" "+nightly-2024-10-28" "build" "--frozen" "--message-format=json", kill_on_drop: false }`
[INFO] [stdout] 9529c8834d1dbf6f65b1761ce08f22edc4317dc7afd31ed8b6ed1e04e6efda5b
[INFO] running `Command { std: "docker" "start" "-a" "9529c8834d1dbf6f65b1761ce08f22edc4317dc7afd31ed8b6ed1e04e6efda5b", kill_on_drop: false }`
[INFO] [stderr]    Compiling fs_extra v1.3.0
[INFO] [stderr]    Compiling bytes v1.8.0
[INFO] [stderr]    Compiling unicode-segmentation v1.12.0
[INFO] [stderr]    Compiling cmake v0.1.51
[INFO] [stderr]    Compiling quick-xml v0.36.2
[INFO] [stderr]    Compiling thiserror-impl v1.0.66
[INFO] [stderr]    Compiling convert_case v0.6.0
[INFO] [stderr]    Compiling quickfix-ffi v0.1.5
[INFO] [stderr]    Compiling thiserror v1.0.66
[INFO] [stderr]    Compiling quickfix-spec-parser v0.1.5
[INFO] [stderr] error: failed to run custom build command for `quickfix-ffi v0.1.5`
[INFO] [stderr] note: To improve backtraces for build dependencies, set the CARGO_PROFILE_DEV_BUILD_OVERRIDE_DEBUG=true environment variable to enable debug information generation.
[INFO] [stderr] 
[INFO] [stderr] Caused by:
[INFO] [stderr]   process didn't exit successfully: `/opt/rustwide/target/debug/build/quickfix-ffi-ba40131d6a1afad0/build-script-build` (exit status: 101)
[INFO] [stderr]   --- stdout
[INFO] [stderr]   cargo:rerun-if-changed=./CMakeLists.txt
[INFO] [stderr]   cargo:rerun-if-changed=./libquickfix
[INFO] [stderr]   cargo:rerun-if-changed=./quickfix-bind
[INFO] [stderr]   CMAKE_TOOLCHAIN_FILE_x86_64-unknown-linux-gnu = None
[INFO] [stderr]   CMAKE_TOOLCHAIN_FILE_x86_64_unknown_linux_gnu = None
[INFO] [stderr]   HOST_CMAKE_TOOLCHAIN_FILE = None
[INFO] [stderr]   CMAKE_TOOLCHAIN_FILE = None
[INFO] [stderr]   CMAKE_GENERATOR_x86_64-unknown-linux-gnu = None
[INFO] [stderr]   CMAKE_GENERATOR_x86_64_unknown_linux_gnu = None
[INFO] [stderr]   HOST_CMAKE_GENERATOR = None
[INFO] [stderr]   CMAKE_GENERATOR = None
[INFO] [stderr]   CMAKE_PREFIX_PATH_x86_64-unknown-linux-gnu = None
[INFO] [stderr]   CMAKE_PREFIX_PATH_x86_64_unknown_linux_gnu = None
[INFO] [stderr]   HOST_CMAKE_PREFIX_PATH = None
[INFO] [stderr]   CMAKE_PREFIX_PATH = None
[INFO] [stderr]   CMAKE_x86_64-unknown-linux-gnu = None
[INFO] [stderr]   CMAKE_x86_64_unknown_linux_gnu = None
[INFO] [stderr]   HOST_CMAKE = None
[INFO] [stderr]   CMAKE = None
[INFO] [stderr]   running: cd "/opt/rustwide/target/debug/build/quickfix-ffi-73a30ecad5b50851/out/build" && CMAKE_PREFIX_PATH="" "cmake" "/opt/rustwide/target/debug/build/quickfix-ffi-73a30ecad5b50851/out/libquickfix" "-DHAVE_SSL=OFF" "-DHAVE_MYSQL=OFF" "-DHAVE_POSTGRESQL=OFF" "-DHAVE_PYTHON=OFF" "-DHAVE_PYTHON3=OFF" "-DQUICKFIX_SHARED_LIBS=OFF" "-DQUICKFIX_EXAMPLES=OFF" "-DQUICKFIX_TESTS=OFF" "-DCMAKE_INSTALL_PREFIX=/opt/rustwide/target/debug/build/quickfix-ffi-73a30ecad5b50851/out" "-DCMAKE_C_FLAGS= -ffunction-sections -fdata-sections -fPIC -m64" "-DCMAKE_C_COMPILER=/usr/bin/cc" "-DCMAKE_CXX_FLAGS= -ffunction-sections -fdata-sections -fPIC -m64" "-DCMAKE_CXX_COMPILER=/usr/bin/c++" "-DCMAKE_ASM_FLAGS= -ffunction-sections -fdata-sections -fPIC -m64" "-DCMAKE_ASM_COMPILER=/usr/bin/cc" "-DCMAKE_BUILD_TYPE=RelWithDebInfo"
[INFO] [stderr]   -- The CXX compiler identification is GNU 11.4.0
[INFO] [stderr]   -- The C compiler identification is GNU 11.4.0
[INFO] [stderr]   -- Detecting CXX compiler ABI info
[INFO] [stderr]   -- Detecting CXX compiler ABI info - done
[INFO] [stderr]   -- Check for working CXX compiler: /usr/bin/c++ - skipped
[INFO] [stderr]   -- Detecting CXX compile features
[INFO] [stderr]   -- Detecting CXX compile features - done
[INFO] [stderr]   -- Detecting C compiler ABI info
[INFO] [stderr]   -- Detecting C compiler ABI info - done
[INFO] [stderr]   -- Check for working C compiler: /usr/bin/cc - skipped
[INFO] [stderr]   -- Detecting C compile features
[INFO] [stderr]   -- Detecting C compile features - done
[INFO] [stderr]   -- Looking for include file dlfcn.h
[INFO] [stderr]   -- Looking for include file dlfcn.h - found
[INFO] [stderr]   -- Looking for include file inttypes.h
[INFO] [stderr]   -- Looking for include file inttypes.h - found
[INFO] [stderr]   -- Looking for include file stdint.h
[INFO] [stderr]   -- Looking for include file stdint.h - found
[INFO] [stderr]   -- Looking for include file stdio.h
[INFO] [stderr]   -- Looking for include file stdio.h - found
[INFO] [stderr]   -- Looking for include file stdlib.h
[INFO] [stderr]   -- Looking for include file stdlib.h - found
[INFO] [stderr]   -- Looking for include file strings.h
[INFO] [stderr]   -- Looking for include file strings.h - found
[INFO] [stderr]   -- Looking for include file string.h
[INFO] [stderr]   -- Looking for include file string.h - found
[INFO] [stderr]   -- Looking for include file sys/stat.h
[INFO] [stderr]   -- Looking for include file sys/stat.h - found
[INFO] [stderr]   -- Looking for include file sys/types.h
[INFO] [stderr]   -- Looking for include file sys/types.h - found
[INFO] [stderr]   -- Looking for include file unistd.h
[INFO] [stderr]   -- Looking for include file unistd.h - found
[INFO] [stderr]   -- Looking for gettimeofday
[INFO] [stderr]   -- Looking for gettimeofday - found
[INFO] [stderr]   -- Looking for gethostbyname_r
[INFO] [stderr]   -- Looking for gethostbyname_r - found
[INFO] [stderr]   -- Checking prototype gethostbyname_r for HAVE_GETHOSTBYNAME_R_3_ARG
[INFO] [stderr]   -- Checking prototype gethostbyname_r for HAVE_GETHOSTBYNAME_R_3_ARG - False
[INFO] [stderr]   -- Checking prototype gethostbyname_r for HAVE_GETHOSTBYNAME_R_5_ARG
[INFO] [stderr]   -- Checking prototype gethostbyname_r for HAVE_GETHOSTBYNAME_R_5_ARG - False
[INFO] [stderr]   -- Checking prototype gethostbyname_r for HAVE_GETHOSTBYNAME_R_6_ARG
[INFO] [stderr]   -- Checking prototype gethostbyname_r for HAVE_GETHOSTBYNAME_R_6_ARG - True
[INFO] [stderr]   -- Configuring done
[INFO] [stderr]   -- Generating done
[INFO] [stderr]   -- Build files have been written to: /opt/rustwide/target/debug/build/quickfix-ffi-73a30ecad5b50851/out/build
[INFO] [stderr]   running: cd "/opt/rustwide/target/debug/build/quickfix-ffi-73a30ecad5b50851/out/build" && MAKEFLAGS="-j --jobserver-fds=8,9 --jobserver-auth=8,9" "cmake" "--build" "." "--target" "install" "--config" "RelWithDebInfo"
[INFO] [stderr]   [  2%] Building CXX object src/C++/CMakeFiles/quickfix.dir/DataDictionary.cpp.o
[INFO] [stderr]   [  4%] Building CXX object src/C++/CMakeFiles/quickfix.dir/Acceptor.cpp.o
[INFO] [stderr]   [  6%] Building CXX object src/C++/CMakeFiles/quickfix.dir/FieldMap.cpp.o
[INFO] [stderr]   [  8%] Building CXX object src/C++/CMakeFiles/quickfix.dir/Dictionary.cpp.o
[INFO] [stderr]   [ 10%] Building CXX object src/C++/CMakeFiles/quickfix.dir/FieldTypes.cpp.o
[INFO] [stderr]   [ 12%] Building CXX object src/C++/CMakeFiles/quickfix.dir/DataDictionaryProvider.cpp.o
[INFO] [stderr]   [ 14%] Building CXX object src/C++/CMakeFiles/quickfix.dir/FieldConvertors.cpp.o
[INFO] [stderr]   [ 17%] Building CXX object src/C++/CMakeFiles/quickfix.dir/FileStore.cpp.o
[INFO] [stderr]   [ 19%] Building CXX object src/C++/CMakeFiles/quickfix.dir/FileLog.cpp.o
[INFO] [stderr]   [ 21%] Building CXX object src/C++/CMakeFiles/quickfix.dir/Group.cpp.o
[INFO] [stderr]   [ 21%] Built target QUICKFIX_ALLOCATOR_HEADERS_COPY
[INFO] [stderr]   [ 23%] Building CXX object src/C++/CMakeFiles/quickfix.dir/HostDetailsProvider.cpp.o
[INFO] [stderr]   [ 25%] Building CXX object src/C++/CMakeFiles/quickfix.dir/HttpConnection.cpp.o
[INFO] [stderr]   [ 27%] Building CXX object src/C++/CMakeFiles/quickfix.dir/HttpMessage.cpp.o
[INFO] [stderr]   [ 29%] Building CXX object src/C++/CMakeFiles/quickfix.dir/HttpParser.cpp.o
[INFO] [stderr]   [ 31%] Building CXX object src/C++/CMakeFiles/quickfix.dir/HttpServer.cpp.o
[INFO] [stderr]   [ 34%] Building CXX object src/C++/CMakeFiles/quickfix.dir/Initiator.cpp.o
[INFO] [stderr]   [ 36%] Building CXX object src/C++/CMakeFiles/quickfix.dir/Log.cpp.o
[INFO] [stderr]   [ 36%] Built target QUICKFIX_HEADERS_COPY
[INFO] [stderr] 
[INFO] [stderr]   --- stderr
[INFO] [stderr]   -- Project name quickfix
[INFO] [stderr]   -- Generating empty Allocator.h
[INFO] [stderr]   -- Generating empty config.h
[INFO] [stderr]   CMake Warning:
[INFO] [stderr]     Manually-specified variables were not used by the project:
[INFO] [stderr] 
[INFO] [stderr]       CMAKE_ASM_COMPILER
[INFO] [stderr]       CMAKE_ASM_FLAGS
[INFO] [stderr] 
[INFO] [stderr] 
[INFO] [stderr]   c++: fatal error: Killed signal terminated program cc1plus
[INFO] [stderr]   compilation terminated.
[INFO] [stderr]   gmake[2]: *** [src/C++/CMakeFiles/quickfix.dir/build.make:230: src/C++/CMakeFiles/quickfix.dir/HttpConnection.cpp.o] Error 1
[INFO] [stderr]   gmake[2]: *** Waiting for unfinished jobs....
[INFO] [stderr]   c++: fatal error: Killed signal terminated program cc1plus
[INFO] [stderr]   compilation terminated.
[INFO] [stderr]   gmake[2]: *** [src/C++/CMakeFiles/quickfix.dir/build.make:188: src/C++/CMakeFiles/quickfix.dir/FileStore.cpp.o] Error 1
[INFO] [stderr]   c++: fatal error: Killed signal terminated program cc1plus
[INFO] [stderr]   compilation terminated.
[INFO] [stderr]   gmake[2]: *** [src/C++/CMakeFiles/quickfix.dir/build.make:90: src/C++/CMakeFiles/quickfix.dir/DataDictionary.cpp.o] Error 1
[INFO] [stderr]   c++: fatal error: Killed signal terminated program cc1plus
[INFO] [stderr]   compilation terminated.
[INFO] [stderr]   gmake[2]: *** [src/C++/CMakeFiles/quickfix.dir/build.make:174: src/C++/CMakeFiles/quickfix.dir/FileLog.cpp.o] Error 1
[INFO] [stderr]   c++: fatal error: Killed signal terminated program cc1plus
[INFO] [stderr]   compilation terminated.
[INFO] [stderr]   gmake[2]: *** [src/C++/CMakeFiles/quickfix.dir/build.make:216: src/C++/CMakeFiles/quickfix.dir/HostDetailsProvider.cpp.o] Error 1
[INFO] [stderr]   c++: fatal error: Killed signal terminated program cc1plus
[INFO] [stderr]   compilation terminated.
[INFO] [stderr]   gmake[2]: *** [src/C++/CMakeFiles/quickfix.dir/build.make:76: src/C++/CMakeFiles/quickfix.dir/Acceptor.cpp.o] Error 1
[INFO] [stderr]   c++: fatal error: Killed signal terminated program cc1plus
[INFO] [stderr]   compilation terminated.
[INFO] [stderr]   gmake[2]: *** [src/C++/CMakeFiles/quickfix.dir/build.make:104: src/C++/CMakeFiles/quickfix.dir/DataDictionaryProvider.cpp.o] Error 1
[INFO] [stderr]   gmake[1]: *** [CMakeFiles/Makefile2:186: src/C++/CMakeFiles/quickfix.dir/all] Error 2
[INFO] [stderr]   gmake: *** [Makefile:136: all] Error 2
[INFO] [stderr]   thread 'main' panicked at /opt/rustwide/cargo-home/registry/src/index.crates.io-6f17d22bba15001f/cmake-0.1.51/src/lib.rs:1100:5:
[INFO] [stderr] 
[INFO] [stderr]   command did not execute successfully, got: exit status: 2
[INFO] [stderr] 
[INFO] [stderr]   build script failed, must exit now
[INFO] [stderr]   stack backtrace:
[INFO] [stderr]      0:     0x5d14e64e4cca - std::backtrace_rs::backtrace::libunwind::trace::h207520d6e9873551
[INFO] [stderr]                                  at /rustc/df4ca44d3fbc9301ee17f30f4d474e6ae4b05252/library/std/src/../../backtrace/src/backtrace/libunwind.rs:116:5
[INFO] [stderr]      1:     0x5d14e64e4cca - std::backtrace_rs::backtrace::trace_unsynchronized::h2ed7433f370e3eca
[INFO] [stderr]                                  at /rustc/df4ca44d3fbc9301ee17f30f4d474e6ae4b05252/library/std/src/../../backtrace/src/backtrace/mod.rs:66:5
[INFO] [stderr]      2:     0x5d14e64e4cca - std::sys::backtrace::_print_fmt::h916fac51166b18d7
[INFO] [stderr]                                  at /rustc/df4ca44d3fbc9301ee17f30f4d474e6ae4b05252/library/std/src/sys/backtrace.rs:66:9
[INFO] [stderr]      3:     0x5d14e64e4cca - <std::sys::backtrace::BacktraceLock::print::DisplayBacktrace as core::fmt::Display>::fmt::ha0a4c9b8ce3802e6
[INFO] [stderr]                                  at /rustc/df4ca44d3fbc9301ee17f30f4d474e6ae4b05252/library/std/src/sys/backtrace.rs:39:26
[INFO] [stderr]      4:     0x5d14e6508c83 - core::fmt::rt::Argument::fmt::h4cfc8587d52b3eb5
[INFO] [stderr]                                  at /rustc/df4ca44d3fbc9301ee17f30f4d474e6ae4b05252/library/core/src/fmt/rt.rs:177:76
[INFO] [stderr]      5:     0x5d14e6508c83 - core::fmt::write::h522cc39e5b36ae9f
[INFO] [stderr]                                  at /rustc/df4ca44d3fbc9301ee17f30f4d474e6ae4b05252/library/core/src/fmt/mod.rs:1190:21
[INFO] [stderr]      6:     0x5d14e64e15f3 - std::io::Write::write_fmt::hf1c1dcc8cc1287f0
[INFO] [stderr]                                  at /rustc/df4ca44d3fbc9301ee17f30f4d474e6ae4b05252/library/std/src/io/mod.rs:1839:15
[INFO] [stderr]      7:     0x5d14e64e4b12 - std::sys::backtrace::BacktraceLock::print::h4b9e00b29e9c0942
[INFO] [stderr]                                  at /rustc/df4ca44d3fbc9301ee17f30f4d474e6ae4b05252/library/std/src/sys/backtrace.rs:42:9
[INFO] [stderr]      8:     0x5d14e64e5d0c - std::panicking::default_hook::{{closure}}::hb59b88280d0324d9
[INFO] [stderr]                                  at /rustc/df4ca44d3fbc9301ee17f30f4d474e6ae4b05252/library/std/src/panicking.rs:268:22
[INFO] [stderr]      9:     0x5d14e64e5b52 - std::panicking::default_hook::he1dd496665be4a29
[INFO] [stderr]                                  at /rustc/df4ca44d3fbc9301ee17f30f4d474e6ae4b05252/library/std/src/panicking.rs:295:9
[INFO] [stderr]     10:     0x5d14e64e6307 - std::panicking::rust_panic_with_hook::h2ff17fe8f26dfcf8
[INFO] [stderr]                                  at /rustc/df4ca44d3fbc9301ee17f30f4d474e6ae4b05252/library/std/src/panicking.rs:801:13
[INFO] [stderr]     11:     0x5d14e64e619a - std::panicking::begin_panic_handler::{{closure}}::h4fad77951c07e101
[INFO] [stderr]                                  at /rustc/df4ca44d3fbc9301ee17f30f4d474e6ae4b05252/library/std/src/panicking.rs:674:13
[INFO] [stderr]     12:     0x5d14e64e51a9 - std::sys::backtrace::__rust_end_short_backtrace::hb1a25b3da5d0ea08
[INFO] [stderr]                                  at /rustc/df4ca44d3fbc9301ee17f30f4d474e6ae4b05252/library/std/src/sys/backtrace.rs:170:18
[INFO] [stderr]     13:     0x5d14e64e5e2c - rust_begin_unwind
[INFO] [stderr]                                  at /rustc/df4ca44d3fbc9301ee17f30f4d474e6ae4b05252/library/std/src/panicking.rs:665:5
[INFO] [stderr]     14:     0x5d14e6507a30 - core::panicking::panic_fmt::ha9db07b529f9b256
[INFO] [stderr]                                  at /rustc/df4ca44d3fbc9301ee17f30f4d474e6ae4b05252/library/core/src/panicking.rs:75:14
[INFO] [stderr]     15:     0x5d14e6464ae2 - cmake::fail::he59086db93cdb6d9
[INFO] [stderr]     16:     0x5d14e64642b9 - cmake::run::h4c7f681d6e25b67d
[INFO] [stderr]     17:     0x5d14e6460cbd - cmake::Config::build::ha0dc2bc1b6025006
[INFO] [stderr]     18:     0x5d14e6451f7e - build_script_build::main::h7779d7a034d4b6b8
[INFO] [stderr]     19:     0x5d14e6446843 - core::ops::function::FnOnce::call_once::h9cd41fd98a0ca691
[INFO] [stderr]     20:     0x5d14e6445cb6 - std::sys::backtrace::__rust_begin_short_backtrace::h0c621d76cac8b11e
[INFO] [stderr]     21:     0x5d14e6445b09 - std::rt::lang_start::{{closure}}::h5a2c9de6b6391641
[INFO] [stderr]     22:     0x5d14e64dd857 - core::ops::function::impls::<impl core::ops::function::FnOnce<A> for &F>::call_once::hd87d66b906e0ccaf
[INFO] [stderr]                                  at /rustc/df4ca44d3fbc9301ee17f30f4d474e6ae4b05252/library/core/src/ops/function.rs:284:13
[INFO] [stderr]     23:     0x5d14e64dd857 - std::panicking::try::do_call::hae3703de71fc9e3a
[INFO] [stderr]                                  at /rustc/df4ca44d3fbc9301ee17f30f4d474e6ae4b05252/library/std/src/panicking.rs:557:40
[INFO] [stderr]     24:     0x5d14e64dd857 - std::panicking::try::h1178330e9a2b2645
[INFO] [stderr]                                  at /rustc/df4ca44d3fbc9301ee17f30f4d474e6ae4b05252/library/std/src/panicking.rs:520:19
[INFO] [stderr]     25:     0x5d14e64dd857 - std::panic::catch_unwind::h0acf49d2305d32ad
[INFO] [stderr]                                  at /rustc/df4ca44d3fbc9301ee17f30f4d474e6ae4b05252/library/std/src/panic.rs:358:14
[INFO] [stderr]     26:     0x5d14e64dd857 - std::rt::lang_start_internal::{{closure}}::h2d95182d798177be
[INFO] [stderr]                                  at /rustc/df4ca44d3fbc9301ee17f30f4d474e6ae4b05252/library/std/src/rt.rs:174:48
[INFO] [stderr]     27:     0x5d14e64dd857 - std::panicking::try::do_call::hb506f5bfe11fd30c
[INFO] [stderr]                                  at /rustc/df4ca44d3fbc9301ee17f30f4d474e6ae4b05252/library/std/src/panicking.rs:557:40
[INFO] [stderr]     28:     0x5d14e64dd857 - std::panicking::try::h54d825c46bd0fa95
[INFO] [stderr]                                  at /rustc/df4ca44d3fbc9301ee17f30f4d474e6ae4b05252/library/std/src/panicking.rs:520:19
[INFO] [stderr]     29:     0x5d14e64dd857 - std::panic::catch_unwind::hffbb0ad20c4e9fac
[INFO] [stderr]                                  at /rustc/df4ca44d3fbc9301ee17f30f4d474e6ae4b05252/library/std/src/panic.rs:358:14
[INFO] [stderr]     30:     0x5d14e64dd857 - std::rt::lang_start_internal::h52c291ef1962c925
[INFO] [stderr]                                  at /rustc/df4ca44d3fbc9301ee17f30f4d474e6ae4b05252/library/std/src/rt.rs:174:20
[INFO] [stderr]     31:     0x5d14e6445ae7 - std::rt::lang_start::h17fc08305823b203
[INFO] [stderr]     32:     0x5d14e6452d65 - main
[INFO] [stderr]     33:     0x7a24535c5d90 - <unknown>
[INFO] [stderr]     34:     0x7a24535c5e40 - __libc_start_main
[INFO] [stderr]     35:     0x5d14e64454e5 - _start
[INFO] [stderr]     36:                0x0 - <unknown>
[INFO] running `Command { std: "docker" "inspect" "9529c8834d1dbf6f65b1761ce08f22edc4317dc7afd31ed8b6ed1e04e6efda5b", kill_on_drop: false }`
[INFO] running `Command { std: "docker" "rm" "-f" "9529c8834d1dbf6f65b1761ce08f22edc4317dc7afd31ed8b6ed1e04e6efda5b", kill_on_drop: false }`
[INFO] [stdout] 9529c8834d1dbf6f65b1761ce08f22edc4317dc7afd31ed8b6ed1e04e6efda5b
